[INFO] fetching crate yomikomi 0.2.0...
[INFO] testing yomikomi-0.2.0 against 1.100.0-beta.1 for beta-1.100-2
[INFO] extracting crate yomikomi 0.2.0 into /workspace/builds/worker-4-tc2/source
[INFO] started tweaking crates.io crate yomikomi 0.2.0
[INFO] removed 0 missing tests
[INFO] finished tweaking crates.io crate yomikomi 0.2.0
[INFO] tweaked toml for crates.io crate yomikomi 0.2.0 written to /workspace/builds/worker-4-tc2/source/Cargo.toml
[INFO] validating manifest of crates.io crate yomikomi 0.2.0 on toolchain 1.100.0-beta.1
[INFO] running `Command { std: CARGO_HOME="/workspace/cargo-home" RUSTUP_HOME="/workspace/rustup-home" "/workspace/cargo-home/bin/cargo" "+1.100.0-beta.1" "metadata" "--manifest-path" "Cargo.toml" "--no-deps", kill_on_drop: false }`
[INFO] running `Command { std: CARGO_HOME="/workspace/cargo-home" RUSTUP_HOME="/workspace/rustup-home" "/workspace/cargo-home/bin/cargo" "+1.100.0-beta.1" "generate-lockfile" "--manifest-path" "Cargo.toml", kill_on_drop: false }`
[INFO] [stderr]     Updating crates.io index
[INFO] [stderr]      Locking 71 packages to highest compatible versions
[INFO] [stderr]       Adding sentencepiece v0.11.3 (available: v0.14.0)
[INFO] [stderr]       Adding symphonia v0.5.5 (available: v0.6.1)
[INFO] [stderr]       Adding thiserror v1.0.69 (available: v2.0.21)
[INFO] [stderr]       Adding zstd v0.13.3 (available: v0.14.0)
[INFO] running `Command { std: CARGO_HOME="/workspace/cargo-home" RUSTUP_HOME="/workspace/rustup-home" "/workspace/cargo-home/bin/cargo" "+1.100.0-beta.1" "fetch" "--manifest-path" "Cargo.toml", kill_on_drop: false }`
[INFO] running `Command { std: "docker" "create" "-v" "/var/lib/crater-agent-workspace/builds/worker-4-tc2/source:/opt/rustwide/workdir:ro,Z" "-v" "/var/lib/crater-agent-workspace/builds/worker-4-tc2/target:/opt/rustwide/target:rw,Z" "-v" "/var/lib/crater-agent-workspace/cargo-home:/opt/rustwide/cargo-home:ro,Z" "-v" "/var/lib/crater-agent-workspace/rustup-home:/opt/rustwide/rustup-home:ro,Z" "-m" "1610612736" "--network" "none" "ghcr.io/rust-lang/crates-build-env/linux@sha256:3111399a4047eeb3a02b7a90e478d715f38a8c6669b5c4b49d30a17385265909" "sleep" "infinity", kill_on_drop: false }`
[INFO] [stdout] 1d8097dea062aa97354dff5a6c807418af9f37ae1d51952a365a2c1edc6e41f7
[INFO] running `Command { std: "docker" "start" "1d8097dea062aa97354dff5a6c807418af9f37ae1d51952a365a2c1edc6e41f7", kill_on_drop: false }`
[INFO] running `Command { std: "docker" "inspect" "1d8097dea062aa97354dff5a6c807418af9f37ae1d51952a365a2c1edc6e41f7", kill_on_drop: false }`
[INFO] running `Command { std: "docker" "exec" "-e" "SOURCE_DIR=/opt/rustwide/workdir" "-e" "CARGO_HOME=/opt/rustwide/cargo-home" "-e" "RUSTUP_HOME=/opt/rustwide/rustup-home" "-e" "CARGO_TARGET_DIR=/opt/rustwide/target" "-w" "/opt/rustwide/workdir" "--user" "0:0" "1d8097dea062aa97354dff5a6c807418af9f37ae1d51952a365a2c1edc6e41f7" "/opt/rustwide/cargo-home/bin/cargo" "+1.100.0-beta.1" "metadata" "--no-deps" "--format-version=1", kill_on_drop: false }`
[INFO] running `Command { std: "docker" "inspect" "1d8097dea062aa97354dff5a6c807418af9f37ae1d51952a365a2c1edc6e41f7", kill_on_drop: false }`
[INFO] running `Command { std: "docker" "exec" "-e" "SOURCE_DIR=/opt/rustwide/workdir" "-e" "CARGO_HOME=/opt/rustwide/cargo-home" "-e" "RUSTUP_HOME=/opt/rustwide/rustup-home" "-e" "CARGO_TARGET_DIR=/opt/rustwide/target" "-e" "CARGO_INCREMENTAL=0" "-e" "RUST_BACKTRACE=full" "-e" "RUSTFLAGS=--cap-lints=warn" "-e" "RUSTDOCFLAGS=--cap-lints=warn" "-w" "/opt/rustwide/workdir" "--user" "0:0" "1d8097dea062aa97354dff5a6c807418af9f37ae1d51952a365a2c1edc6e41f7" "/opt/rustwide/cargo-home/bin/cargo" "+1.100.0-beta.1" "build" "--frozen" "--message-format=json", kill_on_drop: false }`
[INFO] [stderr]    Compiling bytemuck v1.25.2
[INFO] [stderr]    Compiling lazy_static v1.5.1
[INFO] [stderr]    Compiling rustversion v1.0.23
[INFO] [stderr]    Compiling find-msvc-tools v0.1.14
[INFO] [stderr]    Compiling shlex v2.0.1
[INFO] [stderr]    Compiling jobserver v0.1.35
[INFO] [stderr]    Compiling pkg-config v0.3.34
[INFO] [stderr]    Compiling multiversion_no_op v1.0.0
[INFO] [stderr]    Compiling core_detect v1.0.0
[INFO] [stderr]    Compiling simdutf8 v0.1.5
[INFO] [stderr]    Compiling syn v1.0.109
[INFO] [stderr]    Compiling anyhow v1.0.104
[INFO] [stderr]    Compiling cc v1.6.0
[INFO] [stderr]    Compiling either v1.19.0
[INFO] [stderr]    Compiling symphonia-core v0.5.5
[INFO] [stderr]    Compiling crc32fast v1.5.2
[INFO] [stderr]    Compiling itertools v0.10.5
[INFO] [stderr]    Compiling zstd-safe v7.3.0
[INFO] [stderr]    Compiling encoding_rs v0.8.42
[INFO] [stderr]    Compiling serde_core v1.0.229
[INFO] [stderr]    Compiling bytes v1.12.1
[INFO] [stderr]    Compiling simd-adler32 v0.3.10
[INFO] [stderr]    Compiling extended v0.1.0
[INFO] [stderr]    Compiling miniz_oxide v0.9.1
[INFO] [stderr]    Compiling cmake v0.1.58
[INFO] [stderr]    Compiling num-derive v0.4.2
[INFO] [stderr]    Compiling flate2 v1.1.10
[INFO] [stderr]    Compiling symphonia-codec-alac v0.5.5
[INFO] [stderr]    Compiling symphonia-codec-adpcm v0.5.5
[INFO] [stderr]    Compiling symphonia-metadata v0.5.5
[INFO] [stderr]    Compiling symphonia-codec-aac v0.5.5
[INFO] [stderr]    Compiling zstd-sys v2.1.0+zstd.1.5.7
[INFO] [stderr]    Compiling sentencepiece-sys v0.11.3
[INFO] [stderr]    Compiling symphonia-utils-xiph v0.5.5
[INFO] [stderr]    Compiling symphonia-bundle-flac v0.5.5
[INFO] [stderr]    Compiling symphonia-codec-vorbis v0.5.5
[INFO] [stderr]    Compiling symphonia-format-mkv v0.5.5
[INFO] [stderr]    Compiling symphonia-format-ogg v0.5.5
[INFO] [stderr]    Compiling symphonia-bundle-mp3 v0.5.5
[INFO] [stderr]    Compiling prost-derive v0.11.9
[INFO] [stderr]    Compiling symphonia-format-riff v0.5.5
[INFO] [stderr]    Compiling symphonia-codec-pcm v0.5.5
[INFO] [stderr]    Compiling symphonia v0.5.5
[INFO] [stderr]    Compiling serde_json v1.0.151
[INFO] [stderr]    Compiling prost v0.11.9
[INFO] [stderr]    Compiling zstd v0.13.3
[INFO] [stderr] error: failed to run custom build command for `sentencepiece-sys v0.11.3`
[INFO] [stderr] note: To improve backtraces for build dependencies, set the CARGO_PROFILE_DEV_BUILD_OVERRIDE_DEBUG=true environment variable to enable debug information generation.
[INFO] [stderr] 
[INFO] [stderr] Caused by:
[INFO] [stderr]   process didn't exit successfully: `/opt/rustwide/target/debug/build/sentencepiece-sys/c7b2840cad1e6bb7/out/build_script_build` (exit status: 101)
[INFO] [stderr]   --- stdout
[INFO] [stderr]   cargo:rerun-if-env-changed=SENTENCEPIECE_NO_PKG_CONFIG
[INFO] [stderr]   cargo:rerun-if-env-changed=PKG_CONFIG_x86_64-unknown-linux-gnu
[INFO] [stderr]   cargo:rerun-if-env-changed=PKG_CONFIG_x86_64_unknown_linux_gnu
[INFO] [stderr]   cargo:rerun-if-env-changed=HOST_PKG_CONFIG
[INFO] [stderr]   cargo:rerun-if-env-changed=PKG_CONFIG
[INFO] [stderr]   cargo:rerun-if-env-changed=SENTENCEPIECE_STATIC
[INFO] [stderr]   cargo:rerun-if-env-changed=SENTENCEPIECE_DYNAMIC
[INFO] [stderr]   cargo:rerun-if-env-changed=PKG_CONFIG_ALL_STATIC
[INFO] [stderr]   cargo:rerun-if-env-changed=PKG_CONFIG_ALL_DYNAMIC
[INFO] [stderr]   cargo:rerun-if-env-changed=PKG_CONFIG_PATH_x86_64-unknown-linux-gnu
[INFO] [stderr]   cargo:rerun-if-env-changed=PKG_CONFIG_PATH_x86_64_unknown_linux_gnu
[INFO] [stderr]   cargo:rerun-if-env-changed=HOST_PKG_CONFIG_PATH
[INFO] [stderr]   cargo:rerun-if-env-changed=PKG_CONFIG_PATH
[INFO] [stderr]   cargo:rerun-if-env-changed=PKG_CONFIG_LIBDIR_x86_64-unknown-linux-gnu
[INFO] [stderr]   cargo:rerun-if-env-changed=PKG_CONFIG_LIBDIR_x86_64_unknown_linux_gnu
[INFO] [stderr]   cargo:rerun-if-env-changed=HOST_PKG_CONFIG_LIBDIR
[INFO] [stderr]   cargo:rerun-if-env-changed=PKG_CONFIG_LIBDIR
[INFO] [stderr]   cargo:rerun-if-env-changed=PKG_CONFIG_SYSROOT_DIR_x86_64-unknown-linux-gnu
[INFO] [stderr]   cargo:rerun-if-env-changed=PKG_CONFIG_SYSROOT_DIR_x86_64_unknown_linux_gnu
[INFO] [stderr]   cargo:rerun-if-env-changed=HOST_PKG_CONFIG_SYSROOT_DIR
[INFO] [stderr]   cargo:rerun-if-env-changed=PKG_CONFIG_SYSROOT_DIR
[INFO] [stderr]   cargo:rerun-if-env-changed=CC_x86_64-unknown-linux-gnu
[INFO] [stderr]   CC_x86_64-unknown-linux-gnu = None
[INFO] [stderr]   cargo:rerun-if-env-changed=CC_x86_64_unknown_linux_gnu
[INFO] [stderr]   CC_x86_64_unknown_linux_gnu = None
[INFO] [stderr]   cargo:rerun-if-env-changed=HOST_CC
[INFO] [stderr]   HOST_CC = None
[INFO] [stderr]   cargo:rerun-if-env-changed=CC
[INFO] [stderr]   CC = None
[INFO] [stderr]   cargo:rerun-if-env-changed=CC_ENABLE_DEBUG_OUTPUT
[INFO] [stderr]   cargo:rerun-if-env-changed=CRATE_CC_NO_DEFAULTS
[INFO] [stderr]   CRATE_CC_NO_DEFAULTS = None
[INFO] [stderr]   cargo:rerun-if-env-changed=CRATE_CC_NO_DEFAULTS
[INFO] [stderr]   CRATE_CC_NO_DEFAULTS = None
[INFO] [stderr]   cargo:rerun-if-env-changed=CFLAGS
[INFO] [stderr]   CFLAGS = None
[INFO] [stderr]   cargo:rerun-if-env-changed=HOST_CFLAGS
[INFO] [stderr]   HOST_CFLAGS = None
[INFO] [stderr]   cargo:rerun-if-env-changed=CFLAGS_x86_64_unknown_linux_gnu
[INFO] [stderr]   CFLAGS_x86_64_unknown_linux_gnu = None
[INFO] [stderr]   cargo:rerun-if-env-changed=CFLAGS_x86_64-unknown-linux-gnu
[INFO] [stderr]   CFLAGS_x86_64-unknown-linux-gnu = None
[INFO] [stderr]   cargo:rerun-if-env-changed=CFLAGS
[INFO] [stderr]   CFLAGS = None
[INFO] [stderr]   cargo:rerun-if-env-changed=HOST_CFLAGS
[INFO] [stderr]   HOST_CFLAGS = None
[INFO] [stderr]   cargo:rerun-if-env-changed=CFLAGS_x86_64_unknown_linux_gnu
[INFO] [stderr]   CFLAGS_x86_64_unknown_linux_gnu = None
[INFO] [stderr]   cargo:rerun-if-env-changed=CFLAGS_x86_64-unknown-linux-gnu
[INFO] [stderr]   CFLAGS_x86_64-unknown-linux-gnu = None
[INFO] [stderr]   CMAKE_TOOLCHAIN_FILE_x86_64-unknown-linux-gnu = None
[INFO] [stderr]   CMAKE_TOOLCHAIN_FILE_x86_64_unknown_linux_gnu = None
[INFO] [stderr]   HOST_CMAKE_TOOLCHAIN_FILE = None
[INFO] [stderr]   CMAKE_TOOLCHAIN_FILE = None
[INFO] [stderr]   CMAKE_GENERATOR_x86_64-unknown-linux-gnu = None
[INFO] [stderr]   CMAKE_GENERATOR_x86_64_unknown_linux_gnu = None
[INFO] [stderr]   HOST_CMAKE_GENERATOR = None
[INFO] [stderr]   CMAKE_GENERATOR = None
[INFO] [stderr]   CMAKE_PREFIX_PATH_x86_64-unknown-linux-gnu = None
[INFO] [stderr]   CMAKE_PREFIX_PATH_x86_64_unknown_linux_gnu = None
[INFO] [stderr]   HOST_CMAKE_PREFIX_PATH = None
[INFO] [stderr]   CMAKE_PREFIX_PATH = None
[INFO] [stderr]   CMAKE_x86_64-unknown-linux-gnu = None
[INFO] [stderr]   CMAKE_x86_64_unknown_linux_gnu = None
[INFO] [stderr]   HOST_CMAKE = None
[INFO] [stderr]   CMAKE = None
[INFO] [stderr]   -- VERSION: 0.1.99
[INFO] [stderr]   -- The C compiler identification is GNU 15.2.0
[INFO] [stderr]   -- The CXX compiler identification is GNU 15.2.0
[INFO] [stderr]   -- Detecting C compiler ABI info
[INFO] [stderr]   -- Detecting C compiler ABI info - done
[INFO] [stderr]   -- Check for working C compiler: /usr/bin/cc - skipped
[INFO] [stderr]   -- Detecting C compile features
[INFO] [stderr]   -- Detecting C compile features - done
[INFO] [stderr]   -- Detecting CXX compiler ABI info
[INFO] [stderr]   -- Detecting CXX compiler ABI info - done
[INFO] [stderr]   -- Check for working CXX compiler: /usr/bin/c++ - skipped
[INFO] [stderr]   -- Detecting CXX compile features
[INFO] [stderr]   -- Detecting CXX compile features - done
[INFO] [stderr]   -- Performing Test CMAKE_HAVE_LIBC_PTHREAD
[INFO] [stderr]   -- Performing Test CMAKE_HAVE_LIBC_PTHREAD - Success
[INFO] [stderr]   -- Found Threads: TRUE
[INFO] [stderr]   -- Not Found TCMalloc: TCMALLOC_LIB-NOTFOUND
[INFO] [stderr]   -- Configuring done (4.6s)
[INFO] [stderr]   -- Generating done (0.3s)
[INFO] [stderr]   -- Build files have been written to: /opt/rustwide/target/debug/build/sentencepiece-sys/c36eb66a917fe67e/out/build
[INFO] [stderr]   [  0%] Building CXX object src/CMakeFiles/sentencepiece.dir/__/third_party/protobuf-lite/arena.cc.o
[INFO] [stderr]   [  1%] Building CXX object src/CMakeFiles/sentencepiece-static.dir/__/third_party/protobuf-lite/arena.cc.o
[INFO] [stderr]   [  2%] Building CXX object src/CMakeFiles/sentencepiece.dir/__/third_party/protobuf-lite/bytestream.cc.o
[INFO] [stderr]   [  3%] Building CXX object src/CMakeFiles/sentencepiece.dir/__/third_party/protobuf-lite/arenastring.cc.o
[INFO] [stderr]   [  4%] Building CXX object src/CMakeFiles/sentencepiece_train-static.dir/builder.cc.o
[INFO] [stderr]   [  5%] Building CXX object src/CMakeFiles/sentencepiece-static.dir/__/third_party/protobuf-lite/arenastring.cc.o
[INFO] [stderr]   [  6%] Building CXX object src/CMakeFiles/sentencepiece_train-static.dir/unicode_script.cc.o
[INFO] [stderr]   [  7%] Building CXX object src/CMakeFiles/sentencepiece_train-static.dir/trainer_factory.cc.o
[INFO] [stderr]   [  8%] Building CXX object src/CMakeFiles/sentencepiece-static.dir/__/third_party/protobuf-lite/bytestream.cc.o
[INFO] [stderr]   [  9%] Building CXX object src/CMakeFiles/sentencepiece-static.dir/__/third_party/protobuf-lite/coded_stream.cc.o
[INFO] [stderr]   [ 10%] Building CXX object src/CMakeFiles/sentencepiece.dir/__/third_party/protobuf-lite/coded_stream.cc.o
[INFO] [stderr]   [ 11%] Building CXX object src/CMakeFiles/sentencepiece_train-static.dir/trainer_interface.cc.o
[INFO] [stderr]   [ 12%] Building CXX object src/CMakeFiles/sentencepiece.dir/__/third_party/protobuf-lite/common.cc.o
[INFO] [stderr]   [ 13%] Building CXX object src/CMakeFiles/sentencepiece.dir/__/third_party/protobuf-lite/extension_set.cc.o
[INFO] [stderr]   [ 14%] Building CXX object src/CMakeFiles/sentencepiece-static.dir/__/third_party/protobuf-lite/common.cc.o
[INFO] [stderr]   [ 15%] Building CXX object src/CMakeFiles/sentencepiece-static.dir/__/third_party/protobuf-lite/extension_set.cc.o
[INFO] [stderr]   [ 16%] Building CXX object src/CMakeFiles/sentencepiece.dir/__/third_party/protobuf-lite/generated_enum_util.cc.o
[INFO] [stderr]   [ 17%] Building CXX object src/CMakeFiles/sentencepiece.dir/__/third_party/protobuf-lite/generated_message_table_driven_lite.cc.o
[INFO] [stderr]   [ 17%] Building CXX object src/CMakeFiles/sentencepiece.dir/__/third_party/protobuf-lite/generated_message_util.cc.o
[INFO] [stderr]   [ 18%] Building CXX object src/CMakeFiles/sentencepiece.dir/__/third_party/protobuf-lite/implicit_weak_message.cc.o
[INFO] [stderr]   [ 19%] Building CXX object src/CMakeFiles/sentencepiece-static.dir/__/third_party/protobuf-lite/generated_enum_util.cc.o
[INFO] [stderr]   [ 19%] Building CXX object src/CMakeFiles/sentencepiece-static.dir/__/third_party/protobuf-lite/generated_message_table_driven_lite.cc.o
[INFO] [stderr]   [ 20%] Building CXX object src/CMakeFiles/sentencepiece-static.dir/__/third_party/protobuf-lite/generated_message_util.cc.o
[INFO] [stderr]   [ 21%] Building CXX object src/CMakeFiles/sentencepiece-static.dir/__/third_party/protobuf-lite/implicit_weak_message.cc.o
[INFO] [stderr]   [ 22%] Building CXX object src/CMakeFiles/sentencepiece.dir/__/third_party/protobuf-lite/int128.cc.o
[INFO] [stderr]   [ 23%] Building CXX object src/CMakeFiles/sentencepiece.dir/__/third_party/protobuf-lite/io_win32.cc.o
[INFO] [stderr]   [ 24%] Building CXX object src/CMakeFiles/sentencepiece-static.dir/__/third_party/protobuf-lite/int128.cc.o
[INFO] [stderr]   [ 25%] Building CXX object src/CMakeFiles/sentencepiece-static.dir/__/third_party/protobuf-lite/io_win32.cc.o
[INFO] [stderr]   [ 26%] Building CXX object src/CMakeFiles/sentencepiece-static.dir/__/third_party/protobuf-lite/message_lite.cc.o
[INFO] [stderr]   [ 27%] Building CXX object src/CMakeFiles/sentencepiece-static.dir/__/third_party/protobuf-lite/parse_context.cc.o
[INFO] [stderr]   [ 28%] Building CXX object src/CMakeFiles/sentencepiece-static.dir/__/third_party/protobuf-lite/repeated_field.cc.o
[INFO] [stderr]   [ 29%] Building CXX object src/CMakeFiles/sentencepiece.dir/__/third_party/protobuf-lite/message_lite.cc.o
[INFO] [stderr]   [ 30%] Building CXX object src/CMakeFiles/sentencepiece-static.dir/__/third_party/protobuf-lite/status.cc.o
[INFO] [stderr]   [ 31%] Building CXX object src/CMakeFiles/sentencepiece.dir/__/third_party/protobuf-lite/parse_context.cc.o
[INFO] [stderr]   [ 32%] Building CXX object src/CMakeFiles/sentencepiece.dir/__/third_party/protobuf-lite/repeated_field.cc.o
[INFO] [stderr]   [ 33%] Building CXX object src/CMakeFiles/sentencepiece.dir/__/third_party/protobuf-lite/status.cc.o
[INFO] [stderr]   [ 33%] Building CXX object src/CMakeFiles/sentencepiece-static.dir/__/third_party/protobuf-lite/statusor.cc.o
[INFO] [stderr]   [ 34%] Building CXX object src/CMakeFiles/sentencepiece-static.dir/__/third_party/protobuf-lite/stringpiece.cc.o
[INFO] [stderr]   [ 34%] Building CXX object src/CMakeFiles/sentencepiece.dir/__/third_party/protobuf-lite/statusor.cc.o
[INFO] [stderr]   [ 35%] Building CXX object src/CMakeFiles/sentencepiece-static.dir/__/third_party/protobuf-lite/stringprintf.cc.o
[INFO] [stderr]   [ 36%] Building CXX object src/CMakeFiles/sentencepiece-static.dir/__/third_party/protobuf-lite/structurally_valid.cc.o
[INFO] [stderr]   [ 37%] Building CXX object src/CMakeFiles/sentencepiece.dir/__/third_party/protobuf-lite/stringpiece.cc.o
[INFO] [stderr]   [ 38%] Building CXX object src/CMakeFiles/sentencepiece-static.dir/__/third_party/protobuf-lite/strutil.cc.o
[INFO] [stderr]   [ 39%] Building CXX object src/CMakeFiles/sentencepiece-static.dir/__/third_party/protobuf-lite/time.cc.o
[INFO] [stderr]   [ 40%] Building CXX object src/CMakeFiles/sentencepiece-static.dir/__/third_party/protobuf-lite/wire_format_lite.cc.o
[INFO] [stderr]   [ 41%] Building CXX object src/CMakeFiles/sentencepiece-static.dir/__/third_party/protobuf-lite/zero_copy_stream.cc.o
[INFO] [stderr]   [ 42%] Building CXX object src/CMakeFiles/sentencepiece.dir/__/third_party/protobuf-lite/stringprintf.cc.o
[INFO] [stderr]   [ 43%] Building CXX object src/CMakeFiles/sentencepiece.dir/__/third_party/protobuf-lite/structurally_valid.cc.o
[INFO] [stderr]   [ 44%] Building CXX object src/CMakeFiles/sentencepiece.dir/__/third_party/protobuf-lite/strutil.cc.o
[INFO] [stderr]   [ 44%] Building CXX object src/CMakeFiles/sentencepiece-static.dir/__/third_party/protobuf-lite/zero_copy_stream_impl.cc.o
[INFO] [stderr]   [ 45%] Building CXX object src/CMakeFiles/sentencepiece.dir/__/third_party/protobuf-lite/time.cc.o
[INFO] [stderr]   [ 46%] Building CXX object src/CMakeFiles/sentencepiece.dir/__/third_party/protobuf-lite/wire_format_lite.cc.o
[INFO] [stderr]   [ 47%] Building CXX object src/CMakeFiles/sentencepiece.dir/__/third_party/protobuf-lite/zero_copy_stream.cc.o
[INFO] [stderr]   [ 48%] Building CXX object src/CMakeFiles/sentencepiece-static.dir/__/third_party/protobuf-lite/zero_copy_stream_impl_lite.cc.o
[INFO] [stderr]   [ 49%] Building CXX object src/CMakeFiles/sentencepiece-static.dir/builtin_pb/sentencepiece.pb.cc.o
[INFO] [stderr]   [ 50%] Building CXX object src/CMakeFiles/sentencepiece-static.dir/builtin_pb/sentencepiece_model.pb.cc.o
[INFO] [stderr]   [ 51%] Building CXX object src/CMakeFiles/sentencepiece-static.dir/bpe_model.cc.o
[INFO] [stderr]   [ 51%] Building CXX object src/CMakeFiles/sentencepiece.dir/__/third_party/protobuf-lite/zero_copy_stream_impl.cc.o
[INFO] [stderr]   [ 52%] Building CXX object src/CMakeFiles/sentencepiece.dir/__/third_party/protobuf-lite/zero_copy_stream_impl_lite.cc.o
[INFO] [stderr]   [ 53%] Building CXX object src/CMakeFiles/sentencepiece.dir/builtin_pb/sentencepiece.pb.cc.o
[INFO] [stderr]   [ 54%] Building CXX object src/CMakeFiles/sentencepiece-static.dir/char_model.cc.o
[INFO] [stderr]   [ 55%] Building CXX object src/CMakeFiles/sentencepiece.dir/builtin_pb/sentencepiece_model.pb.cc.o
[INFO] [stderr]   [ 56%] Building CXX object src/CMakeFiles/sentencepiece.dir/bpe_model.cc.o
[INFO] [stderr]   [ 57%] Building CXX object src/CMakeFiles/sentencepiece-static.dir/error.cc.o
[INFO] [stderr]   [ 58%] Building CXX object src/CMakeFiles/sentencepiece-static.dir/filesystem.cc.o
[INFO] [stderr]   [ 58%] Building CXX object src/CMakeFiles/sentencepiece-static.dir/model_factory.cc.o
[INFO] [stderr]   [ 59%] Building CXX object src/CMakeFiles/sentencepiece-static.dir/model_interface.cc.o
[INFO] [stderr]   [ 60%] Building CXX object src/CMakeFiles/sentencepiece.dir/char_model.cc.o
[INFO] [stderr]   [ 61%] Building CXX object src/CMakeFiles/sentencepiece-static.dir/normalizer.cc.o
[INFO] [stderr]   [ 62%] Building CXX object src/CMakeFiles/sentencepiece-static.dir/sentencepiece_processor.cc.o
[INFO] [stderr]   [ 63%] Building CXX object src/CMakeFiles/sentencepiece.dir/error.cc.o
[INFO] [stderr]   [ 64%] Building CXX object src/CMakeFiles/sentencepiece-static.dir/unigram_model.cc.o
[INFO] [stderr]   [ 65%] Building CXX object src/CMakeFiles/sentencepiece-static.dir/util.cc.o
[INFO] [stderr]   [ 66%] Building CXX object src/CMakeFiles/sentencepiece-static.dir/word_model.cc.o
[INFO] [stderr]   [ 67%] Building CXX object src/CMakeFiles/sentencepiece.dir/filesystem.cc.o
[INFO] [stderr]   [ 67%] Building CXX object src/CMakeFiles/sentencepiece.dir/model_factory.cc.o
[INFO] [stderr]   [ 68%] Building CXX object src/CMakeFiles/sentencepiece.dir/model_interface.cc.o
[INFO] [stderr]   [ 69%] Building CXX object src/CMakeFiles/sentencepiece.dir/normalizer.cc.o
[INFO] [stderr]   [ 70%] Building CXX object src/CMakeFiles/sentencepiece.dir/sentencepiece_processor.cc.o
[INFO] [stderr]   [ 71%] Building CXX object src/CMakeFiles/sentencepiece.dir/unigram_model.cc.o
[INFO] [stderr]   [ 72%] Building CXX object src/CMakeFiles/sentencepiece.dir/util.cc.o
[INFO] [stderr]   [ 73%] Building CXX object src/CMakeFiles/sentencepiece.dir/word_model.cc.o
[INFO] [stderr]   [ 74%] Building CXX object src/CMakeFiles/sentencepiece.dir/__/third_party/absl/flags/flag.cc.o
[INFO] [stderr] 
[INFO] [stderr]   --- stderr
[INFO] [stderr]   running: cd "/opt/rustwide/target/debug/build/sentencepiece-sys/c36eb66a917fe67e/out/build" && CMAKE_PREFIX_PATH="" LC_ALL="C" "cmake" "/opt/rustwide/cargo-home/registry/src/index.crates.io-1949cf8c6b5b557f/sentencepiece-sys-0.11.3/source" "-B" "/opt/rustwide/target/debug/build/sentencepiece-sys/c36eb66a917fe67e/out/build" "-DCMAKE_POLICY_VERSION_MINIMUM=3.5" "-DCMAKE_INSTALL_PREFIX=/opt/rustwide/target/debug/build/sentencepiece-sys/c36eb66a917fe67e/out" "-DCMAKE_C_FLAGS= -ffunction-sections -fdata-sections -fPIC -m64 -w" "-DCMAKE_C_COMPILER=/usr/bin/cc" "-DCMAKE_CXX_FLAGS= -ffunction-sections -fdata-sections -fPIC -m64 -w" "-DCMAKE_CXX_COMPILER=/usr/bin/c++" "-DCMAKE_ASM_FLAGS= -ffunction-sections -fdata-sections -fPIC -m64 -w" "-DCMAKE_ASM_COMPILER=/usr/bin/cc" "-DCMAKE_BUILD_TYPE=Debug"
[INFO] [stderr]   CMake Deprecation Warning at CMakeLists.txt:15 (cmake_minimum_required):
[INFO] [stderr]     Compatibility with CMake < 3.10 will be removed from a future version of
[INFO] [stderr]     CMake.
[INFO] [stderr] 
[INFO] [stderr]     Update the VERSION argument <min> value.  Or, use the <min>...<max> syntax
[INFO] [stderr]     to tell CMake that the project requires at least <min> but has been updated
[INFO] [stderr]     to work with policies introduced by <max> or earlier.
[INFO] [stderr] 
[INFO] [stderr] 
[INFO] [stderr]   CMake Warning:
[INFO] [stderr]     Manually-specified variables were not used by the project:
[INFO] [stderr] 
[INFO] [stderr]       CMAKE_ASM_COMPILER
[INFO] [stderr]       CMAKE_ASM_FLAGS
[INFO] [stderr] 
[INFO] [stderr] 
[INFO] [stderr]   running: cd "/opt/rustwide/target/debug/build/sentencepiece-sys/c36eb66a917fe67e/out/build" && LC_ALL="C" MAKEFLAGS="-j --jobserver-fds=4,5 --jobserver-auth=4,5" "cmake" "--build" "/opt/rustwide/target/debug/build/sentencepiece-sys/c36eb66a917fe67e/out/build" "--target" "install" "--config" "Debug"
[INFO] [stderr]   c++: fatal error: Killed signal terminated program cc1plus
[INFO] [stderr]   compilation terminated.
[INFO] [stderr]   gmake[2]: *** [src/CMakeFiles/sentencepiece_train-static.dir/build.make:121: src/CMakeFiles/sentencepiece_train-static.dir/trainer_interface.cc.o] Error 1
[INFO] [stderr]   c++: fatal error: Killed signal terminated program cc1plus
[INFO] [stderr]   compilation terminated.
[INFO] [stderr]   gmake[2]: *** Waiting for unfinished jobs....
[INFO] [stderr]   gmake[2]: *** [src/CMakeFiles/sentencepiece_train-static.dir/build.make:79: src/CMakeFiles/sentencepiece_train-static.dir/builder.cc.o] Error 1
[INFO] [stderr]   gmake[1]: *** [CMakeFiles/Makefile2:249: src/CMakeFiles/sentencepiece_train-static.dir/all] Error 2
[INFO] [stderr]   gmake[1]: *** Waiting for unfinished jobs....
[INFO] [stderr]   In file included from /opt/rustwide/cargo-home/registry/src/index.crates.io-1949cf8c6b5b557f/sentencepiece-sys-0.11.3/source/src/sentencepiece_processor.cc:15:
[INFO] [stderr]   /opt/rustwide/cargo-home/registry/src/index.crates.io-1949cf8c6b5b557f/sentencepiece-sys-0.11.3/source/src/sentencepiece_processor.h:167:3: error: 'uint32_t' does not name a type
[INFO] [stderr]     167 |   uint32_t id() const;
[INFO] [stderr]         |   ^~~~~~~~
[INFO] [stderr]   /opt/rustwide/cargo-home/registry/src/index.crates.io-1949cf8c6b5b557f/sentencepiece-sys-0.11.3/source/src/sentencepiece_processor.h:24:1: note: 'uint32_t' is defined in header '<cstdint>'; this is probably fixable by adding '#include <cstdint>'
[INFO] [stderr]      23 | #include <vector>
[INFO] [stderr]     +++ |+#include <cstdint>
[INFO] [stderr]      24 | 
[INFO] [stderr]   /opt/rustwide/cargo-home/registry/src/index.crates.io-1949cf8c6b5b557f/sentencepiece-sys-0.11.3/source/src/sentencepiece_processor.h:168:3: error: 'uint32_t' does not name a type
[INFO] [stderr]     168 |   uint32_t begin() const;
[INFO] [stderr]         |   ^~~~~~~~
[INFO] [stderr]   /opt/rustwide/cargo-home/registry/src/index.crates.io-1949cf8c6b5b557f/sentencepiece-sys-0.11.3/source/src/sentencepiece_processor.h:168:3: note: 'uint32_t' is defined in header '<cstdint>'; this is probably fixable by adding '#include <cstdint>'
[INFO] [stderr]   /opt/rustwide/cargo-home/registry/src/index.crates.io-1949cf8c6b5b557f/sentencepiece-sys-0.11.3/source/src/sentencepiece_processor.h:169:3: error: 'uint32_t' does not name a type
[INFO] [stderr]     169 |   uint32_t end() const;
[INFO] [stderr]         |   ^~~~~~~~
[INFO] [stderr]   /opt/rustwide/cargo-home/registry/src/index.crates.io-1949cf8c6b5b557f/sentencepiece-sys-0.11.3/source/src/sentencepiece_processor.h:169:3: note: 'uint32_t' is defined in header '<cstdint>'; this is probably fixable by adding '#include <cstdint>'
[INFO] [stderr]   /opt/rustwide/cargo-home/registry/src/index.crates.io-1949cf8c6b5b557f/sentencepiece-sys-0.11.3/source/src/sentencepiece_processor.cc:116:10: error: no declaration matches 'uint32_t sentencepiece::ImmutableSentencePieceText_ImmutableSentencePiece::id() const'
[INFO] [stderr]     116 | uint32_t ImmutableSentencePieceText_ImmutableSentencePiece::id() const {
[INFO] [stderr]         |          ^~~~~~~~~~~~~~~~~~~~~~~~~~~~~~~~~~~~~~~~~~~~~~~~~
[INFO] [stderr]   /opt/rustwide/cargo-home/registry/src/index.crates.io-1949cf8c6b5b557f/sentencepiece-sys-0.11.3/source/src/sentencepiece_processor.cc:116:10: note: no functions named 'uint32_t sentencepiece::ImmutableSentencePieceText_ImmutableSentencePiece::id() const'
[INFO] [stderr]   /opt/rustwide/cargo-home/registry/src/index.crates.io-1949cf8c6b5b557f/sentencepiece-sys-0.11.3/source/src/sentencepiece_processor.h:160:7: note: 'class sentencepiece::ImmutableSentencePieceText_ImmutableSentencePiece' defined here
[INFO] [stderr]     160 | class ImmutableSentencePieceText_ImmutableSentencePiece {
[INFO] [stderr]         |       ^~~~~~~~~~~~~~~~~~~~~~~~~~~~~~~~~~~~~~~~~~~~~~~~~
[INFO] [stderr]   /opt/rustwide/cargo-home/registry/src/index.crates.io-1949cf8c6b5b557f/sentencepiece-sys-0.11.3/source/src/sentencepiece_processor.cc:120:10: error: no declaration matches 'uint32_t sentencepiece::ImmutableSentencePieceText_ImmutableSentencePiece::begin() const'
[INFO] [stderr]     120 | uint32_t ImmutableSentencePieceText_ImmutableSentencePiece::begin() const {
[INFO] [stderr]         |          ^~~~~~~~~~~~~~~~~~~~~~~~~~~~~~~~~~~~~~~~~~~~~~~~~
[INFO] [stderr]   /opt/rustwide/cargo-home/registry/src/index.crates.io-1949cf8c6b5b557f/sentencepiece-sys-0.11.3/source/src/sentencepiece_processor.cc:120:10: note: no functions named 'uint32_t sentencepiece::ImmutableSentencePieceText_ImmutableSentencePiece::begin() const'
[INFO] [stderr]   /opt/rustwide/cargo-home/registry/src/index.crates.io-1949cf8c6b5b557f/sentencepiece-sys-0.11.3/source/src/sentencepiece_processor.h:160:7: note: 'class sentencepiece::ImmutableSentencePieceText_ImmutableSentencePiece' defined here
[INFO] [stderr]     160 | class ImmutableSentencePieceText_ImmutableSentencePiece {
[INFO] [stderr]         |       ^~~~~~~~~~~~~~~~~~~~~~~~~~~~~~~~~~~~~~~~~~~~~~~~~
[INFO] [stderr]   /opt/rustwide/cargo-home/registry/src/index.crates.io-1949cf8c6b5b557f/sentencepiece-sys-0.11.3/source/src/sentencepiece_processor.cc:124:10: error: no declaration matches 'uint32_t sentencepiece::ImmutableSentencePieceText_ImmutableSentencePiece::end() const'
[INFO] [stderr]     124 | uint32_t ImmutableSentencePieceText_ImmutableSentencePiece::end() const {
[INFO] [stderr]         |          ^~~~~~~~~~~~~~~~~~~~~~~~~~~~~~~~~~~~~~~~~~~~~~~~~
[INFO] [stderr]   /opt/rustwide/cargo-home/registry/src/index.crates.io-1949cf8c6b5b557f/sentencepiece-sys-0.11.3/source/src/sentencepiece_processor.cc:124:10: note: no functions named 'uint32_t sentencepiece::ImmutableSentencePieceText_ImmutableSentencePiece::end() const'
[INFO] [stderr]   /opt/rustwide/cargo-home/registry/src/index.crates.io-1949cf8c6b5b557f/sentencepiece-sys-0.11.3/source/src/sentencepiece_processor.h:160:7: note: 'class sentencepiece::ImmutableSentencePieceText_ImmutableSentencePiece' defined here
[INFO] [stderr]     160 | class ImmutableSentencePieceText_ImmutableSentencePiece {
[INFO] [stderr]         |       ^~~~~~~~~~~~~~~~~~~~~~~~~~~~~~~~~~~~~~~~~~~~~~~~~
[INFO] [stderr]   gmake[2]: *** [src/CMakeFiles/sentencepiece-static.dir/build.make:569: src/CMakeFiles/sentencepiece-static.dir/sentencepiece_processor.cc.o] Error 1
[INFO] [stderr]   gmake[2]: *** Waiting for unfinished jobs....
[INFO] [stderr]   In file included from /opt/rustwide/cargo-home/registry/src/index.crates.io-1949cf8c6b5b557f/sentencepiece-sys-0.11.3/source/src/sentencepiece_processor.cc:15:
[INFO] [stderr]   /opt/rustwide/cargo-home/registry/src/index.crates.io-1949cf8c6b5b557f/sentencepiece-sys-0.11.3/source/src/sentencepiece_processor.h:167:3: error: 'uint32_t' does not name a type
[INFO] [stderr]     167 |   uint32_t id() const;
[INFO] [stderr]         |   ^~~~~~~~
[INFO] [stderr]   /opt/rustwide/cargo-home/registry/src/index.crates.io-1949cf8c6b5b557f/sentencepiece-sys-0.11.3/source/src/sentencepiece_processor.h:24:1: note: 'uint32_t' is defined in header '<cstdint>'; this is probably fixable by adding '#include <cstdint>'
[INFO] [stderr]      23 | #include <vector>
[INFO] [stderr]     +++ |+#include <cstdint>
[INFO] [stderr]      24 | 
[INFO] [stderr]   /opt/rustwide/cargo-home/registry/src/index.crates.io-1949cf8c6b5b557f/sentencepiece-sys-0.11.3/source/src/sentencepiece_processor.h:168:3: error: 'uint32_t' does not name a type
[INFO] [stderr]     168 |   uint32_t begin() const;
[INFO] [stderr]         |   ^~~~~~~~
[INFO] [stderr]   /opt/rustwide/cargo-home/registry/src/index.crates.io-1949cf8c6b5b557f/sentencepiece-sys-0.11.3/source/src/sentencepiece_processor.h:168:3: note: 'uint32_t' is defined in header '<cstdint>'; this is probably fixable by adding '#include <cstdint>'
[INFO] [stderr]   /opt/rustwide/cargo-home/registry/src/index.crates.io-1949cf8c6b5b557f/sentencepiece-sys-0.11.3/source/src/sentencepiece_processor.h:169:3: error: 'uint32_t' does not name a type
[INFO] [stderr]     169 |   uint32_t end() const;
[INFO] [stderr]         |   ^~~~~~~~
[INFO] [stderr]   /opt/rustwide/cargo-home/registry/src/index.crates.io-1949cf8c6b5b557f/sentencepiece-sys-0.11.3/source/src/sentencepiece_processor.h:169:3: note: 'uint32_t' is defined in header '<cstdint>'; this is probably fixable by adding '#include <cstdint>'
[INFO] [stderr]   /opt/rustwide/cargo-home/registry/src/index.crates.io-1949cf8c6b5b557f/sentencepiece-sys-0.11.3/source/src/sentencepiece_processor.cc:116:10: error: no declaration matches 'uint32_t sentencepiece::ImmutableSentencePieceText_ImmutableSentencePiece::id() const'
[INFO] [stderr]     116 | uint32_t ImmutableSentencePieceText_ImmutableSentencePiece::id() const {
[INFO] [stderr]         |          ^~~~~~~~~~~~~~~~~~~~~~~~~~~~~~~~~~~~~~~~~~~~~~~~~
[INFO] [stderr]   /opt/rustwide/cargo-home/registry/src/index.crates.io-1949cf8c6b5b557f/sentencepiece-sys-0.11.3/source/src/sentencepiece_processor.cc:116:10: note: no functions named 'uint32_t sentencepiece::ImmutableSentencePieceText_ImmutableSentencePiece::id() const'
[INFO] [stderr]   /opt/rustwide/cargo-home/registry/src/index.crates.io-1949cf8c6b5b557f/sentencepiece-sys-0.11.3/source/src/sentencepiece_processor.h:160:7: note: 'class sentencepiece::ImmutableSentencePieceText_ImmutableSentencePiece' defined here
[INFO] [stderr]     160 | class ImmutableSentencePieceText_ImmutableSentencePiece {
[INFO] [stderr]         |       ^~~~~~~~~~~~~~~~~~~~~~~~~~~~~~~~~~~~~~~~~~~~~~~~~
[INFO] [stderr]   /opt/rustwide/cargo-home/registry/src/index.crates.io-1949cf8c6b5b557f/sentencepiece-sys-0.11.3/source/src/sentencepiece_processor.cc:120:10: error: no declaration matches 'uint32_t sentencepiece::ImmutableSentencePieceText_ImmutableSentencePiece::begin() const'
[INFO] [stderr]     120 | uint32_t ImmutableSentencePieceText_ImmutableSentencePiece::begin() const {
[INFO] [stderr]         |          ^~~~~~~~~~~~~~~~~~~~~~~~~~~~~~~~~~~~~~~~~~~~~~~~~
[INFO] [stderr]   /opt/rustwide/cargo-home/registry/src/index.crates.io-1949cf8c6b5b557f/sentencepiece-sys-0.11.3/source/src/sentencepiece_processor.cc:120:10: note: no functions named 'uint32_t sentencepiece::ImmutableSentencePieceText_ImmutableSentencePiece::begin() const'
[INFO] [stderr]   /opt/rustwide/cargo-home/registry/src/index.crates.io-1949cf8c6b5b557f/sentencepiece-sys-0.11.3/source/src/sentencepiece_processor.h:160:7: note: 'class sentencepiece::ImmutableSentencePieceText_ImmutableSentencePiece' defined here
[INFO] [stderr]     160 | class ImmutableSentencePieceText_ImmutableSentencePiece {
[INFO] [stderr]         |       ^~~~~~~~~~~~~~~~~~~~~~~~~~~~~~~~~~~~~~~~~~~~~~~~~
[INFO] [stderr]   /opt/rustwide/cargo-home/registry/src/index.crates.io-1949cf8c6b5b557f/sentencepiece-sys-0.11.3/source/src/sentencepiece_processor.cc:124:10: error: no declaration matches 'uint32_t sentencepiece::ImmutableSentencePieceText_ImmutableSentencePiece::end() const'
[INFO] [stderr]     124 | uint32_t ImmutableSentencePieceText_ImmutableSentencePiece::end() const {
[INFO] [stderr]         |          ^~~~~~~~~~~~~~~~~~~~~~~~~~~~~~~~~~~~~~~~~~~~~~~~~
[INFO] [stderr]   /opt/rustwide/cargo-home/registry/src/index.crates.io-1949cf8c6b5b557f/sentencepiece-sys-0.11.3/source/src/sentencepiece_processor.cc:124:10: note: no functions named 'uint32_t sentencepiece::ImmutableSentencePieceText_ImmutableSentencePiece::end() const'
[INFO] [stderr]   /opt/rustwide/cargo-home/registry/src/index.crates.io-1949cf8c6b5b557f/sentencepiece-sys-0.11.3/source/src/sentencepiece_processor.h:160:7: note: 'class sentencepiece::ImmutableSentencePieceText_ImmutableSentencePiece' defined here
[INFO] [stderr]     160 | class ImmutableSentencePieceText_ImmutableSentencePiece {
[INFO] [stderr]         |       ^~~~~~~~~~~~~~~~~~~~~~~~~~~~~~~~~~~~~~~~~~~~~~~~~
[INFO] [stderr]   c++: fatal error: Killed signal terminated program cc1plus
[INFO] [stderr]   compilation terminated.
[INFO] [stderr]   gmake[2]: *** [src/CMakeFiles/sentencepiece.dir/build.make:583: src/CMakeFiles/sentencepiece.dir/unigram_model.cc.o] Error 1
[INFO] [stderr]   c++: fatal error: Killed signal terminated program cc1plus
[INFO] [stderr]   compilation terminated.
[INFO] [stderr]   c++: fatal error: Killed signal terminated program cc1plus
[INFO] [stderr]   compilation terminated.
[INFO] [stderr]   gmake[2]: *** Waiting for unfinished jobs....
[INFO] [stderr]   gmake[2]: *** [src/CMakeFiles/sentencepiece.dir/build.make:555: src/CMakeFiles/sentencepiece.dir/normalizer.cc.o] Error 1
[INFO] [stderr]   gmake[2]: *** [src/CMakeFiles/sentencepiece-static.dir/build.make:583: src/CMakeFiles/sentencepiece-static.dir/unigram_model.cc.o] Error 1
[INFO] [stderr]   gmake[1]: *** [CMakeFiles/Makefile2:217: src/CMakeFiles/sentencepiece-static.dir/all] Error 2
[INFO] [stderr]   c++: fatal error: Killed signal terminated program cc1plus
[INFO] [stderr]   compilation terminated.
[INFO] [stderr]   gmake[2]: *** [src/CMakeFiles/sentencepiece.dir/build.make:541: src/CMakeFiles/sentencepiece.dir/model_interface.cc.o] Error 1
[INFO] [stderr]   gmake[2]: *** [src/CMakeFiles/sentencepiece.dir/build.make:569: src/CMakeFiles/sentencepiece.dir/sentencepiece_processor.cc.o] Error 1
[INFO] [stderr]   gmake[1]: *** [CMakeFiles/Makefile2:153: src/CMakeFiles/sentencepiece.dir/all] Error 2
[INFO] [stderr]   gmake: *** [Makefile:156: all] Error 2
[INFO] [stderr] 
[INFO] [stderr]   thread 'main' (525) panicked at /opt/rustwide/cargo-home/registry/src/index.crates.io-1949cf8c6b5b557f/cmake-0.1.58/src/lib.rs:1132:5:
[INFO] [stderr] 
[INFO] [stderr]   command did not execute successfully, got: exit status: 2
[INFO] [stderr] 
[INFO] [stderr]   build script failed, must exit now
[INFO] [stderr]   stack backtrace:
[INFO] [stderr]      0:     0x59bfb9bec1e1 - std[617be2ca0a6fd877]::backtrace_rs::backtrace::libunwind::trace
[INFO] [stderr]                                  at /rustc/e3feeb59cd1bdd011a2bfcc0747b55125d9b8527/library/std/src/../../backtrace/src/backtrace/libunwind.rs:117:9
[INFO] [stderr]      1:     0x59bfb9bec1e1 - std[617be2ca0a6fd877]::backtrace_rs::backtrace::trace_unsynchronized::<std[617be2ca0a6fd877]::sys::backtrace::_print_fmt::{closure#1}>
[INFO] [stderr]                                  at /rustc/e3feeb59cd1bdd011a2bfcc0747b55125d9b8527/library/std/src/../../backtrace/src/backtrace/mod.rs:66:14
[INFO] [stderr]      2:     0x59bfb9bec1e1 - std[617be2ca0a6fd877]::sys::backtrace::_print_fmt
[INFO] [stderr]                                  at /rustc/e3feeb59cd1bdd011a2bfcc0747b55125d9b8527/library/std/src/sys/backtrace.rs:74:9
[INFO] [stderr]      3:     0x59bfb9bec1e1 - <<std[617be2ca0a6fd877]::sys::backtrace::BacktraceLock>::print::DisplayBacktrace as core[a373ad73a504971]::fmt::Display>::fmt
[INFO] [stderr]                                  at /rustc/e3feeb59cd1bdd011a2bfcc0747b55125d9b8527/library/std/src/sys/backtrace.rs:44:26
[INFO] [stderr]      4:     0x59bfb9c0170a - <core[a373ad73a504971]::fmt::rt::Argument>::fmt
[INFO] [stderr]                                  at /rustc/e3feeb59cd1bdd011a2bfcc0747b55125d9b8527/library/core/src/fmt/rt.rs:152:76
[INFO] [stderr]      5:     0x59bfb9c0170a - core[a373ad73a504971]::fmt::write
[INFO] [stderr]      6:     0x59bfb9bf219c - core[a373ad73a504971]::io::write::default_write_fmt::<std[617be2ca0a6fd877]::sys::stdio::unix::Stderr>
[INFO] [stderr]                                  at /rustc/e3feeb59cd1bdd011a2bfcc0747b55125d9b8527/library/core/src/io/write.rs:402:11
[INFO] [stderr]      7:     0x59bfb9bf219c - <std[617be2ca0a6fd877]::sys::stdio::unix::Stderr as core[a373ad73a504971]::io::write::Write>::write_fmt
[INFO] [stderr]                                  at /rustc/e3feeb59cd1bdd011a2bfcc0747b55125d9b8527/library/core/src/io/write.rs:335:13
[INFO] [stderr]      8:     0x59bfb9bc47b6 - <std[617be2ca0a6fd877]::sys::backtrace::BacktraceLock>::print
[INFO] [stderr]                                  at /rustc/e3feeb59cd1bdd011a2bfcc0747b55125d9b8527/library/std/src/sys/backtrace.rs:47:9
[INFO] [stderr]      9:     0x59bfb9bc47b6 - std[617be2ca0a6fd877]::panicking::default_hook::{closure#0}
[INFO] [stderr]                                  at /rustc/e3feeb59cd1bdd011a2bfcc0747b55125d9b8527/library/std/src/panicking.rs:289:27
[INFO] [stderr]     10:     0x59bfb9be32c1 - std[617be2ca0a6fd877]::panicking::default_hook
[INFO] [stderr]                                  at /rustc/e3feeb59cd1bdd011a2bfcc0747b55125d9b8527/library/std/src/panicking.rs:316:9
[INFO] [stderr]     11:     0x59bfb9be347b - std[617be2ca0a6fd877]::panicking::panic_with_hook
[INFO] [stderr]                                  at /rustc/e3feeb59cd1bdd011a2bfcc0747b55125d9b8527/library/std/src/panicking.rs:811:13
[INFO] [stderr]     12:     0x59bfb9bc4862 - std[617be2ca0a6fd877]::panicking::panic_handler::{closure#0}
[INFO] [stderr]                                  at /rustc/e3feeb59cd1bdd011a2bfcc0747b55125d9b8527/library/std/src/panicking.rs:685:13
[INFO] [stderr]     13:     0x59bfb9bbd3e9 - std[617be2ca0a6fd877]::sys::backtrace::__rust_end_short_backtrace::<std[617be2ca0a6fd877]::panicking::panic_handler::{closure#0}, !>
[INFO] [stderr]                                  at /rustc/e3feeb59cd1bdd011a2bfcc0747b55125d9b8527/library/std/src/sys/backtrace.rs:182:18
[INFO] [stderr]     14:     0x59bfb9bc554d - __rustc[ea4f61d10b84890b]::rust_begin_unwind
[INFO] [stderr]                                  at /rustc/e3feeb59cd1bdd011a2bfcc0747b55125d9b8527/library/std/src/panicking.rs:676:5
[INFO] [stderr]     15:     0x59bfb9c01efc - core[a373ad73a504971]::panicking::panic_fmt
[INFO] [stderr]                                  at /rustc/e3feeb59cd1bdd011a2bfcc0747b55125d9b8527/library/core/src/panicking.rs:80:14
[INFO] [stderr]     16:     0x59bfb9b0a7a7 - cmake[6faff715d30fbe01]::fail
[INFO] [stderr]     17:     0x59bfb9b0a433 - cmake[6faff715d30fbe01]::run
[INFO] [stderr]     18:     0x59bfb9b10415 - <cmake[6faff715d30fbe01]::Config>::build
[INFO] [stderr]     19:     0x59bfb9add7ee - build_script_build[394a3e627fb2e892]::build_sentencepiece
[INFO] [stderr]     20:     0x59bfb9addece - build_script_build[394a3e627fb2e892]::main
[INFO] [stderr]     21:     0x59bfb9ade733 - <fn() as core[a373ad73a504971]::ops::function::FnOnce<()>>::call_once
[INFO] [stderr]     22:     0x59bfb9add426 - std[617be2ca0a6fd877]::sys::backtrace::__rust_begin_short_backtrace::<fn(), ()>
[INFO] [stderr]     23:     0x59bfb9add439 - std[617be2ca0a6fd877]::rt::lang_start::<()>::{closure#0}
[INFO] [stderr]     24:     0x59bfb9be2238 - <&dyn core[a373ad73a504971]::ops::function::Fn<(), Output = i32> + core[a373ad73a504971]::marker::Sync + core[a373ad73a504971]::panic::unwind_safe::RefUnwindSafe as core[a373ad73a504971]::ops::function::FnOnce<()>>::call_once
[INFO] [stderr]                                  at /rustc/e3feeb59cd1bdd011a2bfcc0747b55125d9b8527/library/core/src/ops/function.rs:287:21
[INFO] [stderr]     25:     0x59bfb9be2238 - std[617be2ca0a6fd877]::panicking::catch_unwind::do_call::<&dyn core[a373ad73a504971]::ops::function::Fn<(), Output = i32> + core[a373ad73a504971]::marker::Sync + core[a373ad73a504971]::panic::unwind_safe::RefUnwindSafe, i32>
[INFO] [stderr]                                  at /rustc/e3feeb59cd1bdd011a2bfcc0747b55125d9b8527/library/std/src/panicking.rs:573:43
[INFO] [stderr]     26:     0x59bfb9be2238 - std[617be2ca0a6fd877]::panicking::catch_unwind::<i32, &dyn core[a373ad73a504971]::ops::function::Fn<(), Output = i32> + core[a373ad73a504971]::marker::Sync + core[a373ad73a504971]::panic::unwind_safe::RefUnwindSafe>
[INFO] [stderr]                                  at /rustc/e3feeb59cd1bdd011a2bfcc0747b55125d9b8527/library/std/src/panicking.rs:541:19
[INFO] [stderr]     27:     0x59bfb9be2238 - std[617be2ca0a6fd877]::panic::catch_unwind::<&dyn core[a373ad73a504971]::ops::function::Fn<(), Output = i32> + core[a373ad73a504971]::marker::Sync + core[a373ad73a504971]::panic::unwind_safe::RefUnwindSafe, i32>
[INFO] [stderr]                                  at /rustc/e3feeb59cd1bdd011a2bfcc0747b55125d9b8527/library/std/src/panic.rs:359:14
[INFO] [stderr]     28:     0x59bfb9be2238 - std[617be2ca0a6fd877]::rt::lang_start_internal::{closure#0}
[INFO] [stderr]                                  at /rustc/e3feeb59cd1bdd011a2bfcc0747b55125d9b8527/library/std/src/rt.rs:175:24
[INFO] [stderr]     29:     0x59bfb9be2238 - std[617be2ca0a6fd877]::panicking::catch_unwind::do_call::<std[617be2ca0a6fd877]::rt::lang_start_internal::{closure#0}, isize>
[INFO] [stderr]                                  at /rustc/e3feeb59cd1bdd011a2bfcc0747b55125d9b8527/library/std/src/panicking.rs:573:43
[INFO] [stderr]     30:     0x59bfb9be2238 - std[617be2ca0a6fd877]::panicking::catch_unwind::<isize, std[617be2ca0a6fd877]::rt::lang_start_internal::{closure#0}>
[INFO] [stderr]                                  at /rustc/e3feeb59cd1bdd011a2bfcc0747b55125d9b8527/library/std/src/panicking.rs:541:19
[INFO] [stderr]     31:     0x59bfb9be2238 - std[617be2ca0a6fd877]::panic::catch_unwind::<std[617be2ca0a6fd877]::rt::lang_start_internal::{closure#0}, isize>
[INFO] [stderr]                                  at /rustc/e3feeb59cd1bdd011a2bfcc0747b55125d9b8527/library/std/src/panic.rs:359:14
[INFO] [stderr]     32:     0x59bfb9be2238 - std[617be2ca0a6fd877]::rt::lang_start_internal
[INFO] [stderr]                                  at /rustc/e3feeb59cd1bdd011a2bfcc0747b55125d9b8527/library/std/src/rt.rs:171:5
[INFO] [stderr]     33:     0x59bfb9adcf71 - std[617be2ca0a6fd877]::rt::lang_start::<()>
[INFO] [stderr]     34:     0x59bfb9ade7a5 - main
[INFO] [stderr]     35:     0x78bb5fcfa601 - <unknown>
[INFO] [stderr]     36:     0x78bb5fcfa718 - __libc_start_main
[INFO] [stderr]     37:     0x59bfb9adc185 - _start
[INFO] [stderr]     38:                0x0 - <unknown>
[INFO] running `Command { std: "docker" "inspect" "1d8097dea062aa97354dff5a6c807418af9f37ae1d51952a365a2c1edc6e41f7", kill_on_drop: false }`
[INFO] running `Command { std: "docker" "rm" "-f" "1d8097dea062aa97354dff5a6c807418af9f37ae1d51952a365a2c1edc6e41f7", kill_on_drop: false }`
[INFO] [stdout] 1d8097dea062aa97354dff5a6c807418af9f37ae1d51952a365a2c1edc6e41f7
