[INFO] fetching crate yaslapi-sys 0.2.5...
[INFO] testing yaslapi-sys-0.2.5 against 1.100.0-beta.1 for beta-1.100-2
[INFO] extracting crate yaslapi-sys 0.2.5 into /workspace/builds/worker-3-tc2/source
[INFO] started tweaking crates.io crate yaslapi-sys 0.2.5
[INFO] finished tweaking crates.io crate yaslapi-sys 0.2.5
[INFO] tweaked toml for crates.io crate yaslapi-sys 0.2.5 written to /workspace/builds/worker-3-tc2/source/Cargo.toml
[INFO] validating manifest of crates.io crate yaslapi-sys 0.2.5 on toolchain 1.100.0-beta.1
[INFO] running `Command { std: CARGO_HOME="/workspace/cargo-home" RUSTUP_HOME="/workspace/rustup-home" "/workspace/cargo-home/bin/cargo" "+1.100.0-beta.1" "metadata" "--manifest-path" "Cargo.toml" "--no-deps", kill_on_drop: false }`
[INFO] running `Command { std: CARGO_HOME="/workspace/cargo-home" RUSTUP_HOME="/workspace/rustup-home" "/workspace/cargo-home/bin/cargo" "+1.100.0-beta.1" "generate-lockfile" "--manifest-path" "Cargo.toml", kill_on_drop: false }`
[INFO] [stderr]     Updating crates.io index
[INFO] [stderr]      Locking 49 packages to highest compatible versions
[INFO] [stderr]       Adding bindgen v0.69.5 (available: v0.73.2)
[INFO] running `Command { std: CARGO_HOME="/workspace/cargo-home" RUSTUP_HOME="/workspace/rustup-home" "/workspace/cargo-home/bin/cargo" "+1.100.0-beta.1" "fetch" "--manifest-path" "Cargo.toml", kill_on_drop: false }`
[INFO] running `Command { std: "docker" "create" "-v" "/var/lib/crater-agent-workspace/builds/worker-3-tc2/source:/opt/rustwide/workdir:ro,Z" "-v" "/var/lib/crater-agent-workspace/builds/worker-3-tc2/target:/opt/rustwide/target:rw,Z" "-v" "/var/lib/crater-agent-workspace/cargo-home:/opt/rustwide/cargo-home:ro,Z" "-v" "/var/lib/crater-agent-workspace/rustup-home:/opt/rustwide/rustup-home:ro,Z" "-m" "1610612736" "--network" "none" "ghcr.io/rust-lang/crates-build-env/linux@sha256:3111399a4047eeb3a02b7a90e478d715f38a8c6669b5c4b49d30a17385265909" "sleep" "infinity", kill_on_drop: false }`
[INFO] [stdout] 4b05961907d94db6a4f04cc077d19238804a35294fbf9f4c2911558a9786358a
[INFO] running `Command { std: "docker" "start" "4b05961907d94db6a4f04cc077d19238804a35294fbf9f4c2911558a9786358a", kill_on_drop: false }`
[INFO] running `Command { std: "docker" "inspect" "4b05961907d94db6a4f04cc077d19238804a35294fbf9f4c2911558a9786358a", kill_on_drop: false }`
[INFO] running `Command { std: "docker" "exec" "-e" "SOURCE_DIR=/opt/rustwide/workdir" "-e" "CARGO_HOME=/opt/rustwide/cargo-home" "-e" "RUSTUP_HOME=/opt/rustwide/rustup-home" "-e" "CARGO_TARGET_DIR=/opt/rustwide/target" "-w" "/opt/rustwide/workdir" "--user" "0:0" "4b05961907d94db6a4f04cc077d19238804a35294fbf9f4c2911558a9786358a" "/opt/rustwide/cargo-home/bin/cargo" "+1.100.0-beta.1" "metadata" "--no-deps" "--format-version=1", kill_on_drop: false }`
[INFO] running `Command { std: "docker" "inspect" "4b05961907d94db6a4f04cc077d19238804a35294fbf9f4c2911558a9786358a", kill_on_drop: false }`
[INFO] running `Command { std: "docker" "exec" "-e" "SOURCE_DIR=/opt/rustwide/workdir" "-e" "CARGO_HOME=/opt/rustwide/cargo-home" "-e" "RUSTUP_HOME=/opt/rustwide/rustup-home" "-e" "CARGO_TARGET_DIR=/opt/rustwide/target" "-e" "CARGO_INCREMENTAL=0" "-e" "RUST_BACKTRACE=full" "-e" "RUSTFLAGS=--cap-lints=warn" "-e" "RUSTDOCFLAGS=--cap-lints=warn" "-w" "/opt/rustwide/workdir" "--user" "0:0" "4b05961907d94db6a4f04cc077d19238804a35294fbf9f4c2911558a9786358a" "/opt/rustwide/cargo-home/bin/cargo" "+1.100.0-beta.1" "build" "--frozen" "--message-format=json", kill_on_drop: false }`
[INFO] [stderr]    Compiling proc-macro2 v1.0.107
[INFO] [stderr]    Compiling glob v0.3.4
[INFO] [stderr]    Compiling quote v1.0.47
[INFO] [stderr]    Compiling prettyplease v0.2.37
[INFO] [stderr]    Compiling libc v0.2.190
[INFO] [stderr]    Compiling rustix v0.38.44
[INFO] [stderr]    Compiling either v1.19.0
[INFO] [stderr]    Compiling linux-raw-sys v0.4.15
[INFO] [stderr]    Compiling bitflags v2.13.2
[INFO] [stderr]    Compiling cfg-if v1.0.5
[INFO] [stderr]    Compiling regex-syntax v0.8.11
[INFO] [stderr]    Compiling memchr v2.8.3
[INFO] [stderr]    Compiling minimal-lexical v0.2.1
[INFO] [stderr]    Compiling bindgen v0.69.5
[INFO] [stderr]    Compiling home v0.5.12
[INFO] [stderr]    Compiling find-msvc-tools v0.1.14
[INFO] [stderr]    Compiling libloading v0.8.9
[INFO] [stderr]    Compiling log v0.4.34
[INFO] [stderr]    Compiling lazy_static v1.5.1
[INFO] [stderr]    Compiling lazycell v1.3.0
[INFO] [stderr]    Compiling itertools v0.12.1
[INFO] [stderr]    Compiling rustc-hash v1.1.0
[INFO] [stderr]    Compiling cc v1.6.0
[INFO] [stderr]    Compiling clang-sys v1.9.1
[INFO] [stderr]    Compiling nom v7.1.3
[INFO] [stderr]    Compiling syn v2.0.119
[INFO] [stderr]    Compiling cmake v0.1.58
[INFO] [stderr]    Compiling regex-automata v0.4.18
[INFO] [stderr]    Compiling which v4.4.2
[INFO] [stderr]    Compiling cexpr v0.6.0
[INFO] [stderr]    Compiling regex v1.13.1
[INFO] [stderr]    Compiling yaslapi-sys v0.2.5 (/opt/rustwide/workdir)
[INFO] [stderr] error: failed to run custom build command for `yaslapi-sys v0.2.5 (/opt/rustwide/workdir)`
[INFO] [stderr] note: To improve backtraces for build dependencies, set the CARGO_PROFILE_DEV_BUILD_OVERRIDE_DEBUG=true environment variable to enable debug information generation.
[INFO] [stderr] 
[INFO] [stderr] Caused by:
[INFO] [stderr]   process didn't exit successfully: `/opt/rustwide/target/debug/build/yaslapi-sys/57387a7062491820/out/build_script_build` (exit status: 101)
[INFO] [stderr]   --- stdout
[INFO] [stderr]   CMAKE_TOOLCHAIN_FILE_x86_64-unknown-linux-gnu = None
[INFO] [stderr]   CMAKE_TOOLCHAIN_FILE_x86_64_unknown_linux_gnu = None
[INFO] [stderr]   HOST_CMAKE_TOOLCHAIN_FILE = None
[INFO] [stderr]   CMAKE_TOOLCHAIN_FILE = None
[INFO] [stderr]   CMAKE_GENERATOR_x86_64-unknown-linux-gnu = None
[INFO] [stderr]   CMAKE_GENERATOR_x86_64_unknown_linux_gnu = None
[INFO] [stderr]   HOST_CMAKE_GENERATOR = None
[INFO] [stderr]   CMAKE_GENERATOR = None
[INFO] [stderr]   CMAKE_PREFIX_PATH_x86_64-unknown-linux-gnu = None
[INFO] [stderr]   CMAKE_PREFIX_PATH_x86_64_unknown_linux_gnu = None
[INFO] [stderr]   HOST_CMAKE_PREFIX_PATH = None
[INFO] [stderr]   CMAKE_PREFIX_PATH = None
[INFO] [stderr]   CMAKE_x86_64-unknown-linux-gnu = None
[INFO] [stderr]   CMAKE_x86_64_unknown_linux_gnu = None
[INFO] [stderr]   HOST_CMAKE = None
[INFO] [stderr]   CMAKE = None
[INFO] [stderr]   -- The C compiler identification is GNU 15.2.0
[INFO] [stderr]   -- The CXX compiler identification is GNU 15.2.0
[INFO] [stderr]   -- Detecting C compiler ABI info
[INFO] [stderr]   -- Detecting C compiler ABI info - done
[INFO] [stderr]   -- Check for working C compiler: /usr/bin/cc - skipped
[INFO] [stderr]   -- Detecting C compile features
[INFO] [stderr]   -- Detecting C compile features - done
[INFO] [stderr]   -- Detecting CXX compiler ABI info
[INFO] [stderr]   -- Detecting CXX compiler ABI info - done
[INFO] [stderr]   -- Check for working CXX compiler: /usr/bin/c++ - skipped
[INFO] [stderr]   -- Detecting CXX compile features
[INFO] [stderr]   -- Detecting CXX compile features - done
[INFO] [stderr]   -- Configuring done (0.6s)
[INFO] [stderr]   -- Generating done (0.0s)
[INFO] [stderr]   -- Build files have been written to: /opt/rustwide/target/debug/build/yaslapi-sys/3b4a95deff843bc0/out/build
[INFO] [stderr]   [  5%] Building C object CMakeFiles/yaslapi.dir/yasl.c.o
[INFO] [stderr]   [  5%] Building C object CMakeFiles/yaslapi.dir/compiler/ast.c.o
[INFO] [stderr]   [  5%] Building C object CMakeFiles/yaslapi.dir/data-structures/YASL_Buffer.c.o
[INFO] [stderr]   [  8%] Building C object CMakeFiles/yaslapi.dir/data-structures/YASL_ByteBuffer.c.o
[INFO] [stderr]   [ 11%] Building C object CMakeFiles/yaslapi.dir/yasl_aux.c.o
[INFO] [stderr]   [ 13%] Building C object CMakeFiles/yaslapi.dir/util/hash_function.c.o
[INFO] [stderr]   [ 16%] Building C object CMakeFiles/yaslapi.dir/compiler/env.c.o
[INFO] [stderr]   [ 19%] Building C object CMakeFiles/yaslapi.dir/compiler/compiler.c.o
[INFO] [stderr]   [ 22%] Building C object CMakeFiles/yaslapi.dir/compiler/lexinput.c.o
[INFO] [stderr]   [ 25%] Building C object CMakeFiles/yaslapi.dir/compiler/lexer.c.o
[INFO] [stderr]   [ 27%] Building C object CMakeFiles/yaslapi.dir/data-structures/YASL_Table.c.o
[INFO] [stderr]   [ 30%] Building C object CMakeFiles/yaslapi.dir/compiler/parser.c.o
[INFO] [stderr]   [ 33%] Building C object CMakeFiles/yaslapi.dir/interpreter/bool_methods.c.o
[INFO] [stderr]   [ 33%] Building C object CMakeFiles/yaslapi.dir/compiler/middleend.c.o
[INFO] [stderr]   [ 36%] Building C object CMakeFiles/yaslapi.dir/interpreter/builtins.c.o
[INFO] [stderr]   [ 38%] Building C object CMakeFiles/yaslapi.dir/interpreter/float_methods.c.o
[INFO] [stderr]   [ 38%] Building C object CMakeFiles/yaslapi.dir/interpreter/upvalue.c.o
[INFO] [stderr]   [ 41%] Building C object CMakeFiles/yaslapi.dir/interpreter/int_methods.c.o
[INFO] [stderr]   [ 44%] Building C object CMakeFiles/yaslapi.dir/interpreter/closure.c.o
[INFO] [stderr]   [ 47%] Building C object CMakeFiles/yaslapi.dir/util/yasl_float.c.o
[INFO] [stderr]   [ 50%] Building C object CMakeFiles/yaslapi.dir/data-structures/YASL_List.c.o
[INFO] [stderr]   [ 52%] Building C object CMakeFiles/yaslapi.dir/interpreter/list_methods.c.o
[INFO] [stderr]   [ 55%] Building C object CMakeFiles/yaslapi.dir/interpreter/table_methods.c.o
[INFO] [stderr]   [ 55%] Building C object CMakeFiles/yaslapi.dir/interpreter/VM.c.o
[INFO] [stderr]   [ 58%] Building C object CMakeFiles/yaslapi.dir/interpreter/refcount.c.o
[INFO] [stderr]   [ 61%] Building C object CMakeFiles/yaslapi.dir/interpreter/YASL_Object.c.o
[INFO] [stderr]   [ 63%] Building C object CMakeFiles/yaslapi.dir/data-structures/YASL_String.c.o
[INFO] [stderr]   [ 66%] Building C object CMakeFiles/yaslapi.dir/interpreter/userdata.c.o
[INFO] [stderr]   [ 66%] Building C object CMakeFiles/yaslapi.dir/interpreter/undef_methods.c.o
[INFO] [stderr]   [ 69%] Building C object CMakeFiles/yaslapi.dir/interpreter/str_methods.c.o
[INFO] [stderr]   [ 72%] Building C object CMakeFiles/yaslapi.dir/util/prime.c.o
[INFO] [stderr]   [ 75%] Building C object CMakeFiles/yaslapi.dir/util/IO.c.o
[INFO] [stderr]   [ 77%] Building C object CMakeFiles/yaslapi.dir/std/yasl-std-collections.c.o
[INFO] [stderr]   [ 83%] Building C object CMakeFiles/yaslapi.dir/std/yasl-std-error.c.o
[INFO] [stderr]   [ 80%] Building C object CMakeFiles/yaslapi.dir/util/varint.c.o
[INFO] [stderr]   [ 83%] Building C object CMakeFiles/yaslapi.dir/std/yasl-std-io.c.o
[INFO] [stderr]   [ 86%] Building C object CMakeFiles/yaslapi.dir/std/yasl-std-math.c.o
[INFO] [stderr]   [ 88%] Building C object CMakeFiles/yaslapi.dir/data-structures/YASL_Set.c.o
[INFO] [stderr]   [ 91%] Building C object CMakeFiles/yaslapi.dir/std/yasl-std-require.c.o
[INFO] [stderr]   [ 94%] Building C object CMakeFiles/yaslapi.dir/std/yasl-std-mt.c.o
[INFO] [stderr]   [ 97%] Building C object CMakeFiles/yaslapi.dir/std/yasl-std-os.c.o
[INFO] [stderr] 
[INFO] [stderr]   --- stderr
[INFO] [stderr]   running: cd "/opt/rustwide/target/debug/build/yaslapi-sys/3b4a95deff843bc0/out/build" && CMAKE_PREFIX_PATH="" LC_ALL="C" "cmake" "/opt/rustwide/workdir/yasl" "-B" "/opt/rustwide/target/debug/build/yaslapi-sys/3b4a95deff843bc0/out/build" "-DCMAKE_INSTALL_PREFIX=/opt/rustwide/target/debug/build/yaslapi-sys/3b4a95deff843bc0/out" "-DCMAKE_C_FLAGS= -ffunction-sections -fdata-sections -fPIC -m64 -w" "-DCMAKE_C_COMPILER=/usr/bin/cc" "-DCMAKE_CXX_FLAGS= -ffunction-sections -fdata-sections -fPIC -m64 -w" "-DCMAKE_CXX_COMPILER=/usr/bin/c++" "-DCMAKE_ASM_FLAGS= -ffunction-sections -fdata-sections -fPIC -m64 -w" "-DCMAKE_ASM_COMPILER=/usr/bin/cc" "-DCMAKE_BUILD_TYPE=Debug"
[INFO] [stderr]   CMake Deprecation Warning at CMakeLists.txt:1 (cmake_minimum_required):
[INFO] [stderr]     Compatibility with CMake < 3.10 will be removed from a future version of
[INFO] [stderr]     CMake.
[INFO] [stderr] 
[INFO] [stderr]     Update the VERSION argument <min> value.  Or, use the <min>...<max> syntax
[INFO] [stderr]     to tell CMake that the project requires at least <min> but has been updated
[INFO] [stderr]     to work with policies introduced by <max> or earlier.
[INFO] [stderr] 
[INFO] [stderr] 
[INFO] [stderr]   CMake Warning:
[INFO] [stderr]     Manually-specified variables were not used by the project:
[INFO] [stderr] 
[INFO] [stderr]       CMAKE_ASM_COMPILER
[INFO] [stderr]       CMAKE_ASM_FLAGS
[INFO] [stderr] 
[INFO] [stderr] 
[INFO] [stderr]   running: cd "/opt/rustwide/target/debug/build/yaslapi-sys/3b4a95deff843bc0/out/build" && LC_ALL="C" MAKEFLAGS="-j --jobserver-fds=4,5 --jobserver-auth=4,5" "cmake" "--build" "/opt/rustwide/target/debug/build/yaslapi-sys/3b4a95deff843bc0/out/build" "--target" "yaslapi" "--config" "Debug"
[INFO] [stderr]   /opt/rustwide/workdir/yasl/interpreter/VM.c: In function 'vm_init':
[INFO] [stderr]   /opt/rustwide/workdir/yasl/interpreter/VM.c:49:55: error: 'calloc' sizes specified with 'sizeof' in the earlier argument and not in the later argument [-Werror=calloc-transposed-args]
[INFO] [stderr]      49 |         vm->headers = (unsigned char **)calloc(sizeof(unsigned char *), datasize);
[INFO] [stderr]         |                                                       ^~~~~~~~
[INFO] [stderr]   /opt/rustwide/workdir/yasl/interpreter/VM.c:49:55: note: earlier argument should specify number of elements, later size of each element
[INFO] [stderr]   /opt/rustwide/workdir/yasl/interpreter/VM.c:66:57: error: 'calloc' sizes specified with 'sizeof' in the earlier argument and not in the later argument [-Werror=calloc-transposed-args]
[INFO] [stderr]      66 |         vm->stack = (struct YASL_Object *)calloc(sizeof(struct YASL_Object), STACK_SIZE);
[INFO] [stderr]         |                                                         ^~~~~~
[INFO] [stderr]   /opt/rustwide/workdir/yasl/interpreter/VM.c:66:57: note: earlier argument should specify number of elements, later size of each element
[INFO] [stderr]   At top level:
[INFO] [stderr]   cc1: note: unrecognized command-line option '-Wno-pedantic-ms-format' may have been intended to silence earlier diagnostics
[INFO] [stderr]   cc1: note: unrecognized command-line option '-Wno-logical-op-parentheses' may have been intended to silence earlier diagnostics
[INFO] [stderr]   cc1: all warnings being treated as errors
[INFO] [stderr]   gmake[3]: *** [CMakeFiles/yaslapi.dir/build.make:401: CMakeFiles/yaslapi.dir/interpreter/VM.c.o] Error 1
[INFO] [stderr]   gmake[2]: *** [CMakeFiles/Makefile2:125: CMakeFiles/yaslapi.dir/all] Error 2
[INFO] [stderr]   gmake[1]: *** [CMakeFiles/Makefile2:132: CMakeFiles/yaslapi.dir/rule] Error 2
[INFO] [stderr]   gmake: *** [Makefile:137: yaslapi] Error 2
[INFO] [stderr] 
[INFO] [stderr]   thread 'main' (635) panicked at /opt/rustwide/cargo-home/registry/src/index.crates.io-1949cf8c6b5b557f/cmake-0.1.58/src/lib.rs:1132:5:
[INFO] [stderr] 
[INFO] [stderr]   command did not execute successfully, got: exit status: 2
[INFO] [stderr] 
[INFO] [stderr]   build script failed, must exit now
[INFO] [stderr]   stack backtrace:
[INFO] [stderr]      0:     0x60d4ff15b051 - std[617be2ca0a6fd877]::backtrace_rs::backtrace::libunwind::trace
[INFO] [stderr]                                  at /rustc/e3feeb59cd1bdd011a2bfcc0747b55125d9b8527/library/std/src/../../backtrace/src/backtrace/libunwind.rs:117:9
[INFO] [stderr]      1:     0x60d4ff15b051 - std[617be2ca0a6fd877]::backtrace_rs::backtrace::trace_unsynchronized::<std[617be2ca0a6fd877]::sys::backtrace::_print_fmt::{closure#1}>
[INFO] [stderr]                                  at /rustc/e3feeb59cd1bdd011a2bfcc0747b55125d9b8527/library/std/src/../../backtrace/src/backtrace/mod.rs:66:14
[INFO] [stderr]      2:     0x60d4ff15b051 - std[617be2ca0a6fd877]::sys::backtrace::_print_fmt
[INFO] [stderr]                                  at /rustc/e3feeb59cd1bdd011a2bfcc0747b55125d9b8527/library/std/src/sys/backtrace.rs:74:9
[INFO] [stderr]      3:     0x60d4ff15b051 - <<std[617be2ca0a6fd877]::sys::backtrace::BacktraceLock>::print::DisplayBacktrace as core[a373ad73a504971]::fmt::Display>::fmt
[INFO] [stderr]                                  at /rustc/e3feeb59cd1bdd011a2bfcc0747b55125d9b8527/library/std/src/sys/backtrace.rs:44:26
[INFO] [stderr]      4:     0x60d4ff172f2a - <core[a373ad73a504971]::fmt::rt::Argument>::fmt
[INFO] [stderr]                                  at /rustc/e3feeb59cd1bdd011a2bfcc0747b55125d9b8527/library/core/src/fmt/rt.rs:152:76
[INFO] [stderr]      5:     0x60d4ff172f2a - core[a373ad73a504971]::fmt::write
[INFO] [stderr]      6:     0x60d4ff1612ec - core[a373ad73a504971]::io::write::default_write_fmt::<std[617be2ca0a6fd877]::sys::stdio::unix::Stderr>
[INFO] [stderr]                                  at /rustc/e3feeb59cd1bdd011a2bfcc0747b55125d9b8527/library/core/src/io/write.rs:402:11
[INFO] [stderr]      7:     0x60d4ff1612ec - <std[617be2ca0a6fd877]::sys::stdio::unix::Stderr as core[a373ad73a504971]::io::write::Write>::write_fmt
[INFO] [stderr]                                  at /rustc/e3feeb59cd1bdd011a2bfcc0747b55125d9b8527/library/core/src/io/write.rs:335:13
[INFO] [stderr]      8:     0x60d4ff134586 - <std[617be2ca0a6fd877]::sys::backtrace::BacktraceLock>::print
[INFO] [stderr]                                  at /rustc/e3feeb59cd1bdd011a2bfcc0747b55125d9b8527/library/std/src/sys/backtrace.rs:47:9
[INFO] [stderr]      9:     0x60d4ff134586 - std[617be2ca0a6fd877]::panicking::default_hook::{closure#0}
[INFO] [stderr]                                  at /rustc/e3feeb59cd1bdd011a2bfcc0747b55125d9b8527/library/std/src/panicking.rs:289:27
[INFO] [stderr]     10:     0x60d4ff152931 - std[617be2ca0a6fd877]::panicking::default_hook
[INFO] [stderr]                                  at /rustc/e3feeb59cd1bdd011a2bfcc0747b55125d9b8527/library/std/src/panicking.rs:316:9
[INFO] [stderr]     11:     0x60d4ff152c5b - std[617be2ca0a6fd877]::panicking::panic_with_hook
[INFO] [stderr]                                  at /rustc/e3feeb59cd1bdd011a2bfcc0747b55125d9b8527/library/std/src/panicking.rs:811:13
[INFO] [stderr]     12:     0x60d4ff134632 - std[617be2ca0a6fd877]::panicking::panic_handler::{closure#0}
[INFO] [stderr]                                  at /rustc/e3feeb59cd1bdd011a2bfcc0747b55125d9b8527/library/std/src/panicking.rs:685:13
[INFO] [stderr]     13:     0x60d4ff12d159 - std[617be2ca0a6fd877]::sys::backtrace::__rust_end_short_backtrace::<std[617be2ca0a6fd877]::panicking::panic_handler::{closure#0}, !>
[INFO] [stderr]                                  at /rustc/e3feeb59cd1bdd011a2bfcc0747b55125d9b8527/library/std/src/sys/backtrace.rs:182:18
[INFO] [stderr]     14:     0x60d4ff13522d - __rustc[ea4f61d10b84890b]::rust_begin_unwind
[INFO] [stderr]                                  at /rustc/e3feeb59cd1bdd011a2bfcc0747b55125d9b8527/library/std/src/panicking.rs:676:5
[INFO] [stderr]     15:     0x60d4ff1737cc - core[a373ad73a504971]::panicking::panic_fmt
[INFO] [stderr]                                  at /rustc/e3feeb59cd1bdd011a2bfcc0747b55125d9b8527/library/core/src/panicking.rs:80:14
[INFO] [stderr]     16:     0x60d4ff0ac547 - cmake[bb5b0d631a5414b6]::fail
[INFO] [stderr]     17:     0x60d4ff0ac1d3 - cmake[bb5b0d631a5414b6]::run
[INFO] [stderr]     18:     0x60d4ff0b2265 - <cmake[bb5b0d631a5414b6]::Config>::build
[INFO] [stderr]     19:     0x60d4feba4224 - build_script_build[859321b8a4692d6f]::main
[INFO] [stderr]     20:     0x60d4feba5693 - <fn() as core[a373ad73a504971]::ops::function::FnOnce<()>>::call_once
[INFO] [stderr]     21:     0x60d4feba411e - std[617be2ca0a6fd877]::sys::backtrace::__rust_begin_short_backtrace::<fn(), ()>
[INFO] [stderr]     22:     0x60d4feba4129 - std[617be2ca0a6fd877]::rt::lang_start::<()>::{closure#0}
[INFO] [stderr]     23:     0x60d4ff151668 - <&dyn core[a373ad73a504971]::ops::function::Fn<(), Output = i32> + core[a373ad73a504971]::marker::Sync + core[a373ad73a504971]::panic::unwind_safe::RefUnwindSafe as core[a373ad73a504971]::ops::function::FnOnce<()>>::call_once
[INFO] [stderr]                                  at /rustc/e3feeb59cd1bdd011a2bfcc0747b55125d9b8527/library/core/src/ops/function.rs:287:21
[INFO] [stderr]     24:     0x60d4ff151668 - std[617be2ca0a6fd877]::panicking::catch_unwind::do_call::<&dyn core[a373ad73a504971]::ops::function::Fn<(), Output = i32> + core[a373ad73a504971]::marker::Sync + core[a373ad73a504971]::panic::unwind_safe::RefUnwindSafe, i32>
[INFO] [stderr]                                  at /rustc/e3feeb59cd1bdd011a2bfcc0747b55125d9b8527/library/std/src/panicking.rs:573:43
[INFO] [stderr]     25:     0x60d4ff151668 - std[617be2ca0a6fd877]::panicking::catch_unwind::<i32, &dyn core[a373ad73a504971]::ops::function::Fn<(), Output = i32> + core[a373ad73a504971]::marker::Sync + core[a373ad73a504971]::panic::unwind_safe::RefUnwindSafe>
[INFO] [stderr]                                  at /rustc/e3feeb59cd1bdd011a2bfcc0747b55125d9b8527/library/std/src/panicking.rs:541:19
[INFO] [stderr]     26:     0x60d4ff151668 - std[617be2ca0a6fd877]::panic::catch_unwind::<&dyn core[a373ad73a504971]::ops::function::Fn<(), Output = i32> + core[a373ad73a504971]::marker::Sync + core[a373ad73a504971]::panic::unwind_safe::RefUnwindSafe, i32>
[INFO] [stderr]                                  at /rustc/e3feeb59cd1bdd011a2bfcc0747b55125d9b8527/library/std/src/panic.rs:359:14
[INFO] [stderr]     27:     0x60d4ff151668 - std[617be2ca0a6fd877]::rt::lang_start_internal::{closure#0}
[INFO] [stderr]                                  at /rustc/e3feeb59cd1bdd011a2bfcc0747b55125d9b8527/library/std/src/rt.rs:175:24
[INFO] [stderr]     28:     0x60d4ff151668 - std[617be2ca0a6fd877]::panicking::catch_unwind::do_call::<std[617be2ca0a6fd877]::rt::lang_start_internal::{closure#0}, isize>
[INFO] [stderr]                                  at /rustc/e3feeb59cd1bdd011a2bfcc0747b55125d9b8527/library/std/src/panicking.rs:573:43
[INFO] [stderr]     29:     0x60d4ff151668 - std[617be2ca0a6fd877]::panicking::catch_unwind::<isize, std[617be2ca0a6fd877]::rt::lang_start_internal::{closure#0}>
[INFO] [stderr]                                  at /rustc/e3feeb59cd1bdd011a2bfcc0747b55125d9b8527/library/std/src/panicking.rs:541:19
[INFO] [stderr]     30:     0x60d4ff151668 - std[617be2ca0a6fd877]::panic::catch_unwind::<std[617be2ca0a6fd877]::rt::lang_start_internal::{closure#0}, isize>
[INFO] [stderr]                                  at /rustc/e3feeb59cd1bdd011a2bfcc0747b55125d9b8527/library/std/src/panic.rs:359:14
[INFO] [stderr]     31:     0x60d4ff151668 - std[617be2ca0a6fd877]::rt::lang_start_internal
[INFO] [stderr]                                  at /rustc/e3feeb59cd1bdd011a2bfcc0747b55125d9b8527/library/std/src/rt.rs:171:5
[INFO] [stderr]     32:     0x60d4feba3b21 - std[617be2ca0a6fd877]::rt::lang_start::<()>
[INFO] [stderr]     33:     0x60d4feba58b5 - main
[INFO] [stderr]     34:     0x711c6d6d7601 - <unknown>
[INFO] [stderr]     35:     0x711c6d6d7718 - __libc_start_main
[INFO] [stderr]     36:     0x60d4feba2b55 - _start
[INFO] [stderr]     37:                0x0 - <unknown>
[INFO] running `Command { std: "docker" "inspect" "4b05961907d94db6a4f04cc077d19238804a35294fbf9f4c2911558a9786358a", kill_on_drop: false }`
[INFO] running `Command { std: "docker" "rm" "-f" "4b05961907d94db6a4f04cc077d19238804a35294fbf9f4c2911558a9786358a", kill_on_drop: false }`
[INFO] [stdout] 4b05961907d94db6a4f04cc077d19238804a35294fbf9f4c2911558a9786358a
