[INFO] fetching crate yang4 0.1.0...
[INFO] testing yang4-0.1.0 against 1.100.0-beta.1 for beta-1.100-2
[INFO] extracting crate yang4 0.1.0 into /workspace/builds/worker-1-tc2/source
[INFO] started tweaking crates.io crate yang4 0.1.0
[INFO] removed 0 missing examples
[INFO] removed 0 missing tests
[INFO] finished tweaking crates.io crate yang4 0.1.0
[INFO] tweaked toml for crates.io crate yang4 0.1.0 written to /workspace/builds/worker-1-tc2/source/Cargo.toml
[INFO] validating manifest of crates.io crate yang4 0.1.0 on toolchain 1.100.0-beta.1
[INFO] running `Command { std: CARGO_HOME="/workspace/cargo-home" RUSTUP_HOME="/workspace/rustup-home" "/workspace/cargo-home/bin/cargo" "+1.100.0-beta.1" "metadata" "--manifest-path" "Cargo.toml" "--no-deps", kill_on_drop: false }`
[INFO] crate crates.io crate yang4 0.1.0 already has a lockfile, it will not be regenerated
[INFO] running `Command { std: CARGO_HOME="/workspace/cargo-home" RUSTUP_HOME="/workspace/rustup-home" "/workspace/cargo-home/bin/cargo" "+1.100.0-beta.1" "fetch" "--manifest-path" "Cargo.toml", kill_on_drop: false }`
[INFO] running `Command { std: "docker" "create" "-v" "/var/lib/crater-agent-workspace/builds/worker-1-tc2/source:/opt/rustwide/workdir:ro,Z" "-v" "/var/lib/crater-agent-workspace/builds/worker-1-tc2/target:/opt/rustwide/target:rw,Z" "-v" "/var/lib/crater-agent-workspace/cargo-home:/opt/rustwide/cargo-home:ro,Z" "-v" "/var/lib/crater-agent-workspace/rustup-home:/opt/rustwide/rustup-home:ro,Z" "-m" "1610612736" "--network" "none" "ghcr.io/rust-lang/crates-build-env/linux@sha256:3111399a4047eeb3a02b7a90e478d715f38a8c6669b5c4b49d30a17385265909" "sleep" "infinity", kill_on_drop: false }`
[INFO] [stdout] 5d16f8b31c1ea876b32082cca1378b2842ba75762537828dde0fc000d3d2889a
[INFO] running `Command { std: "docker" "start" "5d16f8b31c1ea876b32082cca1378b2842ba75762537828dde0fc000d3d2889a", kill_on_drop: false }`
[INFO] running `Command { std: "docker" "inspect" "5d16f8b31c1ea876b32082cca1378b2842ba75762537828dde0fc000d3d2889a", kill_on_drop: false }`
[INFO] running `Command { std: "docker" "exec" "-e" "SOURCE_DIR=/opt/rustwide/workdir" "-e" "CARGO_HOME=/opt/rustwide/cargo-home" "-e" "RUSTUP_HOME=/opt/rustwide/rustup-home" "-e" "CARGO_TARGET_DIR=/opt/rustwide/target" "-w" "/opt/rustwide/workdir" "--user" "0:0" "5d16f8b31c1ea876b32082cca1378b2842ba75762537828dde0fc000d3d2889a" "/opt/rustwide/cargo-home/bin/cargo" "+1.100.0-beta.1" "metadata" "--no-deps" "--format-version=1", kill_on_drop: false }`
[INFO] running `Command { std: "docker" "inspect" "5d16f8b31c1ea876b32082cca1378b2842ba75762537828dde0fc000d3d2889a", kill_on_drop: false }`
[INFO] running `Command { std: "docker" "exec" "-e" "SOURCE_DIR=/opt/rustwide/workdir" "-e" "CARGO_HOME=/opt/rustwide/cargo-home" "-e" "RUSTUP_HOME=/opt/rustwide/rustup-home" "-e" "CARGO_TARGET_DIR=/opt/rustwide/target" "-e" "CARGO_INCREMENTAL=0" "-e" "RUST_BACKTRACE=full" "-e" "RUSTFLAGS=--cap-lints=warn" "-e" "RUSTDOCFLAGS=--cap-lints=warn" "-w" "/opt/rustwide/workdir" "--user" "0:0" "5d16f8b31c1ea876b32082cca1378b2842ba75762537828dde0fc000d3d2889a" "/opt/rustwide/cargo-home/bin/cargo" "+1.100.0-beta.1" "build" "--frozen" "--message-format=json", kill_on_drop: false }`
[INFO] [stderr]    Compiling proc-macro2 v1.0.94
[INFO] [stderr]    Compiling bitflags v2.9.0
[INFO] [stderr]    Compiling log v0.4.26
[INFO] [stderr]    Compiling libyang4-sys v0.1.0
[INFO] [stderr]    Compiling num-traits v0.2.19
[INFO] [stderr]    Compiling quote v1.0.40
[INFO] [stderr]    Compiling syn v2.0.100
[INFO] [stderr]    Compiling num-derive v0.4.2
[INFO] [stderr]    Compiling yang4 v0.1.0 (/opt/rustwide/workdir)
[INFO] [stderr]     Finished `dev` profile [unoptimized + debuginfo] target(s) in 9.55s
[INFO] running `Command { std: "docker" "inspect" "5d16f8b31c1ea876b32082cca1378b2842ba75762537828dde0fc000d3d2889a", kill_on_drop: false }`
[INFO] running `Command { std: "docker" "exec" "-e" "SOURCE_DIR=/opt/rustwide/workdir" "-e" "CARGO_HOME=/opt/rustwide/cargo-home" "-e" "RUSTUP_HOME=/opt/rustwide/rustup-home" "-e" "CARGO_TARGET_DIR=/opt/rustwide/target" "-e" "CARGO_INCREMENTAL=0" "-e" "RUST_BACKTRACE=full" "-e" "RUSTFLAGS=--cap-lints=warn" "-e" "RUSTDOCFLAGS=--cap-lints=warn" "-w" "/opt/rustwide/workdir" "--user" "0:0" "5d16f8b31c1ea876b32082cca1378b2842ba75762537828dde0fc000d3d2889a" "/opt/rustwide/cargo-home/bin/cargo" "+1.100.0-beta.1" "test" "--frozen" "--no-run" "--message-format=json", kill_on_drop: false }`
[INFO] [stderr]    Compiling memchr v2.7.4
[INFO] [stderr]    Compiling serde_derive v1.0.219
[INFO] [stderr]    Compiling anstyle v1.0.10
[INFO] [stderr]    Compiling rayon-core v1.12.1
[INFO] [stderr]    Compiling serde_json v1.0.140
[INFO] [stderr]    Compiling libc v0.2.171
[INFO] [stderr]    Compiling half v2.5.0
[INFO] [stderr]    Compiling clap_lex v0.7.4
[INFO] [stderr]    Compiling anstyle-query v1.1.4
[INFO] [stderr]    Compiling clap_builder v4.5.32
[INFO] [stderr]    Compiling anstream v0.6.21
[INFO] [stderr]    Compiling plotters v0.3.7
[INFO] [stderr]    Compiling ciborium-ll v0.2.2
[INFO] [stderr]    Compiling once_cell v1.21.1
[INFO] [stderr]    Compiling jiff v0.2.15
[INFO] [stderr]    Compiling aho-corasick v1.1.3
[INFO] [stderr]    Compiling rayon v1.10.0
[INFO] [stderr]    Compiling is-terminal v0.4.16
[INFO] [stderr]    Compiling clap v4.5.32
[INFO] [stderr]    Compiling regex-automata v0.4.9
[INFO] [stderr]    Compiling serde v1.0.219
[INFO] [stderr]    Compiling regex v1.11.1
[INFO] [stderr]    Compiling env_filter v0.1.3
[INFO] [stderr]    Compiling env_logger v0.11.8
[INFO] [stderr]    Compiling ciborium v0.2.2
[INFO] [stderr]    Compiling tinytemplate v1.2.1
[INFO] [stderr]    Compiling criterion v0.5.1
[INFO] [stderr]    Compiling yang4 v0.1.0 (/opt/rustwide/workdir)
[INFO] [stdout] error: linking with `cc` failed: exit status: 1
[INFO] [stdout]   |
[INFO] [stdout]   = note:  "cc" "-m64" "/opt/rustwide/target/debug/build/yang4/11992a88b1e60bf6/out/rustcJqNIXV/symbols.o" "<2 object files omitted>" "-Wl,--as-needed" "-Wl,-Bstatic" "/opt/rustwide/target/debug/build/yang4/b306dcef275e3d51/out/libyang4-b306dcef275e3d51.rlib" "/opt/rustwide/target/debug/build/log/80875292d548eefe/out/liblog-80875292d548eefe.rlib" "/opt/rustwide/target/debug/build/num-traits/cd368c1666e63380/out/libnum_traits-cd368c1666e63380.rlib" "/opt/rustwide/target/debug/build/bitflags/716aca32ffb35253/out/libbitflags-716aca32ffb35253.rlib" "/opt/rustwide/target/debug/build/libyang4-sys/84d5debe74891d7d/out/liblibyang4_sys-84d5debe74891d7d.rlib" "<sysroot>/lib/rustlib/x86_64-unknown-linux-gnu/lib/{libstd-*,libpanic_unwind-*,libobject-*,libmemchr-*,libaddr2line-*,libgimli-*,libcfg_if-*,librustc_demangle-*,libstd_detect-*,libhashbrown-*,librustc_std_workspace_alloc-*,libminiz_oxide-*,libadler2-*,libunwind-*,liblibc-*,librustc_std_workspace_core-*,liballoc-*,libcore-*,libcompiler_builtins-*}.rlib" "-Wl,-Bdynamic" "-lyang" "-lgcc_s" "-lutil" "-lrt" "-lpthread" "-lm" "-ldl" "-lc" "-L" "/opt/rustwide/target/debug/build/yang4/11992a88b1e60bf6/out/rustcJqNIXV/raw-dylibs" "-B<sysroot>/lib/rustlib/x86_64-unknown-linux-gnu/bin/gcc-ld" "-fuse-ld=lld" "-Wl,--eh-frame-hdr" "-Wl,-z,noexecstack" "-L" "<sysroot>/lib/rustlib/x86_64-unknown-linux-gnu/lib" "-o" "/opt/rustwide/target/debug/build/yang4/11992a88b1e60bf6/out/data_edit" "-Wl,--gc-sections" "-pie" "-Wl,-z,relro,-z,now" "-nodefaultlibs"
[INFO] [stdout]   = note: some arguments are omitted. use `--verbose` to show all linker arguments
[INFO] [stdout]   = note: rust-lld: error: unable to find library -lyang
[INFO] [stdout]           collect2: error: ld returned 1 exit status
[INFO] [stdout]           
[INFO] [stdout] 
[INFO] [stdout] 
[INFO] [stderr] error: could not compile `yang4` (example "data_edit") due to 1 previous error
[INFO] [stderr] warning: build failed, waiting for other jobs to finish...
[INFO] [stdout] error: linking with `cc` failed: exit status: 1
[INFO] [stdout]   |
[INFO] [stdout]   = note:  "cc" "-m64" "/opt/rustwide/target/debug/build/yang4/24886ab4695b6e04/out/rustcvRYiq3/symbols.o" "<2 object files omitted>" "-Wl,--as-needed" "-Wl,-Bstatic" "/opt/rustwide/target/debug/build/yang4/b306dcef275e3d51/out/libyang4-b306dcef275e3d51.rlib" "/opt/rustwide/target/debug/build/log/80875292d548eefe/out/liblog-80875292d548eefe.rlib" "/opt/rustwide/target/debug/build/num-traits/cd368c1666e63380/out/libnum_traits-cd368c1666e63380.rlib" "/opt/rustwide/target/debug/build/bitflags/716aca32ffb35253/out/libbitflags-716aca32ffb35253.rlib" "/opt/rustwide/target/debug/build/libyang4-sys/84d5debe74891d7d/out/liblibyang4_sys-84d5debe74891d7d.rlib" "<sysroot>/lib/rustlib/x86_64-unknown-linux-gnu/lib/{libstd-*,libpanic_unwind-*,libobject-*,libmemchr-*,libaddr2line-*,libgimli-*,libcfg_if-*,librustc_demangle-*,libstd_detect-*,libhashbrown-*,librustc_std_workspace_alloc-*,libminiz_oxide-*,libadler2-*,libunwind-*,liblibc-*,librustc_std_workspace_core-*,liballoc-*,libcore-*,libcompiler_builtins-*}.rlib" "-Wl,-Bdynamic" "-lyang" "-lgcc_s" "-lutil" "-lrt" "-lpthread" "-lm" "-ldl" "-lc" "-L" "/opt/rustwide/target/debug/build/yang4/24886ab4695b6e04/out/rustcvRYiq3/raw-dylibs" "-B<sysroot>/lib/rustlib/x86_64-unknown-linux-gnu/bin/gcc-ld" "-fuse-ld=lld" "-Wl,--eh-frame-hdr" "-Wl,-z,noexecstack" "-L" "<sysroot>/lib/rustlib/x86_64-unknown-linux-gnu/lib" "-o" "/opt/rustwide/target/debug/build/yang4/24886ab4695b6e04/out/data_diff" "-Wl,--gc-sections" "-pie" "-Wl,-z,relro,-z,now" "-nodefaultlibs"
[INFO] [stdout]   = note: some arguments are omitted. use `--verbose` to show all linker arguments
[INFO] [stdout]   = note: rust-lld: error: unable to find library -lyang
[INFO] [stdout]           collect2: error: ld returned 1 exit status
[INFO] [stdout]           
[INFO] [stdout] 
[INFO] [stdout] 
[INFO] [stderr] error: could not compile `yang4` (example "data_diff") due to 1 previous error
[INFO] [stdout] error: linking with `cc` failed: exit status: 1
[INFO] [stdout]   |
[INFO] [stdout]   = note:  "cc" "-m64" "/opt/rustwide/target/debug/build/yang4/3a1a04539e37b2c2/out/rustcEYUtRp/symbols.o" "<2 object files omitted>" "-Wl,--as-needed" "-Wl,-Bstatic" "/opt/rustwide/target/debug/build/env_logger/c684a7572b3f6536/out/libenv_logger-c684a7572b3f6536.rlib" "/opt/rustwide/target/debug/build/anstream/a176d241d6e3a1b4/out/libanstream-a176d241d6e3a1b4.rlib" "/opt/rustwide/target/debug/build/anstyle-query/01c9a556ffcdbece/out/libanstyle_query-01c9a556ffcdbece.rlib" "/opt/rustwide/target/debug/build/is_terminal_polyfill/e39671344234c74d/out/libis_terminal_polyfill-e39671344234c74d.rlib" "/opt/rustwide/target/debug/build/colorchoice/8e2615b3451b028d/out/libcolorchoice-8e2615b3451b028d.rlib" "/opt/rustwide/target/debug/build/anstyle-parse/2b179629a907e4e4/out/libanstyle_parse-2b179629a907e4e4.rlib" "/opt/rustwide/target/debug/build/utf8parse/92d0158219063202/out/libutf8parse-92d0158219063202.rlib" "/opt/rustwide/target/debug/build/jiff/e4b6a268071e8305/out/libjiff-e4b6a268071e8305.rlib" "/opt/rustwide/target/debug/build/env_filter/a53ad3fadeadd2e9/out/libenv_filter-a53ad3fadeadd2e9.rlib" "/opt/rustwide/target/debug/build/regex/6b1a0b8692a58a79/out/libregex-6b1a0b8692a58a79.rlib" "/opt/rustwide/target/debug/build/regex-automata/a1b7b53b2afedf50/out/libregex_automata-a1b7b53b2afedf50.rlib" "/opt/rustwide/target/debug/build/aho-corasick/efbbd5d6d643848a/out/libaho_corasick-efbbd5d6d643848a.rlib" "/opt/rustwide/target/debug/build/memchr/eec2dd93b0d498c5/out/libmemchr-eec2dd93b0d498c5.rlib" "/opt/rustwide/target/debug/build/regex-syntax/fb6833b4227b2d03/out/libregex_syntax-fb6833b4227b2d03.rlib" "/opt/rustwide/target/debug/build/anstyle/e80e21c5036b9344/out/libanstyle-e80e21c5036b9344.rlib" "/opt/rustwide/target/debug/build/yang4/b306dcef275e3d51/out/libyang4-b306dcef275e3d51.rlib" "/opt/rustwide/target/debug/build/num-traits/cd368c1666e63380/out/libnum_traits-cd368c1666e63380.rlib" "/opt/rustwide/target/debug/build/bitflags/716aca32ffb35253/out/libbitflags-716aca32ffb35253.rlib" "/opt/rustwide/target/debug/build/libyang4-sys/84d5debe74891d7d/out/liblibyang4_sys-84d5debe74891d7d.rlib" "/opt/rustwide/target/debug/build/log/80875292d548eefe/out/liblog-80875292d548eefe.rlib" "<sysroot>/lib/rustlib/x86_64-unknown-linux-gnu/lib/{libstd-*,libpanic_unwind-*,libobject-*,libmemchr-*,libaddr2line-*,libgimli-*,libcfg_if-*,librustc_demangle-*,libstd_detect-*,libhashbrown-*,librustc_std_workspace_alloc-*,libminiz_oxide-*,libadler2-*,libunwind-*,liblibc-*,librustc_std_workspace_core-*,liballoc-*,libcore-*,libcompiler_builtins-*}.rlib" "-Wl,-Bdynamic" "-lyang" "-lgcc_s" "-lutil" "-lrt" "-lpthread" "-lm" "-ldl" "-lc" "-L" "/opt/rustwide/target/debug/build/yang4/3a1a04539e37b2c2/out/rustcEYUtRp/raw-dylibs" "-B<sysroot>/lib/rustlib/x86_64-unknown-linux-gnu/bin/gcc-ld" "-fuse-ld=lld" "-Wl,--eh-frame-hdr" "-Wl,-z,noexecstack" "-L" "<sysroot>/lib/rustlib/x86_64-unknown-linux-gnu/lib" "-o" "/opt/rustwide/target/debug/build/yang4/3a1a04539e37b2c2/out/logging" "-Wl,--gc-sections" "-pie" "-Wl,-z,relro,-z,now" "-nodefaultlibs"
[INFO] [stdout]   = note: some arguments are omitted. use `--verbose` to show all linker arguments
[INFO] [stdout]   = note: rust-lld: error: unable to find library -lyang
[INFO] [stdout]           collect2: error: ld returned 1 exit status
[INFO] [stdout]           
[INFO] [stdout] 
[INFO] [stdout] 
[INFO] [stderr] error: could not compile `yang4` (example "logging") due to 1 previous error
[INFO] [stdout] error: linking with `cc` failed: exit status: 1
[INFO] [stdout]   |
[INFO] [stdout]   = note:  "cc" "-m64" "/opt/rustwide/target/debug/build/yang4/dc6266508591f7b7/out/rustc0Jp8aJ/symbols.o" "<2 object files omitted>" "-Wl,--as-needed" "-Wl,-Bstatic" "/opt/rustwide/target/debug/build/yang4/b306dcef275e3d51/out/libyang4-b306dcef275e3d51.rlib" "/opt/rustwide/target/debug/build/log/80875292d548eefe/out/liblog-80875292d548eefe.rlib" "/opt/rustwide/target/debug/build/num-traits/cd368c1666e63380/out/libnum_traits-cd368c1666e63380.rlib" "/opt/rustwide/target/debug/build/bitflags/716aca32ffb35253/out/libbitflags-716aca32ffb35253.rlib" "/opt/rustwide/target/debug/build/libyang4-sys/84d5debe74891d7d/out/liblibyang4_sys-84d5debe74891d7d.rlib" "<sysroot>/lib/rustlib/x86_64-unknown-linux-gnu/lib/{libstd-*,libpanic_unwind-*,libobject-*,libmemchr-*,libaddr2line-*,libgimli-*,libcfg_if-*,librustc_demangle-*,libstd_detect-*,libhashbrown-*,librustc_std_workspace_alloc-*,libminiz_oxide-*,libadler2-*,libunwind-*,liblibc-*,librustc_std_workspace_core-*,liballoc-*,libcore-*,libcompiler_builtins-*}.rlib" "-Wl,-Bdynamic" "-lyang" "-lgcc_s" "-lutil" "-lrt" "-lpthread" "-lm" "-ldl" "-lc" "-L" "/opt/rustwide/target/debug/build/yang4/dc6266508591f7b7/out/rustc0Jp8aJ/raw-dylibs" "-B<sysroot>/lib/rustlib/x86_64-unknown-linux-gnu/bin/gcc-ld" "-fuse-ld=lld" "-Wl,--eh-frame-hdr" "-Wl,-z,noexecstack" "-L" "<sysroot>/lib/rustlib/x86_64-unknown-linux-gnu/lib" "-o" "/opt/rustwide/target/debug/build/yang4/dc6266508591f7b7/out/data_iteration" "-Wl,--gc-sections" "-pie" "-Wl,-z,relro,-z,now" "-nodefaultlibs"
[INFO] [stdout]   = note: some arguments are omitted. use `--verbose` to show all linker arguments
[INFO] [stdout]   = note: rust-lld: error: unable to find library -lyang
[INFO] [stdout]           collect2: error: ld returned 1 exit status
[INFO] [stdout]           
[INFO] [stdout] 
[INFO] [stdout] 
[INFO] [stderr] error: could not compile `yang4` (example "data_iteration") due to 1 previous error
[INFO] [stdout] error: linking with `cc` failed: exit status: 1
[INFO] [stdout]   |
[INFO] [stdout]   = note:  "cc" "-m64" "/opt/rustwide/target/debug/build/yang4/ae244620e40eac28/out/rustcitmuAp/symbols.o" "<2 object files omitted>" "-Wl,--as-needed" "-Wl,-Bstatic" "/opt/rustwide/target/debug/build/yang4/b306dcef275e3d51/out/libyang4-b306dcef275e3d51.rlib" "/opt/rustwide/target/debug/build/log/80875292d548eefe/out/liblog-80875292d548eefe.rlib" "/opt/rustwide/target/debug/build/num-traits/cd368c1666e63380/out/libnum_traits-cd368c1666e63380.rlib" "/opt/rustwide/target/debug/build/bitflags/716aca32ffb35253/out/libbitflags-716aca32ffb35253.rlib" "/opt/rustwide/target/debug/build/libyang4-sys/84d5debe74891d7d/out/liblibyang4_sys-84d5debe74891d7d.rlib" "<sysroot>/lib/rustlib/x86_64-unknown-linux-gnu/lib/{libstd-*,libpanic_unwind-*,libobject-*,libmemchr-*,libaddr2line-*,libgimli-*,libcfg_if-*,librustc_demangle-*,libstd_detect-*,libhashbrown-*,librustc_std_workspace_alloc-*,libminiz_oxide-*,libadler2-*,libunwind-*,liblibc-*,librustc_std_workspace_core-*,liballoc-*,libcore-*,libcompiler_builtins-*}.rlib" "-Wl,-Bdynamic" "-lyang" "-lgcc_s" "-lutil" "-lrt" "-lpthread" "-lm" "-ldl" "-lc" "-L" "/opt/rustwide/target/debug/build/yang4/ae244620e40eac28/out/rustcitmuAp/raw-dylibs" "-B<sysroot>/lib/rustlib/x86_64-unknown-linux-gnu/bin/gcc-ld" "-fuse-ld=lld" "-Wl,--eh-frame-hdr" "-Wl,-z,noexecstack" "-L" "<sysroot>/lib/rustlib/x86_64-unknown-linux-gnu/lib" "-o" "/opt/rustwide/target/debug/build/yang4/ae244620e40eac28/out/data_json2xml" "-Wl,--gc-sections" "-pie" "-Wl,-z,relro,-z,now" "-nodefaultlibs"
[INFO] [stdout]   = note: some arguments are omitted. use `--verbose` to show all linker arguments
[INFO] [stdout]   = note: rust-lld: error: unable to find library -lyang
[INFO] [stdout]           collect2: error: ld returned 1 exit status
[INFO] [stdout]           
[INFO] [stdout] 
[INFO] [stdout] 
[INFO] [stderr] error: could not compile `yang4` (example "data_json2xml") due to 1 previous error
[INFO] [stdout] error: linking with `cc` failed: exit status: 1
[INFO] [stdout]   |
[INFO] [stdout]   = note:  "cc" "-m64" "/opt/rustwide/target/debug/build/yang4/352dc09c18ee9678/out/rustcRf9mm6/symbols.o" "<2 object files omitted>" "-Wl,--as-needed" "-Wl,-Bstatic" "/opt/rustwide/target/debug/build/yang4/b306dcef275e3d51/out/libyang4-b306dcef275e3d51.rlib" "/opt/rustwide/target/debug/build/log/80875292d548eefe/out/liblog-80875292d548eefe.rlib" "/opt/rustwide/target/debug/build/num-traits/cd368c1666e63380/out/libnum_traits-cd368c1666e63380.rlib" "/opt/rustwide/target/debug/build/bitflags/716aca32ffb35253/out/libbitflags-716aca32ffb35253.rlib" "/opt/rustwide/target/debug/build/libyang4-sys/84d5debe74891d7d/out/liblibyang4_sys-84d5debe74891d7d.rlib" "<sysroot>/lib/rustlib/x86_64-unknown-linux-gnu/lib/{libstd-*,libpanic_unwind-*,libobject-*,libmemchr-*,libaddr2line-*,libgimli-*,libcfg_if-*,librustc_demangle-*,libstd_detect-*,libhashbrown-*,librustc_std_workspace_alloc-*,libminiz_oxide-*,libadler2-*,libunwind-*,liblibc-*,librustc_std_workspace_core-*,liballoc-*,libcore-*,libcompiler_builtins-*}.rlib" "-Wl,-Bdynamic" "-lyang" "-lgcc_s" "-lutil" "-lrt" "-lpthread" "-lm" "-ldl" "-lc" "-L" "/opt/rustwide/target/debug/build/yang4/352dc09c18ee9678/out/rustcRf9mm6/raw-dylibs" "-B<sysroot>/lib/rustlib/x86_64-unknown-linux-gnu/bin/gcc-ld" "-fuse-ld=lld" "-Wl,--eh-frame-hdr" "-Wl,-z,noexecstack" "-L" "<sysroot>/lib/rustlib/x86_64-unknown-linux-gnu/lib" "-o" "/opt/rustwide/target/debug/build/yang4/352dc09c18ee9678/out/schema_imports" "-Wl,--gc-sections" "-pie" "-Wl,-z,relro,-z,now" "-nodefaultlibs"
[INFO] [stdout]   = note: some arguments are omitted. use `--verbose` to show all linker arguments
[INFO] [stdout]   = note: rust-lld: error: unable to find library -lyang
[INFO] [stdout]           collect2: error: ld returned 1 exit status
[INFO] [stdout]           
[INFO] [stdout] 
[INFO] [stdout] 
[INFO] [stderr] error: could not compile `yang4` (example "schema_imports") due to 1 previous error
[INFO] [stdout] error: linking with `cc` failed: exit status: 1
[INFO] [stdout]   |
[INFO] [stdout]   = note:  "cc" "-m64" "/opt/rustwide/target/debug/build/yang4/2089a1410a974b39/out/rustcD14SwD/symbols.o" "<6 object files omitted>" "-Wl,--as-needed" "-Wl,-Bstatic" "<sysroot>/lib/rustlib/x86_64-unknown-linux-gnu/lib/{libtest-*,libgetopts-*,librustc_std_workspace_std-*}.rlib" "/opt/rustwide/target/debug/build/yang4/b306dcef275e3d51/out/libyang4-b306dcef275e3d51.rlib" "/opt/rustwide/target/debug/build/log/80875292d548eefe/out/liblog-80875292d548eefe.rlib" "/opt/rustwide/target/debug/build/num-traits/cd368c1666e63380/out/libnum_traits-cd368c1666e63380.rlib" "/opt/rustwide/target/debug/build/bitflags/716aca32ffb35253/out/libbitflags-716aca32ffb35253.rlib" "/opt/rustwide/target/debug/build/libyang4-sys/84d5debe74891d7d/out/liblibyang4_sys-84d5debe74891d7d.rlib" "<sysroot>/lib/rustlib/x86_64-unknown-linux-gnu/lib/{libstd-*,libpanic_unwind-*,libobject-*,libmemchr-*,libaddr2line-*,libgimli-*,libcfg_if-*,librustc_demangle-*,libstd_detect-*,libhashbrown-*,librustc_std_workspace_alloc-*,libminiz_oxide-*,libadler2-*,libunwind-*,liblibc-*,librustc_std_workspace_core-*,liballoc-*,libcore-*,libcompiler_builtins-*}.rlib" "-Wl,-Bdynamic" "-lyang" "-lgcc_s" "-lutil" "-lrt" "-lpthread" "-lm" "-ldl" "-lc" "-L" "/opt/rustwide/target/debug/build/yang4/2089a1410a974b39/out/rustcD14SwD/raw-dylibs" "-B<sysroot>/lib/rustlib/x86_64-unknown-linux-gnu/bin/gcc-ld" "-fuse-ld=lld" "-Wl,--eh-frame-hdr" "-Wl,-z,noexecstack" "-L" "<sysroot>/lib/rustlib/x86_64-unknown-linux-gnu/lib" "-o" "/opt/rustwide/target/debug/build/yang4/2089a1410a974b39/out/schema-2089a1410a974b39" "-Wl,--gc-sections" "-pie" "-Wl,-z,relro,-z,now" "-nodefaultlibs"
[INFO] [stdout]   = note: some arguments are omitted. use `--verbose` to show all linker arguments
[INFO] [stdout]   = note: rust-lld: error: unable to find library -lyang
[INFO] [stdout]           collect2: error: ld returned 1 exit status
[INFO] [stdout]           
[INFO] [stdout] 
[INFO] [stdout] 
[INFO] [stderr] error: could not compile `yang4` (test "schema") due to 1 previous error
[INFO] [stdout] error: linking with `cc` failed: exit status: 1
[INFO] [stdout]   |
[INFO] [stdout]   = note:  "cc" "-m64" "/opt/rustwide/target/debug/build/yang4/28bce0e93032d01e/out/rustcFbWkB6/symbols.o" "<2 object files omitted>" "-Wl,--as-needed" "-Wl,-Bstatic" "<sysroot>/lib/rustlib/x86_64-unknown-linux-gnu/lib/{libtest-*,libgetopts-*,librustc_std_workspace_std-*}.rlib" "/opt/rustwide/target/debug/build/log/80875292d548eefe/out/liblog-80875292d548eefe.rlib" "/opt/rustwide/target/debug/build/num-traits/cd368c1666e63380/out/libnum_traits-cd368c1666e63380.rlib" "/opt/rustwide/target/debug/build/bitflags/716aca32ffb35253/out/libbitflags-716aca32ffb35253.rlib" "/opt/rustwide/target/debug/build/libyang4-sys/84d5debe74891d7d/out/liblibyang4_sys-84d5debe74891d7d.rlib" "<sysroot>/lib/rustlib/x86_64-unknown-linux-gnu/lib/{libstd-*,libpanic_unwind-*,libobject-*,libmemchr-*,libaddr2line-*,libgimli-*,libcfg_if-*,librustc_demangle-*,libstd_detect-*,libhashbrown-*,librustc_std_workspace_alloc-*,libminiz_oxide-*,libadler2-*,libunwind-*,liblibc-*,librustc_std_workspace_core-*,liballoc-*,libcore-*,libcompiler_builtins-*}.rlib" "-Wl,-Bdynamic" "-lyang" "-lgcc_s" "-lutil" "-lrt" "-lpthread" "-lm" "-ldl" "-lc" "-L" "/opt/rustwide/target/debug/build/yang4/28bce0e93032d01e/out/rustcFbWkB6/raw-dylibs" "-B<sysroot>/lib/rustlib/x86_64-unknown-linux-gnu/bin/gcc-ld" "-fuse-ld=lld" "-Wl,--eh-frame-hdr" "-Wl,-z,noexecstack" "-L" "<sysroot>/lib/rustlib/x86_64-unknown-linux-gnu/lib" "-o" "/opt/rustwide/target/debug/build/yang4/28bce0e93032d01e/out/yang4-28bce0e93032d01e" "-Wl,--gc-sections" "-pie" "-Wl,-z,relro,-z,now" "-nodefaultlibs"
[INFO] [stdout]   = note: some arguments are omitted. use `--verbose` to show all linker arguments
[INFO] [stdout]   = note: rust-lld: error: unable to find library -lyang
[INFO] [stdout]           collect2: error: ld returned 1 exit status
[INFO] [stdout]           
[INFO] [stdout] 
[INFO] [stdout] 
[INFO] [stderr] error: could not compile `yang4` (lib test) due to 1 previous error
[INFO] running `Command { std: "docker" "inspect" "5d16f8b31c1ea876b32082cca1378b2842ba75762537828dde0fc000d3d2889a", kill_on_drop: false }`
[INFO] running `Command { std: "docker" "rm" "-f" "5d16f8b31c1ea876b32082cca1378b2842ba75762537828dde0fc000d3d2889a", kill_on_drop: false }`
[INFO] [stdout] 5d16f8b31c1ea876b32082cca1378b2842ba75762537828dde0fc000d3d2889a
