[INFO] fetching crate xwt-erased 0.7.0...
[INFO] testing xwt-erased-0.7.0 against 1.99.0-beta.8 for beta-1.100-2
[INFO] extracting crate xwt-erased 0.7.0 into /workspace/builds/worker-7-tc1/source
[INFO] started tweaking crates.io crate xwt-erased 0.7.0
[INFO] removed 0 missing tests
[INFO] finished tweaking crates.io crate xwt-erased 0.7.0
[INFO] tweaked toml for crates.io crate xwt-erased 0.7.0 written to /workspace/builds/worker-7-tc1/source/Cargo.toml
[INFO] validating manifest of crates.io crate xwt-erased 0.7.0 on toolchain 1.99.0-beta.8
[INFO] running `Command { std: CARGO_HOME="/workspace/cargo-home" RUSTUP_HOME="/workspace/rustup-home" "/workspace/cargo-home/bin/cargo" "+1.99.0-beta.8" "metadata" "--manifest-path" "Cargo.toml" "--no-deps", kill_on_drop: false }`
[INFO] crate crates.io crate xwt-erased 0.7.0 already has a lockfile, it will not be regenerated
[INFO] running `Command { std: CARGO_HOME="/workspace/cargo-home" RUSTUP_HOME="/workspace/rustup-home" "/workspace/cargo-home/bin/cargo" "+1.99.0-beta.8" "fetch" "--manifest-path" "Cargo.toml", kill_on_drop: false }`
[INFO] [stderr]     Updating crates.io index
[INFO] [stderr]  Downloading crates ...
[INFO] [stderr]   Downloaded wtransport v0.7.2
[INFO] [stderr]   Downloaded xwt-wtransport v0.20.0
[INFO] [stderr]   Downloaded octets v0.3.6
[INFO] [stderr]   Downloaded xwt-core v0.10.0
[INFO] [stderr]   Downloaded httlib-huffman v0.3.4
[INFO] [stderr]   Downloaded wtransport-proto v0.7.2
[INFO] [stderr]   Downloaded dyn_safe-proc_macros v0.1.0
[INFO] [stderr]   Downloaded xwt-web v0.22.0
[INFO] [stderr]   Downloaded web-sys-stream-utils v0.2.6
[INFO] [stderr]   Downloaded dyn_safe v0.1.0
[INFO] [stderr]   Downloaded web-wt-sys v0.3.0
[INFO] [stderr]   Downloaded web-sys-async-io v0.6.0
[INFO] [stderr]   Downloaded xwt-dyn v0.4.0
[INFO] running `Command { std: "docker" "create" "-v" "/var/lib/crater-agent-workspace/builds/worker-7-tc1/source:/opt/rustwide/workdir:ro,Z" "-v" "/var/lib/crater-agent-workspace/builds/worker-7-tc1/target:/opt/rustwide/target:rw,Z" "-v" "/var/lib/crater-agent-workspace/cargo-home:/opt/rustwide/cargo-home:ro,Z" "-v" "/var/lib/crater-agent-workspace/rustup-home:/opt/rustwide/rustup-home:ro,Z" "-m" "1610612736" "--network" "none" "ghcr.io/rust-lang/crates-build-env/linux@sha256:3111399a4047eeb3a02b7a90e478d715f38a8c6669b5c4b49d30a17385265909" "sleep" "infinity", kill_on_drop: false }`
[INFO] [stdout] 897029d3301fbc4c2823dd628e93b5a3d08b4ea4614db6ddfc9050f461b8501a
[INFO] running `Command { std: "docker" "start" "897029d3301fbc4c2823dd628e93b5a3d08b4ea4614db6ddfc9050f461b8501a", kill_on_drop: false }`
[INFO] running `Command { std: "docker" "inspect" "897029d3301fbc4c2823dd628e93b5a3d08b4ea4614db6ddfc9050f461b8501a", kill_on_drop: false }`
[INFO] running `Command { std: "docker" "exec" "-e" "SOURCE_DIR=/opt/rustwide/workdir" "-e" "CARGO_HOME=/opt/rustwide/cargo-home" "-e" "RUSTUP_HOME=/opt/rustwide/rustup-home" "-e" "CARGO_TARGET_DIR=/opt/rustwide/target" "-w" "/opt/rustwide/workdir" "--user" "0:0" "897029d3301fbc4c2823dd628e93b5a3d08b4ea4614db6ddfc9050f461b8501a" "/opt/rustwide/cargo-home/bin/cargo" "+1.99.0-beta.8" "metadata" "--no-deps" "--format-version=1", kill_on_drop: false }`
[INFO] running `Command { std: "docker" "inspect" "897029d3301fbc4c2823dd628e93b5a3d08b4ea4614db6ddfc9050f461b8501a", kill_on_drop: false }`
[INFO] running `Command { std: "docker" "exec" "-e" "SOURCE_DIR=/opt/rustwide/workdir" "-e" "CARGO_HOME=/opt/rustwide/cargo-home" "-e" "RUSTUP_HOME=/opt/rustwide/rustup-home" "-e" "CARGO_TARGET_DIR=/opt/rustwide/target" "-e" "CARGO_INCREMENTAL=0" "-e" "RUST_BACKTRACE=full" "-e" "RUSTFLAGS=--cap-lints=warn" "-e" "RUSTDOCFLAGS=--cap-lints=warn" "-w" "/opt/rustwide/workdir" "--user" "0:0" "897029d3301fbc4c2823dd628e93b5a3d08b4ea4614db6ddfc9050f461b8501a" "/opt/rustwide/cargo-home/bin/cargo" "+1.99.0-beta.8" "build" "--frozen" "--message-format=json", kill_on_drop: false }`
[INFO] [stderr]    Compiling dyn_safe-proc_macros v0.1.0
[INFO] [stderr]    Compiling xwt-core v0.10.0
[INFO] [stderr]    Compiling dyn_safe v0.1.0
[INFO] [stderr]    Compiling xwt-dyn v0.4.0
[INFO] [stderr]    Compiling xwt-erased v0.7.0 (/opt/rustwide/workdir)
[INFO] [stderr]     Finished `dev` profile [unoptimized + debuginfo] target(s) in 0.48s
[INFO] running `Command { std: "docker" "inspect" "897029d3301fbc4c2823dd628e93b5a3d08b4ea4614db6ddfc9050f461b8501a", kill_on_drop: false }`
[INFO] running `Command { std: "docker" "exec" "-e" "SOURCE_DIR=/opt/rustwide/workdir" "-e" "CARGO_HOME=/opt/rustwide/cargo-home" "-e" "RUSTUP_HOME=/opt/rustwide/rustup-home" "-e" "CARGO_TARGET_DIR=/opt/rustwide/target" "-e" "CARGO_INCREMENTAL=0" "-e" "RUST_BACKTRACE=full" "-e" "RUSTFLAGS=--cap-lints=warn" "-e" "RUSTDOCFLAGS=--cap-lints=warn" "-w" "/opt/rustwide/workdir" "--user" "0:0" "897029d3301fbc4c2823dd628e93b5a3d08b4ea4614db6ddfc9050f461b8501a" "/opt/rustwide/cargo-home/bin/cargo" "+1.99.0-beta.8" "test" "--frozen" "--no-run" "--message-format=json", kill_on_drop: false }`
[INFO] [stderr]    Compiling proc-macro2 v1.0.107
[INFO] [stderr]    Compiling cpufeatures v0.3.0
[INFO] [stderr]    Compiling getrandom v0.4.3
[INFO] [stderr]    Compiling hybrid-array v0.4.14
[INFO] [stderr]    Compiling quinn-udp v0.5.15
[INFO] [stderr]    Compiling tinyvec_macros v0.1.1
[INFO] [stderr]    Compiling rusticata-macros v4.1.0
[INFO] [stderr]    Compiling time v0.3.55
[INFO] [stderr]    Compiling percent-encoding v2.3.2
[INFO] [stderr]    Compiling oid-registry v0.8.1
[INFO] [stderr]    Compiling mio v1.2.2
[INFO] [stderr]    Compiling rand_pcg v0.10.2
[INFO] [stderr]    Compiling quinn v0.11.11
[INFO] [stderr]    Compiling const-oid v0.10.2
[INFO] [stderr]    Compiling chacha20 v0.10.1
[INFO] [stderr]    Compiling num-bigint v0.4.8
[INFO] [stderr]    Compiling tinyvec v1.12.0
[INFO] [stderr]    Compiling rustls v0.23.43
[INFO] [stderr]    Compiling form_urlencoded v1.2.2
[INFO] [stderr]    Compiling rustc-hash v2.1.3
[INFO] [stderr]    Compiling lru-slab v0.1.2
[INFO] [stderr]    Compiling rustls-webpki v0.103.15
[INFO] [stderr]    Compiling octets v0.3.6
[INFO] [stderr]    Compiling httlib-huffman v0.3.4
[INFO] [stderr]    Compiling xwt-core v0.10.0
[INFO] [stderr]    Compiling base64 v0.22.1
[INFO] [stderr]    Compiling xwt-dyn v0.4.0
[INFO] [stderr]    Compiling rand v0.10.2
[INFO] [stderr]    Compiling quote v1.0.47
[INFO] [stderr]    Compiling xwt-erased v0.7.0 (/opt/rustwide/workdir)
[INFO] [stderr]    Compiling pem v3.0.6
[INFO] [stderr]    Compiling syn v2.0.119
[INFO] [stderr]    Compiling syn v3.0.3
[INFO] [stderr]    Compiling block-buffer v0.12.1
[INFO] [stderr]    Compiling crypto-common v0.2.2
[INFO] [stderr]    Compiling digest v0.11.3
[INFO] [stderr]    Compiling sha2 v0.11.0
[INFO] [stderr]    Compiling displaydoc v0.2.7
[INFO] [stderr]    Compiling zerovec-derive v0.11.6
[INFO] [stderr]    Compiling thiserror-impl v2.0.20
[INFO] [stderr]    Compiling tokio-macros v2.7.2
[INFO] [stderr]    Compiling tokio v1.53.1
[INFO] [stderr]    Compiling synstructure v0.13.2
[INFO] [stderr]    Compiling thiserror v2.0.20
[INFO] [stderr]    Compiling zerofrom-derive v0.1.7
[INFO] [stderr]    Compiling yoke-derive v0.8.2
[INFO] [stderr]    Compiling asn1-rs-impl v0.2.0
[INFO] [stderr]    Compiling asn1-rs-derive v0.6.0
[INFO] [stderr]    Compiling tracing-attributes v0.1.31
[INFO] [stderr]    Compiling asn1-rs v0.7.2
[INFO] [stderr]    Compiling zerofrom v0.1.8
[INFO] [stderr]    Compiling yoke v0.8.3
[INFO] [stderr]    Compiling tracing v0.1.44
[INFO] [stderr]    Compiling zerovec v0.11.8
[INFO] [stderr]    Compiling zerotrie v0.2.5
[INFO] [stderr]    Compiling quinn-proto v0.11.17
[INFO] [stderr]    Compiling tinystr v0.8.4
[INFO] [stderr]    Compiling potential_utf v0.1.6
[INFO] [stderr]    Compiling icu_collections v2.3.0
[INFO] [stderr]    Compiling icu_locale_core v2.3.0
[INFO] [stderr]    Compiling der-parser v10.0.0
[INFO] [stderr]    Compiling x509-parser v0.18.1
[INFO] [stderr]    Compiling icu_provider v2.3.1
[INFO] [stderr]    Compiling icu_normalizer v2.3.0
[INFO] [stderr]    Compiling icu_properties v2.3.0
[INFO] [stderr]    Compiling idna_adapter v1.2.2
[INFO] [stderr]    Compiling idna v1.1.0
[INFO] [stderr]    Compiling url v2.5.8
[INFO] [stderr]    Compiling wtransport-proto v0.7.2
[INFO] [stderr]    Compiling wtransport v0.7.2
[INFO] [stdout] error[E0433]: cannot find `rustls` in `crypto`
[INFO] [stdout]    --> /opt/rustwide/cargo-home/registry/src/index.crates.io-1949cf8c6b5b557f/wtransport-0.7.2/src/config.rs:557:40
[INFO] [stdout]     |
[INFO] [stdout] 557 |         let crypto: Arc<quinn::crypto::rustls::QuicServerConfig> = Arc::new(
[INFO] [stdout]     |                                        ^^^^^^ could not find `rustls` in `crypto`
[INFO] [stdout]     |
[INFO] [stdout] note: found an item that was configured out
[INFO] [stdout]    --> /opt/rustwide/cargo-home/registry/src/index.crates.io-1949cf8c6b5b557f/quinn-proto-0.11.17/src/crypto.rs:25:9
[INFO] [stdout]     |
[INFO] [stdout]  24 | #[cfg(any(feature = "rustls-aws-lc-rs", feature = "rustls-ring"))]
[INFO] [stdout]     |          ------------------------------------------------------- the item is gated here
[INFO] [stdout]  25 | pub mod rustls;
[INFO] [stdout]     |         ^^^^^^
[INFO] [stdout] 
[INFO] [stdout] 
[INFO] [stdout] error[E0433]: cannot find `rustls` in `crypto`
[INFO] [stdout]    --> /opt/rustwide/cargo-home/registry/src/index.crates.io-1949cf8c6b5b557f/wtransport-0.7.2/src/config.rs:558:28
[INFO] [stdout]     |
[INFO] [stdout] 558 |             quinn::crypto::rustls::QuicServerConfig::try_from(self.0.tls_config)
[INFO] [stdout]     |                            ^^^^^^ could not find `rustls` in `crypto`
[INFO] [stdout]     |
[INFO] [stdout] note: found an item that was configured out
[INFO] [stdout]    --> /opt/rustwide/cargo-home/registry/src/index.crates.io-1949cf8c6b5b557f/quinn-proto-0.11.17/src/crypto.rs:25:9
[INFO] [stdout]     |
[INFO] [stdout]  24 | #[cfg(any(feature = "rustls-aws-lc-rs", feature = "rustls-ring"))]
[INFO] [stdout]     |          ------------------------------------------------------- the item is gated here
[INFO] [stdout]  25 | pub mod rustls;
[INFO] [stdout]     |         ^^^^^^
[INFO] [stdout] 
[INFO] [stdout] 
[INFO] [stdout] error[E0433]: cannot find `rustls` in `crypto`
[INFO] [stdout]     --> /opt/rustwide/cargo-home/registry/src/index.crates.io-1949cf8c6b5b557f/wtransport-0.7.2/src/config.rs:1084:37
[INFO] [stdout]      |
[INFO] [stdout] 1084 |         let crypto = quinn::crypto::rustls::QuicClientConfig::try_from(self.0.tls_config)
[INFO] [stdout]      |                                     ^^^^^^ could not find `rustls` in `crypto`
[INFO] [stdout]      |
[INFO] [stdout] note: found an item that was configured out
[INFO] [stdout]     --> /opt/rustwide/cargo-home/registry/src/index.crates.io-1949cf8c6b5b557f/quinn-proto-0.11.17/src/crypto.rs:25:9
[INFO] [stdout]      |
[INFO] [stdout]   24 | #[cfg(any(feature = "rustls-aws-lc-rs", feature = "rustls-ring"))]
[INFO] [stdout]      |          ------------------------------------------------------- the item is gated here
[INFO] [stdout]   25 | pub mod rustls;
[INFO] [stdout]      |         ^^^^^^
[INFO] [stdout] 
[INFO] [stdout] 
[INFO] [stdout] error[E0433]: cannot find `rustls` in `crypto`
[INFO] [stdout]    --> /opt/rustwide/cargo-home/registry/src/index.crates.io-1949cf8c6b5b557f/wtransport-0.7.2/src/connection.rs:402:40
[INFO] [stdout]     |
[INFO] [stdout] 402 |             .downcast::<quinn::crypto::rustls::HandshakeData>()
[INFO] [stdout]     |                                        ^^^^^^ could not find `rustls` in `crypto`
[INFO] [stdout]     |
[INFO] [stdout] note: found an item that was configured out
[INFO] [stdout]    --> /opt/rustwide/cargo-home/registry/src/index.crates.io-1949cf8c6b5b557f/quinn-proto-0.11.17/src/crypto.rs:25:9
[INFO] [stdout]     |
[INFO] [stdout]  24 | #[cfg(any(feature = "rustls-aws-lc-rs", feature = "rustls-ring"))]
[INFO] [stdout]     |          ------------------------------------------------------- the item is gated here
[INFO] [stdout]  25 | pub mod rustls;
[INFO] [stdout]     |         ^^^^^^
[INFO] [stdout] 
[INFO] [stdout] 
[INFO] [stdout] error[E0433]: cannot find `aws_lc_rs` in `crypto`
[INFO] [stdout]    --> /opt/rustwide/cargo-home/registry/src/index.crates.io-1949cf8c6b5b557f/wtransport-0.7.2/src/tls.rs:615:25
[INFO] [stdout]     |
[INFO] [stdout] 615 |         rustls::crypto::aws_lc_rs::default_provider()
[INFO] [stdout]     |                         ^^^^^^^^^ could not find `aws_lc_rs` in `crypto`
[INFO] [stdout]     |
[INFO] [stdout] note: found an item that was configured out
[INFO] [stdout]    --> /opt/rustwide/cargo-home/registry/src/index.crates.io-1949cf8c6b5b557f/rustls-0.23.43/src/crypto/mod.rs:30:9
[INFO] [stdout]     |
[INFO] [stdout]  29 | #[cfg(feature = "aws_lc_rs")]
[INFO] [stdout]     |       --------------------- the item is gated behind the `aws_lc_rs` feature
[INFO] [stdout]  30 | pub mod aws_lc_rs;
[INFO] [stdout]     |         ^^^^^^^^^
[INFO] [stdout] 
[INFO] [stdout] 
[INFO] [stdout] error[E0599]: no associated function or constant named `default` found for struct `EndpointConfig` in the current scope
[INFO] [stdout]    --> /opt/rustwide/cargo-home/registry/src/index.crates.io-1949cf8c6b5b557f/wtransport-0.7.2/src/config.rs:395:59
[INFO] [stdout]     |
[INFO] [stdout] 395 |         let quic_endpoint_config = quinn::EndpointConfig::default();
[INFO] [stdout]     |                                                           ^^^^^^^ associated function or constant not found in `EndpointConfig`
[INFO] [stdout]     |
[INFO] [stdout] note: if you're trying to build a new `EndpointConfig`, consider using `EndpointConfig::new` which returns `EndpointConfig`
[INFO] [stdout]    --> /opt/rustwide/cargo-home/registry/src/index.crates.io-1949cf8c6b5b557f/quinn-proto-0.11.17/src/config/mod.rs:55:5
[INFO] [stdout]     |
[INFO] [stdout]  55 |     pub fn new(reset_key: Arc<dyn HmacKey>) -> Self {
[INFO] [stdout]     |     ^^^^^^^^^^^^^^^^^^^^^^^^^^^^^^^^^^^^^^^^^^^^^^^
[INFO] [stdout] 
[INFO] [stdout] 
[INFO] [stdout] error[E0599]: no associated function or constant named `default` found for struct `EndpointConfig` in the current scope
[INFO] [stdout]    --> /opt/rustwide/cargo-home/registry/src/index.crates.io-1949cf8c6b5b557f/wtransport-0.7.2/src/config.rs:437:59
[INFO] [stdout]     |
[INFO] [stdout] 437 |         let quic_endpoint_config = quinn::EndpointConfig::default();
[INFO] [stdout]     |                                                           ^^^^^^^ associated function or constant not found in `EndpointConfig`
[INFO] [stdout]     |
[INFO] [stdout] note: if you're trying to build a new `EndpointConfig`, consider using `EndpointConfig::new` which returns `EndpointConfig`
[INFO] [stdout]    --> /opt/rustwide/cargo-home/registry/src/index.crates.io-1949cf8c6b5b557f/quinn-proto-0.11.17/src/config/mod.rs:55:5
[INFO] [stdout]     |
[INFO] [stdout]  55 |     pub fn new(reset_key: Arc<dyn HmacKey>) -> Self {
[INFO] [stdout]     |     ^^^^^^^^^^^^^^^^^^^^^^^^^^^^^^^^^^^^^^^^^^^^^^^
[INFO] [stdout] 
[INFO] [stdout] 
[INFO] [stdout] error[E0599]: no associated function or constant named `default` found for struct `EndpointConfig` in the current scope
[INFO] [stdout]    --> /opt/rustwide/cargo-home/registry/src/index.crates.io-1949cf8c6b5b557f/wtransport-0.7.2/src/config.rs:490:59
[INFO] [stdout]     |
[INFO] [stdout] 490 |         let quic_endpoint_config = quinn::EndpointConfig::default();
[INFO] [stdout]     |                                                           ^^^^^^^ associated function or constant not found in `EndpointConfig`
[INFO] [stdout]     |
[INFO] [stdout] note: if you're trying to build a new `EndpointConfig`, consider using `EndpointConfig::new` which returns `EndpointConfig`
[INFO] [stdout]    --> /opt/rustwide/cargo-home/registry/src/index.crates.io-1949cf8c6b5b557f/quinn-proto-0.11.17/src/config/mod.rs:55:5
[INFO] [stdout]     |
[INFO] [stdout]  55 |     pub fn new(reset_key: Arc<dyn HmacKey>) -> Self {
[INFO] [stdout]     |     ^^^^^^^^^^^^^^^^^^^^^^^^^^^^^^^^^^^^^^^^^^^^^^^
[INFO] [stdout] 
[INFO] [stdout] 
[INFO] [stdout] error[E0599]: no associated function or constant named `default` found for struct `EndpointConfig` in the current scope
[INFO] [stdout]    --> /opt/rustwide/cargo-home/registry/src/index.crates.io-1949cf8c6b5b557f/wtransport-0.7.2/src/config.rs:516:59
[INFO] [stdout]     |
[INFO] [stdout] 516 |         let quic_endpoint_config = quinn::EndpointConfig::default();
[INFO] [stdout]     |                                                           ^^^^^^^ associated function or constant not found in `EndpointConfig`
[INFO] [stdout]     |
[INFO] [stdout] note: if you're trying to build a new `EndpointConfig`, consider using `EndpointConfig::new` which returns `EndpointConfig`
[INFO] [stdout]    --> /opt/rustwide/cargo-home/registry/src/index.crates.io-1949cf8c6b5b557f/quinn-proto-0.11.17/src/config/mod.rs:55:5
[INFO] [stdout]     |
[INFO] [stdout]  55 |     pub fn new(reset_key: Arc<dyn HmacKey>) -> Self {
[INFO] [stdout]     |     ^^^^^^^^^^^^^^^^^^^^^^^^^^^^^^^^^^^^^^^^^^^^^^^
[INFO] [stdout] 
[INFO] [stdout] 
[INFO] [stdout] error[E0599]: no associated function or constant named `default` found for struct `EndpointConfig` in the current scope
[INFO] [stdout]    --> /opt/rustwide/cargo-home/registry/src/index.crates.io-1949cf8c6b5b557f/wtransport-0.7.2/src/config.rs:528:53
[INFO] [stdout]     |
[INFO] [stdout] 528 |             endpoint_config: quinn::EndpointConfig::default(),
[INFO] [stdout]     |                                                     ^^^^^^^ associated function or constant not found in `EndpointConfig`
[INFO] [stdout]     |
[INFO] [stdout] note: if you're trying to build a new `EndpointConfig`, consider using `EndpointConfig::new` which returns `EndpointConfig`
[INFO] [stdout]    --> /opt/rustwide/cargo-home/registry/src/index.crates.io-1949cf8c6b5b557f/quinn-proto-0.11.17/src/config/mod.rs:55:5
[INFO] [stdout]     |
[INFO] [stdout]  55 |     pub fn new(reset_key: Arc<dyn HmacKey>) -> Self {
[INFO] [stdout]     |     ^^^^^^^^^^^^^^^^^^^^^^^^^^^^^^^^^^^^^^^^^^^^^^^
[INFO] [stdout] 
[INFO] [stdout] 
[INFO] [stdout] error[E0599]: no associated function or constant named `with_crypto` found for struct `quinn::ServerConfig` in the current scope
[INFO] [stdout]    --> /opt/rustwide/cargo-home/registry/src/index.crates.io-1949cf8c6b5b557f/wtransport-0.7.2/src/config.rs:562:52
[INFO] [stdout]     |
[INFO] [stdout] 562 |         let mut quic_config = quinn::ServerConfig::with_crypto(crypto);
[INFO] [stdout]     |                                                    ^^^^^^^^^^^ associated function or constant not found in `quinn::ServerConfig`
[INFO] [stdout]     |
[INFO] [stdout] note: if you're trying to build a new `quinn::ServerConfig`, consider using `quinn::ServerConfig::new` which returns `quinn::ServerConfig`
[INFO] [stdout]    --> /opt/rustwide/cargo-home/registry/src/index.crates.io-1949cf8c6b5b557f/quinn-proto-0.11.17/src/config/mod.rs:233:5
[INFO] [stdout]     |
[INFO] [stdout] 233 | /     pub fn new(
[INFO] [stdout] 234 | |         crypto: Arc<dyn crypto::ServerConfig>,
[INFO] [stdout] 235 | |         token_key: Arc<dyn HandshakeTokenKey>,
[INFO] [stdout] 236 | |     ) -> Self {
[INFO] [stdout]     | |_____________^
[INFO] [stdout] 
[INFO] [stdout] 
[INFO] [stdout] error[E0599]: no associated function or constant named `default` found for struct `EndpointConfig` in the current scope
[INFO] [stdout]    --> /opt/rustwide/cargo-home/registry/src/index.crates.io-1949cf8c6b5b557f/wtransport-0.7.2/src/config.rs:875:54
[INFO] [stdout]     |
[INFO] [stdout] 875 |         let endpoint_config = quinn::EndpointConfig::default();
[INFO] [stdout]     |                                                      ^^^^^^^ associated function or constant not found in `EndpointConfig`
[INFO] [stdout]     |
[INFO] [stdout] note: if you're trying to build a new `EndpointConfig`, consider using `EndpointConfig::new` which returns `EndpointConfig`
[INFO] [stdout]    --> /opt/rustwide/cargo-home/registry/src/index.crates.io-1949cf8c6b5b557f/quinn-proto-0.11.17/src/config/mod.rs:55:5
[INFO] [stdout]     |
[INFO] [stdout]  55 |     pub fn new(reset_key: Arc<dyn HmacKey>) -> Self {
[INFO] [stdout]     |     ^^^^^^^^^^^^^^^^^^^^^^^^^^^^^^^^^^^^^^^^^^^^^^^
[INFO] [stdout] 
[INFO] [stdout] 
[INFO] [stdout] error[E0599]: no associated function or constant named `default` found for struct `EndpointConfig` in the current scope
[INFO] [stdout]    --> /opt/rustwide/cargo-home/registry/src/index.crates.io-1949cf8c6b5b557f/wtransport-0.7.2/src/config.rs:955:54
[INFO] [stdout]     |
[INFO] [stdout] 955 |         let endpoint_config = quinn::EndpointConfig::default();
[INFO] [stdout]     |                                                      ^^^^^^^ associated function or constant not found in `EndpointConfig`
[INFO] [stdout]     |
[INFO] [stdout] note: if you're trying to build a new `EndpointConfig`, consider using `EndpointConfig::new` which returns `EndpointConfig`
[INFO] [stdout]    --> /opt/rustwide/cargo-home/registry/src/index.crates.io-1949cf8c6b5b557f/quinn-proto-0.11.17/src/config/mod.rs:55:5
[INFO] [stdout]     |
[INFO] [stdout]  55 |     pub fn new(reset_key: Arc<dyn HmacKey>) -> Self {
[INFO] [stdout]     |     ^^^^^^^^^^^^^^^^^^^^^^^^^^^^^^^^^^^^^^^^^^^^^^^
[INFO] [stdout] 
[INFO] [stdout] 
[INFO] [stdout] error[E0599]: no associated function or constant named `default` found for struct `EndpointConfig` in the current scope
[INFO] [stdout]    --> /opt/rustwide/cargo-home/registry/src/index.crates.io-1949cf8c6b5b557f/wtransport-0.7.2/src/config.rs:977:54
[INFO] [stdout]     |
[INFO] [stdout] 977 |         let endpoint_config = quinn::EndpointConfig::default();
[INFO] [stdout]     |                                                      ^^^^^^^ associated function or constant not found in `EndpointConfig`
[INFO] [stdout]     |
[INFO] [stdout] note: if you're trying to build a new `EndpointConfig`, consider using `EndpointConfig::new` which returns `EndpointConfig`
[INFO] [stdout]    --> /opt/rustwide/cargo-home/registry/src/index.crates.io-1949cf8c6b5b557f/quinn-proto-0.11.17/src/config/mod.rs:55:5
[INFO] [stdout]     |
[INFO] [stdout]  55 |     pub fn new(reset_key: Arc<dyn HmacKey>) -> Self {
[INFO] [stdout]     |     ^^^^^^^^^^^^^^^^^^^^^^^^^^^^^^^^^^^^^^^^^^^^^^^
[INFO] [stdout] 
[INFO] [stdout] 
[INFO] [stdout] error[E0599]: no associated function or constant named `default` found for struct `EndpointConfig` in the current scope
[INFO] [stdout]     --> /opt/rustwide/cargo-home/registry/src/index.crates.io-1949cf8c6b5b557f/wtransport-0.7.2/src/config.rs:1016:59
[INFO] [stdout]      |
[INFO] [stdout] 1016 |         let quic_endpoint_config = quinn::EndpointConfig::default();
[INFO] [stdout]      |                                                           ^^^^^^^ associated function or constant not found in `EndpointConfig`
[INFO] [stdout]      |
[INFO] [stdout] note: if you're trying to build a new `EndpointConfig`, consider using `EndpointConfig::new` which returns `EndpointConfig`
[INFO] [stdout]     --> /opt/rustwide/cargo-home/registry/src/index.crates.io-1949cf8c6b5b557f/quinn-proto-0.11.17/src/config/mod.rs:55:5
[INFO] [stdout]      |
[INFO] [stdout]   55 |     pub fn new(reset_key: Arc<dyn HmacKey>) -> Self {
[INFO] [stdout]      |     ^^^^^^^^^^^^^^^^^^^^^^^^^^^^^^^^^^^^^^^^^^^^^^^
[INFO] [stdout] 
[INFO] [stdout] 
[INFO] [stdout] error[E0599]: no associated function or constant named `default` found for struct `EndpointConfig` in the current scope
[INFO] [stdout]     --> /opt/rustwide/cargo-home/registry/src/index.crates.io-1949cf8c6b5b557f/wtransport-0.7.2/src/config.rs:1042:59
[INFO] [stdout]      |
[INFO] [stdout] 1042 |         let quic_endpoint_config = quinn::EndpointConfig::default();
[INFO] [stdout]      |                                                           ^^^^^^^ associated function or constant not found in `EndpointConfig`
[INFO] [stdout]      |
[INFO] [stdout] note: if you're trying to build a new `EndpointConfig`, consider using `EndpointConfig::new` which returns `EndpointConfig`
[INFO] [stdout]     --> /opt/rustwide/cargo-home/registry/src/index.crates.io-1949cf8c6b5b557f/quinn-proto-0.11.17/src/config/mod.rs:55:5
[INFO] [stdout]      |
[INFO] [stdout]   55 |     pub fn new(reset_key: Arc<dyn HmacKey>) -> Self {
[INFO] [stdout]      |     ^^^^^^^^^^^^^^^^^^^^^^^^^^^^^^^^^^^^^^^^^^^^^^^
[INFO] [stdout] 
[INFO] [stdout] 
[INFO] [stdout] error[E0599]: no associated function or constant named `default` found for struct `EndpointConfig` in the current scope
[INFO] [stdout]     --> /opt/rustwide/cargo-home/registry/src/index.crates.io-1949cf8c6b5b557f/wtransport-0.7.2/src/config.rs:1054:53
[INFO] [stdout]      |
[INFO] [stdout] 1054 |             endpoint_config: quinn::EndpointConfig::default(),
[INFO] [stdout]      |                                                     ^^^^^^^ associated function or constant not found in `EndpointConfig`
[INFO] [stdout]      |
[INFO] [stdout] note: if you're trying to build a new `EndpointConfig`, consider using `EndpointConfig::new` which returns `EndpointConfig`
[INFO] [stdout]     --> /opt/rustwide/cargo-home/registry/src/index.crates.io-1949cf8c6b5b557f/quinn-proto-0.11.17/src/config/mod.rs:55:5
[INFO] [stdout]      |
[INFO] [stdout]   55 |     pub fn new(reset_key: Arc<dyn HmacKey>) -> Self {
[INFO] [stdout]      |     ^^^^^^^^^^^^^^^^^^^^^^^^^^^^^^^^^^^^^^^^^^^^^^^
[INFO] [stdout] 
[INFO] [stdout] 
[INFO] [stdout] error[E0599]: no associated function or constant named `builder_with_provider` found for struct `rustls::ServerConfig` in the current scope
[INFO] [stdout]    --> /opt/rustwide/cargo-home/registry/src/index.crates.io-1949cf8c6b5b557f/wtransport-0.7.2/src/tls.rs:647:47
[INFO] [stdout]     |
[INFO] [stdout] 647 |         let mut tls_config = TlsServerConfig::builder_with_provider(provider)
[INFO] [stdout]     |                                               ^^^^^^^^^^^^^^^^^^^^^ associated function or constant not found in `rustls::ServerConfig`
[INFO] [stdout]     |
[INFO] [stdout] help: there is an associated function `builder_with_details` with a similar name
[INFO] [stdout]    --> /opt/rustwide/cargo-home/registry/src/index.crates.io-1949cf8c6b5b557f/rustls-0.23.43/src/server/server_conn.rs:535:5
[INFO] [stdout]     |
[INFO] [stdout] 535 | /     pub fn builder_with_details(
[INFO] [stdout] 536 | |         provider: Arc<CryptoProvider>,
[INFO] [stdout] 537 | |         time_provider: Arc<dyn TimeProvider>,
[INFO] [stdout] 538 | |     ) -> ConfigBuilder<Self, WantsVersions> {
[INFO] [stdout]     | |___________________________________________^
[INFO] [stdout] 
[INFO] [stdout] 
[INFO] [stdout] error[E0599]: no associated function or constant named `builder_with_provider` found for struct `rustls::ClientConfig` in the current scope
[INFO] [stdout]    --> /opt/rustwide/cargo-home/registry/src/index.crates.io-1949cf8c6b5b557f/wtransport-0.7.2/src/tls.rs:697:43
[INFO] [stdout]     |
[INFO] [stdout] 697 |         let mut config = TlsClientConfig::builder_with_provider(provider)
[INFO] [stdout]     |                                           ^^^^^^^^^^^^^^^^^^^^^ associated function or constant not found in `rustls::ClientConfig`
[INFO] [stdout]     |
[INFO] [stdout] help: there is an associated function `builder_with_details` with a similar name
[INFO] [stdout]    --> /opt/rustwide/cargo-home/registry/src/index.crates.io-1949cf8c6b5b557f/rustls-0.23.43/src/client/client_conn.rs:378:5
[INFO] [stdout]     |
[INFO] [stdout] 378 | /     pub fn builder_with_details(
[INFO] [stdout] 379 | |         provider: Arc<CryptoProvider>,
[INFO] [stdout] 380 | |         time_provider: Arc<dyn TimeProvider>,
[INFO] [stdout] 381 | |     ) -> ConfigBuilder<Self, WantsVersions> {
[INFO] [stdout]     | |___________________________________________^
[INFO] [stdout] 
[INFO] [stdout] 
[INFO] [stdout] Some errors have detailed explanations: E0433, E0599.
[INFO] [stdout] 
[INFO] [stdout] For more information about an error, try `rustc --explain E0433`.
[INFO] [stdout] 
[INFO] [stderr] error: could not compile `wtransport` (lib) due to 19 previous errors
[INFO] running `Command { std: "docker" "inspect" "897029d3301fbc4c2823dd628e93b5a3d08b4ea4614db6ddfc9050f461b8501a", kill_on_drop: false }`
[INFO] running `Command { std: "docker" "rm" "-f" "897029d3301fbc4c2823dd628e93b5a3d08b4ea4614db6ddfc9050f461b8501a", kill_on_drop: false }`
[INFO] [stdout] 897029d3301fbc4c2823dd628e93b5a3d08b4ea4614db6ddfc9050f461b8501a
