[INFO] fetching crate xsm 0.1.2...
[INFO] testing xsm-0.1.2 against 1.99.0-beta.8 for beta-1.100-2
[INFO] extracting crate xsm 0.1.2 into /workspace/builds/worker-4-tc1/source
[INFO] started tweaking crates.io crate xsm 0.1.2
[INFO] finished tweaking crates.io crate xsm 0.1.2
[INFO] tweaked toml for crates.io crate xsm 0.1.2 written to /workspace/builds/worker-4-tc1/source/Cargo.toml
[INFO] validating manifest of crates.io crate xsm 0.1.2 on toolchain 1.99.0-beta.8
[INFO] running `Command { std: CARGO_HOME="/workspace/cargo-home" RUSTUP_HOME="/workspace/rustup-home" "/workspace/cargo-home/bin/cargo" "+1.99.0-beta.8" "metadata" "--manifest-path" "Cargo.toml" "--no-deps", kill_on_drop: false }`
[INFO] running `Command { std: CARGO_HOME="/workspace/cargo-home" RUSTUP_HOME="/workspace/rustup-home" "/workspace/cargo-home/bin/cargo" "+1.99.0-beta.8" "generate-lockfile" "--manifest-path" "Cargo.toml", kill_on_drop: false }`
[INFO] [stderr]     Updating crates.io index
[INFO] [stderr]      Locking 112 packages to highest compatible versions
[INFO] [stderr]       Adding frand v0.7.3 (available: v0.10.1)
[INFO] [stderr]       Adding fred v6.3.2 (available: v10.1.0)
[INFO] [stderr]       Adding generic-array v0.14.7 (available: v0.14.9)
[INFO] [stderr]       Adding gethostname v0.4.3 (available: v1.1.0)
[INFO] running `Command { std: CARGO_HOME="/workspace/cargo-home" RUSTUP_HOME="/workspace/rustup-home" "/workspace/cargo-home/bin/cargo" "+1.99.0-beta.8" "fetch" "--manifest-path" "Cargo.toml", kill_on_drop: false }`
[INFO] [stderr]  Downloading crates ...
[INFO] [stderr]   Downloaded xxai-msgpacker v0.4.4
[INFO] [stderr]   Downloaded redis-protocol v4.1.0
[INFO] [stderr]   Downloaded crc16 v0.4.0
[INFO] [stderr]   Downloaded msgpacker-derive v0.3.2
[INFO] [stderr]   Downloaded frand v0.7.3
[INFO] [stderr]   Downloaded cookie-factory v0.3.3
[INFO] [stderr]   Downloaded fred v6.3.2
[INFO] running `Command { std: "docker" "create" "-v" "/var/lib/crater-agent-workspace/builds/worker-4-tc1/source:/opt/rustwide/workdir:ro,Z" "-v" "/var/lib/crater-agent-workspace/builds/worker-4-tc1/target:/opt/rustwide/target:rw,Z" "-v" "/var/lib/crater-agent-workspace/cargo-home:/opt/rustwide/cargo-home:ro,Z" "-v" "/var/lib/crater-agent-workspace/rustup-home:/opt/rustwide/rustup-home:ro,Z" "-m" "1610612736" "--network" "none" "ghcr.io/rust-lang/crates-build-env/linux@sha256:3111399a4047eeb3a02b7a90e478d715f38a8c6669b5c4b49d30a17385265909" "sleep" "infinity", kill_on_drop: false }`
[INFO] [stdout] d841d0e3a98a1bc4cc62bfcd0ab364dd2aaa7ea62236c3dd181ea659591cff98
[INFO] running `Command { std: "docker" "start" "d841d0e3a98a1bc4cc62bfcd0ab364dd2aaa7ea62236c3dd181ea659591cff98", kill_on_drop: false }`
[INFO] running `Command { std: "docker" "inspect" "d841d0e3a98a1bc4cc62bfcd0ab364dd2aaa7ea62236c3dd181ea659591cff98", kill_on_drop: false }`
[INFO] running `Command { std: "docker" "exec" "-e" "SOURCE_DIR=/opt/rustwide/workdir" "-e" "CARGO_HOME=/opt/rustwide/cargo-home" "-e" "RUSTUP_HOME=/opt/rustwide/rustup-home" "-e" "CARGO_TARGET_DIR=/opt/rustwide/target" "-w" "/opt/rustwide/workdir" "--user" "0:0" "d841d0e3a98a1bc4cc62bfcd0ab364dd2aaa7ea62236c3dd181ea659591cff98" "/opt/rustwide/cargo-home/bin/cargo" "+1.99.0-beta.8" "metadata" "--no-deps" "--format-version=1", kill_on_drop: false }`
[INFO] running `Command { std: "docker" "inspect" "d841d0e3a98a1bc4cc62bfcd0ab364dd2aaa7ea62236c3dd181ea659591cff98", kill_on_drop: false }`
[INFO] running `Command { std: "docker" "exec" "-e" "SOURCE_DIR=/opt/rustwide/workdir" "-e" "CARGO_HOME=/opt/rustwide/cargo-home" "-e" "RUSTUP_HOME=/opt/rustwide/rustup-home" "-e" "CARGO_TARGET_DIR=/opt/rustwide/target" "-e" "CARGO_INCREMENTAL=0" "-e" "RUST_BACKTRACE=full" "-e" "RUSTFLAGS=--cap-lints=warn" "-e" "RUSTDOCFLAGS=--cap-lints=warn" "-w" "/opt/rustwide/workdir" "--user" "0:0" "d841d0e3a98a1bc4cc62bfcd0ab364dd2aaa7ea62236c3dd181ea659591cff98" "/opt/rustwide/cargo-home/bin/cargo" "+1.99.0-beta.8" "build" "--frozen" "--message-format=json", kill_on_drop: false }`
[INFO] [stderr]    Compiling futures-channel v0.3.34
[INFO] [stderr]    Compiling crc16 v0.4.0
[INFO] [stderr]    Compiling nom v7.1.3
[INFO] [stderr]    Compiling bytes-utils v0.1.4
[INFO] [stderr]    Compiling futures-macro v0.3.34
[INFO] [stderr]    Compiling tokio v1.53.2
[INFO] [stderr]    Compiling msgpacker-derive v0.3.2
[INFO] [stderr]    Compiling float-cmp v0.9.0
[INFO] [stderr]    Compiling arc-swap v1.9.2
[INFO] [stderr]    Compiling arcstr v1.2.0
[INFO] [stderr]    Compiling sha-1 v0.10.1
[INFO] [stderr]    Compiling lazy_static v1.5.1
[INFO] [stderr]    Compiling semver v1.0.28
[INFO] [stderr]    Compiling gethostname v0.4.3
[INFO] [stderr]    Compiling frand v0.7.3
[INFO] [stderr]    Compiling url v2.5.8
[INFO] [stderr]    Compiling xxai-msgpacker v0.4.4
[INFO] [stdout] error[E0554]: `#![feature]` may not be used on the beta release channel
[INFO] [stdout]  --> /opt/rustwide/cargo-home/registry/src/index.crates.io-1949cf8c6b5b557f/xxai-msgpacker-0.4.4/src/lib.rs:2:1
[INFO] [stdout]   |
[INFO] [stdout] 2 | / #![feature(
[INFO] [stdout] 3 | |     iter_array_chunks,
[INFO] [stdout] 4 | |     maybe_uninit_array_assume_init,
[INFO] [stdout] 5 | |     maybe_uninit_uninit_array
[INFO] [stdout] 6 | | )]
[INFO] [stdout]   | |__^
[INFO] [stdout] 
[INFO] [stdout] 
[INFO] [stderr]    Compiling futures-util v0.3.34
[INFO] [stdout] error[E0635]: unknown feature `maybe_uninit_uninit_array`
[INFO] [stdout]  --> /opt/rustwide/cargo-home/registry/src/index.crates.io-1949cf8c6b5b557f/xxai-msgpacker-0.4.4/src/lib.rs:5:5
[INFO] [stdout]   |
[INFO] [stdout] 5 |     maybe_uninit_uninit_array
[INFO] [stdout]   |     ^^^^^^^^^^^^^^^^^^^^^^^^^
[INFO] [stdout] 
[INFO] [stdout] 
[INFO] [stdout] error[E0599]: no associated function or constant named `uninit_array` found for union `MaybeUninit<T>` in the current scope
[INFO] [stdout]    --> /opt/rustwide/cargo-home/registry/src/index.crates.io-1949cf8c6b5b557f/xxai-msgpacker-0.4.4/src/unpack/common.rs:100:46
[INFO] [stdout]     |
[INFO] [stdout] 100 |                 let mut array = MaybeUninit::uninit_array();
[INFO] [stdout]     |                                              ^^^^^^^^^^^^ associated function or constant not found in `MaybeUninit<_>`
[INFO] [stdout] ...
[INFO] [stdout] 137 | array!(0);
[INFO] [stdout]     | --------- in this macro invocation
[INFO] [stdout]     |
[INFO] [stdout] note: if you're trying to build a new `MaybeUninit<_>` consider using one of the following associated functions:
[INFO] [stdout]       MaybeUninit::<T>::new
[INFO] [stdout]       MaybeUninit::<T>::uninit
[INFO] [stdout]       MaybeUninit::<T>::zeroed
[INFO] [stdout]    --> /rustc/dfb0accb7f508ae8be965d8629557221c889dd98/library/core/src/mem/maybe_uninit.rs:406:4
[INFO] [stdout]     = note: this error originates in the macro `array` (in Nightly builds, run with -Z macro-backtrace for more info)
[INFO] [stdout] 
[INFO] [stdout] 
[INFO] [stdout] error[E0599]: no associated function or constant named `uninit_array` found for union `MaybeUninit<T>` in the current scope
[INFO] [stdout]    --> /opt/rustwide/cargo-home/registry/src/index.crates.io-1949cf8c6b5b557f/xxai-msgpacker-0.4.4/src/unpack/common.rs:120:46
[INFO] [stdout]     |
[INFO] [stdout] 120 |                 let mut array = MaybeUninit::uninit_array();
[INFO] [stdout]     |                                              ^^^^^^^^^^^^ associated function or constant not found in `MaybeUninit<_>`
[INFO] [stdout] ...
[INFO] [stdout] 137 | array!(0);
[INFO] [stdout]     | --------- in this macro invocation
[INFO] [stdout]     |
[INFO] [stdout] note: if you're trying to build a new `MaybeUninit<_>` consider using one of the following associated functions:
[INFO] [stdout]       MaybeUninit::<T>::new
[INFO] [stdout]       MaybeUninit::<T>::uninit
[INFO] [stdout]       MaybeUninit::<T>::zeroed
[INFO] [stdout]    --> /rustc/dfb0accb7f508ae8be965d8629557221c889dd98/library/core/src/mem/maybe_uninit.rs:406:4
[INFO] [stdout]     = note: this error originates in the macro `array` (in Nightly builds, run with -Z macro-backtrace for more info)
[INFO] [stdout] 
[INFO] [stdout] 
[INFO] [stdout] error[E0599]: no associated function or constant named `uninit_array` found for union `MaybeUninit<T>` in the current scope
[INFO] [stdout]    --> /opt/rustwide/cargo-home/registry/src/index.crates.io-1949cf8c6b5b557f/xxai-msgpacker-0.4.4/src/unpack/common.rs:100:46
[INFO] [stdout]     |
[INFO] [stdout] 100 |                 let mut array = MaybeUninit::uninit_array();
[INFO] [stdout]     |                                              ^^^^^^^^^^^^ associated function or constant not found in `MaybeUninit<_>`
[INFO] [stdout] ...
[INFO] [stdout] 138 | array!(1);
[INFO] [stdout]     | --------- in this macro invocation
[INFO] [stdout]     |
[INFO] [stdout] note: if you're trying to build a new `MaybeUninit<_>` consider using one of the following associated functions:
[INFO] [stdout]       MaybeUninit::<T>::new
[INFO] [stdout]       MaybeUninit::<T>::uninit
[INFO] [stdout]       MaybeUninit::<T>::zeroed
[INFO] [stdout]    --> /rustc/dfb0accb7f508ae8be965d8629557221c889dd98/library/core/src/mem/maybe_uninit.rs:406:4
[INFO] [stdout]     = note: this error originates in the macro `array` (in Nightly builds, run with -Z macro-backtrace for more info)
[INFO] [stdout] 
[INFO] [stdout] 
[INFO] [stdout] error[E0599]: no associated function or constant named `uninit_array` found for union `MaybeUninit<T>` in the current scope
[INFO] [stdout]    --> /opt/rustwide/cargo-home/registry/src/index.crates.io-1949cf8c6b5b557f/xxai-msgpacker-0.4.4/src/unpack/common.rs:120:46
[INFO] [stdout]     |
[INFO] [stdout] 120 |                 let mut array = MaybeUninit::uninit_array();
[INFO] [stdout]     |                                              ^^^^^^^^^^^^ associated function or constant not found in `MaybeUninit<_>`
[INFO] [stdout] ...
[INFO] [stdout] 138 | array!(1);
[INFO] [stdout]     | --------- in this macro invocation
[INFO] [stdout]     |
[INFO] [stdout] note: if you're trying to build a new `MaybeUninit<_>` consider using one of the following associated functions:
[INFO] [stdout]       MaybeUninit::<T>::new
[INFO] [stdout]       MaybeUninit::<T>::uninit
[INFO] [stdout]       MaybeUninit::<T>::zeroed
[INFO] [stdout]    --> /rustc/dfb0accb7f508ae8be965d8629557221c889dd98/library/core/src/mem/maybe_uninit.rs:406:4
[INFO] [stdout]     = note: this error originates in the macro `array` (in Nightly builds, run with -Z macro-backtrace for more info)
[INFO] [stdout] 
[INFO] [stdout] 
[INFO] [stdout] error[E0599]: no associated function or constant named `uninit_array` found for union `MaybeUninit<T>` in the current scope
[INFO] [stdout]    --> /opt/rustwide/cargo-home/registry/src/index.crates.io-1949cf8c6b5b557f/xxai-msgpacker-0.4.4/src/unpack/common.rs:100:46
[INFO] [stdout]     |
[INFO] [stdout] 100 |                 let mut array = MaybeUninit::uninit_array();
[INFO] [stdout]     |                                              ^^^^^^^^^^^^ associated function or constant not found in `MaybeUninit<_>`
[INFO] [stdout] ...
[INFO] [stdout] 139 | array!(2);
[INFO] [stdout]     | --------- in this macro invocation
[INFO] [stdout]     |
[INFO] [stdout] note: if you're trying to build a new `MaybeUninit<_>` consider using one of the following associated functions:
[INFO] [stdout]       MaybeUninit::<T>::new
[INFO] [stdout]       MaybeUninit::<T>::uninit
[INFO] [stdout]       MaybeUninit::<T>::zeroed
[INFO] [stdout]    --> /rustc/dfb0accb7f508ae8be965d8629557221c889dd98/library/core/src/mem/maybe_uninit.rs:406:4
[INFO] [stdout]     = note: this error originates in the macro `array` (in Nightly builds, run with -Z macro-backtrace for more info)
[INFO] [stdout] 
[INFO] [stdout] 
[INFO] [stdout] error[E0599]: no associated function or constant named `uninit_array` found for union `MaybeUninit<T>` in the current scope
[INFO] [stdout]    --> /opt/rustwide/cargo-home/registry/src/index.crates.io-1949cf8c6b5b557f/xxai-msgpacker-0.4.4/src/unpack/common.rs:120:46
[INFO] [stdout]     |
[INFO] [stdout] 120 |                 let mut array = MaybeUninit::uninit_array();
[INFO] [stdout]     |                                              ^^^^^^^^^^^^ associated function or constant not found in `MaybeUninit<_>`
[INFO] [stdout] ...
[INFO] [stdout] 139 | array!(2);
[INFO] [stdout]     | --------- in this macro invocation
[INFO] [stdout]     |
[INFO] [stdout] note: if you're trying to build a new `MaybeUninit<_>` consider using one of the following associated functions:
[INFO] [stdout]       MaybeUninit::<T>::new
[INFO] [stdout]       MaybeUninit::<T>::uninit
[INFO] [stdout]       MaybeUninit::<T>::zeroed
[INFO] [stdout]    --> /rustc/dfb0accb7f508ae8be965d8629557221c889dd98/library/core/src/mem/maybe_uninit.rs:406:4
[INFO] [stdout]     = note: this error originates in the macro `array` (in Nightly builds, run with -Z macro-backtrace for more info)
[INFO] [stdout] 
[INFO] [stdout] 
[INFO] [stdout] error[E0599]: no associated function or constant named `uninit_array` found for union `MaybeUninit<T>` in the current scope
[INFO] [stdout]    --> /opt/rustwide/cargo-home/registry/src/index.crates.io-1949cf8c6b5b557f/xxai-msgpacker-0.4.4/src/unpack/common.rs:100:46
[INFO] [stdout]     |
[INFO] [stdout] 100 |                 let mut array = MaybeUninit::uninit_array();
[INFO] [stdout]     |                                              ^^^^^^^^^^^^ associated function or constant not found in `MaybeUninit<_>`
[INFO] [stdout] ...
[INFO] [stdout] 140 | array!(3);
[INFO] [stdout]     | --------- in this macro invocation
[INFO] [stdout]     |
[INFO] [stdout] note: if you're trying to build a new `MaybeUninit<_>` consider using one of the following associated functions:
[INFO] [stdout]       MaybeUninit::<T>::new
[INFO] [stdout]       MaybeUninit::<T>::uninit
[INFO] [stdout]       MaybeUninit::<T>::zeroed
[INFO] [stdout]    --> /rustc/dfb0accb7f508ae8be965d8629557221c889dd98/library/core/src/mem/maybe_uninit.rs:406:4
[INFO] [stdout]     = note: this error originates in the macro `array` (in Nightly builds, run with -Z macro-backtrace for more info)
[INFO] [stdout] 
[INFO] [stdout] 
[INFO] [stdout] error[E0599]: no associated function or constant named `uninit_array` found for union `MaybeUninit<T>` in the current scope
[INFO] [stdout]    --> /opt/rustwide/cargo-home/registry/src/index.crates.io-1949cf8c6b5b557f/xxai-msgpacker-0.4.4/src/unpack/common.rs:120:46
[INFO] [stdout]     |
[INFO] [stdout] 120 |                 let mut array = MaybeUninit::uninit_array();
[INFO] [stdout]     |                                              ^^^^^^^^^^^^ associated function or constant not found in `MaybeUninit<_>`
[INFO] [stdout] ...
[INFO] [stdout] 140 | array!(3);
[INFO] [stdout]     | --------- in this macro invocation
[INFO] [stdout]     |
[INFO] [stdout] note: if you're trying to build a new `MaybeUninit<_>` consider using one of the following associated functions:
[INFO] [stdout]       MaybeUninit::<T>::new
[INFO] [stdout]       MaybeUninit::<T>::uninit
[INFO] [stdout]       MaybeUninit::<T>::zeroed
[INFO] [stdout]    --> /rustc/dfb0accb7f508ae8be965d8629557221c889dd98/library/core/src/mem/maybe_uninit.rs:406:4
[INFO] [stdout]     = note: this error originates in the macro `array` (in Nightly builds, run with -Z macro-backtrace for more info)
[INFO] [stdout] 
[INFO] [stdout] 
[INFO] [stdout] error[E0599]: no associated function or constant named `uninit_array` found for union `MaybeUninit<T>` in the current scope
[INFO] [stdout]    --> /opt/rustwide/cargo-home/registry/src/index.crates.io-1949cf8c6b5b557f/xxai-msgpacker-0.4.4/src/unpack/common.rs:100:46
[INFO] [stdout]     |
[INFO] [stdout] 100 |                 let mut array = MaybeUninit::uninit_array();
[INFO] [stdout]     |                                              ^^^^^^^^^^^^ associated function or constant not found in `MaybeUninit<_>`
[INFO] [stdout] ...
[INFO] [stdout] 141 | array!(4);
[INFO] [stdout]     | --------- in this macro invocation
[INFO] [stdout]     |
[INFO] [stdout] note: if you're trying to build a new `MaybeUninit<_>` consider using one of the following associated functions:
[INFO] [stdout]       MaybeUninit::<T>::new
[INFO] [stdout]       MaybeUninit::<T>::uninit
[INFO] [stdout]       MaybeUninit::<T>::zeroed
[INFO] [stdout]    --> /rustc/dfb0accb7f508ae8be965d8629557221c889dd98/library/core/src/mem/maybe_uninit.rs:406:4
[INFO] [stdout]     = note: this error originates in the macro `array` (in Nightly builds, run with -Z macro-backtrace for more info)
[INFO] [stdout] 
[INFO] [stdout] 
[INFO] [stdout] error[E0599]: no associated function or constant named `uninit_array` found for union `MaybeUninit<T>` in the current scope
[INFO] [stdout]    --> /opt/rustwide/cargo-home/registry/src/index.crates.io-1949cf8c6b5b557f/xxai-msgpacker-0.4.4/src/unpack/common.rs:120:46
[INFO] [stdout]     |
[INFO] [stdout] 120 |                 let mut array = MaybeUninit::uninit_array();
[INFO] [stdout]     |                                              ^^^^^^^^^^^^ associated function or constant not found in `MaybeUninit<_>`
[INFO] [stdout] ...
[INFO] [stdout] 141 | array!(4);
[INFO] [stdout]     | --------- in this macro invocation
[INFO] [stdout]     |
[INFO] [stdout] note: if you're trying to build a new `MaybeUninit<_>` consider using one of the following associated functions:
[INFO] [stdout]       MaybeUninit::<T>::new
[INFO] [stdout]       MaybeUninit::<T>::uninit
[INFO] [stdout]       MaybeUninit::<T>::zeroed
[INFO] [stdout]    --> /rustc/dfb0accb7f508ae8be965d8629557221c889dd98/library/core/src/mem/maybe_uninit.rs:406:4
[INFO] [stdout]     = note: this error originates in the macro `array` (in Nightly builds, run with -Z macro-backtrace for more info)
[INFO] [stdout] 
[INFO] [stdout] 
[INFO] [stdout] error[E0599]: no associated function or constant named `uninit_array` found for union `MaybeUninit<T>` in the current scope
[INFO] [stdout]    --> /opt/rustwide/cargo-home/registry/src/index.crates.io-1949cf8c6b5b557f/xxai-msgpacker-0.4.4/src/unpack/common.rs:100:46
[INFO] [stdout]     |
[INFO] [stdout] 100 |                 let mut array = MaybeUninit::uninit_array();
[INFO] [stdout]     |                                              ^^^^^^^^^^^^ associated function or constant not found in `MaybeUninit<_>`
[INFO] [stdout] ...
[INFO] [stdout] 142 | array!(5);
[INFO] [stdout]     | --------- in this macro invocation
[INFO] [stdout]     |
[INFO] [stdout] note: if you're trying to build a new `MaybeUninit<_>` consider using one of the following associated functions:
[INFO] [stdout]       MaybeUninit::<T>::new
[INFO] [stdout]       MaybeUninit::<T>::uninit
[INFO] [stdout]       MaybeUninit::<T>::zeroed
[INFO] [stdout]    --> /rustc/dfb0accb7f508ae8be965d8629557221c889dd98/library/core/src/mem/maybe_uninit.rs:406:4
[INFO] [stdout]     = note: this error originates in the macro `array` (in Nightly builds, run with -Z macro-backtrace for more info)
[INFO] [stdout] 
[INFO] [stdout] 
[INFO] [stdout] error[E0599]: no associated function or constant named `uninit_array` found for union `MaybeUninit<T>` in the current scope
[INFO] [stdout]    --> /opt/rustwide/cargo-home/registry/src/index.crates.io-1949cf8c6b5b557f/xxai-msgpacker-0.4.4/src/unpack/common.rs:120:46
[INFO] [stdout]     |
[INFO] [stdout] 120 |                 let mut array = MaybeUninit::uninit_array();
[INFO] [stdout]     |                                              ^^^^^^^^^^^^ associated function or constant not found in `MaybeUninit<_>`
[INFO] [stdout] ...
[INFO] [stdout] 142 | array!(5);
[INFO] [stdout]     | --------- in this macro invocation
[INFO] [stdout]     |
[INFO] [stdout] note: if you're trying to build a new `MaybeUninit<_>` consider using one of the following associated functions:
[INFO] [stdout]       MaybeUninit::<T>::new
[INFO] [stdout]       MaybeUninit::<T>::uninit
[INFO] [stdout]       MaybeUninit::<T>::zeroed
[INFO] [stdout]    --> /rustc/dfb0accb7f508ae8be965d8629557221c889dd98/library/core/src/mem/maybe_uninit.rs:406:4
[INFO] [stdout]     = note: this error originates in the macro `array` (in Nightly builds, run with -Z macro-backtrace for more info)
[INFO] [stdout] 
[INFO] [stdout] 
[INFO] [stdout] error[E0599]: no associated function or constant named `uninit_array` found for union `MaybeUninit<T>` in the current scope
[INFO] [stdout]    --> /opt/rustwide/cargo-home/registry/src/index.crates.io-1949cf8c6b5b557f/xxai-msgpacker-0.4.4/src/unpack/common.rs:100:46
[INFO] [stdout]     |
[INFO] [stdout] 100 |                 let mut array = MaybeUninit::uninit_array();
[INFO] [stdout]     |                                              ^^^^^^^^^^^^ associated function or constant not found in `MaybeUninit<_>`
[INFO] [stdout] ...
[INFO] [stdout] 143 | array!(6);
[INFO] [stdout]     | --------- in this macro invocation
[INFO] [stdout]     |
[INFO] [stdout] note: if you're trying to build a new `MaybeUninit<_>` consider using one of the following associated functions:
[INFO] [stdout]       MaybeUninit::<T>::new
[INFO] [stdout]       MaybeUninit::<T>::uninit
[INFO] [stdout]       MaybeUninit::<T>::zeroed
[INFO] [stdout]    --> /rustc/dfb0accb7f508ae8be965d8629557221c889dd98/library/core/src/mem/maybe_uninit.rs:406:4
[INFO] [stdout]     = note: this error originates in the macro `array` (in Nightly builds, run with -Z macro-backtrace for more info)
[INFO] [stdout] 
[INFO] [stdout] 
[INFO] [stdout] error[E0599]: no associated function or constant named `uninit_array` found for union `MaybeUninit<T>` in the current scope
[INFO] [stdout]    --> /opt/rustwide/cargo-home/registry/src/index.crates.io-1949cf8c6b5b557f/xxai-msgpacker-0.4.4/src/unpack/common.rs:120:46
[INFO] [stdout]     |
[INFO] [stdout] 120 |                 let mut array = MaybeUninit::uninit_array();
[INFO] [stdout]     |                                              ^^^^^^^^^^^^ associated function or constant not found in `MaybeUninit<_>`
[INFO] [stdout] ...
[INFO] [stdout] 143 | array!(6);
[INFO] [stdout]     | --------- in this macro invocation
[INFO] [stdout]     |
[INFO] [stdout] note: if you're trying to build a new `MaybeUninit<_>` consider using one of the following associated functions:
[INFO] [stdout]       MaybeUninit::<T>::new
[INFO] [stdout]       MaybeUninit::<T>::uninit
[INFO] [stdout]       MaybeUninit::<T>::zeroed
[INFO] [stdout]    --> /rustc/dfb0accb7f508ae8be965d8629557221c889dd98/library/core/src/mem/maybe_uninit.rs:406:4
[INFO] [stdout]     = note: this error originates in the macro `array` (in Nightly builds, run with -Z macro-backtrace for more info)
[INFO] [stdout] 
[INFO] [stdout] 
[INFO] [stdout] error[E0599]: no associated function or constant named `uninit_array` found for union `MaybeUninit<T>` in the current scope
[INFO] [stdout]    --> /opt/rustwide/cargo-home/registry/src/index.crates.io-1949cf8c6b5b557f/xxai-msgpacker-0.4.4/src/unpack/common.rs:100:46
[INFO] [stdout]     |
[INFO] [stdout] 100 |                 let mut array = MaybeUninit::uninit_array();
[INFO] [stdout]     |                                              ^^^^^^^^^^^^ associated function or constant not found in `MaybeUninit<_>`
[INFO] [stdout] ...
[INFO] [stdout] 144 | array!(7);
[INFO] [stdout]     | --------- in this macro invocation
[INFO] [stdout]     |
[INFO] [stdout] note: if you're trying to build a new `MaybeUninit<_>` consider using one of the following associated functions:
[INFO] [stdout]       MaybeUninit::<T>::new
[INFO] [stdout]       MaybeUninit::<T>::uninit
[INFO] [stdout]       MaybeUninit::<T>::zeroed
[INFO] [stdout]    --> /rustc/dfb0accb7f508ae8be965d8629557221c889dd98/library/core/src/mem/maybe_uninit.rs:406:4
[INFO] [stdout]     = note: this error originates in the macro `array` (in Nightly builds, run with -Z macro-backtrace for more info)
[INFO] [stdout] 
[INFO] [stdout] 
[INFO] [stdout] error[E0599]: no associated function or constant named `uninit_array` found for union `MaybeUninit<T>` in the current scope
[INFO] [stdout]    --> /opt/rustwide/cargo-home/registry/src/index.crates.io-1949cf8c6b5b557f/xxai-msgpacker-0.4.4/src/unpack/common.rs:120:46
[INFO] [stdout]     |
[INFO] [stdout] 120 |                 let mut array = MaybeUninit::uninit_array();
[INFO] [stdout]     |                                              ^^^^^^^^^^^^ associated function or constant not found in `MaybeUninit<_>`
[INFO] [stdout] ...
[INFO] [stdout] 144 | array!(7);
[INFO] [stdout]     | --------- in this macro invocation
[INFO] [stdout]     |
[INFO] [stdout] note: if you're trying to build a new `MaybeUninit<_>` consider using one of the following associated functions:
[INFO] [stdout]       MaybeUninit::<T>::new
[INFO] [stdout]       MaybeUninit::<T>::uninit
[INFO] [stdout]       MaybeUninit::<T>::zeroed
[INFO] [stdout]    --> /rustc/dfb0accb7f508ae8be965d8629557221c889dd98/library/core/src/mem/maybe_uninit.rs:406:4
[INFO] [stdout]     = note: this error originates in the macro `array` (in Nightly builds, run with -Z macro-backtrace for more info)
[INFO] [stdout] 
[INFO] [stdout] 
[INFO] [stdout] error[E0599]: no associated function or constant named `uninit_array` found for union `MaybeUninit<T>` in the current scope
[INFO] [stdout]    --> /opt/rustwide/cargo-home/registry/src/index.crates.io-1949cf8c6b5b557f/xxai-msgpacker-0.4.4/src/unpack/common.rs:100:46
[INFO] [stdout]     |
[INFO] [stdout] 100 |                 let mut array = MaybeUninit::uninit_array();
[INFO] [stdout]     |                                              ^^^^^^^^^^^^ associated function or constant not found in `MaybeUninit<_>`
[INFO] [stdout] ...
[INFO] [stdout] 145 | array!(8);
[INFO] [stdout]     | --------- in this macro invocation
[INFO] [stdout]     |
[INFO] [stdout] note: if you're trying to build a new `MaybeUninit<_>` consider using one of the following associated functions:
[INFO] [stdout]       MaybeUninit::<T>::new
[INFO] [stdout]       MaybeUninit::<T>::uninit
[INFO] [stdout]       MaybeUninit::<T>::zeroed
[INFO] [stdout]    --> /rustc/dfb0accb7f508ae8be965d8629557221c889dd98/library/core/src/mem/maybe_uninit.rs:406:4
[INFO] [stdout]     = note: this error originates in the macro `array` (in Nightly builds, run with -Z macro-backtrace for more info)
[INFO] [stdout] 
[INFO] [stdout] 
[INFO] [stdout] error[E0599]: no associated function or constant named `uninit_array` found for union `MaybeUninit<T>` in the current scope
[INFO] [stdout]    --> /opt/rustwide/cargo-home/registry/src/index.crates.io-1949cf8c6b5b557f/xxai-msgpacker-0.4.4/src/unpack/common.rs:120:46
[INFO] [stdout]     |
[INFO] [stdout] 120 |                 let mut array = MaybeUninit::uninit_array();
[INFO] [stdout]     |                                              ^^^^^^^^^^^^ associated function or constant not found in `MaybeUninit<_>`
[INFO] [stdout] ...
[INFO] [stdout] 145 | array!(8);
[INFO] [stdout]     | --------- in this macro invocation
[INFO] [stdout]     |
[INFO] [stdout] note: if you're trying to build a new `MaybeUninit<_>` consider using one of the following associated functions:
[INFO] [stdout]       MaybeUninit::<T>::new
[INFO] [stdout]       MaybeUninit::<T>::uninit
[INFO] [stdout]       MaybeUninit::<T>::zeroed
[INFO] [stdout]    --> /rustc/dfb0accb7f508ae8be965d8629557221c889dd98/library/core/src/mem/maybe_uninit.rs:406:4
[INFO] [stdout]     = note: this error originates in the macro `array` (in Nightly builds, run with -Z macro-backtrace for more info)
[INFO] [stdout] 
[INFO] [stdout] 
[INFO] [stdout] error[E0599]: no associated function or constant named `uninit_array` found for union `MaybeUninit<T>` in the current scope
[INFO] [stdout]    --> /opt/rustwide/cargo-home/registry/src/index.crates.io-1949cf8c6b5b557f/xxai-msgpacker-0.4.4/src/unpack/common.rs:100:46
[INFO] [stdout]     |
[INFO] [stdout] 100 |                 let mut array = MaybeUninit::uninit_array();
[INFO] [stdout]     |                                              ^^^^^^^^^^^^ associated function or constant not found in `MaybeUninit<_>`
[INFO] [stdout] ...
[INFO] [stdout] 146 | array!(9);
[INFO] [stdout]     | --------- in this macro invocation
[INFO] [stdout]     |
[INFO] [stdout] note: if you're trying to build a new `MaybeUninit<_>` consider using one of the following associated functions:
[INFO] [stdout]       MaybeUninit::<T>::new
[INFO] [stdout]       MaybeUninit::<T>::uninit
[INFO] [stdout]       MaybeUninit::<T>::zeroed
[INFO] [stdout]    --> /rustc/dfb0accb7f508ae8be965d8629557221c889dd98/library/core/src/mem/maybe_uninit.rs:406:4
[INFO] [stdout]     = note: this error originates in the macro `array` (in Nightly builds, run with -Z macro-backtrace for more info)
[INFO] [stdout] 
[INFO] [stdout] 
[INFO] [stdout] error[E0599]: no associated function or constant named `uninit_array` found for union `MaybeUninit<T>` in the current scope
[INFO] [stdout]    --> /opt/rustwide/cargo-home/registry/src/index.crates.io-1949cf8c6b5b557f/xxai-msgpacker-0.4.4/src/unpack/common.rs:120:46
[INFO] [stdout]     |
[INFO] [stdout] 120 |                 let mut array = MaybeUninit::uninit_array();
[INFO] [stdout]     |                                              ^^^^^^^^^^^^ associated function or constant not found in `MaybeUninit<_>`
[INFO] [stdout] ...
[INFO] [stdout] 146 | array!(9);
[INFO] [stdout]     | --------- in this macro invocation
[INFO] [stdout]     |
[INFO] [stdout] note: if you're trying to build a new `MaybeUninit<_>` consider using one of the following associated functions:
[INFO] [stdout]       MaybeUninit::<T>::new
[INFO] [stdout]       MaybeUninit::<T>::uninit
[INFO] [stdout]       MaybeUninit::<T>::zeroed
[INFO] [stdout]    --> /rustc/dfb0accb7f508ae8be965d8629557221c889dd98/library/core/src/mem/maybe_uninit.rs:406:4
[INFO] [stdout]     = note: this error originates in the macro `array` (in Nightly builds, run with -Z macro-backtrace for more info)
[INFO] [stdout] 
[INFO] [stdout] 
[INFO] [stdout] error[E0599]: no associated function or constant named `uninit_array` found for union `MaybeUninit<T>` in the current scope
[INFO] [stdout]    --> /opt/rustwide/cargo-home/registry/src/index.crates.io-1949cf8c6b5b557f/xxai-msgpacker-0.4.4/src/unpack/common.rs:100:46
[INFO] [stdout]     |
[INFO] [stdout] 100 |                 let mut array = MaybeUninit::uninit_array();
[INFO] [stdout]     |                                              ^^^^^^^^^^^^ associated function or constant not found in `MaybeUninit<_>`
[INFO] [stdout] ...
[INFO] [stdout] 147 | array!(10);
[INFO] [stdout]     | ---------- in this macro invocation
[INFO] [stdout]     |
[INFO] [stdout] note: if you're trying to build a new `MaybeUninit<_>` consider using one of the following associated functions:
[INFO] [stdout]       MaybeUninit::<T>::new
[INFO] [stdout]       MaybeUninit::<T>::uninit
[INFO] [stdout]       MaybeUninit::<T>::zeroed
[INFO] [stdout]    --> /rustc/dfb0accb7f508ae8be965d8629557221c889dd98/library/core/src/mem/maybe_uninit.rs:406:4
[INFO] [stdout]     = note: this error originates in the macro `array` (in Nightly builds, run with -Z macro-backtrace for more info)
[INFO] [stdout] 
[INFO] [stdout] 
[INFO] [stdout] error[E0599]: no associated function or constant named `uninit_array` found for union `MaybeUninit<T>` in the current scope
[INFO] [stdout]    --> /opt/rustwide/cargo-home/registry/src/index.crates.io-1949cf8c6b5b557f/xxai-msgpacker-0.4.4/src/unpack/common.rs:120:46
[INFO] [stdout]     |
[INFO] [stdout] 120 |                 let mut array = MaybeUninit::uninit_array();
[INFO] [stdout]     |                                              ^^^^^^^^^^^^ associated function or constant not found in `MaybeUninit<_>`
[INFO] [stdout] ...
[INFO] [stdout] 147 | array!(10);
[INFO] [stdout]     | ---------- in this macro invocation
[INFO] [stdout]     |
[INFO] [stdout] note: if you're trying to build a new `MaybeUninit<_>` consider using one of the following associated functions:
[INFO] [stdout]       MaybeUninit::<T>::new
[INFO] [stdout]       MaybeUninit::<T>::uninit
[INFO] [stdout]       MaybeUninit::<T>::zeroed
[INFO] [stdout]    --> /rustc/dfb0accb7f508ae8be965d8629557221c889dd98/library/core/src/mem/maybe_uninit.rs:406:4
[INFO] [stdout]     = note: this error originates in the macro `array` (in Nightly builds, run with -Z macro-backtrace for more info)
[INFO] [stdout] 
[INFO] [stdout] 
[INFO] [stdout] error[E0599]: no associated function or constant named `uninit_array` found for union `MaybeUninit<T>` in the current scope
[INFO] [stdout]    --> /opt/rustwide/cargo-home/registry/src/index.crates.io-1949cf8c6b5b557f/xxai-msgpacker-0.4.4/src/unpack/common.rs:100:46
[INFO] [stdout]     |
[INFO] [stdout] 100 |                 let mut array = MaybeUninit::uninit_array();
[INFO] [stdout]     |                                              ^^^^^^^^^^^^ associated function or constant not found in `MaybeUninit<_>`
[INFO] [stdout] ...
[INFO] [stdout] 148 | array!(11);
[INFO] [stdout]     | ---------- in this macro invocation
[INFO] [stdout]     |
[INFO] [stdout] note: if you're trying to build a new `MaybeUninit<_>` consider using one of the following associated functions:
[INFO] [stdout]       MaybeUninit::<T>::new
[INFO] [stdout]       MaybeUninit::<T>::uninit
[INFO] [stdout]       MaybeUninit::<T>::zeroed
[INFO] [stdout]    --> /rustc/dfb0accb7f508ae8be965d8629557221c889dd98/library/core/src/mem/maybe_uninit.rs:406:4
[INFO] [stdout]     = note: this error originates in the macro `array` (in Nightly builds, run with -Z macro-backtrace for more info)
[INFO] [stdout] 
[INFO] [stdout] 
[INFO] [stdout] error[E0599]: no associated function or constant named `uninit_array` found for union `MaybeUninit<T>` in the current scope
[INFO] [stdout]    --> /opt/rustwide/cargo-home/registry/src/index.crates.io-1949cf8c6b5b557f/xxai-msgpacker-0.4.4/src/unpack/common.rs:120:46
[INFO] [stdout]     |
[INFO] [stdout] 120 |                 let mut array = MaybeUninit::uninit_array();
[INFO] [stdout]     |                                              ^^^^^^^^^^^^ associated function or constant not found in `MaybeUninit<_>`
[INFO] [stdout] ...
[INFO] [stdout] 148 | array!(11);
[INFO] [stdout]     | ---------- in this macro invocation
[INFO] [stdout]     |
[INFO] [stdout] note: if you're trying to build a new `MaybeUninit<_>` consider using one of the following associated functions:
[INFO] [stdout]       MaybeUninit::<T>::new
[INFO] [stdout]       MaybeUninit::<T>::uninit
[INFO] [stdout]       MaybeUninit::<T>::zeroed
[INFO] [stdout]    --> /rustc/dfb0accb7f508ae8be965d8629557221c889dd98/library/core/src/mem/maybe_uninit.rs:406:4
[INFO] [stdout]     = note: this error originates in the macro `array` (in Nightly builds, run with -Z macro-backtrace for more info)
[INFO] [stdout] 
[INFO] [stdout] 
[INFO] [stdout] error[E0599]: no associated function or constant named `uninit_array` found for union `MaybeUninit<T>` in the current scope
[INFO] [stdout]    --> /opt/rustwide/cargo-home/registry/src/index.crates.io-1949cf8c6b5b557f/xxai-msgpacker-0.4.4/src/unpack/common.rs:100:46
[INFO] [stdout]     |
[INFO] [stdout] 100 |                 let mut array = MaybeUninit::uninit_array();
[INFO] [stdout]     |                                              ^^^^^^^^^^^^ associated function or constant not found in `MaybeUninit<_>`
[INFO] [stdout] ...
[INFO] [stdout] 149 | array!(12);
[INFO] [stdout]     | ---------- in this macro invocation
[INFO] [stdout]     |
[INFO] [stdout] note: if you're trying to build a new `MaybeUninit<_>` consider using one of the following associated functions:
[INFO] [stdout]       MaybeUninit::<T>::new
[INFO] [stdout]       MaybeUninit::<T>::uninit
[INFO] [stdout]       MaybeUninit::<T>::zeroed
[INFO] [stdout]    --> /rustc/dfb0accb7f508ae8be965d8629557221c889dd98/library/core/src/mem/maybe_uninit.rs:406:4
[INFO] [stdout]     = note: this error originates in the macro `array` (in Nightly builds, run with -Z macro-backtrace for more info)
[INFO] [stdout] 
[INFO] [stdout] 
[INFO] [stdout] error[E0599]: no associated function or constant named `uninit_array` found for union `MaybeUninit<T>` in the current scope
[INFO] [stdout]    --> /opt/rustwide/cargo-home/registry/src/index.crates.io-1949cf8c6b5b557f/xxai-msgpacker-0.4.4/src/unpack/common.rs:120:46
[INFO] [stdout]     |
[INFO] [stdout] 120 |                 let mut array = MaybeUninit::uninit_array();
[INFO] [stdout]     |                                              ^^^^^^^^^^^^ associated function or constant not found in `MaybeUninit<_>`
[INFO] [stdout] ...
[INFO] [stdout] 149 | array!(12);
[INFO] [stdout]     | ---------- in this macro invocation
[INFO] [stdout]     |
[INFO] [stdout] note: if you're trying to build a new `MaybeUninit<_>` consider using one of the following associated functions:
[INFO] [stdout]       MaybeUninit::<T>::new
[INFO] [stdout]       MaybeUninit::<T>::uninit
[INFO] [stdout]       MaybeUninit::<T>::zeroed
[INFO] [stdout]    --> /rustc/dfb0accb7f508ae8be965d8629557221c889dd98/library/core/src/mem/maybe_uninit.rs:406:4
[INFO] [stdout]     = note: this error originates in the macro `array` (in Nightly builds, run with -Z macro-backtrace for more info)
[INFO] [stdout] 
[INFO] [stdout] 
[INFO] [stdout] error[E0599]: no associated function or constant named `uninit_array` found for union `MaybeUninit<T>` in the current scope
[INFO] [stdout]    --> /opt/rustwide/cargo-home/registry/src/index.crates.io-1949cf8c6b5b557f/xxai-msgpacker-0.4.4/src/unpack/common.rs:100:46
[INFO] [stdout]     |
[INFO] [stdout] 100 |                 let mut array = MaybeUninit::uninit_array();
[INFO] [stdout]     |                                              ^^^^^^^^^^^^ associated function or constant not found in `MaybeUninit<_>`
[INFO] [stdout] ...
[INFO] [stdout] 150 | array!(13);
[INFO] [stdout]     | ---------- in this macro invocation
[INFO] [stdout]     |
[INFO] [stdout] note: if you're trying to build a new `MaybeUninit<_>` consider using one of the following associated functions:
[INFO] [stdout]       MaybeUninit::<T>::new
[INFO] [stdout]       MaybeUninit::<T>::uninit
[INFO] [stdout]       MaybeUninit::<T>::zeroed
[INFO] [stdout]    --> /rustc/dfb0accb7f508ae8be965d8629557221c889dd98/library/core/src/mem/maybe_uninit.rs:406:4
[INFO] [stdout]     = note: this error originates in the macro `array` (in Nightly builds, run with -Z macro-backtrace for more info)
[INFO] [stdout] 
[INFO] [stdout] 
[INFO] [stdout] error[E0599]: no associated function or constant named `uninit_array` found for union `MaybeUninit<T>` in the current scope
[INFO] [stdout]    --> /opt/rustwide/cargo-home/registry/src/index.crates.io-1949cf8c6b5b557f/xxai-msgpacker-0.4.4/src/unpack/common.rs:120:46
[INFO] [stdout]     |
[INFO] [stdout] 120 |                 let mut array = MaybeUninit::uninit_array();
[INFO] [stdout]     |                                              ^^^^^^^^^^^^ associated function or constant not found in `MaybeUninit<_>`
[INFO] [stdout] ...
[INFO] [stdout] 150 | array!(13);
[INFO] [stdout]     | ---------- in this macro invocation
[INFO] [stdout]     |
[INFO] [stdout] note: if you're trying to build a new `MaybeUninit<_>` consider using one of the following associated functions:
[INFO] [stdout]       MaybeUninit::<T>::new
[INFO] [stdout]       MaybeUninit::<T>::uninit
[INFO] [stdout]       MaybeUninit::<T>::zeroed
[INFO] [stdout]    --> /rustc/dfb0accb7f508ae8be965d8629557221c889dd98/library/core/src/mem/maybe_uninit.rs:406:4
[INFO] [stdout]     = note: this error originates in the macro `array` (in Nightly builds, run with -Z macro-backtrace for more info)
[INFO] [stdout] 
[INFO] [stdout] 
[INFO] [stdout] error[E0599]: no associated function or constant named `uninit_array` found for union `MaybeUninit<T>` in the current scope
[INFO] [stdout]    --> /opt/rustwide/cargo-home/registry/src/index.crates.io-1949cf8c6b5b557f/xxai-msgpacker-0.4.4/src/unpack/common.rs:100:46
[INFO] [stdout]     |
[INFO] [stdout] 100 |                 let mut array = MaybeUninit::uninit_array();
[INFO] [stdout]     |                                              ^^^^^^^^^^^^ associated function or constant not found in `MaybeUninit<_>`
[INFO] [stdout] ...
[INFO] [stdout] 151 | array!(14);
[INFO] [stdout]     | ---------- in this macro invocation
[INFO] [stdout]     |
[INFO] [stdout] note: if you're trying to build a new `MaybeUninit<_>` consider using one of the following associated functions:
[INFO] [stdout]       MaybeUninit::<T>::new
[INFO] [stdout]       MaybeUninit::<T>::uninit
[INFO] [stdout]       MaybeUninit::<T>::zeroed
[INFO] [stdout]    --> /rustc/dfb0accb7f508ae8be965d8629557221c889dd98/library/core/src/mem/maybe_uninit.rs:406:4
[INFO] [stdout]     = note: this error originates in the macro `array` (in Nightly builds, run with -Z macro-backtrace for more info)
[INFO] [stdout] 
[INFO] [stdout] 
[INFO] [stdout] error[E0599]: no associated function or constant named `uninit_array` found for union `MaybeUninit<T>` in the current scope
[INFO] [stdout]    --> /opt/rustwide/cargo-home/registry/src/index.crates.io-1949cf8c6b5b557f/xxai-msgpacker-0.4.4/src/unpack/common.rs:120:46
[INFO] [stdout]     |
[INFO] [stdout] 120 |                 let mut array = MaybeUninit::uninit_array();
[INFO] [stdout]     |                                              ^^^^^^^^^^^^ associated function or constant not found in `MaybeUninit<_>`
[INFO] [stdout] ...
[INFO] [stdout] 151 | array!(14);
[INFO] [stdout]     | ---------- in this macro invocation
[INFO] [stdout]     |
[INFO] [stdout] note: if you're trying to build a new `MaybeUninit<_>` consider using one of the following associated functions:
[INFO] [stdout]       MaybeUninit::<T>::new
[INFO] [stdout]       MaybeUninit::<T>::uninit
[INFO] [stdout]       MaybeUninit::<T>::zeroed
[INFO] [stdout]    --> /rustc/dfb0accb7f508ae8be965d8629557221c889dd98/library/core/src/mem/maybe_uninit.rs:406:4
[INFO] [stdout]     = note: this error originates in the macro `array` (in Nightly builds, run with -Z macro-backtrace for more info)
[INFO] [stdout] 
[INFO] [stdout] 
[INFO] [stdout] error[E0599]: no associated function or constant named `uninit_array` found for union `MaybeUninit<T>` in the current scope
[INFO] [stdout]    --> /opt/rustwide/cargo-home/registry/src/index.crates.io-1949cf8c6b5b557f/xxai-msgpacker-0.4.4/src/unpack/common.rs:100:46
[INFO] [stdout]     |
[INFO] [stdout] 100 |                 let mut array = MaybeUninit::uninit_array();
[INFO] [stdout]     |                                              ^^^^^^^^^^^^ associated function or constant not found in `MaybeUninit<_>`
[INFO] [stdout] ...
[INFO] [stdout] 152 | array!(15);
[INFO] [stdout]     | ---------- in this macro invocation
[INFO] [stdout]     |
[INFO] [stdout] note: if you're trying to build a new `MaybeUninit<_>` consider using one of the following associated functions:
[INFO] [stdout]       MaybeUninit::<T>::new
[INFO] [stdout]       MaybeUninit::<T>::uninit
[INFO] [stdout]       MaybeUninit::<T>::zeroed
[INFO] [stdout]    --> /rustc/dfb0accb7f508ae8be965d8629557221c889dd98/library/core/src/mem/maybe_uninit.rs:406:4
[INFO] [stdout]     = note: this error originates in the macro `array` (in Nightly builds, run with -Z macro-backtrace for more info)
[INFO] [stdout] 
[INFO] [stdout] 
[INFO] [stdout] error[E0599]: no associated function or constant named `uninit_array` found for union `MaybeUninit<T>` in the current scope
[INFO] [stdout]    --> /opt/rustwide/cargo-home/registry/src/index.crates.io-1949cf8c6b5b557f/xxai-msgpacker-0.4.4/src/unpack/common.rs:120:46
[INFO] [stdout]     |
[INFO] [stdout] 120 |                 let mut array = MaybeUninit::uninit_array();
[INFO] [stdout]     |                                              ^^^^^^^^^^^^ associated function or constant not found in `MaybeUninit<_>`
[INFO] [stdout] ...
[INFO] [stdout] 152 | array!(15);
[INFO] [stdout]     | ---------- in this macro invocation
[INFO] [stdout]     |
[INFO] [stdout] note: if you're trying to build a new `MaybeUninit<_>` consider using one of the following associated functions:
[INFO] [stdout]       MaybeUninit::<T>::new
[INFO] [stdout]       MaybeUninit::<T>::uninit
[INFO] [stdout]       MaybeUninit::<T>::zeroed
[INFO] [stdout]    --> /rustc/dfb0accb7f508ae8be965d8629557221c889dd98/library/core/src/mem/maybe_uninit.rs:406:4
[INFO] [stdout]     = note: this error originates in the macro `array` (in Nightly builds, run with -Z macro-backtrace for more info)
[INFO] [stdout] 
[INFO] [stdout] 
[INFO] [stdout] error[E0599]: no associated function or constant named `uninit_array` found for union `MaybeUninit<T>` in the current scope
[INFO] [stdout]    --> /opt/rustwide/cargo-home/registry/src/index.crates.io-1949cf8c6b5b557f/xxai-msgpacker-0.4.4/src/unpack/common.rs:100:46
[INFO] [stdout]     |
[INFO] [stdout] 100 |                 let mut array = MaybeUninit::uninit_array();
[INFO] [stdout]     |                                              ^^^^^^^^^^^^ associated function or constant not found in `MaybeUninit<_>`
[INFO] [stdout] ...
[INFO] [stdout] 153 | array!(16);
[INFO] [stdout]     | ---------- in this macro invocation
[INFO] [stdout]     |
[INFO] [stdout] note: if you're trying to build a new `MaybeUninit<_>` consider using one of the following associated functions:
[INFO] [stdout]       MaybeUninit::<T>::new
[INFO] [stdout]       MaybeUninit::<T>::uninit
[INFO] [stdout]       MaybeUninit::<T>::zeroed
[INFO] [stdout]    --> /rustc/dfb0accb7f508ae8be965d8629557221c889dd98/library/core/src/mem/maybe_uninit.rs:406:4
[INFO] [stdout]     = note: this error originates in the macro `array` (in Nightly builds, run with -Z macro-backtrace for more info)
[INFO] [stdout] 
[INFO] [stdout] 
[INFO] [stdout] error[E0599]: no associated function or constant named `uninit_array` found for union `MaybeUninit<T>` in the current scope
[INFO] [stdout]    --> /opt/rustwide/cargo-home/registry/src/index.crates.io-1949cf8c6b5b557f/xxai-msgpacker-0.4.4/src/unpack/common.rs:120:46
[INFO] [stdout]     |
[INFO] [stdout] 120 |                 let mut array = MaybeUninit::uninit_array();
[INFO] [stdout]     |                                              ^^^^^^^^^^^^ associated function or constant not found in `MaybeUninit<_>`
[INFO] [stdout] ...
[INFO] [stdout] 153 | array!(16);
[INFO] [stdout]     | ---------- in this macro invocation
[INFO] [stdout]     |
[INFO] [stdout] note: if you're trying to build a new `MaybeUninit<_>` consider using one of the following associated functions:
[INFO] [stdout]       MaybeUninit::<T>::new
[INFO] [stdout]       MaybeUninit::<T>::uninit
[INFO] [stdout]       MaybeUninit::<T>::zeroed
[INFO] [stdout]    --> /rustc/dfb0accb7f508ae8be965d8629557221c889dd98/library/core/src/mem/maybe_uninit.rs:406:4
[INFO] [stdout]     = note: this error originates in the macro `array` (in Nightly builds, run with -Z macro-backtrace for more info)
[INFO] [stdout] 
[INFO] [stdout] 
[INFO] [stdout] error[E0599]: no associated function or constant named `uninit_array` found for union `MaybeUninit<T>` in the current scope
[INFO] [stdout]    --> /opt/rustwide/cargo-home/registry/src/index.crates.io-1949cf8c6b5b557f/xxai-msgpacker-0.4.4/src/unpack/common.rs:100:46
[INFO] [stdout]     |
[INFO] [stdout] 100 |                 let mut array = MaybeUninit::uninit_array();
[INFO] [stdout]     |                                              ^^^^^^^^^^^^ associated function or constant not found in `MaybeUninit<_>`
[INFO] [stdout] ...
[INFO] [stdout] 154 | array!(17);
[INFO] [stdout]     | ---------- in this macro invocation
[INFO] [stdout]     |
[INFO] [stdout] note: if you're trying to build a new `MaybeUninit<_>` consider using one of the following associated functions:
[INFO] [stdout]       MaybeUninit::<T>::new
[INFO] [stdout]       MaybeUninit::<T>::uninit
[INFO] [stdout]       MaybeUninit::<T>::zeroed
[INFO] [stdout]    --> /rustc/dfb0accb7f508ae8be965d8629557221c889dd98/library/core/src/mem/maybe_uninit.rs:406:4
[INFO] [stdout]     = note: this error originates in the macro `array` (in Nightly builds, run with -Z macro-backtrace for more info)
[INFO] [stdout] 
[INFO] [stdout] 
[INFO] [stdout] error[E0599]: no associated function or constant named `uninit_array` found for union `MaybeUninit<T>` in the current scope
[INFO] [stdout]    --> /opt/rustwide/cargo-home/registry/src/index.crates.io-1949cf8c6b5b557f/xxai-msgpacker-0.4.4/src/unpack/common.rs:120:46
[INFO] [stdout]     |
[INFO] [stdout] 120 |                 let mut array = MaybeUninit::uninit_array();
[INFO] [stdout]     |                                              ^^^^^^^^^^^^ associated function or constant not found in `MaybeUninit<_>`
[INFO] [stdout] ...
[INFO] [stdout] 154 | array!(17);
[INFO] [stdout]     | ---------- in this macro invocation
[INFO] [stdout]     |
[INFO] [stdout] note: if you're trying to build a new `MaybeUninit<_>` consider using one of the following associated functions:
[INFO] [stdout]       MaybeUninit::<T>::new
[INFO] [stdout]       MaybeUninit::<T>::uninit
[INFO] [stdout]       MaybeUninit::<T>::zeroed
[INFO] [stdout]    --> /rustc/dfb0accb7f508ae8be965d8629557221c889dd98/library/core/src/mem/maybe_uninit.rs:406:4
[INFO] [stdout]     = note: this error originates in the macro `array` (in Nightly builds, run with -Z macro-backtrace for more info)
[INFO] [stdout] 
[INFO] [stdout] 
[INFO] [stdout] error[E0599]: no associated function or constant named `uninit_array` found for union `MaybeUninit<T>` in the current scope
[INFO] [stdout]    --> /opt/rustwide/cargo-home/registry/src/index.crates.io-1949cf8c6b5b557f/xxai-msgpacker-0.4.4/src/unpack/common.rs:100:46
[INFO] [stdout]     |
[INFO] [stdout] 100 |                 let mut array = MaybeUninit::uninit_array();
[INFO] [stdout]     |                                              ^^^^^^^^^^^^ associated function or constant not found in `MaybeUninit<_>`
[INFO] [stdout] ...
[INFO] [stdout] 155 | array!(18);
[INFO] [stdout]     | ---------- in this macro invocation
[INFO] [stdout]     |
[INFO] [stdout] note: if you're trying to build a new `MaybeUninit<_>` consider using one of the following associated functions:
[INFO] [stdout]       MaybeUninit::<T>::new
[INFO] [stdout]       MaybeUninit::<T>::uninit
[INFO] [stdout]       MaybeUninit::<T>::zeroed
[INFO] [stdout]    --> /rustc/dfb0accb7f508ae8be965d8629557221c889dd98/library/core/src/mem/maybe_uninit.rs:406:4
[INFO] [stdout]     = note: this error originates in the macro `array` (in Nightly builds, run with -Z macro-backtrace for more info)
[INFO] [stdout] 
[INFO] [stdout] 
[INFO] [stdout] error[E0599]: no associated function or constant named `uninit_array` found for union `MaybeUninit<T>` in the current scope
[INFO] [stdout]    --> /opt/rustwide/cargo-home/registry/src/index.crates.io-1949cf8c6b5b557f/xxai-msgpacker-0.4.4/src/unpack/common.rs:120:46
[INFO] [stdout]     |
[INFO] [stdout] 120 |                 let mut array = MaybeUninit::uninit_array();
[INFO] [stdout]     |                                              ^^^^^^^^^^^^ associated function or constant not found in `MaybeUninit<_>`
[INFO] [stdout] ...
[INFO] [stdout] 155 | array!(18);
[INFO] [stdout]     | ---------- in this macro invocation
[INFO] [stdout]     |
[INFO] [stdout] note: if you're trying to build a new `MaybeUninit<_>` consider using one of the following associated functions:
[INFO] [stdout]       MaybeUninit::<T>::new
[INFO] [stdout]       MaybeUninit::<T>::uninit
[INFO] [stdout]       MaybeUninit::<T>::zeroed
[INFO] [stdout]    --> /rustc/dfb0accb7f508ae8be965d8629557221c889dd98/library/core/src/mem/maybe_uninit.rs:406:4
[INFO] [stdout]     = note: this error originates in the macro `array` (in Nightly builds, run with -Z macro-backtrace for more info)
[INFO] [stdout] 
[INFO] [stdout] 
[INFO] [stdout] error[E0599]: no associated function or constant named `uninit_array` found for union `MaybeUninit<T>` in the current scope
[INFO] [stdout]    --> /opt/rustwide/cargo-home/registry/src/index.crates.io-1949cf8c6b5b557f/xxai-msgpacker-0.4.4/src/unpack/common.rs:100:46
[INFO] [stdout]     |
[INFO] [stdout] 100 |                 let mut array = MaybeUninit::uninit_array();
[INFO] [stdout]     |                                              ^^^^^^^^^^^^ associated function or constant not found in `MaybeUninit<_>`
[INFO] [stdout] ...
[INFO] [stdout] 156 | array!(19);
[INFO] [stdout]     | ---------- in this macro invocation
[INFO] [stdout]     |
[INFO] [stdout] note: if you're trying to build a new `MaybeUninit<_>` consider using one of the following associated functions:
[INFO] [stdout]       MaybeUninit::<T>::new
[INFO] [stdout]       MaybeUninit::<T>::uninit
[INFO] [stdout]       MaybeUninit::<T>::zeroed
[INFO] [stdout]    --> /rustc/dfb0accb7f508ae8be965d8629557221c889dd98/library/core/src/mem/maybe_uninit.rs:406:4
[INFO] [stdout]     = note: this error originates in the macro `array` (in Nightly builds, run with -Z macro-backtrace for more info)
[INFO] [stdout] 
[INFO] [stdout] 
[INFO] [stdout] error[E0599]: no associated function or constant named `uninit_array` found for union `MaybeUninit<T>` in the current scope
[INFO] [stdout]    --> /opt/rustwide/cargo-home/registry/src/index.crates.io-1949cf8c6b5b557f/xxai-msgpacker-0.4.4/src/unpack/common.rs:120:46
[INFO] [stdout]     |
[INFO] [stdout] 120 |                 let mut array = MaybeUninit::uninit_array();
[INFO] [stdout]     |                                              ^^^^^^^^^^^^ associated function or constant not found in `MaybeUninit<_>`
[INFO] [stdout] ...
[INFO] [stdout] 156 | array!(19);
[INFO] [stdout]     | ---------- in this macro invocation
[INFO] [stdout]     |
[INFO] [stdout] note: if you're trying to build a new `MaybeUninit<_>` consider using one of the following associated functions:
[INFO] [stdout]       MaybeUninit::<T>::new
[INFO] [stdout]       MaybeUninit::<T>::uninit
[INFO] [stdout]       MaybeUninit::<T>::zeroed
[INFO] [stdout]    --> /rustc/dfb0accb7f508ae8be965d8629557221c889dd98/library/core/src/mem/maybe_uninit.rs:406:4
[INFO] [stdout]     = note: this error originates in the macro `array` (in Nightly builds, run with -Z macro-backtrace for more info)
[INFO] [stdout] 
[INFO] [stdout] 
[INFO] [stdout] error[E0599]: no associated function or constant named `uninit_array` found for union `MaybeUninit<T>` in the current scope
[INFO] [stdout]    --> /opt/rustwide/cargo-home/registry/src/index.crates.io-1949cf8c6b5b557f/xxai-msgpacker-0.4.4/src/unpack/common.rs:100:46
[INFO] [stdout]     |
[INFO] [stdout] 100 |                 let mut array = MaybeUninit::uninit_array();
[INFO] [stdout]     |                                              ^^^^^^^^^^^^ associated function or constant not found in `MaybeUninit<_>`
[INFO] [stdout] ...
[INFO] [stdout] 157 | array!(20);
[INFO] [stdout]     | ---------- in this macro invocation
[INFO] [stdout]     |
[INFO] [stdout] note: if you're trying to build a new `MaybeUninit<_>` consider using one of the following associated functions:
[INFO] [stdout]       MaybeUninit::<T>::new
[INFO] [stdout]       MaybeUninit::<T>::uninit
[INFO] [stdout]       MaybeUninit::<T>::zeroed
[INFO] [stdout]    --> /rustc/dfb0accb7f508ae8be965d8629557221c889dd98/library/core/src/mem/maybe_uninit.rs:406:4
[INFO] [stdout]     = note: this error originates in the macro `array` (in Nightly builds, run with -Z macro-backtrace for more info)
[INFO] [stdout] 
[INFO] [stdout] 
[INFO] [stdout] error[E0599]: no associated function or constant named `uninit_array` found for union `MaybeUninit<T>` in the current scope
[INFO] [stdout]    --> /opt/rustwide/cargo-home/registry/src/index.crates.io-1949cf8c6b5b557f/xxai-msgpacker-0.4.4/src/unpack/common.rs:120:46
[INFO] [stdout]     |
[INFO] [stdout] 120 |                 let mut array = MaybeUninit::uninit_array();
[INFO] [stdout]     |                                              ^^^^^^^^^^^^ associated function or constant not found in `MaybeUninit<_>`
[INFO] [stdout] ...
[INFO] [stdout] 157 | array!(20);
[INFO] [stdout]     | ---------- in this macro invocation
[INFO] [stdout]     |
[INFO] [stdout] note: if you're trying to build a new `MaybeUninit<_>` consider using one of the following associated functions:
[INFO] [stdout]       MaybeUninit::<T>::new
[INFO] [stdout]       MaybeUninit::<T>::uninit
[INFO] [stdout]       MaybeUninit::<T>::zeroed
[INFO] [stdout]    --> /rustc/dfb0accb7f508ae8be965d8629557221c889dd98/library/core/src/mem/maybe_uninit.rs:406:4
[INFO] [stdout]     = note: this error originates in the macro `array` (in Nightly builds, run with -Z macro-backtrace for more info)
[INFO] [stdout] 
[INFO] [stdout] 
[INFO] [stdout] error[E0599]: no associated function or constant named `uninit_array` found for union `MaybeUninit<T>` in the current scope
[INFO] [stdout]    --> /opt/rustwide/cargo-home/registry/src/index.crates.io-1949cf8c6b5b557f/xxai-msgpacker-0.4.4/src/unpack/common.rs:100:46
[INFO] [stdout]     |
[INFO] [stdout] 100 |                 let mut array = MaybeUninit::uninit_array();
[INFO] [stdout]     |                                              ^^^^^^^^^^^^ associated function or constant not found in `MaybeUninit<_>`
[INFO] [stdout] ...
[INFO] [stdout] 158 | array!(21);
[INFO] [stdout]     | ---------- in this macro invocation
[INFO] [stdout]     |
[INFO] [stdout] note: if you're trying to build a new `MaybeUninit<_>` consider using one of the following associated functions:
[INFO] [stdout]       MaybeUninit::<T>::new
[INFO] [stdout]       MaybeUninit::<T>::uninit
[INFO] [stdout]       MaybeUninit::<T>::zeroed
[INFO] [stdout]    --> /rustc/dfb0accb7f508ae8be965d8629557221c889dd98/library/core/src/mem/maybe_uninit.rs:406:4
[INFO] [stdout]     = note: this error originates in the macro `array` (in Nightly builds, run with -Z macro-backtrace for more info)
[INFO] [stdout] 
[INFO] [stdout] 
[INFO] [stdout] error[E0599]: no associated function or constant named `uninit_array` found for union `MaybeUninit<T>` in the current scope
[INFO] [stdout]    --> /opt/rustwide/cargo-home/registry/src/index.crates.io-1949cf8c6b5b557f/xxai-msgpacker-0.4.4/src/unpack/common.rs:120:46
[INFO] [stdout]     |
[INFO] [stdout] 120 |                 let mut array = MaybeUninit::uninit_array();
[INFO] [stdout]     |                                              ^^^^^^^^^^^^ associated function or constant not found in `MaybeUninit<_>`
[INFO] [stdout] ...
[INFO] [stdout] 158 | array!(21);
[INFO] [stdout]     | ---------- in this macro invocation
[INFO] [stdout]     |
[INFO] [stdout] note: if you're trying to build a new `MaybeUninit<_>` consider using one of the following associated functions:
[INFO] [stdout]       MaybeUninit::<T>::new
[INFO] [stdout]       MaybeUninit::<T>::uninit
[INFO] [stdout]       MaybeUninit::<T>::zeroed
[INFO] [stdout]    --> /rustc/dfb0accb7f508ae8be965d8629557221c889dd98/library/core/src/mem/maybe_uninit.rs:406:4
[INFO] [stdout]     = note: this error originates in the macro `array` (in Nightly builds, run with -Z macro-backtrace for more info)
[INFO] [stdout] 
[INFO] [stdout] 
[INFO] [stdout] error[E0599]: no associated function or constant named `uninit_array` found for union `MaybeUninit<T>` in the current scope
[INFO] [stdout]    --> /opt/rustwide/cargo-home/registry/src/index.crates.io-1949cf8c6b5b557f/xxai-msgpacker-0.4.4/src/unpack/common.rs:100:46
[INFO] [stdout]     |
[INFO] [stdout] 100 |                 let mut array = MaybeUninit::uninit_array();
[INFO] [stdout]     |                                              ^^^^^^^^^^^^ associated function or constant not found in `MaybeUninit<_>`
[INFO] [stdout] ...
[INFO] [stdout] 159 | array!(22);
[INFO] [stdout]     | ---------- in this macro invocation
[INFO] [stdout]     |
[INFO] [stdout] note: if you're trying to build a new `MaybeUninit<_>` consider using one of the following associated functions:
[INFO] [stdout]       MaybeUninit::<T>::new
[INFO] [stdout]       MaybeUninit::<T>::uninit
[INFO] [stdout]       MaybeUninit::<T>::zeroed
[INFO] [stdout]    --> /rustc/dfb0accb7f508ae8be965d8629557221c889dd98/library/core/src/mem/maybe_uninit.rs:406:4
[INFO] [stdout]     = note: this error originates in the macro `array` (in Nightly builds, run with -Z macro-backtrace for more info)
[INFO] [stdout] 
[INFO] [stdout] 
[INFO] [stdout] error[E0599]: no associated function or constant named `uninit_array` found for union `MaybeUninit<T>` in the current scope
[INFO] [stdout]    --> /opt/rustwide/cargo-home/registry/src/index.crates.io-1949cf8c6b5b557f/xxai-msgpacker-0.4.4/src/unpack/common.rs:120:46
[INFO] [stdout]     |
[INFO] [stdout] 120 |                 let mut array = MaybeUninit::uninit_array();
[INFO] [stdout]     |                                              ^^^^^^^^^^^^ associated function or constant not found in `MaybeUninit<_>`
[INFO] [stdout] ...
[INFO] [stdout] 159 | array!(22);
[INFO] [stdout]     | ---------- in this macro invocation
[INFO] [stdout]     |
[INFO] [stdout] note: if you're trying to build a new `MaybeUninit<_>` consider using one of the following associated functions:
[INFO] [stdout]       MaybeUninit::<T>::new
[INFO] [stdout]       MaybeUninit::<T>::uninit
[INFO] [stdout]       MaybeUninit::<T>::zeroed
[INFO] [stdout]    --> /rustc/dfb0accb7f508ae8be965d8629557221c889dd98/library/core/src/mem/maybe_uninit.rs:406:4
[INFO] [stdout]     = note: this error originates in the macro `array` (in Nightly builds, run with -Z macro-backtrace for more info)
[INFO] [stdout] 
[INFO] [stdout] 
[INFO] [stdout] error[E0599]: no associated function or constant named `uninit_array` found for union `MaybeUninit<T>` in the current scope
[INFO] [stdout]    --> /opt/rustwide/cargo-home/registry/src/index.crates.io-1949cf8c6b5b557f/xxai-msgpacker-0.4.4/src/unpack/common.rs:100:46
[INFO] [stdout]     |
[INFO] [stdout] 100 |                 let mut array = MaybeUninit::uninit_array();
[INFO] [stdout]     |                                              ^^^^^^^^^^^^ associated function or constant not found in `MaybeUninit<_>`
[INFO] [stdout] ...
[INFO] [stdout] 160 | array!(23);
[INFO] [stdout]     | ---------- in this macro invocation
[INFO] [stdout]     |
[INFO] [stdout] note: if you're trying to build a new `MaybeUninit<_>` consider using one of the following associated functions:
[INFO] [stdout]       MaybeUninit::<T>::new
[INFO] [stdout]       MaybeUninit::<T>::uninit
[INFO] [stdout]       MaybeUninit::<T>::zeroed
[INFO] [stdout]    --> /rustc/dfb0accb7f508ae8be965d8629557221c889dd98/library/core/src/mem/maybe_uninit.rs:406:4
[INFO] [stdout]     = note: this error originates in the macro `array` (in Nightly builds, run with -Z macro-backtrace for more info)
[INFO] [stdout] 
[INFO] [stdout] 
[INFO] [stdout] error[E0599]: no associated function or constant named `uninit_array` found for union `MaybeUninit<T>` in the current scope
[INFO] [stdout]    --> /opt/rustwide/cargo-home/registry/src/index.crates.io-1949cf8c6b5b557f/xxai-msgpacker-0.4.4/src/unpack/common.rs:120:46
[INFO] [stdout]     |
[INFO] [stdout] 120 |                 let mut array = MaybeUninit::uninit_array();
[INFO] [stdout]     |                                              ^^^^^^^^^^^^ associated function or constant not found in `MaybeUninit<_>`
[INFO] [stdout] ...
[INFO] [stdout] 160 | array!(23);
[INFO] [stdout]     | ---------- in this macro invocation
[INFO] [stdout]     |
[INFO] [stdout] note: if you're trying to build a new `MaybeUninit<_>` consider using one of the following associated functions:
[INFO] [stdout]       MaybeUninit::<T>::new
[INFO] [stdout]       MaybeUninit::<T>::uninit
[INFO] [stdout]       MaybeUninit::<T>::zeroed
[INFO] [stdout]    --> /rustc/dfb0accb7f508ae8be965d8629557221c889dd98/library/core/src/mem/maybe_uninit.rs:406:4
[INFO] [stdout]     = note: this error originates in the macro `array` (in Nightly builds, run with -Z macro-backtrace for more info)
[INFO] [stdout] 
[INFO] [stdout] 
[INFO] [stdout] error[E0599]: no associated function or constant named `uninit_array` found for union `MaybeUninit<T>` in the current scope
[INFO] [stdout]    --> /opt/rustwide/cargo-home/registry/src/index.crates.io-1949cf8c6b5b557f/xxai-msgpacker-0.4.4/src/unpack/common.rs:100:46
[INFO] [stdout]     |
[INFO] [stdout] 100 |                 let mut array = MaybeUninit::uninit_array();
[INFO] [stdout]     |                                              ^^^^^^^^^^^^ associated function or constant not found in `MaybeUninit<_>`
[INFO] [stdout] ...
[INFO] [stdout] 161 | array!(24);
[INFO] [stdout]     | ---------- in this macro invocation
[INFO] [stdout]     |
[INFO] [stdout] note: if you're trying to build a new `MaybeUninit<_>` consider using one of the following associated functions:
[INFO] [stdout]       MaybeUninit::<T>::new
[INFO] [stdout]       MaybeUninit::<T>::uninit
[INFO] [stdout]       MaybeUninit::<T>::zeroed
[INFO] [stdout]    --> /rustc/dfb0accb7f508ae8be965d8629557221c889dd98/library/core/src/mem/maybe_uninit.rs:406:4
[INFO] [stdout]     = note: this error originates in the macro `array` (in Nightly builds, run with -Z macro-backtrace for more info)
[INFO] [stdout] 
[INFO] [stdout] 
[INFO] [stdout] error[E0599]: no associated function or constant named `uninit_array` found for union `MaybeUninit<T>` in the current scope
[INFO] [stdout]    --> /opt/rustwide/cargo-home/registry/src/index.crates.io-1949cf8c6b5b557f/xxai-msgpacker-0.4.4/src/unpack/common.rs:120:46
[INFO] [stdout]     |
[INFO] [stdout] 120 |                 let mut array = MaybeUninit::uninit_array();
[INFO] [stdout]     |                                              ^^^^^^^^^^^^ associated function or constant not found in `MaybeUninit<_>`
[INFO] [stdout] ...
[INFO] [stdout] 161 | array!(24);
[INFO] [stdout]     | ---------- in this macro invocation
[INFO] [stdout]     |
[INFO] [stdout] note: if you're trying to build a new `MaybeUninit<_>` consider using one of the following associated functions:
[INFO] [stdout]       MaybeUninit::<T>::new
[INFO] [stdout]       MaybeUninit::<T>::uninit
[INFO] [stdout]       MaybeUninit::<T>::zeroed
[INFO] [stdout]    --> /rustc/dfb0accb7f508ae8be965d8629557221c889dd98/library/core/src/mem/maybe_uninit.rs:406:4
[INFO] [stdout]     = note: this error originates in the macro `array` (in Nightly builds, run with -Z macro-backtrace for more info)
[INFO] [stdout] 
[INFO] [stdout] 
[INFO] [stdout] error[E0599]: no associated function or constant named `uninit_array` found for union `MaybeUninit<T>` in the current scope
[INFO] [stdout]    --> /opt/rustwide/cargo-home/registry/src/index.crates.io-1949cf8c6b5b557f/xxai-msgpacker-0.4.4/src/unpack/common.rs:100:46
[INFO] [stdout]     |
[INFO] [stdout] 100 |                 let mut array = MaybeUninit::uninit_array();
[INFO] [stdout]     |                                              ^^^^^^^^^^^^ associated function or constant not found in `MaybeUninit<_>`
[INFO] [stdout] ...
[INFO] [stdout] 162 | array!(25);
[INFO] [stdout]     | ---------- in this macro invocation
[INFO] [stdout]     |
[INFO] [stdout] note: if you're trying to build a new `MaybeUninit<_>` consider using one of the following associated functions:
[INFO] [stdout]       MaybeUninit::<T>::new
[INFO] [stdout]       MaybeUninit::<T>::uninit
[INFO] [stdout]       MaybeUninit::<T>::zeroed
[INFO] [stdout]    --> /rustc/dfb0accb7f508ae8be965d8629557221c889dd98/library/core/src/mem/maybe_uninit.rs:406:4
[INFO] [stdout]     = note: this error originates in the macro `array` (in Nightly builds, run with -Z macro-backtrace for more info)
[INFO] [stdout] 
[INFO] [stdout] 
[INFO] [stdout] error[E0599]: no associated function or constant named `uninit_array` found for union `MaybeUninit<T>` in the current scope
[INFO] [stdout]    --> /opt/rustwide/cargo-home/registry/src/index.crates.io-1949cf8c6b5b557f/xxai-msgpacker-0.4.4/src/unpack/common.rs:120:46
[INFO] [stdout]     |
[INFO] [stdout] 120 |                 let mut array = MaybeUninit::uninit_array();
[INFO] [stdout]     |                                              ^^^^^^^^^^^^ associated function or constant not found in `MaybeUninit<_>`
[INFO] [stdout] ...
[INFO] [stdout] 162 | array!(25);
[INFO] [stdout]     | ---------- in this macro invocation
[INFO] [stdout]     |
[INFO] [stdout] note: if you're trying to build a new `MaybeUninit<_>` consider using one of the following associated functions:
[INFO] [stdout]       MaybeUninit::<T>::new
[INFO] [stdout]       MaybeUninit::<T>::uninit
[INFO] [stdout]       MaybeUninit::<T>::zeroed
[INFO] [stdout]    --> /rustc/dfb0accb7f508ae8be965d8629557221c889dd98/library/core/src/mem/maybe_uninit.rs:406:4
[INFO] [stdout]     = note: this error originates in the macro `array` (in Nightly builds, run with -Z macro-backtrace for more info)
[INFO] [stdout] 
[INFO] [stdout] 
[INFO] [stdout] error[E0599]: no associated function or constant named `uninit_array` found for union `MaybeUninit<T>` in the current scope
[INFO] [stdout]    --> /opt/rustwide/cargo-home/registry/src/index.crates.io-1949cf8c6b5b557f/xxai-msgpacker-0.4.4/src/unpack/common.rs:100:46
[INFO] [stdout]     |
[INFO] [stdout] 100 |                 let mut array = MaybeUninit::uninit_array();
[INFO] [stdout]     |                                              ^^^^^^^^^^^^ associated function or constant not found in `MaybeUninit<_>`
[INFO] [stdout] ...
[INFO] [stdout] 163 | array!(26);
[INFO] [stdout]     | ---------- in this macro invocation
[INFO] [stdout]     |
[INFO] [stdout] note: if you're trying to build a new `MaybeUninit<_>` consider using one of the following associated functions:
[INFO] [stdout]       MaybeUninit::<T>::new
[INFO] [stdout]       MaybeUninit::<T>::uninit
[INFO] [stdout]       MaybeUninit::<T>::zeroed
[INFO] [stdout]    --> /rustc/dfb0accb7f508ae8be965d8629557221c889dd98/library/core/src/mem/maybe_uninit.rs:406:4
[INFO] [stdout]     = note: this error originates in the macro `array` (in Nightly builds, run with -Z macro-backtrace for more info)
[INFO] [stdout] 
[INFO] [stdout] 
[INFO] [stdout] error[E0599]: no associated function or constant named `uninit_array` found for union `MaybeUninit<T>` in the current scope
[INFO] [stdout]    --> /opt/rustwide/cargo-home/registry/src/index.crates.io-1949cf8c6b5b557f/xxai-msgpacker-0.4.4/src/unpack/common.rs:120:46
[INFO] [stdout]     |
[INFO] [stdout] 120 |                 let mut array = MaybeUninit::uninit_array();
[INFO] [stdout]     |                                              ^^^^^^^^^^^^ associated function or constant not found in `MaybeUninit<_>`
[INFO] [stdout] ...
[INFO] [stdout] 163 | array!(26);
[INFO] [stdout]     | ---------- in this macro invocation
[INFO] [stdout]     |
[INFO] [stdout] note: if you're trying to build a new `MaybeUninit<_>` consider using one of the following associated functions:
[INFO] [stdout]       MaybeUninit::<T>::new
[INFO] [stdout]       MaybeUninit::<T>::uninit
[INFO] [stdout]       MaybeUninit::<T>::zeroed
[INFO] [stdout]    --> /rustc/dfb0accb7f508ae8be965d8629557221c889dd98/library/core/src/mem/maybe_uninit.rs:406:4
[INFO] [stdout]     = note: this error originates in the macro `array` (in Nightly builds, run with -Z macro-backtrace for more info)
[INFO] [stdout] 
[INFO] [stdout] 
[INFO] [stdout] error[E0599]: no associated function or constant named `uninit_array` found for union `MaybeUninit<T>` in the current scope
[INFO] [stdout]    --> /opt/rustwide/cargo-home/registry/src/index.crates.io-1949cf8c6b5b557f/xxai-msgpacker-0.4.4/src/unpack/common.rs:100:46
[INFO] [stdout]     |
[INFO] [stdout] 100 |                 let mut array = MaybeUninit::uninit_array();
[INFO] [stdout]     |                                              ^^^^^^^^^^^^ associated function or constant not found in `MaybeUninit<_>`
[INFO] [stdout] ...
[INFO] [stdout] 164 | array!(27);
[INFO] [stdout]     | ---------- in this macro invocation
[INFO] [stdout]     |
[INFO] [stdout] note: if you're trying to build a new `MaybeUninit<_>` consider using one of the following associated functions:
[INFO] [stdout]       MaybeUninit::<T>::new
[INFO] [stdout]       MaybeUninit::<T>::uninit
[INFO] [stdout]       MaybeUninit::<T>::zeroed
[INFO] [stdout]    --> /rustc/dfb0accb7f508ae8be965d8629557221c889dd98/library/core/src/mem/maybe_uninit.rs:406:4
[INFO] [stdout]     = note: this error originates in the macro `array` (in Nightly builds, run with -Z macro-backtrace for more info)
[INFO] [stdout] 
[INFO] [stdout] 
[INFO] [stdout] error[E0599]: no associated function or constant named `uninit_array` found for union `MaybeUninit<T>` in the current scope
[INFO] [stdout]    --> /opt/rustwide/cargo-home/registry/src/index.crates.io-1949cf8c6b5b557f/xxai-msgpacker-0.4.4/src/unpack/common.rs:120:46
[INFO] [stdout]     |
[INFO] [stdout] 120 |                 let mut array = MaybeUninit::uninit_array();
[INFO] [stdout]     |                                              ^^^^^^^^^^^^ associated function or constant not found in `MaybeUninit<_>`
[INFO] [stdout] ...
[INFO] [stdout] 164 | array!(27);
[INFO] [stdout]     | ---------- in this macro invocation
[INFO] [stdout]     |
[INFO] [stdout] note: if you're trying to build a new `MaybeUninit<_>` consider using one of the following associated functions:
[INFO] [stdout]       MaybeUninit::<T>::new
[INFO] [stdout]       MaybeUninit::<T>::uninit
[INFO] [stdout]       MaybeUninit::<T>::zeroed
[INFO] [stdout]    --> /rustc/dfb0accb7f508ae8be965d8629557221c889dd98/library/core/src/mem/maybe_uninit.rs:406:4
[INFO] [stdout]     = note: this error originates in the macro `array` (in Nightly builds, run with -Z macro-backtrace for more info)
[INFO] [stdout] 
[INFO] [stdout] 
[INFO] [stdout] error[E0599]: no associated function or constant named `uninit_array` found for union `MaybeUninit<T>` in the current scope
[INFO] [stdout]    --> /opt/rustwide/cargo-home/registry/src/index.crates.io-1949cf8c6b5b557f/xxai-msgpacker-0.4.4/src/unpack/common.rs:100:46
[INFO] [stdout]     |
[INFO] [stdout] 100 |                 let mut array = MaybeUninit::uninit_array();
[INFO] [stdout]     |                                              ^^^^^^^^^^^^ associated function or constant not found in `MaybeUninit<_>`
[INFO] [stdout] ...
[INFO] [stdout] 165 | array!(28);
[INFO] [stdout]     | ---------- in this macro invocation
[INFO] [stdout]     |
[INFO] [stdout] note: if you're trying to build a new `MaybeUninit<_>` consider using one of the following associated functions:
[INFO] [stdout]       MaybeUninit::<T>::new
[INFO] [stdout]       MaybeUninit::<T>::uninit
[INFO] [stdout]       MaybeUninit::<T>::zeroed
[INFO] [stdout]    --> /rustc/dfb0accb7f508ae8be965d8629557221c889dd98/library/core/src/mem/maybe_uninit.rs:406:4
[INFO] [stdout]     = note: this error originates in the macro `array` (in Nightly builds, run with -Z macro-backtrace for more info)
[INFO] [stdout] 
[INFO] [stdout] 
[INFO] [stdout] error[E0599]: no associated function or constant named `uninit_array` found for union `MaybeUninit<T>` in the current scope
[INFO] [stdout]    --> /opt/rustwide/cargo-home/registry/src/index.crates.io-1949cf8c6b5b557f/xxai-msgpacker-0.4.4/src/unpack/common.rs:120:46
[INFO] [stdout]     |
[INFO] [stdout] 120 |                 let mut array = MaybeUninit::uninit_array();
[INFO] [stdout]     |                                              ^^^^^^^^^^^^ associated function or constant not found in `MaybeUninit<_>`
[INFO] [stdout] ...
[INFO] [stdout] 165 | array!(28);
[INFO] [stdout]     | ---------- in this macro invocation
[INFO] [stdout]     |
[INFO] [stdout] note: if you're trying to build a new `MaybeUninit<_>` consider using one of the following associated functions:
[INFO] [stdout]       MaybeUninit::<T>::new
[INFO] [stdout]       MaybeUninit::<T>::uninit
[INFO] [stdout]       MaybeUninit::<T>::zeroed
[INFO] [stdout]    --> /rustc/dfb0accb7f508ae8be965d8629557221c889dd98/library/core/src/mem/maybe_uninit.rs:406:4
[INFO] [stdout]     = note: this error originates in the macro `array` (in Nightly builds, run with -Z macro-backtrace for more info)
[INFO] [stdout] 
[INFO] [stdout] 
[INFO] [stdout] error[E0599]: no associated function or constant named `uninit_array` found for union `MaybeUninit<T>` in the current scope
[INFO] [stdout]    --> /opt/rustwide/cargo-home/registry/src/index.crates.io-1949cf8c6b5b557f/xxai-msgpacker-0.4.4/src/unpack/common.rs:100:46
[INFO] [stdout]     |
[INFO] [stdout] 100 |                 let mut array = MaybeUninit::uninit_array();
[INFO] [stdout]     |                                              ^^^^^^^^^^^^ associated function or constant not found in `MaybeUninit<_>`
[INFO] [stdout] ...
[INFO] [stdout] 166 | array!(29);
[INFO] [stdout]     | ---------- in this macro invocation
[INFO] [stdout]     |
[INFO] [stdout] note: if you're trying to build a new `MaybeUninit<_>` consider using one of the following associated functions:
[INFO] [stdout]       MaybeUninit::<T>::new
[INFO] [stdout]       MaybeUninit::<T>::uninit
[INFO] [stdout]       MaybeUninit::<T>::zeroed
[INFO] [stdout]    --> /rustc/dfb0accb7f508ae8be965d8629557221c889dd98/library/core/src/mem/maybe_uninit.rs:406:4
[INFO] [stdout]     = note: this error originates in the macro `array` (in Nightly builds, run with -Z macro-backtrace for more info)
[INFO] [stdout] 
[INFO] [stdout] 
[INFO] [stdout] error[E0599]: no associated function or constant named `uninit_array` found for union `MaybeUninit<T>` in the current scope
[INFO] [stdout]    --> /opt/rustwide/cargo-home/registry/src/index.crates.io-1949cf8c6b5b557f/xxai-msgpacker-0.4.4/src/unpack/common.rs:120:46
[INFO] [stdout]     |
[INFO] [stdout] 120 |                 let mut array = MaybeUninit::uninit_array();
[INFO] [stdout]     |                                              ^^^^^^^^^^^^ associated function or constant not found in `MaybeUninit<_>`
[INFO] [stdout] ...
[INFO] [stdout] 166 | array!(29);
[INFO] [stdout]     | ---------- in this macro invocation
[INFO] [stdout]     |
[INFO] [stdout] note: if you're trying to build a new `MaybeUninit<_>` consider using one of the following associated functions:
[INFO] [stdout]       MaybeUninit::<T>::new
[INFO] [stdout]       MaybeUninit::<T>::uninit
[INFO] [stdout]       MaybeUninit::<T>::zeroed
[INFO] [stdout]    --> /rustc/dfb0accb7f508ae8be965d8629557221c889dd98/library/core/src/mem/maybe_uninit.rs:406:4
[INFO] [stdout]     = note: this error originates in the macro `array` (in Nightly builds, run with -Z macro-backtrace for more info)
[INFO] [stdout] 
[INFO] [stdout] 
[INFO] [stdout] error[E0599]: no associated function or constant named `uninit_array` found for union `MaybeUninit<T>` in the current scope
[INFO] [stdout]    --> /opt/rustwide/cargo-home/registry/src/index.crates.io-1949cf8c6b5b557f/xxai-msgpacker-0.4.4/src/unpack/common.rs:100:46
[INFO] [stdout]     |
[INFO] [stdout] 100 |                 let mut array = MaybeUninit::uninit_array();
[INFO] [stdout]     |                                              ^^^^^^^^^^^^ associated function or constant not found in `MaybeUninit<_>`
[INFO] [stdout] ...
[INFO] [stdout] 167 | array!(30);
[INFO] [stdout]     | ---------- in this macro invocation
[INFO] [stdout]     |
[INFO] [stdout] note: if you're trying to build a new `MaybeUninit<_>` consider using one of the following associated functions:
[INFO] [stdout]       MaybeUninit::<T>::new
[INFO] [stdout]       MaybeUninit::<T>::uninit
[INFO] [stdout]       MaybeUninit::<T>::zeroed
[INFO] [stdout]    --> /rustc/dfb0accb7f508ae8be965d8629557221c889dd98/library/core/src/mem/maybe_uninit.rs:406:4
[INFO] [stdout]     = note: this error originates in the macro `array` (in Nightly builds, run with -Z macro-backtrace for more info)
[INFO] [stdout] 
[INFO] [stdout] 
[INFO] [stdout] error[E0599]: no associated function or constant named `uninit_array` found for union `MaybeUninit<T>` in the current scope
[INFO] [stdout]    --> /opt/rustwide/cargo-home/registry/src/index.crates.io-1949cf8c6b5b557f/xxai-msgpacker-0.4.4/src/unpack/common.rs:120:46
[INFO] [stdout]     |
[INFO] [stdout] 120 |                 let mut array = MaybeUninit::uninit_array();
[INFO] [stdout]     |                                              ^^^^^^^^^^^^ associated function or constant not found in `MaybeUninit<_>`
[INFO] [stdout] ...
[INFO] [stdout] 167 | array!(30);
[INFO] [stdout]     | ---------- in this macro invocation
[INFO] [stdout]     |
[INFO] [stdout] note: if you're trying to build a new `MaybeUninit<_>` consider using one of the following associated functions:
[INFO] [stdout]       MaybeUninit::<T>::new
[INFO] [stdout]       MaybeUninit::<T>::uninit
[INFO] [stdout]       MaybeUninit::<T>::zeroed
[INFO] [stdout]    --> /rustc/dfb0accb7f508ae8be965d8629557221c889dd98/library/core/src/mem/maybe_uninit.rs:406:4
[INFO] [stdout]     = note: this error originates in the macro `array` (in Nightly builds, run with -Z macro-backtrace for more info)
[INFO] [stdout] 
[INFO] [stdout] 
[INFO] [stdout] error[E0599]: no associated function or constant named `uninit_array` found for union `MaybeUninit<T>` in the current scope
[INFO] [stdout]    --> /opt/rustwide/cargo-home/registry/src/index.crates.io-1949cf8c6b5b557f/xxai-msgpacker-0.4.4/src/unpack/common.rs:100:46
[INFO] [stdout]     |
[INFO] [stdout] 100 |                 let mut array = MaybeUninit::uninit_array();
[INFO] [stdout]     |                                              ^^^^^^^^^^^^ associated function or constant not found in `MaybeUninit<_>`
[INFO] [stdout] ...
[INFO] [stdout] 168 | array!(31);
[INFO] [stdout]     | ---------- in this macro invocation
[INFO] [stdout]     |
[INFO] [stdout] note: if you're trying to build a new `MaybeUninit<_>` consider using one of the following associated functions:
[INFO] [stdout]       MaybeUninit::<T>::new
[INFO] [stdout]       MaybeUninit::<T>::uninit
[INFO] [stdout]       MaybeUninit::<T>::zeroed
[INFO] [stdout]    --> /rustc/dfb0accb7f508ae8be965d8629557221c889dd98/library/core/src/mem/maybe_uninit.rs:406:4
[INFO] [stdout]     = note: this error originates in the macro `array` (in Nightly builds, run with -Z macro-backtrace for more info)
[INFO] [stdout] 
[INFO] [stdout] 
[INFO] [stdout] error[E0599]: no associated function or constant named `uninit_array` found for union `MaybeUninit<T>` in the current scope
[INFO] [stdout]    --> /opt/rustwide/cargo-home/registry/src/index.crates.io-1949cf8c6b5b557f/xxai-msgpacker-0.4.4/src/unpack/common.rs:120:46
[INFO] [stdout]     |
[INFO] [stdout] 120 |                 let mut array = MaybeUninit::uninit_array();
[INFO] [stdout]     |                                              ^^^^^^^^^^^^ associated function or constant not found in `MaybeUninit<_>`
[INFO] [stdout] ...
[INFO] [stdout] 168 | array!(31);
[INFO] [stdout]     | ---------- in this macro invocation
[INFO] [stdout]     |
[INFO] [stdout] note: if you're trying to build a new `MaybeUninit<_>` consider using one of the following associated functions:
[INFO] [stdout]       MaybeUninit::<T>::new
[INFO] [stdout]       MaybeUninit::<T>::uninit
[INFO] [stdout]       MaybeUninit::<T>::zeroed
[INFO] [stdout]    --> /rustc/dfb0accb7f508ae8be965d8629557221c889dd98/library/core/src/mem/maybe_uninit.rs:406:4
[INFO] [stdout]     = note: this error originates in the macro `array` (in Nightly builds, run with -Z macro-backtrace for more info)
[INFO] [stdout] 
[INFO] [stdout] 
[INFO] [stdout] error[E0599]: no associated function or constant named `uninit_array` found for union `MaybeUninit<T>` in the current scope
[INFO] [stdout]    --> /opt/rustwide/cargo-home/registry/src/index.crates.io-1949cf8c6b5b557f/xxai-msgpacker-0.4.4/src/unpack/common.rs:100:46
[INFO] [stdout]     |
[INFO] [stdout] 100 |                 let mut array = MaybeUninit::uninit_array();
[INFO] [stdout]     |                                              ^^^^^^^^^^^^ associated function or constant not found in `MaybeUninit<_>`
[INFO] [stdout] ...
[INFO] [stdout] 169 | array!(32);
[INFO] [stdout]     | ---------- in this macro invocation
[INFO] [stdout]     |
[INFO] [stdout] note: if you're trying to build a new `MaybeUninit<_>` consider using one of the following associated functions:
[INFO] [stdout]       MaybeUninit::<T>::new
[INFO] [stdout]       MaybeUninit::<T>::uninit
[INFO] [stdout]       MaybeUninit::<T>::zeroed
[INFO] [stdout]    --> /rustc/dfb0accb7f508ae8be965d8629557221c889dd98/library/core/src/mem/maybe_uninit.rs:406:4
[INFO] [stdout]     = note: this error originates in the macro `array` (in Nightly builds, run with -Z macro-backtrace for more info)
[INFO] [stdout] 
[INFO] [stdout] 
[INFO] [stdout] error[E0599]: no associated function or constant named `uninit_array` found for union `MaybeUninit<T>` in the current scope
[INFO] [stdout]    --> /opt/rustwide/cargo-home/registry/src/index.crates.io-1949cf8c6b5b557f/xxai-msgpacker-0.4.4/src/unpack/common.rs:120:46
[INFO] [stdout]     |
[INFO] [stdout] 120 |                 let mut array = MaybeUninit::uninit_array();
[INFO] [stdout]     |                                              ^^^^^^^^^^^^ associated function or constant not found in `MaybeUninit<_>`
[INFO] [stdout] ...
[INFO] [stdout] 169 | array!(32);
[INFO] [stdout]     | ---------- in this macro invocation
[INFO] [stdout]     |
[INFO] [stdout] note: if you're trying to build a new `MaybeUninit<_>` consider using one of the following associated functions:
[INFO] [stdout]       MaybeUninit::<T>::new
[INFO] [stdout]       MaybeUninit::<T>::uninit
[INFO] [stdout]       MaybeUninit::<T>::zeroed
[INFO] [stdout]    --> /rustc/dfb0accb7f508ae8be965d8629557221c889dd98/library/core/src/mem/maybe_uninit.rs:406:4
[INFO] [stdout]     = note: this error originates in the macro `array` (in Nightly builds, run with -Z macro-backtrace for more info)
[INFO] [stdout] 
[INFO] [stdout] 
[INFO] [stdout] error[E0599]: no associated function or constant named `uninit_array` found for union `MaybeUninit<T>` in the current scope
[INFO] [stdout]    --> /opt/rustwide/cargo-home/registry/src/index.crates.io-1949cf8c6b5b557f/xxai-msgpacker-0.4.4/src/unpack/common.rs:100:46
[INFO] [stdout]     |
[INFO] [stdout] 100 |                 let mut array = MaybeUninit::uninit_array();
[INFO] [stdout]     |                                              ^^^^^^^^^^^^ associated function or constant not found in `MaybeUninit<_>`
[INFO] [stdout] ...
[INFO] [stdout] 170 | array!(33);
[INFO] [stdout]     | ---------- in this macro invocation
[INFO] [stdout]     |
[INFO] [stdout] note: if you're trying to build a new `MaybeUninit<_>` consider using one of the following associated functions:
[INFO] [stdout]       MaybeUninit::<T>::new
[INFO] [stdout]       MaybeUninit::<T>::uninit
[INFO] [stdout]       MaybeUninit::<T>::zeroed
[INFO] [stdout]    --> /rustc/dfb0accb7f508ae8be965d8629557221c889dd98/library/core/src/mem/maybe_uninit.rs:406:4
[INFO] [stdout]     = note: this error originates in the macro `array` (in Nightly builds, run with -Z macro-backtrace for more info)
[INFO] [stdout] 
[INFO] [stdout] 
[INFO] [stdout] error[E0599]: no associated function or constant named `uninit_array` found for union `MaybeUninit<T>` in the current scope
[INFO] [stdout]    --> /opt/rustwide/cargo-home/registry/src/index.crates.io-1949cf8c6b5b557f/xxai-msgpacker-0.4.4/src/unpack/common.rs:120:46
[INFO] [stdout]     |
[INFO] [stdout] 120 |                 let mut array = MaybeUninit::uninit_array();
[INFO] [stdout]     |                                              ^^^^^^^^^^^^ associated function or constant not found in `MaybeUninit<_>`
[INFO] [stdout] ...
[INFO] [stdout] 170 | array!(33);
[INFO] [stdout]     | ---------- in this macro invocation
[INFO] [stdout]     |
[INFO] [stdout] note: if you're trying to build a new `MaybeUninit<_>` consider using one of the following associated functions:
[INFO] [stdout]       MaybeUninit::<T>::new
[INFO] [stdout]       MaybeUninit::<T>::uninit
[INFO] [stdout]       MaybeUninit::<T>::zeroed
[INFO] [stdout]    --> /rustc/dfb0accb7f508ae8be965d8629557221c889dd98/library/core/src/mem/maybe_uninit.rs:406:4
[INFO] [stdout]     = note: this error originates in the macro `array` (in Nightly builds, run with -Z macro-backtrace for more info)
[INFO] [stdout] 
[INFO] [stdout] 
[INFO] [stdout] error[E0599]: no associated function or constant named `uninit_array` found for union `MaybeUninit<T>` in the current scope
[INFO] [stdout]    --> /opt/rustwide/cargo-home/registry/src/index.crates.io-1949cf8c6b5b557f/xxai-msgpacker-0.4.4/src/unpack/common.rs:100:46
[INFO] [stdout]     |
[INFO] [stdout] 100 |                 let mut array = MaybeUninit::uninit_array();
[INFO] [stdout]     |                                              ^^^^^^^^^^^^ associated function or constant not found in `MaybeUninit<_>`
[INFO] [stdout] ...
[INFO] [stdout] 171 | array!(34);
[INFO] [stdout]     | ---------- in this macro invocation
[INFO] [stdout]     |
[INFO] [stdout] note: if you're trying to build a new `MaybeUninit<_>` consider using one of the following associated functions:
[INFO] [stdout]       MaybeUninit::<T>::new
[INFO] [stdout]       MaybeUninit::<T>::uninit
[INFO] [stdout]       MaybeUninit::<T>::zeroed
[INFO] [stdout]    --> /rustc/dfb0accb7f508ae8be965d8629557221c889dd98/library/core/src/mem/maybe_uninit.rs:406:4
[INFO] [stdout]     = note: this error originates in the macro `array` (in Nightly builds, run with -Z macro-backtrace for more info)
[INFO] [stdout] 
[INFO] [stdout] 
[INFO] [stdout] error[E0599]: no associated function or constant named `uninit_array` found for union `MaybeUninit<T>` in the current scope
[INFO] [stdout]    --> /opt/rustwide/cargo-home/registry/src/index.crates.io-1949cf8c6b5b557f/xxai-msgpacker-0.4.4/src/unpack/common.rs:120:46
[INFO] [stdout]     |
[INFO] [stdout] 120 |                 let mut array = MaybeUninit::uninit_array();
[INFO] [stdout]     |                                              ^^^^^^^^^^^^ associated function or constant not found in `MaybeUninit<_>`
[INFO] [stdout] ...
[INFO] [stdout] 171 | array!(34);
[INFO] [stdout]     | ---------- in this macro invocation
[INFO] [stdout]     |
[INFO] [stdout] note: if you're trying to build a new `MaybeUninit<_>` consider using one of the following associated functions:
[INFO] [stdout]       MaybeUninit::<T>::new
[INFO] [stdout]       MaybeUninit::<T>::uninit
[INFO] [stdout]       MaybeUninit::<T>::zeroed
[INFO] [stdout]    --> /rustc/dfb0accb7f508ae8be965d8629557221c889dd98/library/core/src/mem/maybe_uninit.rs:406:4
[INFO] [stdout]     = note: this error originates in the macro `array` (in Nightly builds, run with -Z macro-backtrace for more info)
[INFO] [stdout] 
[INFO] [stdout] 
[INFO] [stdout] error[E0599]: no associated function or constant named `uninit_array` found for union `MaybeUninit<T>` in the current scope
[INFO] [stdout]    --> /opt/rustwide/cargo-home/registry/src/index.crates.io-1949cf8c6b5b557f/xxai-msgpacker-0.4.4/src/unpack/common.rs:100:46
[INFO] [stdout]     |
[INFO] [stdout] 100 |                 let mut array = MaybeUninit::uninit_array();
[INFO] [stdout]     |                                              ^^^^^^^^^^^^ associated function or constant not found in `MaybeUninit<_>`
[INFO] [stdout] ...
[INFO] [stdout] 172 | array!(35);
[INFO] [stdout]     | ---------- in this macro invocation
[INFO] [stdout]     |
[INFO] [stdout] note: if you're trying to build a new `MaybeUninit<_>` consider using one of the following associated functions:
[INFO] [stdout]       MaybeUninit::<T>::new
[INFO] [stdout]       MaybeUninit::<T>::uninit
[INFO] [stdout]       MaybeUninit::<T>::zeroed
[INFO] [stdout]    --> /rustc/dfb0accb7f508ae8be965d8629557221c889dd98/library/core/src/mem/maybe_uninit.rs:406:4
[INFO] [stdout]     = note: this error originates in the macro `array` (in Nightly builds, run with -Z macro-backtrace for more info)
[INFO] [stdout] 
[INFO] [stdout] 
[INFO] [stdout] error[E0599]: no associated function or constant named `uninit_array` found for union `MaybeUninit<T>` in the current scope
[INFO] [stdout]    --> /opt/rustwide/cargo-home/registry/src/index.crates.io-1949cf8c6b5b557f/xxai-msgpacker-0.4.4/src/unpack/common.rs:120:46
[INFO] [stdout]     |
[INFO] [stdout] 120 |                 let mut array = MaybeUninit::uninit_array();
[INFO] [stdout]     |                                              ^^^^^^^^^^^^ associated function or constant not found in `MaybeUninit<_>`
[INFO] [stdout] ...
[INFO] [stdout] 172 | array!(35);
[INFO] [stdout]     | ---------- in this macro invocation
[INFO] [stdout]     |
[INFO] [stdout] note: if you're trying to build a new `MaybeUninit<_>` consider using one of the following associated functions:
[INFO] [stdout]       MaybeUninit::<T>::new
[INFO] [stdout]       MaybeUninit::<T>::uninit
[INFO] [stdout]       MaybeUninit::<T>::zeroed
[INFO] [stdout]    --> /rustc/dfb0accb7f508ae8be965d8629557221c889dd98/library/core/src/mem/maybe_uninit.rs:406:4
[INFO] [stdout]     = note: this error originates in the macro `array` (in Nightly builds, run with -Z macro-backtrace for more info)
[INFO] [stdout] 
[INFO] [stdout] 
[INFO] [stdout] error[E0599]: no associated function or constant named `uninit_array` found for union `MaybeUninit<T>` in the current scope
[INFO] [stdout]    --> /opt/rustwide/cargo-home/registry/src/index.crates.io-1949cf8c6b5b557f/xxai-msgpacker-0.4.4/src/unpack/common.rs:100:46
[INFO] [stdout]     |
[INFO] [stdout] 100 |                 let mut array = MaybeUninit::uninit_array();
[INFO] [stdout]     |                                              ^^^^^^^^^^^^ associated function or constant not found in `MaybeUninit<_>`
[INFO] [stdout] ...
[INFO] [stdout] 173 | array!(36);
[INFO] [stdout]     | ---------- in this macro invocation
[INFO] [stdout]     |
[INFO] [stdout] note: if you're trying to build a new `MaybeUninit<_>` consider using one of the following associated functions:
[INFO] [stdout]       MaybeUninit::<T>::new
[INFO] [stdout]       MaybeUninit::<T>::uninit
[INFO] [stdout]       MaybeUninit::<T>::zeroed
[INFO] [stdout]    --> /rustc/dfb0accb7f508ae8be965d8629557221c889dd98/library/core/src/mem/maybe_uninit.rs:406:4
[INFO] [stdout]     = note: this error originates in the macro `array` (in Nightly builds, run with -Z macro-backtrace for more info)
[INFO] [stdout] 
[INFO] [stdout] 
[INFO] [stdout] error[E0599]: no associated function or constant named `uninit_array` found for union `MaybeUninit<T>` in the current scope
[INFO] [stdout]    --> /opt/rustwide/cargo-home/registry/src/index.crates.io-1949cf8c6b5b557f/xxai-msgpacker-0.4.4/src/unpack/common.rs:120:46
[INFO] [stdout]     |
[INFO] [stdout] 120 |                 let mut array = MaybeUninit::uninit_array();
[INFO] [stdout]     |                                              ^^^^^^^^^^^^ associated function or constant not found in `MaybeUninit<_>`
[INFO] [stdout] ...
[INFO] [stdout] 173 | array!(36);
[INFO] [stdout]     | ---------- in this macro invocation
[INFO] [stdout]     |
[INFO] [stdout] note: if you're trying to build a new `MaybeUninit<_>` consider using one of the following associated functions:
[INFO] [stdout]       MaybeUninit::<T>::new
[INFO] [stdout]       MaybeUninit::<T>::uninit
[INFO] [stdout]       MaybeUninit::<T>::zeroed
[INFO] [stdout]    --> /rustc/dfb0accb7f508ae8be965d8629557221c889dd98/library/core/src/mem/maybe_uninit.rs:406:4
[INFO] [stdout]     = note: this error originates in the macro `array` (in Nightly builds, run with -Z macro-backtrace for more info)
[INFO] [stdout] 
[INFO] [stdout] 
[INFO] [stdout] error[E0599]: no associated function or constant named `uninit_array` found for union `MaybeUninit<T>` in the current scope
[INFO] [stdout]    --> /opt/rustwide/cargo-home/registry/src/index.crates.io-1949cf8c6b5b557f/xxai-msgpacker-0.4.4/src/unpack/common.rs:100:46
[INFO] [stdout]     |
[INFO] [stdout] 100 |                 let mut array = MaybeUninit::uninit_array();
[INFO] [stdout]     |                                              ^^^^^^^^^^^^ associated function or constant not found in `MaybeUninit<_>`
[INFO] [stdout] ...
[INFO] [stdout] 174 | array!(37);
[INFO] [stdout]     | ---------- in this macro invocation
[INFO] [stdout]     |
[INFO] [stdout] note: if you're trying to build a new `MaybeUninit<_>` consider using one of the following associated functions:
[INFO] [stdout]       MaybeUninit::<T>::new
[INFO] [stdout]       MaybeUninit::<T>::uninit
[INFO] [stdout]       MaybeUninit::<T>::zeroed
[INFO] [stdout]    --> /rustc/dfb0accb7f508ae8be965d8629557221c889dd98/library/core/src/mem/maybe_uninit.rs:406:4
[INFO] [stdout]     = note: this error originates in the macro `array` (in Nightly builds, run with -Z macro-backtrace for more info)
[INFO] [stdout] 
[INFO] [stdout] 
[INFO] [stdout] error[E0599]: no associated function or constant named `uninit_array` found for union `MaybeUninit<T>` in the current scope
[INFO] [stdout]    --> /opt/rustwide/cargo-home/registry/src/index.crates.io-1949cf8c6b5b557f/xxai-msgpacker-0.4.4/src/unpack/common.rs:120:46
[INFO] [stdout]     |
[INFO] [stdout] 120 |                 let mut array = MaybeUninit::uninit_array();
[INFO] [stdout]     |                                              ^^^^^^^^^^^^ associated function or constant not found in `MaybeUninit<_>`
[INFO] [stdout] ...
[INFO] [stdout] 174 | array!(37);
[INFO] [stdout]     | ---------- in this macro invocation
[INFO] [stdout]     |
[INFO] [stdout] note: if you're trying to build a new `MaybeUninit<_>` consider using one of the following associated functions:
[INFO] [stdout]       MaybeUninit::<T>::new
[INFO] [stdout]       MaybeUninit::<T>::uninit
[INFO] [stdout]       MaybeUninit::<T>::zeroed
[INFO] [stdout]    --> /rustc/dfb0accb7f508ae8be965d8629557221c889dd98/library/core/src/mem/maybe_uninit.rs:406:4
[INFO] [stdout]     = note: this error originates in the macro `array` (in Nightly builds, run with -Z macro-backtrace for more info)
[INFO] [stdout] 
[INFO] [stdout] 
[INFO] [stdout] error[E0599]: no associated function or constant named `uninit_array` found for union `MaybeUninit<T>` in the current scope
[INFO] [stdout]    --> /opt/rustwide/cargo-home/registry/src/index.crates.io-1949cf8c6b5b557f/xxai-msgpacker-0.4.4/src/unpack/common.rs:100:46
[INFO] [stdout]     |
[INFO] [stdout] 100 |                 let mut array = MaybeUninit::uninit_array();
[INFO] [stdout]     |                                              ^^^^^^^^^^^^ associated function or constant not found in `MaybeUninit<_>`
[INFO] [stdout] ...
[INFO] [stdout] 175 | array!(38);
[INFO] [stdout]     | ---------- in this macro invocation
[INFO] [stdout]     |
[INFO] [stdout] note: if you're trying to build a new `MaybeUninit<_>` consider using one of the following associated functions:
[INFO] [stdout]       MaybeUninit::<T>::new
[INFO] [stdout]       MaybeUninit::<T>::uninit
[INFO] [stdout]       MaybeUninit::<T>::zeroed
[INFO] [stdout]    --> /rustc/dfb0accb7f508ae8be965d8629557221c889dd98/library/core/src/mem/maybe_uninit.rs:406:4
[INFO] [stdout]     = note: this error originates in the macro `array` (in Nightly builds, run with -Z macro-backtrace for more info)
[INFO] [stdout] 
[INFO] [stdout] 
[INFO] [stdout] error[E0599]: no associated function or constant named `uninit_array` found for union `MaybeUninit<T>` in the current scope
[INFO] [stdout]    --> /opt/rustwide/cargo-home/registry/src/index.crates.io-1949cf8c6b5b557f/xxai-msgpacker-0.4.4/src/unpack/common.rs:120:46
[INFO] [stdout]     |
[INFO] [stdout] 120 |                 let mut array = MaybeUninit::uninit_array();
[INFO] [stdout]     |                                              ^^^^^^^^^^^^ associated function or constant not found in `MaybeUninit<_>`
[INFO] [stdout] ...
[INFO] [stdout] 175 | array!(38);
[INFO] [stdout]     | ---------- in this macro invocation
[INFO] [stdout]     |
[INFO] [stdout] note: if you're trying to build a new `MaybeUninit<_>` consider using one of the following associated functions:
[INFO] [stdout]       MaybeUninit::<T>::new
[INFO] [stdout]       MaybeUninit::<T>::uninit
[INFO] [stdout]       MaybeUninit::<T>::zeroed
[INFO] [stdout]    --> /rustc/dfb0accb7f508ae8be965d8629557221c889dd98/library/core/src/mem/maybe_uninit.rs:406:4
[INFO] [stdout]     = note: this error originates in the macro `array` (in Nightly builds, run with -Z macro-backtrace for more info)
[INFO] [stdout] 
[INFO] [stdout] 
[INFO] [stdout] error[E0599]: no associated function or constant named `uninit_array` found for union `MaybeUninit<T>` in the current scope
[INFO] [stdout]    --> /opt/rustwide/cargo-home/registry/src/index.crates.io-1949cf8c6b5b557f/xxai-msgpacker-0.4.4/src/unpack/common.rs:100:46
[INFO] [stdout]     |
[INFO] [stdout] 100 |                 let mut array = MaybeUninit::uninit_array();
[INFO] [stdout]     |                                              ^^^^^^^^^^^^ associated function or constant not found in `MaybeUninit<_>`
[INFO] [stdout] ...
[INFO] [stdout] 176 | array!(39);
[INFO] [stdout]     | ---------- in this macro invocation
[INFO] [stdout]     |
[INFO] [stdout] note: if you're trying to build a new `MaybeUninit<_>` consider using one of the following associated functions:
[INFO] [stdout]       MaybeUninit::<T>::new
[INFO] [stdout]       MaybeUninit::<T>::uninit
[INFO] [stdout]       MaybeUninit::<T>::zeroed
[INFO] [stdout]    --> /rustc/dfb0accb7f508ae8be965d8629557221c889dd98/library/core/src/mem/maybe_uninit.rs:406:4
[INFO] [stdout]     = note: this error originates in the macro `array` (in Nightly builds, run with -Z macro-backtrace for more info)
[INFO] [stdout] 
[INFO] [stdout] 
[INFO] [stdout] error[E0599]: no associated function or constant named `uninit_array` found for union `MaybeUninit<T>` in the current scope
[INFO] [stdout]    --> /opt/rustwide/cargo-home/registry/src/index.crates.io-1949cf8c6b5b557f/xxai-msgpacker-0.4.4/src/unpack/common.rs:120:46
[INFO] [stdout]     |
[INFO] [stdout] 120 |                 let mut array = MaybeUninit::uninit_array();
[INFO] [stdout]     |                                              ^^^^^^^^^^^^ associated function or constant not found in `MaybeUninit<_>`
[INFO] [stdout] ...
[INFO] [stdout] 176 | array!(39);
[INFO] [stdout]     | ---------- in this macro invocation
[INFO] [stdout]     |
[INFO] [stdout] note: if you're trying to build a new `MaybeUninit<_>` consider using one of the following associated functions:
[INFO] [stdout]       MaybeUninit::<T>::new
[INFO] [stdout]       MaybeUninit::<T>::uninit
[INFO] [stdout]       MaybeUninit::<T>::zeroed
[INFO] [stdout]    --> /rustc/dfb0accb7f508ae8be965d8629557221c889dd98/library/core/src/mem/maybe_uninit.rs:406:4
[INFO] [stdout]     = note: this error originates in the macro `array` (in Nightly builds, run with -Z macro-backtrace for more info)
[INFO] [stdout] 
[INFO] [stdout] 
[INFO] [stdout] error[E0599]: no associated function or constant named `uninit_array` found for union `MaybeUninit<T>` in the current scope
[INFO] [stdout]    --> /opt/rustwide/cargo-home/registry/src/index.crates.io-1949cf8c6b5b557f/xxai-msgpacker-0.4.4/src/unpack/common.rs:100:46
[INFO] [stdout]     |
[INFO] [stdout] 100 |                 let mut array = MaybeUninit::uninit_array();
[INFO] [stdout]     |                                              ^^^^^^^^^^^^ associated function or constant not found in `MaybeUninit<_>`
[INFO] [stdout] ...
[INFO] [stdout] 177 | array!(40);
[INFO] [stdout]     | ---------- in this macro invocation
[INFO] [stdout]     |
[INFO] [stdout] note: if you're trying to build a new `MaybeUninit<_>` consider using one of the following associated functions:
[INFO] [stdout]       MaybeUninit::<T>::new
[INFO] [stdout]       MaybeUninit::<T>::uninit
[INFO] [stdout]       MaybeUninit::<T>::zeroed
[INFO] [stdout]    --> /rustc/dfb0accb7f508ae8be965d8629557221c889dd98/library/core/src/mem/maybe_uninit.rs:406:4
[INFO] [stdout]     = note: this error originates in the macro `array` (in Nightly builds, run with -Z macro-backtrace for more info)
[INFO] [stdout] 
[INFO] [stdout] 
[INFO] [stdout] error[E0599]: no associated function or constant named `uninit_array` found for union `MaybeUninit<T>` in the current scope
[INFO] [stdout]    --> /opt/rustwide/cargo-home/registry/src/index.crates.io-1949cf8c6b5b557f/xxai-msgpacker-0.4.4/src/unpack/common.rs:120:46
[INFO] [stdout]     |
[INFO] [stdout] 120 |                 let mut array = MaybeUninit::uninit_array();
[INFO] [stdout]     |                                              ^^^^^^^^^^^^ associated function or constant not found in `MaybeUninit<_>`
[INFO] [stdout] ...
[INFO] [stdout] 177 | array!(40);
[INFO] [stdout]     | ---------- in this macro invocation
[INFO] [stdout]     |
[INFO] [stdout] note: if you're trying to build a new `MaybeUninit<_>` consider using one of the following associated functions:
[INFO] [stdout]       MaybeUninit::<T>::new
[INFO] [stdout]       MaybeUninit::<T>::uninit
[INFO] [stdout]       MaybeUninit::<T>::zeroed
[INFO] [stdout]    --> /rustc/dfb0accb7f508ae8be965d8629557221c889dd98/library/core/src/mem/maybe_uninit.rs:406:4
[INFO] [stdout]     = note: this error originates in the macro `array` (in Nightly builds, run with -Z macro-backtrace for more info)
[INFO] [stdout] 
[INFO] [stdout] 
[INFO] [stdout] error[E0599]: no associated function or constant named `uninit_array` found for union `MaybeUninit<T>` in the current scope
[INFO] [stdout]    --> /opt/rustwide/cargo-home/registry/src/index.crates.io-1949cf8c6b5b557f/xxai-msgpacker-0.4.4/src/unpack/common.rs:100:46
[INFO] [stdout]     |
[INFO] [stdout] 100 |                 let mut array = MaybeUninit::uninit_array();
[INFO] [stdout]     |                                              ^^^^^^^^^^^^ associated function or constant not found in `MaybeUninit<_>`
[INFO] [stdout] ...
[INFO] [stdout] 178 | array!(41);
[INFO] [stdout]     | ---------- in this macro invocation
[INFO] [stdout]     |
[INFO] [stdout] note: if you're trying to build a new `MaybeUninit<_>` consider using one of the following associated functions:
[INFO] [stdout]       MaybeUninit::<T>::new
[INFO] [stdout]       MaybeUninit::<T>::uninit
[INFO] [stdout]       MaybeUninit::<T>::zeroed
[INFO] [stdout]    --> /rustc/dfb0accb7f508ae8be965d8629557221c889dd98/library/core/src/mem/maybe_uninit.rs:406:4
[INFO] [stdout]     = note: this error originates in the macro `array` (in Nightly builds, run with -Z macro-backtrace for more info)
[INFO] [stdout] 
[INFO] [stdout] 
[INFO] [stdout] error[E0599]: no associated function or constant named `uninit_array` found for union `MaybeUninit<T>` in the current scope
[INFO] [stdout]    --> /opt/rustwide/cargo-home/registry/src/index.crates.io-1949cf8c6b5b557f/xxai-msgpacker-0.4.4/src/unpack/common.rs:120:46
[INFO] [stdout]     |
[INFO] [stdout] 120 |                 let mut array = MaybeUninit::uninit_array();
[INFO] [stdout]     |                                              ^^^^^^^^^^^^ associated function or constant not found in `MaybeUninit<_>`
[INFO] [stdout] ...
[INFO] [stdout] 178 | array!(41);
[INFO] [stdout]     | ---------- in this macro invocation
[INFO] [stdout]     |
[INFO] [stdout] note: if you're trying to build a new `MaybeUninit<_>` consider using one of the following associated functions:
[INFO] [stdout]       MaybeUninit::<T>::new
[INFO] [stdout]       MaybeUninit::<T>::uninit
[INFO] [stdout]       MaybeUninit::<T>::zeroed
[INFO] [stdout]    --> /rustc/dfb0accb7f508ae8be965d8629557221c889dd98/library/core/src/mem/maybe_uninit.rs:406:4
[INFO] [stdout]     = note: this error originates in the macro `array` (in Nightly builds, run with -Z macro-backtrace for more info)
[INFO] [stdout] 
[INFO] [stdout] 
[INFO] [stdout] error[E0599]: no associated function or constant named `uninit_array` found for union `MaybeUninit<T>` in the current scope
[INFO] [stdout]    --> /opt/rustwide/cargo-home/registry/src/index.crates.io-1949cf8c6b5b557f/xxai-msgpacker-0.4.4/src/unpack/common.rs:100:46
[INFO] [stdout]     |
[INFO] [stdout] 100 |                 let mut array = MaybeUninit::uninit_array();
[INFO] [stdout]     |                                              ^^^^^^^^^^^^ associated function or constant not found in `MaybeUninit<_>`
[INFO] [stdout] ...
[INFO] [stdout] 179 | array!(42);
[INFO] [stdout]     | ---------- in this macro invocation
[INFO] [stdout]     |
[INFO] [stdout] note: if you're trying to build a new `MaybeUninit<_>` consider using one of the following associated functions:
[INFO] [stdout]       MaybeUninit::<T>::new
[INFO] [stdout]       MaybeUninit::<T>::uninit
[INFO] [stdout]       MaybeUninit::<T>::zeroed
[INFO] [stdout]    --> /rustc/dfb0accb7f508ae8be965d8629557221c889dd98/library/core/src/mem/maybe_uninit.rs:406:4
[INFO] [stdout]     = note: this error originates in the macro `array` (in Nightly builds, run with -Z macro-backtrace for more info)
[INFO] [stdout] 
[INFO] [stdout] 
[INFO] [stdout] error[E0599]: no associated function or constant named `uninit_array` found for union `MaybeUninit<T>` in the current scope
[INFO] [stdout]    --> /opt/rustwide/cargo-home/registry/src/index.crates.io-1949cf8c6b5b557f/xxai-msgpacker-0.4.4/src/unpack/common.rs:120:46
[INFO] [stdout]     |
[INFO] [stdout] 120 |                 let mut array = MaybeUninit::uninit_array();
[INFO] [stdout]     |                                              ^^^^^^^^^^^^ associated function or constant not found in `MaybeUninit<_>`
[INFO] [stdout] ...
[INFO] [stdout] 179 | array!(42);
[INFO] [stdout]     | ---------- in this macro invocation
[INFO] [stdout]     |
[INFO] [stdout] note: if you're trying to build a new `MaybeUninit<_>` consider using one of the following associated functions:
[INFO] [stdout]       MaybeUninit::<T>::new
[INFO] [stdout]       MaybeUninit::<T>::uninit
[INFO] [stdout]       MaybeUninit::<T>::zeroed
[INFO] [stdout]    --> /rustc/dfb0accb7f508ae8be965d8629557221c889dd98/library/core/src/mem/maybe_uninit.rs:406:4
[INFO] [stdout]     = note: this error originates in the macro `array` (in Nightly builds, run with -Z macro-backtrace for more info)
[INFO] [stdout] 
[INFO] [stdout] 
[INFO] [stdout] error[E0599]: no associated function or constant named `uninit_array` found for union `MaybeUninit<T>` in the current scope
[INFO] [stdout]    --> /opt/rustwide/cargo-home/registry/src/index.crates.io-1949cf8c6b5b557f/xxai-msgpacker-0.4.4/src/unpack/common.rs:100:46
[INFO] [stdout]     |
[INFO] [stdout] 100 |                 let mut array = MaybeUninit::uninit_array();
[INFO] [stdout]     |                                              ^^^^^^^^^^^^ associated function or constant not found in `MaybeUninit<_>`
[INFO] [stdout] ...
[INFO] [stdout] 180 | array!(43);
[INFO] [stdout]     | ---------- in this macro invocation
[INFO] [stdout]     |
[INFO] [stdout] note: if you're trying to build a new `MaybeUninit<_>` consider using one of the following associated functions:
[INFO] [stdout]       MaybeUninit::<T>::new
[INFO] [stdout]       MaybeUninit::<T>::uninit
[INFO] [stdout]       MaybeUninit::<T>::zeroed
[INFO] [stdout]    --> /rustc/dfb0accb7f508ae8be965d8629557221c889dd98/library/core/src/mem/maybe_uninit.rs:406:4
[INFO] [stdout]     = note: this error originates in the macro `array` (in Nightly builds, run with -Z macro-backtrace for more info)
[INFO] [stdout] 
[INFO] [stdout] 
[INFO] [stdout] error[E0599]: no associated function or constant named `uninit_array` found for union `MaybeUninit<T>` in the current scope
[INFO] [stdout]    --> /opt/rustwide/cargo-home/registry/src/index.crates.io-1949cf8c6b5b557f/xxai-msgpacker-0.4.4/src/unpack/common.rs:120:46
[INFO] [stdout]     |
[INFO] [stdout] 120 |                 let mut array = MaybeUninit::uninit_array();
[INFO] [stdout]     |                                              ^^^^^^^^^^^^ associated function or constant not found in `MaybeUninit<_>`
[INFO] [stdout] ...
[INFO] [stdout] 180 | array!(43);
[INFO] [stdout]     | ---------- in this macro invocation
[INFO] [stdout]     |
[INFO] [stdout] note: if you're trying to build a new `MaybeUninit<_>` consider using one of the following associated functions:
[INFO] [stdout]       MaybeUninit::<T>::new
[INFO] [stdout]       MaybeUninit::<T>::uninit
[INFO] [stdout]       MaybeUninit::<T>::zeroed
[INFO] [stdout]    --> /rustc/dfb0accb7f508ae8be965d8629557221c889dd98/library/core/src/mem/maybe_uninit.rs:406:4
[INFO] [stdout]     = note: this error originates in the macro `array` (in Nightly builds, run with -Z macro-backtrace for more info)
[INFO] [stdout] 
[INFO] [stdout] 
[INFO] [stdout] error[E0599]: no associated function or constant named `uninit_array` found for union `MaybeUninit<T>` in the current scope
[INFO] [stdout]    --> /opt/rustwide/cargo-home/registry/src/index.crates.io-1949cf8c6b5b557f/xxai-msgpacker-0.4.4/src/unpack/common.rs:100:46
[INFO] [stdout]     |
[INFO] [stdout] 100 |                 let mut array = MaybeUninit::uninit_array();
[INFO] [stdout]     |                                              ^^^^^^^^^^^^ associated function or constant not found in `MaybeUninit<_>`
[INFO] [stdout] ...
[INFO] [stdout] 181 | array!(44);
[INFO] [stdout]     | ---------- in this macro invocation
[INFO] [stdout]     |
[INFO] [stdout] note: if you're trying to build a new `MaybeUninit<_>` consider using one of the following associated functions:
[INFO] [stdout]       MaybeUninit::<T>::new
[INFO] [stdout]       MaybeUninit::<T>::uninit
[INFO] [stdout]       MaybeUninit::<T>::zeroed
[INFO] [stdout]    --> /rustc/dfb0accb7f508ae8be965d8629557221c889dd98/library/core/src/mem/maybe_uninit.rs:406:4
[INFO] [stdout]     = note: this error originates in the macro `array` (in Nightly builds, run with -Z macro-backtrace for more info)
[INFO] [stdout] 
[INFO] [stdout] 
[INFO] [stdout] error[E0599]: no associated function or constant named `uninit_array` found for union `MaybeUninit<T>` in the current scope
[INFO] [stdout]    --> /opt/rustwide/cargo-home/registry/src/index.crates.io-1949cf8c6b5b557f/xxai-msgpacker-0.4.4/src/unpack/common.rs:120:46
[INFO] [stdout]     |
[INFO] [stdout] 120 |                 let mut array = MaybeUninit::uninit_array();
[INFO] [stdout]     |                                              ^^^^^^^^^^^^ associated function or constant not found in `MaybeUninit<_>`
[INFO] [stdout] ...
[INFO] [stdout] 181 | array!(44);
[INFO] [stdout]     | ---------- in this macro invocation
[INFO] [stdout]     |
[INFO] [stdout] note: if you're trying to build a new `MaybeUninit<_>` consider using one of the following associated functions:
[INFO] [stdout]       MaybeUninit::<T>::new
[INFO] [stdout]       MaybeUninit::<T>::uninit
[INFO] [stdout]       MaybeUninit::<T>::zeroed
[INFO] [stdout]    --> /rustc/dfb0accb7f508ae8be965d8629557221c889dd98/library/core/src/mem/maybe_uninit.rs:406:4
[INFO] [stdout]     = note: this error originates in the macro `array` (in Nightly builds, run with -Z macro-backtrace for more info)
[INFO] [stdout] 
[INFO] [stdout] 
[INFO] [stdout] error[E0599]: no associated function or constant named `uninit_array` found for union `MaybeUninit<T>` in the current scope
[INFO] [stdout]    --> /opt/rustwide/cargo-home/registry/src/index.crates.io-1949cf8c6b5b557f/xxai-msgpacker-0.4.4/src/unpack/common.rs:100:46
[INFO] [stdout]     |
[INFO] [stdout] 100 |                 let mut array = MaybeUninit::uninit_array();
[INFO] [stdout]     |                                              ^^^^^^^^^^^^ associated function or constant not found in `MaybeUninit<_>`
[INFO] [stdout] ...
[INFO] [stdout] 182 | array!(45);
[INFO] [stdout]     | ---------- in this macro invocation
[INFO] [stdout]     |
[INFO] [stdout] note: if you're trying to build a new `MaybeUninit<_>` consider using one of the following associated functions:
[INFO] [stdout]       MaybeUninit::<T>::new
[INFO] [stdout]       MaybeUninit::<T>::uninit
[INFO] [stdout]       MaybeUninit::<T>::zeroed
[INFO] [stdout]    --> /rustc/dfb0accb7f508ae8be965d8629557221c889dd98/library/core/src/mem/maybe_uninit.rs:406:4
[INFO] [stdout]     = note: this error originates in the macro `array` (in Nightly builds, run with -Z macro-backtrace for more info)
[INFO] [stdout] 
[INFO] [stdout] 
[INFO] [stdout] error[E0599]: no associated function or constant named `uninit_array` found for union `MaybeUninit<T>` in the current scope
[INFO] [stdout]    --> /opt/rustwide/cargo-home/registry/src/index.crates.io-1949cf8c6b5b557f/xxai-msgpacker-0.4.4/src/unpack/common.rs:120:46
[INFO] [stdout]     |
[INFO] [stdout] 120 |                 let mut array = MaybeUninit::uninit_array();
[INFO] [stdout]     |                                              ^^^^^^^^^^^^ associated function or constant not found in `MaybeUninit<_>`
[INFO] [stdout] ...
[INFO] [stdout] 182 | array!(45);
[INFO] [stdout]     | ---------- in this macro invocation
[INFO] [stdout]     |
[INFO] [stdout] note: if you're trying to build a new `MaybeUninit<_>` consider using one of the following associated functions:
[INFO] [stdout]       MaybeUninit::<T>::new
[INFO] [stdout]       MaybeUninit::<T>::uninit
[INFO] [stdout]       MaybeUninit::<T>::zeroed
[INFO] [stdout]    --> /rustc/dfb0accb7f508ae8be965d8629557221c889dd98/library/core/src/mem/maybe_uninit.rs:406:4
[INFO] [stdout]     = note: this error originates in the macro `array` (in Nightly builds, run with -Z macro-backtrace for more info)
[INFO] [stdout] 
[INFO] [stdout] 
[INFO] [stdout] error[E0599]: no associated function or constant named `uninit_array` found for union `MaybeUninit<T>` in the current scope
[INFO] [stdout]    --> /opt/rustwide/cargo-home/registry/src/index.crates.io-1949cf8c6b5b557f/xxai-msgpacker-0.4.4/src/unpack/common.rs:100:46
[INFO] [stdout]     |
[INFO] [stdout] 100 |                 let mut array = MaybeUninit::uninit_array();
[INFO] [stdout]     |                                              ^^^^^^^^^^^^ associated function or constant not found in `MaybeUninit<_>`
[INFO] [stdout] ...
[INFO] [stdout] 183 | array!(46);
[INFO] [stdout]     | ---------- in this macro invocation
[INFO] [stdout]     |
[INFO] [stdout] note: if you're trying to build a new `MaybeUninit<_>` consider using one of the following associated functions:
[INFO] [stdout]       MaybeUninit::<T>::new
[INFO] [stdout]       MaybeUninit::<T>::uninit
[INFO] [stdout]       MaybeUninit::<T>::zeroed
[INFO] [stdout]    --> /rustc/dfb0accb7f508ae8be965d8629557221c889dd98/library/core/src/mem/maybe_uninit.rs:406:4
[INFO] [stdout]     = note: this error originates in the macro `array` (in Nightly builds, run with -Z macro-backtrace for more info)
[INFO] [stdout] 
[INFO] [stdout] 
[INFO] [stdout] error[E0599]: no associated function or constant named `uninit_array` found for union `MaybeUninit<T>` in the current scope
[INFO] [stdout]    --> /opt/rustwide/cargo-home/registry/src/index.crates.io-1949cf8c6b5b557f/xxai-msgpacker-0.4.4/src/unpack/common.rs:120:46
[INFO] [stdout]     |
[INFO] [stdout] 120 |                 let mut array = MaybeUninit::uninit_array();
[INFO] [stdout]     |                                              ^^^^^^^^^^^^ associated function or constant not found in `MaybeUninit<_>`
[INFO] [stdout] ...
[INFO] [stdout] 183 | array!(46);
[INFO] [stdout]     | ---------- in this macro invocation
[INFO] [stdout]     |
[INFO] [stdout] note: if you're trying to build a new `MaybeUninit<_>` consider using one of the following associated functions:
[INFO] [stdout]       MaybeUninit::<T>::new
[INFO] [stdout]       MaybeUninit::<T>::uninit
[INFO] [stdout]       MaybeUninit::<T>::zeroed
[INFO] [stdout]    --> /rustc/dfb0accb7f508ae8be965d8629557221c889dd98/library/core/src/mem/maybe_uninit.rs:406:4
[INFO] [stdout]     = note: this error originates in the macro `array` (in Nightly builds, run with -Z macro-backtrace for more info)
[INFO] [stdout] 
[INFO] [stdout] 
[INFO] [stdout] error[E0599]: no associated function or constant named `uninit_array` found for union `MaybeUninit<T>` in the current scope
[INFO] [stdout]    --> /opt/rustwide/cargo-home/registry/src/index.crates.io-1949cf8c6b5b557f/xxai-msgpacker-0.4.4/src/unpack/common.rs:100:46
[INFO] [stdout]     |
[INFO] [stdout] 100 |                 let mut array = MaybeUninit::uninit_array();
[INFO] [stdout]     |                                              ^^^^^^^^^^^^ associated function or constant not found in `MaybeUninit<_>`
[INFO] [stdout] ...
[INFO] [stdout] 184 | array!(47);
[INFO] [stdout]     | ---------- in this macro invocation
[INFO] [stdout]     |
[INFO] [stdout] note: if you're trying to build a new `MaybeUninit<_>` consider using one of the following associated functions:
[INFO] [stdout]       MaybeUninit::<T>::new
[INFO] [stdout]       MaybeUninit::<T>::uninit
[INFO] [stdout]       MaybeUninit::<T>::zeroed
[INFO] [stdout]    --> /rustc/dfb0accb7f508ae8be965d8629557221c889dd98/library/core/src/mem/maybe_uninit.rs:406:4
[INFO] [stdout]     = note: this error originates in the macro `array` (in Nightly builds, run with -Z macro-backtrace for more info)
[INFO] [stdout] 
[INFO] [stdout] 
[INFO] [stdout] error[E0599]: no associated function or constant named `uninit_array` found for union `MaybeUninit<T>` in the current scope
[INFO] [stdout]    --> /opt/rustwide/cargo-home/registry/src/index.crates.io-1949cf8c6b5b557f/xxai-msgpacker-0.4.4/src/unpack/common.rs:120:46
[INFO] [stdout]     |
[INFO] [stdout] 120 |                 let mut array = MaybeUninit::uninit_array();
[INFO] [stdout]     |                                              ^^^^^^^^^^^^ associated function or constant not found in `MaybeUninit<_>`
[INFO] [stdout] ...
[INFO] [stdout] 184 | array!(47);
[INFO] [stdout]     | ---------- in this macro invocation
[INFO] [stdout]     |
[INFO] [stdout] note: if you're trying to build a new `MaybeUninit<_>` consider using one of the following associated functions:
[INFO] [stdout]       MaybeUninit::<T>::new
[INFO] [stdout]       MaybeUninit::<T>::uninit
[INFO] [stdout]       MaybeUninit::<T>::zeroed
[INFO] [stdout]    --> /rustc/dfb0accb7f508ae8be965d8629557221c889dd98/library/core/src/mem/maybe_uninit.rs:406:4
[INFO] [stdout]     = note: this error originates in the macro `array` (in Nightly builds, run with -Z macro-backtrace for more info)
[INFO] [stdout] 
[INFO] [stdout] 
[INFO] [stdout] error[E0599]: no associated function or constant named `uninit_array` found for union `MaybeUninit<T>` in the current scope
[INFO] [stdout]    --> /opt/rustwide/cargo-home/registry/src/index.crates.io-1949cf8c6b5b557f/xxai-msgpacker-0.4.4/src/unpack/common.rs:100:46
[INFO] [stdout]     |
[INFO] [stdout] 100 |                 let mut array = MaybeUninit::uninit_array();
[INFO] [stdout]     |                                              ^^^^^^^^^^^^ associated function or constant not found in `MaybeUninit<_>`
[INFO] [stdout] ...
[INFO] [stdout] 185 | array!(48);
[INFO] [stdout]     | ---------- in this macro invocation
[INFO] [stdout]     |
[INFO] [stdout] note: if you're trying to build a new `MaybeUninit<_>` consider using one of the following associated functions:
[INFO] [stdout]       MaybeUninit::<T>::new
[INFO] [stdout]       MaybeUninit::<T>::uninit
[INFO] [stdout]       MaybeUninit::<T>::zeroed
[INFO] [stdout]    --> /rustc/dfb0accb7f508ae8be965d8629557221c889dd98/library/core/src/mem/maybe_uninit.rs:406:4
[INFO] [stdout]     = note: this error originates in the macro `array` (in Nightly builds, run with -Z macro-backtrace for more info)
[INFO] [stdout] 
[INFO] [stdout] 
[INFO] [stdout] error[E0599]: no associated function or constant named `uninit_array` found for union `MaybeUninit<T>` in the current scope
[INFO] [stdout]    --> /opt/rustwide/cargo-home/registry/src/index.crates.io-1949cf8c6b5b557f/xxai-msgpacker-0.4.4/src/unpack/common.rs:120:46
[INFO] [stdout]     |
[INFO] [stdout] 120 |                 let mut array = MaybeUninit::uninit_array();
[INFO] [stdout]     |                                              ^^^^^^^^^^^^ associated function or constant not found in `MaybeUninit<_>`
[INFO] [stdout] ...
[INFO] [stdout] 185 | array!(48);
[INFO] [stdout]     | ---------- in this macro invocation
[INFO] [stdout]     |
[INFO] [stdout] note: if you're trying to build a new `MaybeUninit<_>` consider using one of the following associated functions:
[INFO] [stdout]       MaybeUninit::<T>::new
[INFO] [stdout]       MaybeUninit::<T>::uninit
[INFO] [stdout]       MaybeUninit::<T>::zeroed
[INFO] [stdout]    --> /rustc/dfb0accb7f508ae8be965d8629557221c889dd98/library/core/src/mem/maybe_uninit.rs:406:4
[INFO] [stdout]     = note: this error originates in the macro `array` (in Nightly builds, run with -Z macro-backtrace for more info)
[INFO] [stdout] 
[INFO] [stdout] 
[INFO] [stdout] error[E0599]: no associated function or constant named `uninit_array` found for union `MaybeUninit<T>` in the current scope
[INFO] [stdout]    --> /opt/rustwide/cargo-home/registry/src/index.crates.io-1949cf8c6b5b557f/xxai-msgpacker-0.4.4/src/unpack/common.rs:100:46
[INFO] [stdout]     |
[INFO] [stdout] 100 |                 let mut array = MaybeUninit::uninit_array();
[INFO] [stdout]     |                                              ^^^^^^^^^^^^ associated function or constant not found in `MaybeUninit<_>`
[INFO] [stdout] ...
[INFO] [stdout] 186 | array!(49);
[INFO] [stdout]     | ---------- in this macro invocation
[INFO] [stdout]     |
[INFO] [stdout] note: if you're trying to build a new `MaybeUninit<_>` consider using one of the following associated functions:
[INFO] [stdout]       MaybeUninit::<T>::new
[INFO] [stdout]       MaybeUninit::<T>::uninit
[INFO] [stdout]       MaybeUninit::<T>::zeroed
[INFO] [stdout]    --> /rustc/dfb0accb7f508ae8be965d8629557221c889dd98/library/core/src/mem/maybe_uninit.rs:406:4
[INFO] [stdout]     = note: this error originates in the macro `array` (in Nightly builds, run with -Z macro-backtrace for more info)
[INFO] [stdout] 
[INFO] [stdout] 
[INFO] [stdout] error[E0599]: no associated function or constant named `uninit_array` found for union `MaybeUninit<T>` in the current scope
[INFO] [stdout]    --> /opt/rustwide/cargo-home/registry/src/index.crates.io-1949cf8c6b5b557f/xxai-msgpacker-0.4.4/src/unpack/common.rs:120:46
[INFO] [stdout]     |
[INFO] [stdout] 120 |                 let mut array = MaybeUninit::uninit_array();
[INFO] [stdout]     |                                              ^^^^^^^^^^^^ associated function or constant not found in `MaybeUninit<_>`
[INFO] [stdout] ...
[INFO] [stdout] 186 | array!(49);
[INFO] [stdout]     | ---------- in this macro invocation
[INFO] [stdout]     |
[INFO] [stdout] note: if you're trying to build a new `MaybeUninit<_>` consider using one of the following associated functions:
[INFO] [stdout]       MaybeUninit::<T>::new
[INFO] [stdout]       MaybeUninit::<T>::uninit
[INFO] [stdout]       MaybeUninit::<T>::zeroed
[INFO] [stdout]    --> /rustc/dfb0accb7f508ae8be965d8629557221c889dd98/library/core/src/mem/maybe_uninit.rs:406:4
[INFO] [stdout]     = note: this error originates in the macro `array` (in Nightly builds, run with -Z macro-backtrace for more info)
[INFO] [stdout] 
[INFO] [stdout] 
[INFO] [stdout] error[E0599]: no associated function or constant named `uninit_array` found for union `MaybeUninit<T>` in the current scope
[INFO] [stdout]    --> /opt/rustwide/cargo-home/registry/src/index.crates.io-1949cf8c6b5b557f/xxai-msgpacker-0.4.4/src/unpack/common.rs:100:46
[INFO] [stdout]     |
[INFO] [stdout] 100 |                 let mut array = MaybeUninit::uninit_array();
[INFO] [stdout]     |                                              ^^^^^^^^^^^^ associated function or constant not found in `MaybeUninit<_>`
[INFO] [stdout] ...
[INFO] [stdout] 187 | array!(50);
[INFO] [stdout]     | ---------- in this macro invocation
[INFO] [stdout]     |
[INFO] [stdout] note: if you're trying to build a new `MaybeUninit<_>` consider using one of the following associated functions:
[INFO] [stdout]       MaybeUninit::<T>::new
[INFO] [stdout]       MaybeUninit::<T>::uninit
[INFO] [stdout]       MaybeUninit::<T>::zeroed
[INFO] [stdout]    --> /rustc/dfb0accb7f508ae8be965d8629557221c889dd98/library/core/src/mem/maybe_uninit.rs:406:4
[INFO] [stdout]     = note: this error originates in the macro `array` (in Nightly builds, run with -Z macro-backtrace for more info)
[INFO] [stdout] 
[INFO] [stdout] 
[INFO] [stdout] error[E0599]: no associated function or constant named `uninit_array` found for union `MaybeUninit<T>` in the current scope
[INFO] [stdout]    --> /opt/rustwide/cargo-home/registry/src/index.crates.io-1949cf8c6b5b557f/xxai-msgpacker-0.4.4/src/unpack/common.rs:120:46
[INFO] [stdout]     |
[INFO] [stdout] 120 |                 let mut array = MaybeUninit::uninit_array();
[INFO] [stdout]     |                                              ^^^^^^^^^^^^ associated function or constant not found in `MaybeUninit<_>`
[INFO] [stdout] ...
[INFO] [stdout] 187 | array!(50);
[INFO] [stdout]     | ---------- in this macro invocation
[INFO] [stdout]     |
[INFO] [stdout] note: if you're trying to build a new `MaybeUninit<_>` consider using one of the following associated functions:
[INFO] [stdout]       MaybeUninit::<T>::new
[INFO] [stdout]       MaybeUninit::<T>::uninit
[INFO] [stdout]       MaybeUninit::<T>::zeroed
[INFO] [stdout]    --> /rustc/dfb0accb7f508ae8be965d8629557221c889dd98/library/core/src/mem/maybe_uninit.rs:406:4
[INFO] [stdout]     = note: this error originates in the macro `array` (in Nightly builds, run with -Z macro-backtrace for more info)
[INFO] [stdout] 
[INFO] [stdout] 
[INFO] [stdout] error[E0599]: no associated function or constant named `uninit_array` found for union `MaybeUninit<T>` in the current scope
[INFO] [stdout]    --> /opt/rustwide/cargo-home/registry/src/index.crates.io-1949cf8c6b5b557f/xxai-msgpacker-0.4.4/src/unpack/common.rs:100:46
[INFO] [stdout]     |
[INFO] [stdout] 100 |                 let mut array = MaybeUninit::uninit_array();
[INFO] [stdout]     |                                              ^^^^^^^^^^^^ associated function or constant not found in `MaybeUninit<_>`
[INFO] [stdout] ...
[INFO] [stdout] 188 | array!(51);
[INFO] [stdout]     | ---------- in this macro invocation
[INFO] [stdout]     |
[INFO] [stdout] note: if you're trying to build a new `MaybeUninit<_>` consider using one of the following associated functions:
[INFO] [stdout]       MaybeUninit::<T>::new
[INFO] [stdout]       MaybeUninit::<T>::uninit
[INFO] [stdout]       MaybeUninit::<T>::zeroed
[INFO] [stdout]    --> /rustc/dfb0accb7f508ae8be965d8629557221c889dd98/library/core/src/mem/maybe_uninit.rs:406:4
[INFO] [stdout]     = note: this error originates in the macro `array` (in Nightly builds, run with -Z macro-backtrace for more info)
[INFO] [stdout] 
[INFO] [stdout] 
[INFO] [stdout] error[E0599]: no associated function or constant named `uninit_array` found for union `MaybeUninit<T>` in the current scope
[INFO] [stdout]    --> /opt/rustwide/cargo-home/registry/src/index.crates.io-1949cf8c6b5b557f/xxai-msgpacker-0.4.4/src/unpack/common.rs:120:46
[INFO] [stdout]     |
[INFO] [stdout] 120 |                 let mut array = MaybeUninit::uninit_array();
[INFO] [stdout]     |                                              ^^^^^^^^^^^^ associated function or constant not found in `MaybeUninit<_>`
[INFO] [stdout] ...
[INFO] [stdout] 188 | array!(51);
[INFO] [stdout]     | ---------- in this macro invocation
[INFO] [stdout]     |
[INFO] [stdout] note: if you're trying to build a new `MaybeUninit<_>` consider using one of the following associated functions:
[INFO] [stdout]       MaybeUninit::<T>::new
[INFO] [stdout]       MaybeUninit::<T>::uninit
[INFO] [stdout]       MaybeUninit::<T>::zeroed
[INFO] [stdout]    --> /rustc/dfb0accb7f508ae8be965d8629557221c889dd98/library/core/src/mem/maybe_uninit.rs:406:4
[INFO] [stdout]     = note: this error originates in the macro `array` (in Nightly builds, run with -Z macro-backtrace for more info)
[INFO] [stdout] 
[INFO] [stdout] 
[INFO] [stdout] error[E0599]: no associated function or constant named `uninit_array` found for union `MaybeUninit<T>` in the current scope
[INFO] [stdout]    --> /opt/rustwide/cargo-home/registry/src/index.crates.io-1949cf8c6b5b557f/xxai-msgpacker-0.4.4/src/unpack/common.rs:100:46
[INFO] [stdout]     |
[INFO] [stdout] 100 |                 let mut array = MaybeUninit::uninit_array();
[INFO] [stdout]     |                                              ^^^^^^^^^^^^ associated function or constant not found in `MaybeUninit<_>`
[INFO] [stdout] ...
[INFO] [stdout] 189 | array!(52);
[INFO] [stdout]     | ---------- in this macro invocation
[INFO] [stdout]     |
[INFO] [stdout] note: if you're trying to build a new `MaybeUninit<_>` consider using one of the following associated functions:
[INFO] [stdout]       MaybeUninit::<T>::new
[INFO] [stdout]       MaybeUninit::<T>::uninit
[INFO] [stdout]       MaybeUninit::<T>::zeroed
[INFO] [stdout]    --> /rustc/dfb0accb7f508ae8be965d8629557221c889dd98/library/core/src/mem/maybe_uninit.rs:406:4
[INFO] [stdout]     = note: this error originates in the macro `array` (in Nightly builds, run with -Z macro-backtrace for more info)
[INFO] [stdout] 
[INFO] [stdout] 
[INFO] [stdout] error[E0599]: no associated function or constant named `uninit_array` found for union `MaybeUninit<T>` in the current scope
[INFO] [stdout]    --> /opt/rustwide/cargo-home/registry/src/index.crates.io-1949cf8c6b5b557f/xxai-msgpacker-0.4.4/src/unpack/common.rs:120:46
[INFO] [stdout]     |
[INFO] [stdout] 120 |                 let mut array = MaybeUninit::uninit_array();
[INFO] [stdout]     |                                              ^^^^^^^^^^^^ associated function or constant not found in `MaybeUninit<_>`
[INFO] [stdout] ...
[INFO] [stdout] 189 | array!(52);
[INFO] [stdout]     | ---------- in this macro invocation
[INFO] [stdout]     |
[INFO] [stdout] note: if you're trying to build a new `MaybeUninit<_>` consider using one of the following associated functions:
[INFO] [stdout]       MaybeUninit::<T>::new
[INFO] [stdout]       MaybeUninit::<T>::uninit
[INFO] [stdout]       MaybeUninit::<T>::zeroed
[INFO] [stdout]    --> /rustc/dfb0accb7f508ae8be965d8629557221c889dd98/library/core/src/mem/maybe_uninit.rs:406:4
[INFO] [stdout]     = note: this error originates in the macro `array` (in Nightly builds, run with -Z macro-backtrace for more info)
[INFO] [stdout] 
[INFO] [stdout] 
[INFO] [stdout] error[E0599]: no associated function or constant named `uninit_array` found for union `MaybeUninit<T>` in the current scope
[INFO] [stdout]    --> /opt/rustwide/cargo-home/registry/src/index.crates.io-1949cf8c6b5b557f/xxai-msgpacker-0.4.4/src/unpack/common.rs:100:46
[INFO] [stdout]     |
[INFO] [stdout] 100 |                 let mut array = MaybeUninit::uninit_array();
[INFO] [stdout]     |                                              ^^^^^^^^^^^^ associated function or constant not found in `MaybeUninit<_>`
[INFO] [stdout] ...
[INFO] [stdout] 190 | array!(53);
[INFO] [stdout]     | ---------- in this macro invocation
[INFO] [stdout]     |
[INFO] [stdout] note: if you're trying to build a new `MaybeUninit<_>` consider using one of the following associated functions:
[INFO] [stdout]       MaybeUninit::<T>::new
[INFO] [stdout]       MaybeUninit::<T>::uninit
[INFO] [stdout]       MaybeUninit::<T>::zeroed
[INFO] [stdout]    --> /rustc/dfb0accb7f508ae8be965d8629557221c889dd98/library/core/src/mem/maybe_uninit.rs:406:4
[INFO] [stdout]     = note: this error originates in the macro `array` (in Nightly builds, run with -Z macro-backtrace for more info)
[INFO] [stdout] 
[INFO] [stdout] 
[INFO] [stdout] error[E0599]: no associated function or constant named `uninit_array` found for union `MaybeUninit<T>` in the current scope
[INFO] [stdout]    --> /opt/rustwide/cargo-home/registry/src/index.crates.io-1949cf8c6b5b557f/xxai-msgpacker-0.4.4/src/unpack/common.rs:120:46
[INFO] [stdout]     |
[INFO] [stdout] 120 |                 let mut array = MaybeUninit::uninit_array();
[INFO] [stdout]     |                                              ^^^^^^^^^^^^ associated function or constant not found in `MaybeUninit<_>`
[INFO] [stdout] ...
[INFO] [stdout] 190 | array!(53);
[INFO] [stdout]     | ---------- in this macro invocation
[INFO] [stdout]     |
[INFO] [stdout] note: if you're trying to build a new `MaybeUninit<_>` consider using one of the following associated functions:
[INFO] [stdout]       MaybeUninit::<T>::new
[INFO] [stdout]       MaybeUninit::<T>::uninit
[INFO] [stdout]       MaybeUninit::<T>::zeroed
[INFO] [stdout]    --> /rustc/dfb0accb7f508ae8be965d8629557221c889dd98/library/core/src/mem/maybe_uninit.rs:406:4
[INFO] [stdout]     = note: this error originates in the macro `array` (in Nightly builds, run with -Z macro-backtrace for more info)
[INFO] [stdout] 
[INFO] [stdout] 
[INFO] [stdout] error[E0599]: no associated function or constant named `uninit_array` found for union `MaybeUninit<T>` in the current scope
[INFO] [stdout]    --> /opt/rustwide/cargo-home/registry/src/index.crates.io-1949cf8c6b5b557f/xxai-msgpacker-0.4.4/src/unpack/common.rs:100:46
[INFO] [stdout]     |
[INFO] [stdout] 100 |                 let mut array = MaybeUninit::uninit_array();
[INFO] [stdout]     |                                              ^^^^^^^^^^^^ associated function or constant not found in `MaybeUninit<_>`
[INFO] [stdout] ...
[INFO] [stdout] 191 | array!(54);
[INFO] [stdout]     | ---------- in this macro invocation
[INFO] [stdout]     |
[INFO] [stdout] note: if you're trying to build a new `MaybeUninit<_>` consider using one of the following associated functions:
[INFO] [stdout]       MaybeUninit::<T>::new
[INFO] [stdout]       MaybeUninit::<T>::uninit
[INFO] [stdout]       MaybeUninit::<T>::zeroed
[INFO] [stdout]    --> /rustc/dfb0accb7f508ae8be965d8629557221c889dd98/library/core/src/mem/maybe_uninit.rs:406:4
[INFO] [stdout]     = note: this error originates in the macro `array` (in Nightly builds, run with -Z macro-backtrace for more info)
[INFO] [stdout] 
[INFO] [stdout] 
[INFO] [stdout] error[E0599]: no associated function or constant named `uninit_array` found for union `MaybeUninit<T>` in the current scope
[INFO] [stdout]    --> /opt/rustwide/cargo-home/registry/src/index.crates.io-1949cf8c6b5b557f/xxai-msgpacker-0.4.4/src/unpack/common.rs:120:46
[INFO] [stdout]     |
[INFO] [stdout] 120 |                 let mut array = MaybeUninit::uninit_array();
[INFO] [stdout]     |                                              ^^^^^^^^^^^^ associated function or constant not found in `MaybeUninit<_>`
[INFO] [stdout] ...
[INFO] [stdout] 191 | array!(54);
[INFO] [stdout]     | ---------- in this macro invocation
[INFO] [stdout]     |
[INFO] [stdout] note: if you're trying to build a new `MaybeUninit<_>` consider using one of the following associated functions:
[INFO] [stdout]       MaybeUninit::<T>::new
[INFO] [stdout]       MaybeUninit::<T>::uninit
[INFO] [stdout]       MaybeUninit::<T>::zeroed
[INFO] [stdout]    --> /rustc/dfb0accb7f508ae8be965d8629557221c889dd98/library/core/src/mem/maybe_uninit.rs:406:4
[INFO] [stdout]     = note: this error originates in the macro `array` (in Nightly builds, run with -Z macro-backtrace for more info)
[INFO] [stdout] 
[INFO] [stdout] 
[INFO] [stdout] error[E0599]: no associated function or constant named `uninit_array` found for union `MaybeUninit<T>` in the current scope
[INFO] [stdout]    --> /opt/rustwide/cargo-home/registry/src/index.crates.io-1949cf8c6b5b557f/xxai-msgpacker-0.4.4/src/unpack/common.rs:100:46
[INFO] [stdout]     |
[INFO] [stdout] 100 |                 let mut array = MaybeUninit::uninit_array();
[INFO] [stdout]     |                                              ^^^^^^^^^^^^ associated function or constant not found in `MaybeUninit<_>`
[INFO] [stdout] ...
[INFO] [stdout] 192 | array!(55);
[INFO] [stdout]     | ---------- in this macro invocation
[INFO] [stdout]     |
[INFO] [stdout] note: if you're trying to build a new `MaybeUninit<_>` consider using one of the following associated functions:
[INFO] [stdout]       MaybeUninit::<T>::new
[INFO] [stdout]       MaybeUninit::<T>::uninit
[INFO] [stdout]       MaybeUninit::<T>::zeroed
[INFO] [stdout]    --> /rustc/dfb0accb7f508ae8be965d8629557221c889dd98/library/core/src/mem/maybe_uninit.rs:406:4
[INFO] [stdout]     = note: this error originates in the macro `array` (in Nightly builds, run with -Z macro-backtrace for more info)
[INFO] [stdout] 
[INFO] [stdout] 
[INFO] [stdout] error[E0599]: no associated function or constant named `uninit_array` found for union `MaybeUninit<T>` in the current scope
[INFO] [stdout]    --> /opt/rustwide/cargo-home/registry/src/index.crates.io-1949cf8c6b5b557f/xxai-msgpacker-0.4.4/src/unpack/common.rs:120:46
[INFO] [stdout]     |
[INFO] [stdout] 120 |                 let mut array = MaybeUninit::uninit_array();
[INFO] [stdout]     |                                              ^^^^^^^^^^^^ associated function or constant not found in `MaybeUninit<_>`
[INFO] [stdout] ...
[INFO] [stdout] 192 | array!(55);
[INFO] [stdout]     | ---------- in this macro invocation
[INFO] [stdout]     |
[INFO] [stdout] note: if you're trying to build a new `MaybeUninit<_>` consider using one of the following associated functions:
[INFO] [stdout]       MaybeUninit::<T>::new
[INFO] [stdout]       MaybeUninit::<T>::uninit
[INFO] [stdout]       MaybeUninit::<T>::zeroed
[INFO] [stdout]    --> /rustc/dfb0accb7f508ae8be965d8629557221c889dd98/library/core/src/mem/maybe_uninit.rs:406:4
[INFO] [stdout]     = note: this error originates in the macro `array` (in Nightly builds, run with -Z macro-backtrace for more info)
[INFO] [stdout] 
[INFO] [stdout] 
[INFO] [stdout] error[E0599]: no associated function or constant named `uninit_array` found for union `MaybeUninit<T>` in the current scope
[INFO] [stdout]    --> /opt/rustwide/cargo-home/registry/src/index.crates.io-1949cf8c6b5b557f/xxai-msgpacker-0.4.4/src/unpack/common.rs:100:46
[INFO] [stdout]     |
[INFO] [stdout] 100 |                 let mut array = MaybeUninit::uninit_array();
[INFO] [stdout]     |                                              ^^^^^^^^^^^^ associated function or constant not found in `MaybeUninit<_>`
[INFO] [stdout] ...
[INFO] [stdout] 193 | array!(56);
[INFO] [stdout]     | ---------- in this macro invocation
[INFO] [stdout]     |
[INFO] [stdout] note: if you're trying to build a new `MaybeUninit<_>` consider using one of the following associated functions:
[INFO] [stdout]       MaybeUninit::<T>::new
[INFO] [stdout]       MaybeUninit::<T>::uninit
[INFO] [stdout]       MaybeUninit::<T>::zeroed
[INFO] [stdout]    --> /rustc/dfb0accb7f508ae8be965d8629557221c889dd98/library/core/src/mem/maybe_uninit.rs:406:4
[INFO] [stdout]     = note: this error originates in the macro `array` (in Nightly builds, run with -Z macro-backtrace for more info)
[INFO] [stdout] 
[INFO] [stdout] 
[INFO] [stdout] error[E0599]: no associated function or constant named `uninit_array` found for union `MaybeUninit<T>` in the current scope
[INFO] [stdout]    --> /opt/rustwide/cargo-home/registry/src/index.crates.io-1949cf8c6b5b557f/xxai-msgpacker-0.4.4/src/unpack/common.rs:120:46
[INFO] [stdout]     |
[INFO] [stdout] 120 |                 let mut array = MaybeUninit::uninit_array();
[INFO] [stdout]     |                                              ^^^^^^^^^^^^ associated function or constant not found in `MaybeUninit<_>`
[INFO] [stdout] ...
[INFO] [stdout] 193 | array!(56);
[INFO] [stdout]     | ---------- in this macro invocation
[INFO] [stdout]     |
[INFO] [stdout] note: if you're trying to build a new `MaybeUninit<_>` consider using one of the following associated functions:
[INFO] [stdout]       MaybeUninit::<T>::new
[INFO] [stdout]       MaybeUninit::<T>::uninit
[INFO] [stdout]       MaybeUninit::<T>::zeroed
[INFO] [stdout]    --> /rustc/dfb0accb7f508ae8be965d8629557221c889dd98/library/core/src/mem/maybe_uninit.rs:406:4
[INFO] [stdout]     = note: this error originates in the macro `array` (in Nightly builds, run with -Z macro-backtrace for more info)
[INFO] [stdout] 
[INFO] [stdout] 
[INFO] [stdout] error[E0599]: no associated function or constant named `uninit_array` found for union `MaybeUninit<T>` in the current scope
[INFO] [stdout]    --> /opt/rustwide/cargo-home/registry/src/index.crates.io-1949cf8c6b5b557f/xxai-msgpacker-0.4.4/src/unpack/common.rs:100:46
[INFO] [stdout]     |
[INFO] [stdout] 100 |                 let mut array = MaybeUninit::uninit_array();
[INFO] [stdout]     |                                              ^^^^^^^^^^^^ associated function or constant not found in `MaybeUninit<_>`
[INFO] [stdout] ...
[INFO] [stdout] 194 | array!(57);
[INFO] [stdout]     | ---------- in this macro invocation
[INFO] [stdout]     |
[INFO] [stdout] note: if you're trying to build a new `MaybeUninit<_>` consider using one of the following associated functions:
[INFO] [stdout]       MaybeUninit::<T>::new
[INFO] [stdout]       MaybeUninit::<T>::uninit
[INFO] [stdout]       MaybeUninit::<T>::zeroed
[INFO] [stdout]    --> /rustc/dfb0accb7f508ae8be965d8629557221c889dd98/library/core/src/mem/maybe_uninit.rs:406:4
[INFO] [stdout]     = note: this error originates in the macro `array` (in Nightly builds, run with -Z macro-backtrace for more info)
[INFO] [stdout] 
[INFO] [stdout] 
[INFO] [stdout] error[E0599]: no associated function or constant named `uninit_array` found for union `MaybeUninit<T>` in the current scope
[INFO] [stdout]    --> /opt/rustwide/cargo-home/registry/src/index.crates.io-1949cf8c6b5b557f/xxai-msgpacker-0.4.4/src/unpack/common.rs:120:46
[INFO] [stdout]     |
[INFO] [stdout] 120 |                 let mut array = MaybeUninit::uninit_array();
[INFO] [stdout]     |                                              ^^^^^^^^^^^^ associated function or constant not found in `MaybeUninit<_>`
[INFO] [stdout] ...
[INFO] [stdout] 194 | array!(57);
[INFO] [stdout]     | ---------- in this macro invocation
[INFO] [stdout]     |
[INFO] [stdout] note: if you're trying to build a new `MaybeUninit<_>` consider using one of the following associated functions:
[INFO] [stdout]       MaybeUninit::<T>::new
[INFO] [stdout]       MaybeUninit::<T>::uninit
[INFO] [stdout]       MaybeUninit::<T>::zeroed
[INFO] [stdout]    --> /rustc/dfb0accb7f508ae8be965d8629557221c889dd98/library/core/src/mem/maybe_uninit.rs:406:4
[INFO] [stdout]     = note: this error originates in the macro `array` (in Nightly builds, run with -Z macro-backtrace for more info)
[INFO] [stdout] 
[INFO] [stdout] 
[INFO] [stdout] error[E0599]: no associated function or constant named `uninit_array` found for union `MaybeUninit<T>` in the current scope
[INFO] [stdout]    --> /opt/rustwide/cargo-home/registry/src/index.crates.io-1949cf8c6b5b557f/xxai-msgpacker-0.4.4/src/unpack/common.rs:100:46
[INFO] [stdout]     |
[INFO] [stdout] 100 |                 let mut array = MaybeUninit::uninit_array();
[INFO] [stdout]     |                                              ^^^^^^^^^^^^ associated function or constant not found in `MaybeUninit<_>`
[INFO] [stdout] ...
[INFO] [stdout] 195 | array!(58);
[INFO] [stdout]     | ---------- in this macro invocation
[INFO] [stdout]     |
[INFO] [stdout] note: if you're trying to build a new `MaybeUninit<_>` consider using one of the following associated functions:
[INFO] [stdout]       MaybeUninit::<T>::new
[INFO] [stdout]       MaybeUninit::<T>::uninit
[INFO] [stdout]       MaybeUninit::<T>::zeroed
[INFO] [stdout]    --> /rustc/dfb0accb7f508ae8be965d8629557221c889dd98/library/core/src/mem/maybe_uninit.rs:406:4
[INFO] [stdout]     = note: this error originates in the macro `array` (in Nightly builds, run with -Z macro-backtrace for more info)
[INFO] [stdout] 
[INFO] [stdout] 
[INFO] [stdout] error[E0599]: no associated function or constant named `uninit_array` found for union `MaybeUninit<T>` in the current scope
[INFO] [stdout]    --> /opt/rustwide/cargo-home/registry/src/index.crates.io-1949cf8c6b5b557f/xxai-msgpacker-0.4.4/src/unpack/common.rs:120:46
[INFO] [stdout]     |
[INFO] [stdout] 120 |                 let mut array = MaybeUninit::uninit_array();
[INFO] [stdout]     |                                              ^^^^^^^^^^^^ associated function or constant not found in `MaybeUninit<_>`
[INFO] [stdout] ...
[INFO] [stdout] 195 | array!(58);
[INFO] [stdout]     | ---------- in this macro invocation
[INFO] [stdout]     |
[INFO] [stdout] note: if you're trying to build a new `MaybeUninit<_>` consider using one of the following associated functions:
[INFO] [stdout]       MaybeUninit::<T>::new
[INFO] [stdout]       MaybeUninit::<T>::uninit
[INFO] [stdout]       MaybeUninit::<T>::zeroed
[INFO] [stdout]    --> /rustc/dfb0accb7f508ae8be965d8629557221c889dd98/library/core/src/mem/maybe_uninit.rs:406:4
[INFO] [stdout]     = note: this error originates in the macro `array` (in Nightly builds, run with -Z macro-backtrace for more info)
[INFO] [stdout] 
[INFO] [stdout] 
[INFO] [stdout] error[E0599]: no associated function or constant named `uninit_array` found for union `MaybeUninit<T>` in the current scope
[INFO] [stdout]    --> /opt/rustwide/cargo-home/registry/src/index.crates.io-1949cf8c6b5b557f/xxai-msgpacker-0.4.4/src/unpack/common.rs:100:46
[INFO] [stdout]     |
[INFO] [stdout] 100 |                 let mut array = MaybeUninit::uninit_array();
[INFO] [stdout]     |                                              ^^^^^^^^^^^^ associated function or constant not found in `MaybeUninit<_>`
[INFO] [stdout] ...
[INFO] [stdout] 196 | array!(59);
[INFO] [stdout]     | ---------- in this macro invocation
[INFO] [stdout]     |
[INFO] [stdout] note: if you're trying to build a new `MaybeUninit<_>` consider using one of the following associated functions:
[INFO] [stdout]       MaybeUninit::<T>::new
[INFO] [stdout]       MaybeUninit::<T>::uninit
[INFO] [stdout]       MaybeUninit::<T>::zeroed
[INFO] [stdout]    --> /rustc/dfb0accb7f508ae8be965d8629557221c889dd98/library/core/src/mem/maybe_uninit.rs:406:4
[INFO] [stdout]     = note: this error originates in the macro `array` (in Nightly builds, run with -Z macro-backtrace for more info)
[INFO] [stdout] 
[INFO] [stdout] 
[INFO] [stdout] error[E0599]: no associated function or constant named `uninit_array` found for union `MaybeUninit<T>` in the current scope
[INFO] [stdout]    --> /opt/rustwide/cargo-home/registry/src/index.crates.io-1949cf8c6b5b557f/xxai-msgpacker-0.4.4/src/unpack/common.rs:120:46
[INFO] [stdout]     |
[INFO] [stdout] 120 |                 let mut array = MaybeUninit::uninit_array();
[INFO] [stdout]     |                                              ^^^^^^^^^^^^ associated function or constant not found in `MaybeUninit<_>`
[INFO] [stdout] ...
[INFO] [stdout] 196 | array!(59);
[INFO] [stdout]     | ---------- in this macro invocation
[INFO] [stdout]     |
[INFO] [stdout] note: if you're trying to build a new `MaybeUninit<_>` consider using one of the following associated functions:
[INFO] [stdout]       MaybeUninit::<T>::new
[INFO] [stdout]       MaybeUninit::<T>::uninit
[INFO] [stdout]       MaybeUninit::<T>::zeroed
[INFO] [stdout]    --> /rustc/dfb0accb7f508ae8be965d8629557221c889dd98/library/core/src/mem/maybe_uninit.rs:406:4
[INFO] [stdout]     = note: this error originates in the macro `array` (in Nightly builds, run with -Z macro-backtrace for more info)
[INFO] [stdout] 
[INFO] [stdout] 
[INFO] [stdout] error[E0599]: no associated function or constant named `uninit_array` found for union `MaybeUninit<T>` in the current scope
[INFO] [stdout]    --> /opt/rustwide/cargo-home/registry/src/index.crates.io-1949cf8c6b5b557f/xxai-msgpacker-0.4.4/src/unpack/common.rs:100:46
[INFO] [stdout]     |
[INFO] [stdout] 100 |                 let mut array = MaybeUninit::uninit_array();
[INFO] [stdout]     |                                              ^^^^^^^^^^^^ associated function or constant not found in `MaybeUninit<_>`
[INFO] [stdout] ...
[INFO] [stdout] 197 | array!(60);
[INFO] [stdout]     | ---------- in this macro invocation
[INFO] [stdout]     |
[INFO] [stdout] note: if you're trying to build a new `MaybeUninit<_>` consider using one of the following associated functions:
[INFO] [stdout]       MaybeUninit::<T>::new
[INFO] [stdout]       MaybeUninit::<T>::uninit
[INFO] [stdout]       MaybeUninit::<T>::zeroed
[INFO] [stdout]    --> /rustc/dfb0accb7f508ae8be965d8629557221c889dd98/library/core/src/mem/maybe_uninit.rs:406:4
[INFO] [stdout]     = note: this error originates in the macro `array` (in Nightly builds, run with -Z macro-backtrace for more info)
[INFO] [stdout] 
[INFO] [stdout] 
[INFO] [stdout] error[E0599]: no associated function or constant named `uninit_array` found for union `MaybeUninit<T>` in the current scope
[INFO] [stdout]    --> /opt/rustwide/cargo-home/registry/src/index.crates.io-1949cf8c6b5b557f/xxai-msgpacker-0.4.4/src/unpack/common.rs:120:46
[INFO] [stdout]     |
[INFO] [stdout] 120 |                 let mut array = MaybeUninit::uninit_array();
[INFO] [stdout]     |                                              ^^^^^^^^^^^^ associated function or constant not found in `MaybeUninit<_>`
[INFO] [stdout] ...
[INFO] [stdout] 197 | array!(60);
[INFO] [stdout]     | ---------- in this macro invocation
[INFO] [stdout]     |
[INFO] [stdout] note: if you're trying to build a new `MaybeUninit<_>` consider using one of the following associated functions:
[INFO] [stdout]       MaybeUninit::<T>::new
[INFO] [stdout]       MaybeUninit::<T>::uninit
[INFO] [stdout]       MaybeUninit::<T>::zeroed
[INFO] [stdout]    --> /rustc/dfb0accb7f508ae8be965d8629557221c889dd98/library/core/src/mem/maybe_uninit.rs:406:4
[INFO] [stdout]     = note: this error originates in the macro `array` (in Nightly builds, run with -Z macro-backtrace for more info)
[INFO] [stdout] 
[INFO] [stdout] 
[INFO] [stdout] error[E0599]: no associated function or constant named `uninit_array` found for union `MaybeUninit<T>` in the current scope
[INFO] [stdout]    --> /opt/rustwide/cargo-home/registry/src/index.crates.io-1949cf8c6b5b557f/xxai-msgpacker-0.4.4/src/unpack/common.rs:100:46
[INFO] [stdout]     |
[INFO] [stdout] 100 |                 let mut array = MaybeUninit::uninit_array();
[INFO] [stdout]     |                                              ^^^^^^^^^^^^ associated function or constant not found in `MaybeUninit<_>`
[INFO] [stdout] ...
[INFO] [stdout] 198 | array!(61);
[INFO] [stdout]     | ---------- in this macro invocation
[INFO] [stdout]     |
[INFO] [stdout] note: if you're trying to build a new `MaybeUninit<_>` consider using one of the following associated functions:
[INFO] [stdout]       MaybeUninit::<T>::new
[INFO] [stdout]       MaybeUninit::<T>::uninit
[INFO] [stdout]       MaybeUninit::<T>::zeroed
[INFO] [stdout]    --> /rustc/dfb0accb7f508ae8be965d8629557221c889dd98/library/core/src/mem/maybe_uninit.rs:406:4
[INFO] [stdout]     = note: this error originates in the macro `array` (in Nightly builds, run with -Z macro-backtrace for more info)
[INFO] [stdout] 
[INFO] [stdout] 
[INFO] [stdout] error[E0599]: no associated function or constant named `uninit_array` found for union `MaybeUninit<T>` in the current scope
[INFO] [stdout]    --> /opt/rustwide/cargo-home/registry/src/index.crates.io-1949cf8c6b5b557f/xxai-msgpacker-0.4.4/src/unpack/common.rs:120:46
[INFO] [stdout]     |
[INFO] [stdout] 120 |                 let mut array = MaybeUninit::uninit_array();
[INFO] [stdout]     |                                              ^^^^^^^^^^^^ associated function or constant not found in `MaybeUninit<_>`
[INFO] [stdout] ...
[INFO] [stdout] 198 | array!(61);
[INFO] [stdout]     | ---------- in this macro invocation
[INFO] [stdout]     |
[INFO] [stdout] note: if you're trying to build a new `MaybeUninit<_>` consider using one of the following associated functions:
[INFO] [stdout]       MaybeUninit::<T>::new
[INFO] [stdout]       MaybeUninit::<T>::uninit
[INFO] [stdout]       MaybeUninit::<T>::zeroed
[INFO] [stdout]    --> /rustc/dfb0accb7f508ae8be965d8629557221c889dd98/library/core/src/mem/maybe_uninit.rs:406:4
[INFO] [stdout]     = note: this error originates in the macro `array` (in Nightly builds, run with -Z macro-backtrace for more info)
[INFO] [stdout] 
[INFO] [stdout] 
[INFO] [stdout] error[E0599]: no associated function or constant named `uninit_array` found for union `MaybeUninit<T>` in the current scope
[INFO] [stdout]    --> /opt/rustwide/cargo-home/registry/src/index.crates.io-1949cf8c6b5b557f/xxai-msgpacker-0.4.4/src/unpack/common.rs:100:46
[INFO] [stdout]     |
[INFO] [stdout] 100 |                 let mut array = MaybeUninit::uninit_array();
[INFO] [stdout]     |                                              ^^^^^^^^^^^^ associated function or constant not found in `MaybeUninit<_>`
[INFO] [stdout] ...
[INFO] [stdout] 199 | array!(62);
[INFO] [stdout]     | ---------- in this macro invocation
[INFO] [stdout]     |
[INFO] [stdout] note: if you're trying to build a new `MaybeUninit<_>` consider using one of the following associated functions:
[INFO] [stdout]       MaybeUninit::<T>::new
[INFO] [stdout]       MaybeUninit::<T>::uninit
[INFO] [stdout]       MaybeUninit::<T>::zeroed
[INFO] [stdout]    --> /rustc/dfb0accb7f508ae8be965d8629557221c889dd98/library/core/src/mem/maybe_uninit.rs:406:4
[INFO] [stdout]     = note: this error originates in the macro `array` (in Nightly builds, run with -Z macro-backtrace for more info)
[INFO] [stdout] 
[INFO] [stdout] 
[INFO] [stdout] error[E0599]: no associated function or constant named `uninit_array` found for union `MaybeUninit<T>` in the current scope
[INFO] [stdout]    --> /opt/rustwide/cargo-home/registry/src/index.crates.io-1949cf8c6b5b557f/xxai-msgpacker-0.4.4/src/unpack/common.rs:120:46
[INFO] [stdout]     |
[INFO] [stdout] 120 |                 let mut array = MaybeUninit::uninit_array();
[INFO] [stdout]     |                                              ^^^^^^^^^^^^ associated function or constant not found in `MaybeUninit<_>`
[INFO] [stdout] ...
[INFO] [stdout] 199 | array!(62);
[INFO] [stdout]     | ---------- in this macro invocation
[INFO] [stdout]     |
[INFO] [stdout] note: if you're trying to build a new `MaybeUninit<_>` consider using one of the following associated functions:
[INFO] [stdout]       MaybeUninit::<T>::new
[INFO] [stdout]       MaybeUninit::<T>::uninit
[INFO] [stdout]       MaybeUninit::<T>::zeroed
[INFO] [stdout]    --> /rustc/dfb0accb7f508ae8be965d8629557221c889dd98/library/core/src/mem/maybe_uninit.rs:406:4
[INFO] [stdout]     = note: this error originates in the macro `array` (in Nightly builds, run with -Z macro-backtrace for more info)
[INFO] [stdout] 
[INFO] [stdout] 
[INFO] [stdout] error[E0599]: no associated function or constant named `uninit_array` found for union `MaybeUninit<T>` in the current scope
[INFO] [stdout]    --> /opt/rustwide/cargo-home/registry/src/index.crates.io-1949cf8c6b5b557f/xxai-msgpacker-0.4.4/src/unpack/common.rs:100:46
[INFO] [stdout]     |
[INFO] [stdout] 100 |                 let mut array = MaybeUninit::uninit_array();
[INFO] [stdout]     |                                              ^^^^^^^^^^^^ associated function or constant not found in `MaybeUninit<_>`
[INFO] [stdout] ...
[INFO] [stdout] 200 | array!(63);
[INFO] [stdout]     | ---------- in this macro invocation
[INFO] [stdout]     |
[INFO] [stdout] note: if you're trying to build a new `MaybeUninit<_>` consider using one of the following associated functions:
[INFO] [stdout]       MaybeUninit::<T>::new
[INFO] [stdout]       MaybeUninit::<T>::uninit
[INFO] [stdout]       MaybeUninit::<T>::zeroed
[INFO] [stdout]    --> /rustc/dfb0accb7f508ae8be965d8629557221c889dd98/library/core/src/mem/maybe_uninit.rs:406:4
[INFO] [stdout]     = note: this error originates in the macro `array` (in Nightly builds, run with -Z macro-backtrace for more info)
[INFO] [stdout] 
[INFO] [stdout] 
[INFO] [stdout] error[E0599]: no associated function or constant named `uninit_array` found for union `MaybeUninit<T>` in the current scope
[INFO] [stdout]    --> /opt/rustwide/cargo-home/registry/src/index.crates.io-1949cf8c6b5b557f/xxai-msgpacker-0.4.4/src/unpack/common.rs:120:46
[INFO] [stdout]     |
[INFO] [stdout] 120 |                 let mut array = MaybeUninit::uninit_array();
[INFO] [stdout]     |                                              ^^^^^^^^^^^^ associated function or constant not found in `MaybeUninit<_>`
[INFO] [stdout] ...
[INFO] [stdout] 200 | array!(63);
[INFO] [stdout]     | ---------- in this macro invocation
[INFO] [stdout]     |
[INFO] [stdout] note: if you're trying to build a new `MaybeUninit<_>` consider using one of the following associated functions:
[INFO] [stdout]       MaybeUninit::<T>::new
[INFO] [stdout]       MaybeUninit::<T>::uninit
[INFO] [stdout]       MaybeUninit::<T>::zeroed
[INFO] [stdout]    --> /rustc/dfb0accb7f508ae8be965d8629557221c889dd98/library/core/src/mem/maybe_uninit.rs:406:4
[INFO] [stdout]     = note: this error originates in the macro `array` (in Nightly builds, run with -Z macro-backtrace for more info)
[INFO] [stdout] 
[INFO] [stdout] 
[INFO] [stdout] error[E0599]: no associated function or constant named `uninit_array` found for union `MaybeUninit<T>` in the current scope
[INFO] [stdout]    --> /opt/rustwide/cargo-home/registry/src/index.crates.io-1949cf8c6b5b557f/xxai-msgpacker-0.4.4/src/unpack/common.rs:100:46
[INFO] [stdout]     |
[INFO] [stdout] 100 |                 let mut array = MaybeUninit::uninit_array();
[INFO] [stdout]     |                                              ^^^^^^^^^^^^ associated function or constant not found in `MaybeUninit<_>`
[INFO] [stdout] ...
[INFO] [stdout] 201 | array!(64);
[INFO] [stdout]     | ---------- in this macro invocation
[INFO] [stdout]     |
[INFO] [stdout] note: if you're trying to build a new `MaybeUninit<_>` consider using one of the following associated functions:
[INFO] [stdout]       MaybeUninit::<T>::new
[INFO] [stdout]       MaybeUninit::<T>::uninit
[INFO] [stdout]       MaybeUninit::<T>::zeroed
[INFO] [stdout]    --> /rustc/dfb0accb7f508ae8be965d8629557221c889dd98/library/core/src/mem/maybe_uninit.rs:406:4
[INFO] [stdout]     = note: this error originates in the macro `array` (in Nightly builds, run with -Z macro-backtrace for more info)
[INFO] [stdout] 
[INFO] [stdout] 
[INFO] [stdout] error[E0599]: no associated function or constant named `uninit_array` found for union `MaybeUninit<T>` in the current scope
[INFO] [stdout]    --> /opt/rustwide/cargo-home/registry/src/index.crates.io-1949cf8c6b5b557f/xxai-msgpacker-0.4.4/src/unpack/common.rs:120:46
[INFO] [stdout]     |
[INFO] [stdout] 120 |                 let mut array = MaybeUninit::uninit_array();
[INFO] [stdout]     |                                              ^^^^^^^^^^^^ associated function or constant not found in `MaybeUninit<_>`
[INFO] [stdout] ...
[INFO] [stdout] 201 | array!(64);
[INFO] [stdout]     | ---------- in this macro invocation
[INFO] [stdout]     |
[INFO] [stdout] note: if you're trying to build a new `MaybeUninit<_>` consider using one of the following associated functions:
[INFO] [stdout]       MaybeUninit::<T>::new
[INFO] [stdout]       MaybeUninit::<T>::uninit
[INFO] [stdout]       MaybeUninit::<T>::zeroed
[INFO] [stdout]    --> /rustc/dfb0accb7f508ae8be965d8629557221c889dd98/library/core/src/mem/maybe_uninit.rs:406:4
[INFO] [stdout]     = note: this error originates in the macro `array` (in Nightly builds, run with -Z macro-backtrace for more info)
[INFO] [stdout] 
[INFO] [stdout] 
[INFO] [stdout] Some errors have detailed explanations: E0554, E0599, E0635.
[INFO] [stdout] 
[INFO] [stdout] For more information about an error, try `rustc --explain E0554`.
[INFO] [stdout] 
[INFO] [stderr] error: could not compile `xxai-msgpacker` (lib) due to 132 previous errors
[INFO] [stderr] warning: build failed, waiting for other jobs to finish...
[INFO] running `Command { std: "docker" "inspect" "d841d0e3a98a1bc4cc62bfcd0ab364dd2aaa7ea62236c3dd181ea659591cff98", kill_on_drop: false }`
[INFO] running `Command { std: "docker" "rm" "-f" "d841d0e3a98a1bc4cc62bfcd0ab364dd2aaa7ea62236c3dd181ea659591cff98", kill_on_drop: false }`
[INFO] [stdout] d841d0e3a98a1bc4cc62bfcd0ab364dd2aaa7ea62236c3dd181ea659591cff98
