[INFO] fetching crate xlstream-parse 0.4.0...
[INFO] testing xlstream-parse-0.4.0 against 1.100.0-beta.1 for beta-1.100-2
[INFO] extracting crate xlstream-parse 0.4.0 into /workspace/builds/worker-7-tc2/source
[INFO] started tweaking crates.io crate xlstream-parse 0.4.0
[INFO] removed 0 missing tests
[INFO] finished tweaking crates.io crate xlstream-parse 0.4.0
[INFO] tweaked toml for crates.io crate xlstream-parse 0.4.0 written to /workspace/builds/worker-7-tc2/source/Cargo.toml
[INFO] validating manifest of crates.io crate xlstream-parse 0.4.0 on toolchain 1.100.0-beta.1
[INFO] running `Command { std: CARGO_HOME="/workspace/cargo-home" RUSTUP_HOME="/workspace/rustup-home" "/workspace/cargo-home/bin/cargo" "+1.100.0-beta.1" "metadata" "--manifest-path" "Cargo.toml" "--no-deps", kill_on_drop: false }`
[INFO] crate crates.io crate xlstream-parse 0.4.0 already has a lockfile, it will not be regenerated
[INFO] running `Command { std: CARGO_HOME="/workspace/cargo-home" RUSTUP_HOME="/workspace/rustup-home" "/workspace/cargo-home/bin/cargo" "+1.100.0-beta.1" "fetch" "--manifest-path" "Cargo.toml", kill_on_drop: false }`
[INFO] [stderr] warning: `package.homepage` is redundant with `package.repository`
[INFO] [stderr]   --> Cargo.toml:49:12
[INFO] [stderr]    |
[INFO] [stderr] 49 | homepage = "https://github.com/cilladev/xlstream"
[INFO] [stderr]    |            ^^^^^^^^^^^^^^^^^^^^^^^^^^^^^^^^^^^^^^
[INFO] [stderr] ...
[INFO] [stderr] 54 | repository = "https://github.com/cilladev/xlstream"
[INFO] [stderr]    |              --------------------------------------
[INFO] [stderr]    |
[INFO] [stderr]    = note: `cargo::redundant_homepage` is set to `warn` by default
[INFO] [stderr] help: consider removing `package.homepage`
[INFO] [stderr] warning: `xlstream-parse` (manifest) generated 1 warning
[INFO] running `Command { std: "docker" "create" "-v" "/var/lib/crater-agent-workspace/builds/worker-7-tc2/source:/opt/rustwide/workdir:ro,Z" "-v" "/var/lib/crater-agent-workspace/builds/worker-7-tc2/target:/opt/rustwide/target:rw,Z" "-v" "/var/lib/crater-agent-workspace/cargo-home:/opt/rustwide/cargo-home:ro,Z" "-v" "/var/lib/crater-agent-workspace/rustup-home:/opt/rustwide/rustup-home:ro,Z" "-m" "1610612736" "--network" "none" "ghcr.io/rust-lang/crates-build-env/linux@sha256:3111399a4047eeb3a02b7a90e478d715f38a8c6669b5c4b49d30a17385265909" "sleep" "infinity", kill_on_drop: false }`
[INFO] [stdout] 7fd66257dc8b620f718b97c4b248061428b6444996f2d4e1c81483e748df5948
[INFO] running `Command { std: "docker" "start" "7fd66257dc8b620f718b97c4b248061428b6444996f2d4e1c81483e748df5948", kill_on_drop: false }`
[INFO] running `Command { std: "docker" "inspect" "7fd66257dc8b620f718b97c4b248061428b6444996f2d4e1c81483e748df5948", kill_on_drop: false }`
[INFO] running `Command { std: "docker" "exec" "-e" "SOURCE_DIR=/opt/rustwide/workdir" "-e" "CARGO_HOME=/opt/rustwide/cargo-home" "-e" "RUSTUP_HOME=/opt/rustwide/rustup-home" "-e" "CARGO_TARGET_DIR=/opt/rustwide/target" "-w" "/opt/rustwide/workdir" "--user" "0:0" "7fd66257dc8b620f718b97c4b248061428b6444996f2d4e1c81483e748df5948" "/opt/rustwide/cargo-home/bin/cargo" "+1.100.0-beta.1" "metadata" "--no-deps" "--format-version=1", kill_on_drop: false }`
[INFO] running `Command { std: "docker" "inspect" "7fd66257dc8b620f718b97c4b248061428b6444996f2d4e1c81483e748df5948", kill_on_drop: false }`
[INFO] running `Command { std: "docker" "exec" "-e" "SOURCE_DIR=/opt/rustwide/workdir" "-e" "CARGO_HOME=/opt/rustwide/cargo-home" "-e" "RUSTUP_HOME=/opt/rustwide/rustup-home" "-e" "CARGO_TARGET_DIR=/opt/rustwide/target" "-e" "CARGO_INCREMENTAL=0" "-e" "RUST_BACKTRACE=full" "-e" "RUSTFLAGS=--cap-lints=warn" "-e" "RUSTDOCFLAGS=--cap-lints=warn" "-w" "/opt/rustwide/workdir" "--user" "0:0" "7fd66257dc8b620f718b97c4b248061428b6444996f2d4e1c81483e748df5948" "/opt/rustwide/cargo-home/bin/cargo" "+1.100.0-beta.1" "build" "--frozen" "--message-format=json", kill_on_drop: false }`
[INFO] [stderr] warning: `package.homepage` is redundant with `package.repository`
[INFO] [stderr]   --> Cargo.toml:49:12
[INFO] [stderr]    |
[INFO] [stderr] 49 | homepage = "https://github.com/cilladev/xlstream"
[INFO] [stderr]    |            ^^^^^^^^^^^^^^^^^^^^^^^^^^^^^^^^^^^^^^
[INFO] [stderr] ...
[INFO] [stderr] 54 | repository = "https://github.com/cilladev/xlstream"
[INFO] [stderr]    |              --------------------------------------
[INFO] [stderr]    |
[INFO] [stderr]    = note: `cargo::redundant_homepage` is set to `warn` by default
[INFO] [stderr] help: consider removing `package.homepage`
[INFO] [stderr] warning: `xlstream-parse` (manifest) generated 1 warning
[INFO] [stderr]    Compiling quote v1.0.45
[INFO] [stderr]    Compiling serde_core v1.0.228
[INFO] [stderr]    Compiling serde v1.0.228
[INFO] [stderr]    Compiling siphasher v1.0.2
[INFO] [stderr]    Compiling fastrand v2.4.1
[INFO] [stderr]    Compiling thiserror v2.0.18
[INFO] [stderr]    Compiling once_cell v1.21.4
[INFO] [stderr]    Compiling bitflags v2.13.0
[INFO] [stderr]    Compiling proc-macro2 v1.0.106
[INFO] [stderr]    Compiling phf_shared v0.13.1
[INFO] [stderr]    Compiling phf_generator v0.13.1
[INFO] [stderr]    Compiling syn v2.0.117
[INFO] [stderr]    Compiling chrono v0.4.44
[INFO] [stderr]    Compiling formualizer-common v2.0.0
[INFO] [stderr]    Compiling thiserror-impl v2.0.18
[INFO] [stderr]    Compiling phf_macros v0.13.1
[INFO] [stderr]    Compiling formualizer-parse v2.0.0
[INFO] [stderr]    Compiling phf v0.13.1
[INFO] [stderr]    Compiling xlstream-core v0.4.0
[INFO] [stderr]    Compiling xlstream-parse v0.4.0 (/opt/rustwide/workdir)
[INFO] [stderr]     Finished `dev` profile [unoptimized + debuginfo] target(s) in 7.58s
[INFO] running `Command { std: "docker" "inspect" "7fd66257dc8b620f718b97c4b248061428b6444996f2d4e1c81483e748df5948", kill_on_drop: false }`
[INFO] running `Command { std: "docker" "exec" "-e" "SOURCE_DIR=/opt/rustwide/workdir" "-e" "CARGO_HOME=/opt/rustwide/cargo-home" "-e" "RUSTUP_HOME=/opt/rustwide/rustup-home" "-e" "CARGO_TARGET_DIR=/opt/rustwide/target" "-e" "CARGO_INCREMENTAL=0" "-e" "RUST_BACKTRACE=full" "-e" "RUSTFLAGS=--cap-lints=warn" "-e" "RUSTDOCFLAGS=--cap-lints=warn" "-w" "/opt/rustwide/workdir" "--user" "0:0" "7fd66257dc8b620f718b97c4b248061428b6444996f2d4e1c81483e748df5948" "/opt/rustwide/cargo-home/bin/cargo" "+1.100.0-beta.1" "test" "--frozen" "--no-run" "--message-format=json", kill_on_drop: false }`
[INFO] [stderr] warning: `package.homepage` is redundant with `package.repository`
[INFO] [stderr]   --> Cargo.toml:49:12
[INFO] [stderr]    |
[INFO] [stderr] 49 | homepage = "https://github.com/cilladev/xlstream"
[INFO] [stderr]    |            ^^^^^^^^^^^^^^^^^^^^^^^^^^^^^^^^^^^^^^
[INFO] [stderr] ...
[INFO] [stderr] 54 | repository = "https://github.com/cilladev/xlstream"
[INFO] [stderr]    |              --------------------------------------
[INFO] [stderr]    |
[INFO] [stderr]    = note: `cargo::redundant_homepage` is set to `warn` by default
[INFO] [stderr] help: consider removing `package.homepage`
[INFO] [stderr] warning: `xlstream-parse` (manifest) generated 1 warning
[INFO] [stderr]    Compiling xlstream-parse v0.4.0 (/opt/rustwide/workdir)
[INFO] [stdout] error[E0433]: cannot find module or crate `xlstream_eval` in this scope
[INFO] [stdout]  --> tests/classify_streaming_sheet.rs:6:5
[INFO] [stdout]   |
[INFO] [stdout] 6 |     xlstream_eval::registry::lookup_meta(name)
[INFO] [stdout]   |     ^^^^^^^^^^^^^ use of unresolved module or unlinked crate `xlstream_eval`
[INFO] [stdout]   |
[INFO] [stdout] help: there is a crate or module with a similar name
[INFO] [stdout]   |
[INFO] [stdout] 6 -     xlstream_eval::registry::lookup_meta(name)
[INFO] [stdout] 6 +     xlstream_core::registry::lookup_meta(name)
[INFO] [stdout]   |
[INFO] [stdout] 
[INFO] [stdout] 
[INFO] [stdout] error[E0433]: cannot find module or crate `xlstream_eval` in this scope
[INFO] [stdout]  --> tests/classify_unsupported.rs:6:5
[INFO] [stdout]   |
[INFO] [stdout] 6 |     xlstream_eval::registry::lookup_meta(name)
[INFO] [stdout]   |     ^^^^^^^^^^^^^ use of unresolved module or unlinked crate `xlstream_eval`
[INFO] [stdout]   |
[INFO] [stdout] help: there is a crate or module with a similar name
[INFO] [stdout]   |
[INFO] [stdout] 6 -     xlstream_eval::registry::lookup_meta(name)
[INFO] [stdout] 6 +     xlstream_core::registry::lookup_meta(name)
[INFO] [stdout]   |
[INFO] [stdout] 
[INFO] [stdout] 
[INFO] [stdout] For more information about this error, try `rustc --explain E0433`.
[INFO] [stdout] 
[INFO] [stderr] error: could not compile `xlstream-parse` (test "classify_streaming_sheet") due to 1 previous error
[INFO] [stderr] warning: build failed, waiting for other jobs to finish...
[INFO] [stdout] error[E0433]: cannot find module or crate `xlstream_eval` in this scope
[INFO] [stdout]  --> tests/classify_lookup.rs:6:5
[INFO] [stdout]   |
[INFO] [stdout] 6 |     xlstream_eval::registry::lookup_meta(name)
[INFO] [stdout]   |     ^^^^^^^^^^^^^ use of unresolved module or unlinked crate `xlstream_eval`
[INFO] [stdout]   |
[INFO] [stdout] help: there is a crate or module with a similar name
[INFO] [stdout]   |
[INFO] [stdout] 6 -     xlstream_eval::registry::lookup_meta(name)
[INFO] [stdout] 6 +     xlstream_core::registry::lookup_meta(name)
[INFO] [stdout]   |
[INFO] [stdout] 
[INFO] [stdout] 
[INFO] [stdout] For more information about this error, try `rustc --explain E0433`.
[INFO] [stdout] 
[INFO] [stdout] error[E0433]: cannot find module or crate `xlstream_eval` in this scope
[INFO] [stdout]  --> tests/classify_mixed.rs:6:5
[INFO] [stdout]   |
[INFO] [stdout] 6 |     xlstream_eval::registry::lookup_meta(name)
[INFO] [stdout]   |     ^^^^^^^^^^^^^ use of unresolved module or unlinked crate `xlstream_eval`
[INFO] [stdout]   |
[INFO] [stdout] help: there is a crate or module with a similar name
[INFO] [stdout]   |
[INFO] [stdout] 6 -     xlstream_eval::registry::lookup_meta(name)
[INFO] [stdout] 6 +     xlstream_core::registry::lookup_meta(name)
[INFO] [stdout]   |
[INFO] [stdout] 
[INFO] [stdout] 
[INFO] [stderr] error: could not compile `xlstream-parse` (test "classify_lookup") due to 1 previous error
[INFO] [stdout] For more information about this error, try `rustc --explain E0433`.
[INFO] [stdout] 
[INFO] [stdout] error[E0433]: cannot find module or crate `xlstream_eval` in this scope
[INFO] [stdout]  --> tests/classify_row_local.rs:6:5
[INFO] [stdout]   |
[INFO] [stdout] 6 |     xlstream_eval::registry::lookup_meta(name)
[INFO] [stdout]   |     ^^^^^^^^^^^^^ use of unresolved module or unlinked crate `xlstream_eval`
[INFO] [stdout]   |
[INFO] [stdout] help: there is a crate or module with a similar name
[INFO] [stdout]   |
[INFO] [stdout] 6 -     xlstream_eval::registry::lookup_meta(name)
[INFO] [stdout] 6 +     xlstream_core::registry::lookup_meta(name)
[INFO] [stdout]   |
[INFO] [stdout] 
[INFO] [stdout] 
[INFO] [stdout] error[E0433]: cannot find module or crate `xlstream_eval` in this scope
[INFO] [stdout]  --> tests/rewrite.rs:9:5
[INFO] [stdout]   |
[INFO] [stdout] 9 |     xlstream_eval::registry::lookup_meta(name)
[INFO] [stdout]   |     ^^^^^^^^^^^^^ use of unresolved module or unlinked crate `xlstream_eval`
[INFO] [stdout]   |
[INFO] [stdout] help: there is a crate or module with a similar name
[INFO] [stdout]   |
[INFO] [stdout] 9 -     xlstream_eval::registry::lookup_meta(name)
[INFO] [stdout] 9 +     xlstream_core::registry::lookup_meta(name)
[INFO] [stdout]   |
[INFO] [stdout] 
[INFO] [stdout] 
[INFO] [stderr] error: could not compile `xlstream-parse` (test "classify_unsupported") due to 1 previous error
[INFO] [stdout] For more information about this error, try `rustc --explain E0433`.
[INFO] [stdout] 
[INFO] [stdout] error[E0433]: cannot find module or crate `xlstream_eval` in this scope
[INFO] [stdout]  --> tests/classify_aggregate.rs:6:5
[INFO] [stdout]   |
[INFO] [stdout] 6 |     xlstream_eval::registry::lookup_meta(name)
[INFO] [stdout]   |     ^^^^^^^^^^^^^ use of unresolved module or unlinked crate `xlstream_eval`
[INFO] [stdout]   |
[INFO] [stdout] help: there is a crate or module with a similar name
[INFO] [stdout]   |
[INFO] [stdout] 6 -     xlstream_eval::registry::lookup_meta(name)
[INFO] [stdout] 6 +     xlstream_core::registry::lookup_meta(name)
[INFO] [stdout]   |
[INFO] [stdout] 
[INFO] [stdout] 
[INFO] [stderr] error: could not compile `xlstream-parse` (test "classify_mixed") due to 1 previous error
[INFO] [stdout] For more information about this error, try `rustc --explain E0433`.
[INFO] [stdout] 
[INFO] [stderr] error: could not compile `xlstream-parse` (test "classify_row_local") due to 1 previous error
[INFO] [stdout] For more information about this error, try `rustc --explain E0433`.
[INFO] [stdout] 
[INFO] [stderr] error: could not compile `xlstream-parse` (test "classify_aggregate") due to 1 previous error
[INFO] [stdout] For more information about this error, try `rustc --explain E0433`.
[INFO] [stdout] 
[INFO] [stderr] error: could not compile `xlstream-parse` (test "rewrite") due to 1 previous error
[INFO] running `Command { std: "docker" "inspect" "7fd66257dc8b620f718b97c4b248061428b6444996f2d4e1c81483e748df5948", kill_on_drop: false }`
[INFO] running `Command { std: "docker" "rm" "-f" "7fd66257dc8b620f718b97c4b248061428b6444996f2d4e1c81483e748df5948", kill_on_drop: false }`
[INFO] [stdout] 7fd66257dc8b620f718b97c4b248061428b6444996f2d4e1c81483e748df5948
