[INFO] fetching crate xiapi 0.1.4...
[INFO] testing xiapi-0.1.4 against 1.99.0-beta.8 for beta-1.100-2
[INFO] extracting crate xiapi 0.1.4 into /workspace/builds/worker-4-tc1/source
[INFO] started tweaking crates.io crate xiapi 0.1.4
[INFO] removed 0 missing examples
[INFO] finished tweaking crates.io crate xiapi 0.1.4
[INFO] tweaked toml for crates.io crate xiapi 0.1.4 written to /workspace/builds/worker-4-tc1/source/Cargo.toml
[INFO] validating manifest of crates.io crate xiapi 0.1.4 on toolchain 1.99.0-beta.8
[INFO] running `Command { std: CARGO_HOME="/workspace/cargo-home" RUSTUP_HOME="/workspace/rustup-home" "/workspace/cargo-home/bin/cargo" "+1.99.0-beta.8" "metadata" "--manifest-path" "Cargo.toml" "--no-deps", kill_on_drop: false }`
[INFO] crate crates.io crate xiapi 0.1.4 already has a lockfile, it will not be regenerated
[INFO] running `Command { std: CARGO_HOME="/workspace/cargo-home" RUSTUP_HOME="/workspace/rustup-home" "/workspace/cargo-home/bin/cargo" "+1.99.0-beta.8" "fetch" "--manifest-path" "Cargo.toml", kill_on_drop: false }`
[INFO] [stderr]     Updating crates.io index
[INFO] [stderr]  Downloading crates ...
[INFO] [stderr]   Downloaded xiapi-sys v0.1.2
[INFO] [stderr]   Downloaded serial_test_derive v3.0.0
[INFO] [stderr]   Downloaded serial_test v3.0.0
[INFO] [stderr]   Downloaded quote v1.0.35
[INFO] [stderr]   Downloaded futures-sink v0.3.30
[INFO] [stderr]   Downloaded fslock v0.2.1
[INFO] [stderr]   Downloaded windows-targets v0.52.0
[INFO] [stderr]   Downloaded dashmap v5.5.3
[INFO] [stderr]   Downloaded futures-executor v0.3.30
[INFO] [stderr]   Downloaded peeking_take_while v0.1.2
[INFO] [stderr]   Downloaded lazycell v1.3.0
[INFO] [stderr]   Downloaded paste v1.0.14
[INFO] [stderr]   Downloaded crossbeam-deque v0.8.5
[INFO] [stderr]   Downloaded fdeflate v0.3.4
[INFO] [stderr]   Downloaded futures-channel v0.3.30
[INFO] [stderr]   Downloaded lebe v0.5.2
[INFO] [stderr]   Downloaded futures-io v0.3.30
[INFO] [stderr]   Downloaded futures-task v0.3.30
[INFO] [stderr]   Downloaded futures-core v0.3.30
[INFO] [stderr]   Downloaded errno v0.3.8
[INFO] [stderr]   Downloaded once_cell v1.19.0
[INFO] [stderr]   Downloaded proc-macro2 v1.0.78
[INFO] [stderr]   Downloaded bit_field v0.10.2
[INFO] [stderr]   Downloaded smallvec v1.13.1
[INFO] [stderr]   Downloaded either v1.9.0
[INFO] [stderr]   Downloaded clang-sys v1.7.0
[INFO] [stderr]   Downloaded crossbeam-utils v0.8.19
[INFO] [stderr]   Downloaded num-traits v0.2.17
[INFO] [stderr]   Downloaded half v2.2.1
[INFO] [stderr]   Downloaded prettyplease v0.2.16
[INFO] [stderr]   Downloaded memchr v2.7.1
[INFO] [stderr]   Downloaded bitflags v2.4.2
[INFO] [stderr]   Downloaded home v0.5.9
[INFO] [stderr]   Downloaded weezl v0.1.8
[INFO] [stderr]   Downloaded bytemuck v1.14.1
[INFO] [stderr]   Downloaded futures v0.3.30
[INFO] [stderr]   Downloaded syn v2.0.48
[INFO] [stderr]   Downloaded png v0.17.11
[INFO] [stderr]   Downloaded flume v0.11.0
[INFO] [stderr]   Downloaded hashbrown v0.14.3
[INFO] [stderr]   Downloaded rayon v1.8.1
[INFO] [stderr]   Downloaded futures-util v0.3.30
[INFO] [stderr]   Downloaded aho-corasick v1.1.2
[INFO] [stderr]   Downloaded bindgen v0.69.2
[INFO] [stderr]   Downloaded exr v1.71.0
[INFO] [stderr]   Downloaded regex v1.10.3
[INFO] [stderr]   Downloaded regex-syntax v0.8.2
[INFO] [stderr]   Downloaded rustix v0.38.30
[INFO] [stderr]   Downloaded windows_x86_64_gnullvm v0.52.0
[INFO] [stderr]   Downloaded windows_aarch64_gnullvm v0.52.0
[INFO] [stderr]   Downloaded regex-automata v0.4.5
[INFO] [stderr]   Downloaded gif v0.12.0
[INFO] [stderr]   Downloaded jpeg-decoder v0.3.1
[INFO] [stderr]   Downloaded libc v0.2.152
[INFO] [stderr]   Downloaded windows_x86_64_gnu v0.52.0
[INFO] [stderr]   Downloaded windows_x86_64_msvc v0.52.0
[INFO] [stderr]   Downloaded windows_i686_msvc v0.52.0
[INFO] [stderr]   Downloaded windows_aarch64_msvc v0.52.0
[INFO] [stderr]   Downloaded windows_i686_gnu v0.52.0
[INFO] [stderr]   Downloaded tiff v0.9.1
[INFO] [stderr]   Downloaded linux-raw-sys v0.4.13
[INFO] [stderr]   Downloaded image v0.24.8
[INFO] running `Command { std: "docker" "create" "-v" "/var/lib/crater-agent-workspace/builds/worker-4-tc1/source:/opt/rustwide/workdir:ro,Z" "-v" "/var/lib/crater-agent-workspace/builds/worker-4-tc1/target:/opt/rustwide/target:rw,Z" "-v" "/var/lib/crater-agent-workspace/cargo-home:/opt/rustwide/cargo-home:ro,Z" "-v" "/var/lib/crater-agent-workspace/rustup-home:/opt/rustwide/rustup-home:ro,Z" "-m" "1610612736" "--network" "none" "ghcr.io/rust-lang/crates-build-env/linux@sha256:3111399a4047eeb3a02b7a90e478d715f38a8c6669b5c4b49d30a17385265909" "sleep" "infinity", kill_on_drop: false }`
[INFO] [stdout] ce9544391665daebcce82856fd731438e47288ada1de143e20f3f7f05d587c22
[INFO] running `Command { std: "docker" "start" "ce9544391665daebcce82856fd731438e47288ada1de143e20f3f7f05d587c22", kill_on_drop: false }`
[INFO] running `Command { std: "docker" "inspect" "ce9544391665daebcce82856fd731438e47288ada1de143e20f3f7f05d587c22", kill_on_drop: false }`
[INFO] running `Command { std: "docker" "exec" "-e" "SOURCE_DIR=/opt/rustwide/workdir" "-e" "CARGO_HOME=/opt/rustwide/cargo-home" "-e" "RUSTUP_HOME=/opt/rustwide/rustup-home" "-e" "CARGO_TARGET_DIR=/opt/rustwide/target" "-w" "/opt/rustwide/workdir" "--user" "0:0" "ce9544391665daebcce82856fd731438e47288ada1de143e20f3f7f05d587c22" "/opt/rustwide/cargo-home/bin/cargo" "+1.99.0-beta.8" "metadata" "--no-deps" "--format-version=1", kill_on_drop: false }`
[INFO] running `Command { std: "docker" "inspect" "ce9544391665daebcce82856fd731438e47288ada1de143e20f3f7f05d587c22", kill_on_drop: false }`
[INFO] running `Command { std: "docker" "exec" "-e" "SOURCE_DIR=/opt/rustwide/workdir" "-e" "CARGO_HOME=/opt/rustwide/cargo-home" "-e" "RUSTUP_HOME=/opt/rustwide/rustup-home" "-e" "CARGO_TARGET_DIR=/opt/rustwide/target" "-e" "CARGO_INCREMENTAL=0" "-e" "RUST_BACKTRACE=full" "-e" "RUSTFLAGS=--cap-lints=warn" "-e" "RUSTDOCFLAGS=--cap-lints=warn" "-w" "/opt/rustwide/workdir" "--user" "0:0" "ce9544391665daebcce82856fd731438e47288ada1de143e20f3f7f05d587c22" "/opt/rustwide/cargo-home/bin/cargo" "+1.99.0-beta.8" "build" "--frozen" "--message-format=json", kill_on_drop: false }`
[INFO] [stderr]    Compiling autocfg v1.1.0
[INFO] [stderr]    Compiling cfg-if v1.0.0
[INFO] [stderr]    Compiling proc-macro2 v1.0.78
[INFO] [stderr]    Compiling crossbeam-utils v0.8.19
[INFO] [stderr]    Compiling unicode-ident v1.0.12
[INFO] [stderr]    Compiling glob v0.3.1
[INFO] [stderr]    Compiling simd-adler32 v0.3.7
[INFO] [stderr]    Compiling smallvec v1.13.1
[INFO] [stderr]    Compiling rayon-core v1.12.1
[INFO] [stderr]    Compiling libc v0.2.152
[INFO] [stderr]    Compiling prettyplease v0.2.16
[INFO] [stderr]    Compiling rustix v0.38.30
[INFO] [stderr]    Compiling futures-core v0.3.30
[INFO] [stderr]    Compiling bitflags v2.4.2
[INFO] [stderr]    Compiling futures-sink v0.3.30
[INFO] [stderr]    Compiling parking_lot_core v0.9.9
[INFO] [stderr]    Compiling crc32fast v1.3.2
[INFO] [stderr]    Compiling minimal-lexical v0.2.1
[INFO] [stderr]    Compiling memchr v2.7.1
[INFO] [stderr]    Compiling linux-raw-sys v0.4.13
[INFO] [stderr]    Compiling regex-syntax v0.8.2
[INFO] [stderr]    Compiling miniz_oxide v0.7.1
[INFO] [stderr]    Compiling futures-channel v0.3.30
[INFO] [stderr]    Compiling libloading v0.8.1
[INFO] [stderr]    Compiling either v1.9.0
[INFO] [stderr]    Compiling pin-utils v0.1.0
[INFO] [stderr]    Compiling lock_api v0.4.11
[INFO] [stderr]    Compiling slab v0.4.9
[INFO] [stderr]    Compiling pin-project-lite v0.2.13
[INFO] [stderr]    Compiling bindgen v0.69.2
[INFO] [stderr]    Compiling futures-io v0.3.30
[INFO] [stderr]    Compiling home v0.5.9
[INFO] [stderr]    Compiling log v0.4.20
[INFO] [stderr]    Compiling futures-task v0.3.30
[INFO] [stderr]    Compiling lazy_static v1.4.0
[INFO] [stderr]    Compiling rustc-hash v1.1.0
[INFO] [stderr]    Compiling peeking_take_while v0.1.2
[INFO] [stderr]    Compiling clang-sys v1.7.0
[INFO] [stderr]    Compiling lazycell v1.3.0
[INFO] [stderr]    Compiling num-traits v0.2.17
[INFO] [stderr]    Compiling hashbrown v0.14.3
[INFO] [stderr]    Compiling nom v7.1.3
[INFO] [stderr]    Compiling crossbeam-epoch v0.9.18
[INFO] [stderr]    Compiling flate2 v1.0.28
[INFO] [stderr]    Compiling spin v0.9.8
[INFO] [stderr]    Compiling once_cell v1.19.0
[INFO] [stderr]    Compiling weezl v0.1.8
[INFO] [stderr]    Compiling quote v1.0.35
[INFO] [stderr]    Compiling futures-util v0.3.30
[INFO] [stderr]    Compiling flume v0.11.0
[INFO] [stderr]    Compiling fdeflate v0.3.4
[INFO] [stderr]    Compiling crossbeam-deque v0.8.5
[INFO] [stderr]    Compiling parking_lot v0.12.1
[INFO] [stderr]    Compiling zune-inflate v0.2.54
[INFO] [stderr]    Compiling syn v2.0.48
[INFO] [stderr]    Compiling lebe v0.5.2
[INFO] [stderr]    Compiling paste v1.0.14
[INFO] [stderr]    Compiling color_quant v1.1.0
[INFO] [stderr]    Compiling bytemuck v1.14.1
[INFO] [stderr]    Compiling half v2.2.1
[INFO] [stderr]    Compiling bit_field v0.10.2
[INFO] [stderr]    Compiling png v0.17.11
[INFO] [stderr]    Compiling gif v0.12.0
[INFO] [stderr]    Compiling dashmap v5.5.3
[INFO] [stderr]    Compiling qoi v0.4.1
[INFO] [stderr]    Compiling rayon v1.8.1
[INFO] [stderr]    Compiling exr v1.71.0
[INFO] [stderr]    Compiling regex-automata v0.4.5
[INFO] [stderr]    Compiling cexpr v0.6.0
[INFO] [stderr]    Compiling which v4.4.2
[INFO] [stderr]    Compiling jpeg-decoder v0.3.1
[INFO] [stderr]    Compiling tiff v0.9.1
[INFO] [stderr]    Compiling serial_test_derive v3.0.0
[INFO] [stderr]    Compiling futures-executor v0.3.30
[INFO] [stderr]    Compiling image v0.24.8
[INFO] [stderr]    Compiling futures v0.3.30
[INFO] [stderr]    Compiling serial_test v3.0.0
[INFO] [stderr]    Compiling regex v1.10.3
[INFO] [stderr]    Compiling xiapi-sys v0.1.2
[INFO] [stderr]    Compiling xiapi v0.1.4 (/opt/rustwide/workdir)
[INFO] [stderr]     Finished `dev` profile [unoptimized + debuginfo] target(s) in 28.19s
[INFO] running `Command { std: "docker" "inspect" "ce9544391665daebcce82856fd731438e47288ada1de143e20f3f7f05d587c22", kill_on_drop: false }`
[INFO] running `Command { std: "docker" "exec" "-e" "SOURCE_DIR=/opt/rustwide/workdir" "-e" "CARGO_HOME=/opt/rustwide/cargo-home" "-e" "RUSTUP_HOME=/opt/rustwide/rustup-home" "-e" "CARGO_TARGET_DIR=/opt/rustwide/target" "-e" "CARGO_INCREMENTAL=0" "-e" "RUST_BACKTRACE=full" "-e" "RUSTFLAGS=--cap-lints=warn" "-e" "RUSTDOCFLAGS=--cap-lints=warn" "-w" "/opt/rustwide/workdir" "--user" "0:0" "ce9544391665daebcce82856fd731438e47288ada1de143e20f3f7f05d587c22" "/opt/rustwide/cargo-home/bin/cargo" "+1.99.0-beta.8" "test" "--frozen" "--no-run" "--message-format=json", kill_on_drop: false }`
[INFO] [stderr]    Compiling fslock v0.2.1
[INFO] [stderr]    Compiling approx v0.5.1
[INFO] [stderr]    Compiling serial_test v3.0.0
[INFO] [stderr]    Compiling xiapi-sys v0.1.2
[INFO] [stderr]    Compiling xiapi v0.1.4 (/opt/rustwide/workdir)
[INFO] [stdout] error: linking with `cc` failed: exit status: 1
[INFO] [stdout]   |
[INFO] [stdout]   = note:  "cc" "-m64" "/opt/rustwide/target/debug/examples/rustcj84vZ7/symbols.o" "<2 object files omitted>" "-Wl,--as-needed" "-Wl,-Bstatic" "/opt/rustwide/target/debug/deps/{libxiapi-5efbfefc1ba8a341,libimage-592f62b8775d4c8b,libqoi-fb46152115fdcdb1,libbytemuck-4d64644af05fb45c,libpng-f423fb986dcc85e6,libfdeflate-e5bd1d1de4876005,libbitflags-dde12b0d7d495b50,libexr-738f516604da1ab4,libflume-b6cd9fe9375d2d60,libzune_inflate-a476fed04bff8e64,libbit_field-fb70c6f816573082,liblebe-5694b67511a9813c,libhalf-968122518e876f8f,libsmallvec-752b9ce7d78a9e06,libgif-69c61455c1d9c9db,libcolor_quant-72accfe2cafd1a2d,libbyteorder-8f59b6d1bfdaa844,libnum_traits-3965727a69142f7e,libtiff-58176fe870252c49,libflate2-80354fef12173fe2,libminiz_oxide-e1c52f6a16271e8e,libsimd_adler32-a85d6c6326d2f661,libcrc32fast-b1b13fb2b4f6e9b8,libcfg_if-3e7fc4e38d4a72b5,libweezl-81d61edd414eb5e8,libjpeg_decoder-18d0f04bbddf4012,librayon-051b9390663f8f43,librayon_core-62a4d22a25b10abb,libcrossbeam_deque-b57d0e3c407e3b03,libcrossbeam_epoch-93eaa2cc5c2e1f34,libcrossbeam_utils-c80d4b930af58718,libeither-9a2eefee56828921,libxiapi_sys-aca6f7e3b8e6ac8b}.rlib" "<sysroot>/lib/rustlib/x86_64-unknown-linux-gnu/lib/{libstd-*,libpanic_unwind-*,libobject-*,libmemchr-*,libaddr2line-*,libgimli-*,libcfg_if-*,librustc_demangle-*,libstd_detect-*,libhashbrown-*,librustc_std_workspace_alloc-*,libminiz_oxide-*,libadler2-*,libunwind-*,liblibc-*,librustc_std_workspace_core-*,liballoc-*,libcore-*,libcompiler_builtins-*}.rlib" "-Wl,-Bdynamic" "-lm3api" "-lgcc_s" "-lutil" "-lrt" "-lpthread" "-lm" "-ldl" "-lc" "-L" "/opt/rustwide/target/debug/examples/rustcj84vZ7/raw-dylibs" "-B<sysroot>/lib/rustlib/x86_64-unknown-linux-gnu/bin/gcc-ld" "-fuse-ld=lld" "-Wl,--eh-frame-hdr" "-Wl,-z,noexecstack" "-L" "<sysroot>/lib/rustlib/x86_64-unknown-linux-gnu/lib" "-o" "/opt/rustwide/target/debug/examples/xi_sample-176798461ee66fca" "-Wl,--gc-sections" "-pie" "-Wl,-z,relro,-z,now" "-nodefaultlibs"
[INFO] [stdout]   = note: some arguments are omitted. use `--verbose` to show all linker arguments
[INFO] [stdout]   = note: rust-lld: error: unable to find library -lm3api
[INFO] [stdout]           collect2: error: ld returned 1 exit status
[INFO] [stdout]           
[INFO] [stdout] 
[INFO] [stdout] 
[INFO] [stdout] error: linking with `cc` failed: exit status: 1
[INFO] [stdout]   |
[INFO] [stdout]   = note:  "cc" "-m64" "/opt/rustwide/target/debug/examples/rustcJwhkRx/symbols.o" "<2 object files omitted>" "-Wl,--as-needed" "-Wl,-Bstatic" "/opt/rustwide/target/debug/deps/{libxiapi-5efbfefc1ba8a341,libxiapi_sys-aca6f7e3b8e6ac8b,libimage-592f62b8775d4c8b,libqoi-fb46152115fdcdb1,libbytemuck-4d64644af05fb45c,libpng-f423fb986dcc85e6,libfdeflate-e5bd1d1de4876005,libbitflags-dde12b0d7d495b50,libexr-738f516604da1ab4,libflume-b6cd9fe9375d2d60,libzune_inflate-a476fed04bff8e64,libbit_field-fb70c6f816573082,liblebe-5694b67511a9813c,libhalf-968122518e876f8f,libsmallvec-752b9ce7d78a9e06,libgif-69c61455c1d9c9db,libcolor_quant-72accfe2cafd1a2d,libbyteorder-8f59b6d1bfdaa844,libnum_traits-3965727a69142f7e,libtiff-58176fe870252c49,libflate2-80354fef12173fe2,libminiz_oxide-e1c52f6a16271e8e,libsimd_adler32-a85d6c6326d2f661,libcrc32fast-b1b13fb2b4f6e9b8,libcfg_if-3e7fc4e38d4a72b5,libweezl-81d61edd414eb5e8,libjpeg_decoder-18d0f04bbddf4012,librayon-051b9390663f8f43,librayon_core-62a4d22a25b10abb,libcrossbeam_deque-b57d0e3c407e3b03,libcrossbeam_epoch-93eaa2cc5c2e1f34,libcrossbeam_utils-c80d4b930af58718,libeither-9a2eefee56828921}.rlib" "<sysroot>/lib/rustlib/x86_64-unknown-linux-gnu/lib/{libstd-*,libpanic_unwind-*,libobject-*,libmemchr-*,libaddr2line-*,libgimli-*,libcfg_if-*,librustc_demangle-*,libstd_detect-*,libhashbrown-*,librustc_std_workspace_alloc-*,libminiz_oxide-*,libadler2-*,libunwind-*,liblibc-*,librustc_std_workspace_core-*,liballoc-*,libcore-*,libcompiler_builtins-*}.rlib" "-Wl,-Bdynamic" "-lm3api" "-lgcc_s" "-lutil" "-lrt" "-lpthread" "-lm" "-ldl" "-lc" "-L" "/opt/rustwide/target/debug/examples/rustcJwhkRx/raw-dylibs" "-B<sysroot>/lib/rustlib/x86_64-unknown-linux-gnu/bin/gcc-ld" "-fuse-ld=lld" "-Wl,--eh-frame-hdr" "-Wl,-z,noexecstack" "-L" "<sysroot>/lib/rustlib/x86_64-unknown-linux-gnu/lib" "-o" "/opt/rustwide/target/debug/examples/xi_sample_short_interval_shutter-80cc9b7297d6f184" "-Wl,--gc-sections" "-pie" "-Wl,-z,relro,-z,now" "-nodefaultlibs"
[INFO] [stdout]   = note: some arguments are omitted. use `--verbose` to show all linker arguments
[INFO] [stdout]   = note: rust-lld: error: unable to find library -lm3api
[INFO] [stdout]           collect2: error: ld returned 1 exit status
[INFO] [stdout]           
[INFO] [stdout] 
[INFO] [stdout] 
[INFO] [stdout] error: linking with `cc` failed: exit status: 1
[INFO] [stdout]   |
[INFO] [stdout]   = note:  "cc" "-m64" "/opt/rustwide/target/debug/examples/rustcAlFifE/symbols.o" "<2 object files omitted>" "-Wl,--as-needed" "-Wl,-Bstatic" "/opt/rustwide/target/debug/deps/{libxiapi-5efbfefc1ba8a341,libimage-592f62b8775d4c8b,libqoi-fb46152115fdcdb1,libbytemuck-4d64644af05fb45c,libpng-f423fb986dcc85e6,libfdeflate-e5bd1d1de4876005,libbitflags-dde12b0d7d495b50,libexr-738f516604da1ab4,libflume-b6cd9fe9375d2d60,libzune_inflate-a476fed04bff8e64,libbit_field-fb70c6f816573082,liblebe-5694b67511a9813c,libhalf-968122518e876f8f,libsmallvec-752b9ce7d78a9e06,libgif-69c61455c1d9c9db,libcolor_quant-72accfe2cafd1a2d,libbyteorder-8f59b6d1bfdaa844,libnum_traits-3965727a69142f7e,libtiff-58176fe870252c49,libflate2-80354fef12173fe2,libminiz_oxide-e1c52f6a16271e8e,libsimd_adler32-a85d6c6326d2f661,libcrc32fast-b1b13fb2b4f6e9b8,libcfg_if-3e7fc4e38d4a72b5,libweezl-81d61edd414eb5e8,libjpeg_decoder-18d0f04bbddf4012,librayon-051b9390663f8f43,librayon_core-62a4d22a25b10abb,libcrossbeam_deque-b57d0e3c407e3b03,libcrossbeam_epoch-93eaa2cc5c2e1f34,libcrossbeam_utils-c80d4b930af58718,libeither-9a2eefee56828921,libxiapi_sys-aca6f7e3b8e6ac8b}.rlib" "<sysroot>/lib/rustlib/x86_64-unknown-linux-gnu/lib/{libstd-*,libpanic_unwind-*,libobject-*,libmemchr-*,libaddr2line-*,libgimli-*,libcfg_if-*,librustc_demangle-*,libstd_detect-*,libhashbrown-*,librustc_std_workspace_alloc-*,libminiz_oxide-*,libadler2-*,libunwind-*,liblibc-*,librustc_std_workspace_core-*,liballoc-*,libcore-*,libcompiler_builtins-*}.rlib" "-Wl,-Bdynamic" "-lm3api" "-lgcc_s" "-lutil" "-lrt" "-lpthread" "-lm" "-ldl" "-lc" "-L" "/opt/rustwide/target/debug/examples/rustcAlFifE/raw-dylibs" "-B<sysroot>/lib/rustlib/x86_64-unknown-linux-gnu/bin/gcc-ld" "-fuse-ld=lld" "-Wl,--eh-frame-hdr" "-Wl,-z,noexecstack" "-L" "<sysroot>/lib/rustlib/x86_64-unknown-linux-gnu/lib" "-o" "/opt/rustwide/target/debug/examples/xi_sample_multicamera-ffcecf4ceadd15a5" "-Wl,--gc-sections" "-pie" "-Wl,-z,relro,-z,now" "-nodefaultlibs"
[INFO] [stdout]   = note: some arguments are omitted. use `--verbose` to show all linker arguments
[INFO] [stdout]   = note: rust-lld: error: unable to find library -lm3api
[INFO] [stdout]           collect2: error: ld returned 1 exit status
[INFO] [stdout]           
[INFO] [stdout] 
[INFO] [stdout] 
[INFO] [stderr] error: could not compile `xiapi` (example "xi_sample_short_interval_shutter") due to 1 previous error
[INFO] [stderr] warning: build failed, waiting for other jobs to finish...
[INFO] [stderr] error: could not compile `xiapi` (example "xi_sample_multicamera") due to 1 previous error
[INFO] [stderr] error: could not compile `xiapi` (example "xi_sample") due to 1 previous error
[INFO] [stdout] error: linking with `cc` failed: exit status: 1
[INFO] [stdout]   |
[INFO] [stdout]   = note:  "cc" "-m64" "/opt/rustwide/target/debug/deps/rustcJcOmzR/symbols.o" "<2 object files omitted>" "-Wl,--as-needed" "-Wl,-Bstatic" "<sysroot>/lib/rustlib/x86_64-unknown-linux-gnu/lib/{libtest-*,libgetopts-*,librustc_std_workspace_std-*}.rlib" "/opt/rustwide/target/debug/deps/{libserial_test-2efa8546fd693df1,libfslock-47ef12dcef2b0bb2,libparking_lot-7485b33ed4aa0e7b,libfutures-9e1c96866d5dc397,libfutures_executor-4e41b2da8424dd18,libfutures_util-6884be5e90bc8169,libmemchr-24f51181957843a1,libfutures_io-15f510aebc68962e,libslab-1d6e3276f95c46da,libfutures_channel-e1b4e150be0ecfee,libpin_project_lite-b342d85da484cd05,libfutures_sink-0653bd34eb2f730d,libfutures_task-7735bb2404c6e6f3,libpin_utils-3860774ad9b215b5,libfutures_core-8063f91f5220ba4f,liblog-dcabf69e042f143c,liblazy_static-af860367908b8176,libdashmap-a434519adbd07971,liblock_api-a8863b7cabb6178b,libscopeguard-7ec2214574194454,libonce_cell-a1d7742f74efe1da,libparking_lot_core-507fbe8e4f86c8f7,liblibc-5ba1f0eb803c148c,libhashbrown-8ca53f0d0878709b,libapprox-e2856e93d7c6afbb,libimage-592f62b8775d4c8b,libqoi-fb46152115fdcdb1,libbytemuck-4d64644af05fb45c,libpng-f423fb986dcc85e6,libfdeflate-e5bd1d1de4876005,libbitflags-dde12b0d7d495b50,libexr-738f516604da1ab4,libflume-b6cd9fe9375d2d60,libzune_inflate-a476fed04bff8e64,libbit_field-fb70c6f816573082,liblebe-5694b67511a9813c,libhalf-968122518e876f8f,libsmallvec-752b9ce7d78a9e06,libgif-69c61455c1d9c9db,libcolor_quant-72accfe2cafd1a2d,libbyteorder-8f59b6d1bfdaa844,libnum_traits-3965727a69142f7e,libtiff-58176fe870252c49,libflate2-80354fef12173fe2,libminiz_oxide-e1c52f6a16271e8e,libsimd_adler32-a85d6c6326d2f661,libcrc32fast-b1b13fb2b4f6e9b8,libcfg_if-3e7fc4e38d4a72b5,libweezl-81d61edd414eb5e8,libjpeg_decoder-18d0f04bbddf4012,librayon-051b9390663f8f43,librayon_core-62a4d22a25b10abb,libcrossbeam_deque-b57d0e3c407e3b03,libcrossbeam_epoch-93eaa2cc5c2e1f34,libcrossbeam_utils-c80d4b930af58718,libeither-9a2eefee56828921,libxiapi_sys-aca6f7e3b8e6ac8b}.rlib" "<sysroot>/lib/rustlib/x86_64-unknown-linux-gnu/lib/{libstd-*,libpanic_unwind-*,libobject-*,libmemchr-*,libaddr2line-*,libgimli-*,libcfg_if-*,librustc_demangle-*,libstd_detect-*,libhashbrown-*,librustc_std_workspace_alloc-*,libminiz_oxide-*,libadler2-*,libunwind-*,liblibc-*,librustc_std_workspace_core-*,liballoc-*,libcore-*,libcompiler_builtins-*}.rlib" "-Wl,-Bdynamic" "-lm3api" "-lgcc_s" "-lutil" "-lrt" "-lpthread" "-lm" "-ldl" "-lc" "-L" "/opt/rustwide/target/debug/deps/rustcJcOmzR/raw-dylibs" "-B<sysroot>/lib/rustlib/x86_64-unknown-linux-gnu/bin/gcc-ld" "-fuse-ld=lld" "-Wl,--eh-frame-hdr" "-Wl,-z,noexecstack" "-L" "<sysroot>/lib/rustlib/x86_64-unknown-linux-gnu/lib" "-o" "/opt/rustwide/target/debug/deps/xiapi-6ff3164b0f9bf356" "-Wl,--gc-sections" "-pie" "-Wl,-z,relro,-z,now" "-nodefaultlibs"
[INFO] [stdout]   = note: some arguments are omitted. use `--verbose` to show all linker arguments
[INFO] [stdout]   = note: rust-lld: error: unable to find library -lm3api
[INFO] [stdout]           collect2: error: ld returned 1 exit status
[INFO] [stdout]           
[INFO] [stdout] 
[INFO] [stdout] 
[INFO] [stderr] error: could not compile `xiapi` (lib test) due to 1 previous error
[INFO] running `Command { std: "docker" "inspect" "ce9544391665daebcce82856fd731438e47288ada1de143e20f3f7f05d587c22", kill_on_drop: false }`
[INFO] running `Command { std: "docker" "rm" "-f" "ce9544391665daebcce82856fd731438e47288ada1de143e20f3f7f05d587c22", kill_on_drop: false }`
[INFO] [stdout] ce9544391665daebcce82856fd731438e47288ada1de143e20f3f7f05d587c22
