[INFO] fetching crate wslc 0.1.9...
[INFO] testing wslc-0.1.9 against 1.99.0-beta.8 for beta-1.100-2
[INFO] extracting crate wslc 0.1.9 into /workspace/builds/worker-0-tc1/source
[INFO] started tweaking crates.io crate wslc 0.1.9
[INFO] removed 0 missing examples
[INFO] removed 0 missing tests
[INFO] finished tweaking crates.io crate wslc 0.1.9
[INFO] tweaked toml for crates.io crate wslc 0.1.9 written to /workspace/builds/worker-0-tc1/source/Cargo.toml
[INFO] validating manifest of crates.io crate wslc 0.1.9 on toolchain 1.99.0-beta.8
[INFO] running `Command { std: CARGO_HOME="/workspace/cargo-home" RUSTUP_HOME="/workspace/rustup-home" "/workspace/cargo-home/bin/cargo" "+1.99.0-beta.8" "metadata" "--manifest-path" "Cargo.toml" "--no-deps", kill_on_drop: false }`
[INFO] crate crates.io crate wslc 0.1.9 already has a lockfile, it will not be regenerated
[INFO] running `Command { std: CARGO_HOME="/workspace/cargo-home" RUSTUP_HOME="/workspace/rustup-home" "/workspace/cargo-home/bin/cargo" "+1.99.0-beta.8" "fetch" "--manifest-path" "Cargo.toml", kill_on_drop: false }`
[INFO] [stderr]     Updating crates.io index
[INFO] [stderr]  Downloading crates ...
[INFO] [stderr]   Downloaded wslc-sys v0.1.2
[INFO] running `Command { std: "docker" "create" "-v" "/var/lib/crater-agent-workspace/builds/worker-0-tc1/source:/opt/rustwide/workdir:ro,Z" "-v" "/var/lib/crater-agent-workspace/builds/worker-0-tc1/target:/opt/rustwide/target:rw,Z" "-v" "/var/lib/crater-agent-workspace/cargo-home:/opt/rustwide/cargo-home:ro,Z" "-v" "/var/lib/crater-agent-workspace/rustup-home:/opt/rustwide/rustup-home:ro,Z" "-m" "1610612736" "--network" "none" "ghcr.io/rust-lang/crates-build-env/linux@sha256:3111399a4047eeb3a02b7a90e478d715f38a8c6669b5c4b49d30a17385265909" "sleep" "infinity", kill_on_drop: false }`
[INFO] [stdout] 88ac6239f520ab976c2801697e6d12dcadd2cfb5c3f6766fb06680c4f800a2de
[INFO] running `Command { std: "docker" "start" "88ac6239f520ab976c2801697e6d12dcadd2cfb5c3f6766fb06680c4f800a2de", kill_on_drop: false }`
[INFO] running `Command { std: "docker" "inspect" "88ac6239f520ab976c2801697e6d12dcadd2cfb5c3f6766fb06680c4f800a2de", kill_on_drop: false }`
[INFO] running `Command { std: "docker" "exec" "-e" "SOURCE_DIR=/opt/rustwide/workdir" "-e" "CARGO_HOME=/opt/rustwide/cargo-home" "-e" "RUSTUP_HOME=/opt/rustwide/rustup-home" "-e" "CARGO_TARGET_DIR=/opt/rustwide/target" "-w" "/opt/rustwide/workdir" "--user" "0:0" "88ac6239f520ab976c2801697e6d12dcadd2cfb5c3f6766fb06680c4f800a2de" "/opt/rustwide/cargo-home/bin/cargo" "+1.99.0-beta.8" "metadata" "--no-deps" "--format-version=1", kill_on_drop: false }`
[INFO] running `Command { std: "docker" "inspect" "88ac6239f520ab976c2801697e6d12dcadd2cfb5c3f6766fb06680c4f800a2de", kill_on_drop: false }`
[INFO] running `Command { std: "docker" "exec" "-e" "SOURCE_DIR=/opt/rustwide/workdir" "-e" "CARGO_HOME=/opt/rustwide/cargo-home" "-e" "RUSTUP_HOME=/opt/rustwide/rustup-home" "-e" "CARGO_TARGET_DIR=/opt/rustwide/target" "-e" "CARGO_INCREMENTAL=0" "-e" "RUST_BACKTRACE=full" "-e" "RUSTFLAGS=--cap-lints=warn" "-e" "RUSTDOCFLAGS=--cap-lints=warn" "-w" "/opt/rustwide/workdir" "--user" "0:0" "88ac6239f520ab976c2801697e6d12dcadd2cfb5c3f6766fb06680c4f800a2de" "/opt/rustwide/cargo-home/bin/cargo" "+1.99.0-beta.8" "build" "--frozen" "--message-format=json", kill_on_drop: false }`
[INFO] [stderr]    Compiling wslc-sys v0.1.2
[INFO] [stdout] error[E0599]: no method named `get` found for struct `Library` in the current scope
[INFO] [stdout]    --> /opt/rustwide/cargo-home/registry/src/index.crates.io-1949cf8c6b5b557f/wslc-sys-0.1.2/src/runtime.rs:241:34
[INFO] [stdout]     |
[INFO] [stdout] 128 | struct Library {
[INFO] [stdout]     | -------------- method `get` not found for this struct
[INFO] [stdout] ...
[INFO] [stdout] 241 |                 unsafe { library.get(concat!(stringify!($field), "\0").as_bytes())? }
[INFO] [stdout]     |                                  ^^^ method not found in `Library`
[INFO] [stdout] ...
[INFO] [stdout] 246 |             WslcInitSessionSettings: sym!(WslcInitSessionSettings),
[INFO] [stdout]     |                                      ----------------------------- in this macro invocation
[INFO] [stdout]     |
[INFO] [stdout]     = help: items from traits can only be used if the trait is implemented and in scope
[INFO] [stdout]     = note: the following trait defines an item `get`, perhaps you need to implement it:
[INFO] [stdout]             candidate #1: `SliceIndex`
[INFO] [stdout]     = note: this error originates in the macro `sym` (in Nightly builds, run with -Z macro-backtrace for more info)
[INFO] [stdout] 
[INFO] [stdout] 
[INFO] [stdout] error[E0599]: no method named `get` found for struct `Library` in the current scope
[INFO] [stdout]    --> /opt/rustwide/cargo-home/registry/src/index.crates.io-1949cf8c6b5b557f/wslc-sys-0.1.2/src/runtime.rs:241:34
[INFO] [stdout]     |
[INFO] [stdout] 128 | struct Library {
[INFO] [stdout]     | -------------- method `get` not found for this struct
[INFO] [stdout] ...
[INFO] [stdout] 241 |                 unsafe { library.get(concat!(stringify!($field), "\0").as_bytes())? }
[INFO] [stdout]     |                                  ^^^ method not found in `Library`
[INFO] [stdout] ...
[INFO] [stdout] 247 |             WslcCreateSession: sym!(WslcCreateSession),
[INFO] [stdout]     |                                ----------------------- in this macro invocation
[INFO] [stdout]     |
[INFO] [stdout]     = help: items from traits can only be used if the trait is implemented and in scope
[INFO] [stdout]     = note: the following trait defines an item `get`, perhaps you need to implement it:
[INFO] [stdout]             candidate #1: `SliceIndex`
[INFO] [stdout]     = note: this error originates in the macro `sym` (in Nightly builds, run with -Z macro-backtrace for more info)
[INFO] [stdout] 
[INFO] [stdout] 
[INFO] [stdout] error[E0599]: no method named `get` found for struct `Library` in the current scope
[INFO] [stdout]    --> /opt/rustwide/cargo-home/registry/src/index.crates.io-1949cf8c6b5b557f/wslc-sys-0.1.2/src/runtime.rs:241:34
[INFO] [stdout]     |
[INFO] [stdout] 128 | struct Library {
[INFO] [stdout]     | -------------- method `get` not found for this struct
[INFO] [stdout] ...
[INFO] [stdout] 241 |                 unsafe { library.get(concat!(stringify!($field), "\0").as_bytes())? }
[INFO] [stdout]     |                                  ^^^ method not found in `Library`
[INFO] [stdout] ...
[INFO] [stdout] 248 |             WslcSetSessionSettingsCpuCount: sym!(WslcSetSessionSettingsCpuCount),
[INFO] [stdout]     |                                             ------------------------------------ in this macro invocation
[INFO] [stdout]     |
[INFO] [stdout]     = help: items from traits can only be used if the trait is implemented and in scope
[INFO] [stdout]     = note: the following trait defines an item `get`, perhaps you need to implement it:
[INFO] [stdout]             candidate #1: `SliceIndex`
[INFO] [stdout]     = note: this error originates in the macro `sym` (in Nightly builds, run with -Z macro-backtrace for more info)
[INFO] [stdout] 
[INFO] [stdout] 
[INFO] [stdout] error[E0599]: no method named `get` found for struct `Library` in the current scope
[INFO] [stdout]    --> /opt/rustwide/cargo-home/registry/src/index.crates.io-1949cf8c6b5b557f/wslc-sys-0.1.2/src/runtime.rs:241:34
[INFO] [stdout]     |
[INFO] [stdout] 128 | struct Library {
[INFO] [stdout]     | -------------- method `get` not found for this struct
[INFO] [stdout] ...
[INFO] [stdout] 241 |                 unsafe { library.get(concat!(stringify!($field), "\0").as_bytes())? }
[INFO] [stdout]     |                                  ^^^ method not found in `Library`
[INFO] [stdout] ...
[INFO] [stdout] 249 |             WslcSetSessionSettingsMemory: sym!(WslcSetSessionSettingsMemory),
[INFO] [stdout]     |                                           ---------------------------------- in this macro invocation
[INFO] [stdout]     |
[INFO] [stdout]     = help: items from traits can only be used if the trait is implemented and in scope
[INFO] [stdout]     = note: the following trait defines an item `get`, perhaps you need to implement it:
[INFO] [stdout]             candidate #1: `SliceIndex`
[INFO] [stdout]     = note: this error originates in the macro `sym` (in Nightly builds, run with -Z macro-backtrace for more info)
[INFO] [stdout] 
[INFO] [stdout] 
[INFO] [stdout] error[E0599]: no method named `get` found for struct `Library` in the current scope
[INFO] [stdout]    --> /opt/rustwide/cargo-home/registry/src/index.crates.io-1949cf8c6b5b557f/wslc-sys-0.1.2/src/runtime.rs:241:34
[INFO] [stdout]     |
[INFO] [stdout] 128 | struct Library {
[INFO] [stdout]     | -------------- method `get` not found for this struct
[INFO] [stdout] ...
[INFO] [stdout] 241 |                 unsafe { library.get(concat!(stringify!($field), "\0").as_bytes())? }
[INFO] [stdout]     |                                  ^^^ method not found in `Library`
[INFO] [stdout] ...
[INFO] [stdout] 250 |             WslcSetSessionSettingsTimeout: sym!(WslcSetSessionSettingsTimeout),
[INFO] [stdout]     |                                            ----------------------------------- in this macro invocation
[INFO] [stdout]     |
[INFO] [stdout]     = help: items from traits can only be used if the trait is implemented and in scope
[INFO] [stdout]     = note: the following trait defines an item `get`, perhaps you need to implement it:
[INFO] [stdout]             candidate #1: `SliceIndex`
[INFO] [stdout]     = note: this error originates in the macro `sym` (in Nightly builds, run with -Z macro-backtrace for more info)
[INFO] [stdout] 
[INFO] [stdout] 
[INFO] [stdout] error[E0599]: no method named `get` found for struct `Library` in the current scope
[INFO] [stdout]    --> /opt/rustwide/cargo-home/registry/src/index.crates.io-1949cf8c6b5b557f/wslc-sys-0.1.2/src/runtime.rs:241:34
[INFO] [stdout]     |
[INFO] [stdout] 128 | struct Library {
[INFO] [stdout]     | -------------- method `get` not found for this struct
[INFO] [stdout] ...
[INFO] [stdout] 241 |                 unsafe { library.get(concat!(stringify!($field), "\0").as_bytes())? }
[INFO] [stdout]     |                                  ^^^ method not found in `Library`
[INFO] [stdout] ...
[INFO] [stdout] 251 |             WslcSetSessionSettingsVhd: sym!(WslcSetSessionSettingsVhd),
[INFO] [stdout]     |                                        ------------------------------- in this macro invocation
[INFO] [stdout]     |
[INFO] [stdout]     = help: items from traits can only be used if the trait is implemented and in scope
[INFO] [stdout]     = note: the following trait defines an item `get`, perhaps you need to implement it:
[INFO] [stdout]             candidate #1: `SliceIndex`
[INFO] [stdout]     = note: this error originates in the macro `sym` (in Nightly builds, run with -Z macro-backtrace for more info)
[INFO] [stdout] 
[INFO] [stdout] 
[INFO] [stdout] error[E0599]: no method named `get` found for struct `Library` in the current scope
[INFO] [stdout]    --> /opt/rustwide/cargo-home/registry/src/index.crates.io-1949cf8c6b5b557f/wslc-sys-0.1.2/src/runtime.rs:241:34
[INFO] [stdout]     |
[INFO] [stdout] 128 | struct Library {
[INFO] [stdout]     | -------------- method `get` not found for this struct
[INFO] [stdout] ...
[INFO] [stdout] 241 |                 unsafe { library.get(concat!(stringify!($field), "\0").as_bytes())? }
[INFO] [stdout]     |                                  ^^^ method not found in `Library`
[INFO] [stdout] ...
[INFO] [stdout] 252 |             WslcSetSessionSettingsFeatureFlags: sym!(WslcSetSessionSettingsFeatureFlags),
[INFO] [stdout]     |                                                 ---------------------------------------- in this macro invocation
[INFO] [stdout]     |
[INFO] [stdout]     = help: items from traits can only be used if the trait is implemented and in scope
[INFO] [stdout]     = note: the following trait defines an item `get`, perhaps you need to implement it:
[INFO] [stdout]             candidate #1: `SliceIndex`
[INFO] [stdout]     = note: this error originates in the macro `sym` (in Nightly builds, run with -Z macro-backtrace for more info)
[INFO] [stdout] 
[INFO] [stdout] 
[INFO] [stdout] error[E0599]: no method named `get` found for struct `Library` in the current scope
[INFO] [stdout]    --> /opt/rustwide/cargo-home/registry/src/index.crates.io-1949cf8c6b5b557f/wslc-sys-0.1.2/src/runtime.rs:241:34
[INFO] [stdout]     |
[INFO] [stdout] 128 | struct Library {
[INFO] [stdout]     | -------------- method `get` not found for this struct
[INFO] [stdout] ...
[INFO] [stdout] 241 |                 unsafe { library.get(concat!(stringify!($field), "\0").as_bytes())? }
[INFO] [stdout]     |                                  ^^^ method not found in `Library`
[INFO] [stdout] ...
[INFO] [stdout] 253 |             WslcTerminateSession: sym!(WslcTerminateSession),
[INFO] [stdout]     |                                   -------------------------- in this macro invocation
[INFO] [stdout]     |
[INFO] [stdout]     = help: items from traits can only be used if the trait is implemented and in scope
[INFO] [stdout]     = note: the following trait defines an item `get`, perhaps you need to implement it:
[INFO] [stdout]             candidate #1: `SliceIndex`
[INFO] [stdout]     = note: this error originates in the macro `sym` (in Nightly builds, run with -Z macro-backtrace for more info)
[INFO] [stdout] 
[INFO] [stdout] 
[INFO] [stdout] error[E0599]: no method named `get` found for struct `Library` in the current scope
[INFO] [stdout]    --> /opt/rustwide/cargo-home/registry/src/index.crates.io-1949cf8c6b5b557f/wslc-sys-0.1.2/src/runtime.rs:241:34
[INFO] [stdout]     |
[INFO] [stdout] 128 | struct Library {
[INFO] [stdout]     | -------------- method `get` not found for this struct
[INFO] [stdout] ...
[INFO] [stdout] 241 |                 unsafe { library.get(concat!(stringify!($field), "\0").as_bytes())? }
[INFO] [stdout]     |                                  ^^^ method not found in `Library`
[INFO] [stdout] ...
[INFO] [stdout] 254 |             WslcReleaseSession: sym!(WslcReleaseSession),
[INFO] [stdout]     |                                 ------------------------ in this macro invocation
[INFO] [stdout]     |
[INFO] [stdout]     = help: items from traits can only be used if the trait is implemented and in scope
[INFO] [stdout]     = note: the following trait defines an item `get`, perhaps you need to implement it:
[INFO] [stdout]             candidate #1: `SliceIndex`
[INFO] [stdout]     = note: this error originates in the macro `sym` (in Nightly builds, run with -Z macro-backtrace for more info)
[INFO] [stdout] 
[INFO] [stdout] 
[INFO] [stdout] error[E0599]: no method named `get` found for struct `Library` in the current scope
[INFO] [stdout]    --> /opt/rustwide/cargo-home/registry/src/index.crates.io-1949cf8c6b5b557f/wslc-sys-0.1.2/src/runtime.rs:241:34
[INFO] [stdout]     |
[INFO] [stdout] 128 | struct Library {
[INFO] [stdout]     | -------------- method `get` not found for this struct
[INFO] [stdout] ...
[INFO] [stdout] 241 |                 unsafe { library.get(concat!(stringify!($field), "\0").as_bytes())? }
[INFO] [stdout]     |                                  ^^^ method not found in `Library`
[INFO] [stdout] ...
[INFO] [stdout] 255 |             WslcInitContainerSettings: sym!(WslcInitContainerSettings),
[INFO] [stdout]     |                                        ------------------------------- in this macro invocation
[INFO] [stdout]     |
[INFO] [stdout]     = help: items from traits can only be used if the trait is implemented and in scope
[INFO] [stdout]     = note: the following trait defines an item `get`, perhaps you need to implement it:
[INFO] [stdout]             candidate #1: `SliceIndex`
[INFO] [stdout]     = note: this error originates in the macro `sym` (in Nightly builds, run with -Z macro-backtrace for more info)
[INFO] [stdout] 
[INFO] [stdout] 
[INFO] [stdout] error[E0599]: no method named `get` found for struct `Library` in the current scope
[INFO] [stdout]    --> /opt/rustwide/cargo-home/registry/src/index.crates.io-1949cf8c6b5b557f/wslc-sys-0.1.2/src/runtime.rs:241:34
[INFO] [stdout]     |
[INFO] [stdout] 128 | struct Library {
[INFO] [stdout]     | -------------- method `get` not found for this struct
[INFO] [stdout] ...
[INFO] [stdout] 241 |                 unsafe { library.get(concat!(stringify!($field), "\0").as_bytes())? }
[INFO] [stdout]     |                                  ^^^ method not found in `Library`
[INFO] [stdout] ...
[INFO] [stdout] 256 |             WslcCreateContainer: sym!(WslcCreateContainer),
[INFO] [stdout]     |                                  ------------------------- in this macro invocation
[INFO] [stdout]     |
[INFO] [stdout]     = help: items from traits can only be used if the trait is implemented and in scope
[INFO] [stdout]     = note: the following trait defines an item `get`, perhaps you need to implement it:
[INFO] [stdout]             candidate #1: `SliceIndex`
[INFO] [stdout]     = note: this error originates in the macro `sym` (in Nightly builds, run with -Z macro-backtrace for more info)
[INFO] [stdout] 
[INFO] [stdout] 
[INFO] [stdout] error[E0599]: no method named `get` found for struct `Library` in the current scope
[INFO] [stdout]    --> /opt/rustwide/cargo-home/registry/src/index.crates.io-1949cf8c6b5b557f/wslc-sys-0.1.2/src/runtime.rs:241:34
[INFO] [stdout]     |
[INFO] [stdout] 128 | struct Library {
[INFO] [stdout]     | -------------- method `get` not found for this struct
[INFO] [stdout] ...
[INFO] [stdout] 241 |                 unsafe { library.get(concat!(stringify!($field), "\0").as_bytes())? }
[INFO] [stdout]     |                                  ^^^ method not found in `Library`
[INFO] [stdout] ...
[INFO] [stdout] 257 |             WslcStartContainer: sym!(WslcStartContainer),
[INFO] [stdout]     |                                 ------------------------ in this macro invocation
[INFO] [stdout]     |
[INFO] [stdout]     = help: items from traits can only be used if the trait is implemented and in scope
[INFO] [stdout]     = note: the following trait defines an item `get`, perhaps you need to implement it:
[INFO] [stdout]             candidate #1: `SliceIndex`
[INFO] [stdout]     = note: this error originates in the macro `sym` (in Nightly builds, run with -Z macro-backtrace for more info)
[INFO] [stdout] 
[INFO] [stdout] 
[INFO] [stdout] error[E0599]: no method named `get` found for struct `Library` in the current scope
[INFO] [stdout]    --> /opt/rustwide/cargo-home/registry/src/index.crates.io-1949cf8c6b5b557f/wslc-sys-0.1.2/src/runtime.rs:241:34
[INFO] [stdout]     |
[INFO] [stdout] 128 | struct Library {
[INFO] [stdout]     | -------------- method `get` not found for this struct
[INFO] [stdout] ...
[INFO] [stdout] 241 |                 unsafe { library.get(concat!(stringify!($field), "\0").as_bytes())? }
[INFO] [stdout]     |                                  ^^^ method not found in `Library`
[INFO] [stdout] ...
[INFO] [stdout] 258 |             WslcSetContainerSettingsName: sym!(WslcSetContainerSettingsName),
[INFO] [stdout]     |                                           ---------------------------------- in this macro invocation
[INFO] [stdout]     |
[INFO] [stdout]     = help: items from traits can only be used if the trait is implemented and in scope
[INFO] [stdout]     = note: the following trait defines an item `get`, perhaps you need to implement it:
[INFO] [stdout]             candidate #1: `SliceIndex`
[INFO] [stdout]     = note: this error originates in the macro `sym` (in Nightly builds, run with -Z macro-backtrace for more info)
[INFO] [stdout] 
[INFO] [stdout] 
[INFO] [stdout] error[E0599]: no method named `get` found for struct `Library` in the current scope
[INFO] [stdout]    --> /opt/rustwide/cargo-home/registry/src/index.crates.io-1949cf8c6b5b557f/wslc-sys-0.1.2/src/runtime.rs:241:34
[INFO] [stdout]     |
[INFO] [stdout] 128 | struct Library {
[INFO] [stdout]     | -------------- method `get` not found for this struct
[INFO] [stdout] ...
[INFO] [stdout] 241 |                 unsafe { library.get(concat!(stringify!($field), "\0").as_bytes())? }
[INFO] [stdout]     |                                  ^^^ method not found in `Library`
[INFO] [stdout] ...
[INFO] [stdout] 259 |             WslcSetContainerSettingsInitProcess: sym!(WslcSetContainerSettingsInitProcess),
[INFO] [stdout]     |                                                  ----------------------------------------- in this macro invocation
[INFO] [stdout]     |
[INFO] [stdout]     = help: items from traits can only be used if the trait is implemented and in scope
[INFO] [stdout]     = note: the following trait defines an item `get`, perhaps you need to implement it:
[INFO] [stdout]             candidate #1: `SliceIndex`
[INFO] [stdout]     = note: this error originates in the macro `sym` (in Nightly builds, run with -Z macro-backtrace for more info)
[INFO] [stdout] 
[INFO] [stdout] 
[INFO] [stdout] error[E0599]: no method named `get` found for struct `Library` in the current scope
[INFO] [stdout]    --> /opt/rustwide/cargo-home/registry/src/index.crates.io-1949cf8c6b5b557f/wslc-sys-0.1.2/src/runtime.rs:241:34
[INFO] [stdout]     |
[INFO] [stdout] 128 | struct Library {
[INFO] [stdout]     | -------------- method `get` not found for this struct
[INFO] [stdout] ...
[INFO] [stdout] 241 |                 unsafe { library.get(concat!(stringify!($field), "\0").as_bytes())? }
[INFO] [stdout]     |                                  ^^^ method not found in `Library`
[INFO] [stdout] ...
[INFO] [stdout] 260 |             WslcSetContainerSettingsNetworkingMode: sym!(WslcSetContainerSettingsNetworkingMode),
[INFO] [stdout]     |                                                     -------------------------------------------- in this macro invocation
[INFO] [stdout]     |
[INFO] [stdout]     = help: items from traits can only be used if the trait is implemented and in scope
[INFO] [stdout]     = note: the following trait defines an item `get`, perhaps you need to implement it:
[INFO] [stdout]             candidate #1: `SliceIndex`
[INFO] [stdout]     = note: this error originates in the macro `sym` (in Nightly builds, run with -Z macro-backtrace for more info)
[INFO] [stdout] 
[INFO] [stdout] 
[INFO] [stdout] error[E0599]: no method named `get` found for struct `Library` in the current scope
[INFO] [stdout]    --> /opt/rustwide/cargo-home/registry/src/index.crates.io-1949cf8c6b5b557f/wslc-sys-0.1.2/src/runtime.rs:241:34
[INFO] [stdout]     |
[INFO] [stdout] 128 | struct Library {
[INFO] [stdout]     | -------------- method `get` not found for this struct
[INFO] [stdout] ...
[INFO] [stdout] 241 |                 unsafe { library.get(concat!(stringify!($field), "\0").as_bytes())? }
[INFO] [stdout]     |                                  ^^^ method not found in `Library`
[INFO] [stdout] ...
[INFO] [stdout] 261 |             WslcSetContainerSettingsHostName: sym!(WslcSetContainerSettingsHostName),
[INFO] [stdout]     |                                               -------------------------------------- in this macro invocation
[INFO] [stdout]     |
[INFO] [stdout]     = help: items from traits can only be used if the trait is implemented and in scope
[INFO] [stdout]     = note: the following trait defines an item `get`, perhaps you need to implement it:
[INFO] [stdout]             candidate #1: `SliceIndex`
[INFO] [stdout]     = note: this error originates in the macro `sym` (in Nightly builds, run with -Z macro-backtrace for more info)
[INFO] [stdout] 
[INFO] [stdout] 
[INFO] [stdout] error[E0599]: no method named `get` found for struct `Library` in the current scope
[INFO] [stdout]    --> /opt/rustwide/cargo-home/registry/src/index.crates.io-1949cf8c6b5b557f/wslc-sys-0.1.2/src/runtime.rs:241:34
[INFO] [stdout]     |
[INFO] [stdout] 128 | struct Library {
[INFO] [stdout]     | -------------- method `get` not found for this struct
[INFO] [stdout] ...
[INFO] [stdout] 241 |                 unsafe { library.get(concat!(stringify!($field), "\0").as_bytes())? }
[INFO] [stdout]     |                                  ^^^ method not found in `Library`
[INFO] [stdout] ...
[INFO] [stdout] 262 |             WslcSetContainerSettingsDomainName: sym!(WslcSetContainerSettingsDomainName),
[INFO] [stdout]     |                                                 ---------------------------------------- in this macro invocation
[INFO] [stdout]     |
[INFO] [stdout]     = help: items from traits can only be used if the trait is implemented and in scope
[INFO] [stdout]     = note: the following trait defines an item `get`, perhaps you need to implement it:
[INFO] [stdout]             candidate #1: `SliceIndex`
[INFO] [stdout]     = note: this error originates in the macro `sym` (in Nightly builds, run with -Z macro-backtrace for more info)
[INFO] [stdout] 
[INFO] [stdout] 
[INFO] [stdout] error[E0599]: no method named `get` found for struct `Library` in the current scope
[INFO] [stdout]    --> /opt/rustwide/cargo-home/registry/src/index.crates.io-1949cf8c6b5b557f/wslc-sys-0.1.2/src/runtime.rs:241:34
[INFO] [stdout]     |
[INFO] [stdout] 128 | struct Library {
[INFO] [stdout]     | -------------- method `get` not found for this struct
[INFO] [stdout] ...
[INFO] [stdout] 241 |                 unsafe { library.get(concat!(stringify!($field), "\0").as_bytes())? }
[INFO] [stdout]     |                                  ^^^ method not found in `Library`
[INFO] [stdout] ...
[INFO] [stdout] 263 |             WslcSetContainerSettingsFlags: sym!(WslcSetContainerSettingsFlags),
[INFO] [stdout]     |                                            ----------------------------------- in this macro invocation
[INFO] [stdout]     |
[INFO] [stdout]     = help: items from traits can only be used if the trait is implemented and in scope
[INFO] [stdout]     = note: the following trait defines an item `get`, perhaps you need to implement it:
[INFO] [stdout]             candidate #1: `SliceIndex`
[INFO] [stdout]     = note: this error originates in the macro `sym` (in Nightly builds, run with -Z macro-backtrace for more info)
[INFO] [stdout] 
[INFO] [stdout] 
[INFO] [stdout] error[E0599]: no method named `get` found for struct `Library` in the current scope
[INFO] [stdout]    --> /opt/rustwide/cargo-home/registry/src/index.crates.io-1949cf8c6b5b557f/wslc-sys-0.1.2/src/runtime.rs:241:34
[INFO] [stdout]     |
[INFO] [stdout] 128 | struct Library {
[INFO] [stdout]     | -------------- method `get` not found for this struct
[INFO] [stdout] ...
[INFO] [stdout] 241 |                 unsafe { library.get(concat!(stringify!($field), "\0").as_bytes())? }
[INFO] [stdout]     |                                  ^^^ method not found in `Library`
[INFO] [stdout] ...
[INFO] [stdout] 264 |             WslcSetContainerSettingsPortMappings: sym!(WslcSetContainerSettingsPortMappings),
[INFO] [stdout]     |                                                   ------------------------------------------ in this macro invocation
[INFO] [stdout]     |
[INFO] [stdout]     = help: items from traits can only be used if the trait is implemented and in scope
[INFO] [stdout]     = note: the following trait defines an item `get`, perhaps you need to implement it:
[INFO] [stdout]             candidate #1: `SliceIndex`
[INFO] [stdout]     = note: this error originates in the macro `sym` (in Nightly builds, run with -Z macro-backtrace for more info)
[INFO] [stdout] 
[INFO] [stdout] 
[INFO] [stdout] error[E0599]: no method named `get` found for struct `Library` in the current scope
[INFO] [stdout]    --> /opt/rustwide/cargo-home/registry/src/index.crates.io-1949cf8c6b5b557f/wslc-sys-0.1.2/src/runtime.rs:241:34
[INFO] [stdout]     |
[INFO] [stdout] 128 | struct Library {
[INFO] [stdout]     | -------------- method `get` not found for this struct
[INFO] [stdout] ...
[INFO] [stdout] 241 |                 unsafe { library.get(concat!(stringify!($field), "\0").as_bytes())? }
[INFO] [stdout]     |                                  ^^^ method not found in `Library`
[INFO] [stdout] ...
[INFO] [stdout] 265 |             WslcSetContainerSettingsVolumes: sym!(WslcSetContainerSettingsVolumes),
[INFO] [stdout]     |                                              ------------------------------------- in this macro invocation
[INFO] [stdout]     |
[INFO] [stdout]     = help: items from traits can only be used if the trait is implemented and in scope
[INFO] [stdout]     = note: the following trait defines an item `get`, perhaps you need to implement it:
[INFO] [stdout]             candidate #1: `SliceIndex`
[INFO] [stdout]     = note: this error originates in the macro `sym` (in Nightly builds, run with -Z macro-backtrace for more info)
[INFO] [stdout] 
[INFO] [stdout] 
[INFO] [stdout] error[E0599]: no method named `get` found for struct `Library` in the current scope
[INFO] [stdout]    --> /opt/rustwide/cargo-home/registry/src/index.crates.io-1949cf8c6b5b557f/wslc-sys-0.1.2/src/runtime.rs:241:34
[INFO] [stdout]     |
[INFO] [stdout] 128 | struct Library {
[INFO] [stdout]     | -------------- method `get` not found for this struct
[INFO] [stdout] ...
[INFO] [stdout] 241 |                 unsafe { library.get(concat!(stringify!($field), "\0").as_bytes())? }
[INFO] [stdout]     |                                  ^^^ method not found in `Library`
[INFO] [stdout] ...
[INFO] [stdout] 266 |             WslcSetContainerSettingsNamedVolumes: sym!(WslcSetContainerSettingsNamedVolumes),
[INFO] [stdout]     |                                                   ------------------------------------------ in this macro invocation
[INFO] [stdout]     |
[INFO] [stdout]     = help: items from traits can only be used if the trait is implemented and in scope
[INFO] [stdout]     = note: the following trait defines an item `get`, perhaps you need to implement it:
[INFO] [stdout]             candidate #1: `SliceIndex`
[INFO] [stdout]     = note: this error originates in the macro `sym` (in Nightly builds, run with -Z macro-backtrace for more info)
[INFO] [stdout] 
[INFO] [stdout] 
[INFO] [stdout] error[E0599]: no method named `get` found for struct `Library` in the current scope
[INFO] [stdout]    --> /opt/rustwide/cargo-home/registry/src/index.crates.io-1949cf8c6b5b557f/wslc-sys-0.1.2/src/runtime.rs:241:34
[INFO] [stdout]     |
[INFO] [stdout] 128 | struct Library {
[INFO] [stdout]     | -------------- method `get` not found for this struct
[INFO] [stdout] ...
[INFO] [stdout] 241 |                 unsafe { library.get(concat!(stringify!($field), "\0").as_bytes())? }
[INFO] [stdout]     |                                  ^^^ method not found in `Library`
[INFO] [stdout] ...
[INFO] [stdout] 267 |             WslcCreateContainerProcess: sym!(WslcCreateContainerProcess),
[INFO] [stdout]     |                                         -------------------------------- in this macro invocation
[INFO] [stdout]     |
[INFO] [stdout]     = help: items from traits can only be used if the trait is implemented and in scope
[INFO] [stdout]     = note: the following trait defines an item `get`, perhaps you need to implement it:
[INFO] [stdout]             candidate #1: `SliceIndex`
[INFO] [stdout]     = note: this error originates in the macro `sym` (in Nightly builds, run with -Z macro-backtrace for more info)
[INFO] [stdout] 
[INFO] [stdout] 
[INFO] [stdout] error[E0599]: no method named `get` found for struct `Library` in the current scope
[INFO] [stdout]    --> /opt/rustwide/cargo-home/registry/src/index.crates.io-1949cf8c6b5b557f/wslc-sys-0.1.2/src/runtime.rs:241:34
[INFO] [stdout]     |
[INFO] [stdout] 128 | struct Library {
[INFO] [stdout]     | -------------- method `get` not found for this struct
[INFO] [stdout] ...
[INFO] [stdout] 241 |                 unsafe { library.get(concat!(stringify!($field), "\0").as_bytes())? }
[INFO] [stdout]     |                                  ^^^ method not found in `Library`
[INFO] [stdout] ...
[INFO] [stdout] 268 |             WslcReleaseContainer: sym!(WslcReleaseContainer),
[INFO] [stdout]     |                                   -------------------------- in this macro invocation
[INFO] [stdout]     |
[INFO] [stdout]     = help: items from traits can only be used if the trait is implemented and in scope
[INFO] [stdout]     = note: the following trait defines an item `get`, perhaps you need to implement it:
[INFO] [stdout]             candidate #1: `SliceIndex`
[INFO] [stdout]     = note: this error originates in the macro `sym` (in Nightly builds, run with -Z macro-backtrace for more info)
[INFO] [stdout] 
[INFO] [stdout] 
[INFO] [stdout] error[E0599]: no method named `get` found for struct `Library` in the current scope
[INFO] [stdout]    --> /opt/rustwide/cargo-home/registry/src/index.crates.io-1949cf8c6b5b557f/wslc-sys-0.1.2/src/runtime.rs:241:34
[INFO] [stdout]     |
[INFO] [stdout] 128 | struct Library {
[INFO] [stdout]     | -------------- method `get` not found for this struct
[INFO] [stdout] ...
[INFO] [stdout] 241 |                 unsafe { library.get(concat!(stringify!($field), "\0").as_bytes())? }
[INFO] [stdout]     |                                  ^^^ method not found in `Library`
[INFO] [stdout] ...
[INFO] [stdout] 269 |             WslcGetContainerID: sym!(WslcGetContainerID),
[INFO] [stdout]     |                                 ------------------------ in this macro invocation
[INFO] [stdout]     |
[INFO] [stdout]     = help: items from traits can only be used if the trait is implemented and in scope
[INFO] [stdout]     = note: the following trait defines an item `get`, perhaps you need to implement it:
[INFO] [stdout]             candidate #1: `SliceIndex`
[INFO] [stdout]     = note: this error originates in the macro `sym` (in Nightly builds, run with -Z macro-backtrace for more info)
[INFO] [stdout] 
[INFO] [stdout] 
[INFO] [stdout] error[E0599]: no method named `get` found for struct `Library` in the current scope
[INFO] [stdout]    --> /opt/rustwide/cargo-home/registry/src/index.crates.io-1949cf8c6b5b557f/wslc-sys-0.1.2/src/runtime.rs:241:34
[INFO] [stdout]     |
[INFO] [stdout] 128 | struct Library {
[INFO] [stdout]     | -------------- method `get` not found for this struct
[INFO] [stdout] ...
[INFO] [stdout] 241 |                 unsafe { library.get(concat!(stringify!($field), "\0").as_bytes())? }
[INFO] [stdout]     |                                  ^^^ method not found in `Library`
[INFO] [stdout] ...
[INFO] [stdout] 270 |             WslcGetContainerInitProcess: sym!(WslcGetContainerInitProcess),
[INFO] [stdout]     |                                          --------------------------------- in this macro invocation
[INFO] [stdout]     |
[INFO] [stdout]     = help: items from traits can only be used if the trait is implemented and in scope
[INFO] [stdout]     = note: the following trait defines an item `get`, perhaps you need to implement it:
[INFO] [stdout]             candidate #1: `SliceIndex`
[INFO] [stdout]     = note: this error originates in the macro `sym` (in Nightly builds, run with -Z macro-backtrace for more info)
[INFO] [stdout] 
[INFO] [stdout] 
[INFO] [stdout] error[E0599]: no method named `get` found for struct `Library` in the current scope
[INFO] [stdout]    --> /opt/rustwide/cargo-home/registry/src/index.crates.io-1949cf8c6b5b557f/wslc-sys-0.1.2/src/runtime.rs:241:34
[INFO] [stdout]     |
[INFO] [stdout] 128 | struct Library {
[INFO] [stdout]     | -------------- method `get` not found for this struct
[INFO] [stdout] ...
[INFO] [stdout] 241 |                 unsafe { library.get(concat!(stringify!($field), "\0").as_bytes())? }
[INFO] [stdout]     |                                  ^^^ method not found in `Library`
[INFO] [stdout] ...
[INFO] [stdout] 271 |             WslcInspectContainer: sym!(WslcInspectContainer),
[INFO] [stdout]     |                                   -------------------------- in this macro invocation
[INFO] [stdout]     |
[INFO] [stdout]     = help: items from traits can only be used if the trait is implemented and in scope
[INFO] [stdout]     = note: the following trait defines an item `get`, perhaps you need to implement it:
[INFO] [stdout]             candidate #1: `SliceIndex`
[INFO] [stdout]     = note: this error originates in the macro `sym` (in Nightly builds, run with -Z macro-backtrace for more info)
[INFO] [stdout] 
[INFO] [stdout] 
[INFO] [stdout] error[E0599]: no method named `get` found for struct `Library` in the current scope
[INFO] [stdout]    --> /opt/rustwide/cargo-home/registry/src/index.crates.io-1949cf8c6b5b557f/wslc-sys-0.1.2/src/runtime.rs:241:34
[INFO] [stdout]     |
[INFO] [stdout] 128 | struct Library {
[INFO] [stdout]     | -------------- method `get` not found for this struct
[INFO] [stdout] ...
[INFO] [stdout] 241 |                 unsafe { library.get(concat!(stringify!($field), "\0").as_bytes())? }
[INFO] [stdout]     |                                  ^^^ method not found in `Library`
[INFO] [stdout] ...
[INFO] [stdout] 272 |             WslcGetContainerState: sym!(WslcGetContainerState),
[INFO] [stdout]     |                                    --------------------------- in this macro invocation
[INFO] [stdout]     |
[INFO] [stdout]     = help: items from traits can only be used if the trait is implemented and in scope
[INFO] [stdout]     = note: the following trait defines an item `get`, perhaps you need to implement it:
[INFO] [stdout]             candidate #1: `SliceIndex`
[INFO] [stdout]     = note: this error originates in the macro `sym` (in Nightly builds, run with -Z macro-backtrace for more info)
[INFO] [stdout] 
[INFO] [stdout] 
[INFO] [stdout] error[E0599]: no method named `get` found for struct `Library` in the current scope
[INFO] [stdout]    --> /opt/rustwide/cargo-home/registry/src/index.crates.io-1949cf8c6b5b557f/wslc-sys-0.1.2/src/runtime.rs:241:34
[INFO] [stdout]     |
[INFO] [stdout] 128 | struct Library {
[INFO] [stdout]     | -------------- method `get` not found for this struct
[INFO] [stdout] ...
[INFO] [stdout] 241 |                 unsafe { library.get(concat!(stringify!($field), "\0").as_bytes())? }
[INFO] [stdout]     |                                  ^^^ method not found in `Library`
[INFO] [stdout] ...
[INFO] [stdout] 273 |             WslcStopContainer: sym!(WslcStopContainer),
[INFO] [stdout]     |                                ----------------------- in this macro invocation
[INFO] [stdout]     |
[INFO] [stdout]     = help: items from traits can only be used if the trait is implemented and in scope
[INFO] [stdout]     = note: the following trait defines an item `get`, perhaps you need to implement it:
[INFO] [stdout]             candidate #1: `SliceIndex`
[INFO] [stdout]     = note: this error originates in the macro `sym` (in Nightly builds, run with -Z macro-backtrace for more info)
[INFO] [stdout] 
[INFO] [stdout] 
[INFO] [stdout] error[E0599]: no method named `get` found for struct `Library` in the current scope
[INFO] [stdout]    --> /opt/rustwide/cargo-home/registry/src/index.crates.io-1949cf8c6b5b557f/wslc-sys-0.1.2/src/runtime.rs:241:34
[INFO] [stdout]     |
[INFO] [stdout] 128 | struct Library {
[INFO] [stdout]     | -------------- method `get` not found for this struct
[INFO] [stdout] ...
[INFO] [stdout] 241 |                 unsafe { library.get(concat!(stringify!($field), "\0").as_bytes())? }
[INFO] [stdout]     |                                  ^^^ method not found in `Library`
[INFO] [stdout] ...
[INFO] [stdout] 274 |             WslcDeleteContainer: sym!(WslcDeleteContainer),
[INFO] [stdout]     |                                  ------------------------- in this macro invocation
[INFO] [stdout]     |
[INFO] [stdout]     = help: items from traits can only be used if the trait is implemented and in scope
[INFO] [stdout]     = note: the following trait defines an item `get`, perhaps you need to implement it:
[INFO] [stdout]             candidate #1: `SliceIndex`
[INFO] [stdout]     = note: this error originates in the macro `sym` (in Nightly builds, run with -Z macro-backtrace for more info)
[INFO] [stdout] 
[INFO] [stdout] 
[INFO] [stdout] error[E0599]: no method named `get` found for struct `Library` in the current scope
[INFO] [stdout]    --> /opt/rustwide/cargo-home/registry/src/index.crates.io-1949cf8c6b5b557f/wslc-sys-0.1.2/src/runtime.rs:241:34
[INFO] [stdout]     |
[INFO] [stdout] 128 | struct Library {
[INFO] [stdout]     | -------------- method `get` not found for this struct
[INFO] [stdout] ...
[INFO] [stdout] 241 |                 unsafe { library.get(concat!(stringify!($field), "\0").as_bytes())? }
[INFO] [stdout]     |                                  ^^^ method not found in `Library`
[INFO] [stdout] ...
[INFO] [stdout] 275 |             WslcInitProcessSettings: sym!(WslcInitProcessSettings),
[INFO] [stdout]     |                                      ----------------------------- in this macro invocation
[INFO] [stdout]     |
[INFO] [stdout]     = help: items from traits can only be used if the trait is implemented and in scope
[INFO] [stdout]     = note: the following trait defines an item `get`, perhaps you need to implement it:
[INFO] [stdout]             candidate #1: `SliceIndex`
[INFO] [stdout]     = note: this error originates in the macro `sym` (in Nightly builds, run with -Z macro-backtrace for more info)
[INFO] [stdout] 
[INFO] [stdout] 
[INFO] [stdout] error[E0599]: no method named `get` found for struct `Library` in the current scope
[INFO] [stdout]    --> /opt/rustwide/cargo-home/registry/src/index.crates.io-1949cf8c6b5b557f/wslc-sys-0.1.2/src/runtime.rs:241:34
[INFO] [stdout]     |
[INFO] [stdout] 128 | struct Library {
[INFO] [stdout]     | -------------- method `get` not found for this struct
[INFO] [stdout] ...
[INFO] [stdout] 241 |                 unsafe { library.get(concat!(stringify!($field), "\0").as_bytes())? }
[INFO] [stdout]     |                                  ^^^ method not found in `Library`
[INFO] [stdout] ...
[INFO] [stdout] 276 |             WslcSetProcessSettingsWorkingDirectory: sym!(WslcSetProcessSettingsWorkingDirectory),
[INFO] [stdout]     |                                                     -------------------------------------------- in this macro invocation
[INFO] [stdout]     |
[INFO] [stdout]     = help: items from traits can only be used if the trait is implemented and in scope
[INFO] [stdout]     = note: the following trait defines an item `get`, perhaps you need to implement it:
[INFO] [stdout]             candidate #1: `SliceIndex`
[INFO] [stdout]     = note: this error originates in the macro `sym` (in Nightly builds, run with -Z macro-backtrace for more info)
[INFO] [stdout] 
[INFO] [stdout] 
[INFO] [stdout] error[E0599]: no method named `get` found for struct `Library` in the current scope
[INFO] [stdout]    --> /opt/rustwide/cargo-home/registry/src/index.crates.io-1949cf8c6b5b557f/wslc-sys-0.1.2/src/runtime.rs:241:34
[INFO] [stdout]     |
[INFO] [stdout] 128 | struct Library {
[INFO] [stdout]     | -------------- method `get` not found for this struct
[INFO] [stdout] ...
[INFO] [stdout] 241 |                 unsafe { library.get(concat!(stringify!($field), "\0").as_bytes())? }
[INFO] [stdout]     |                                  ^^^ method not found in `Library`
[INFO] [stdout] ...
[INFO] [stdout] 277 |             WslcSetProcessSettingsCmdLine: sym!(WslcSetProcessSettingsCmdLine),
[INFO] [stdout]     |                                            ----------------------------------- in this macro invocation
[INFO] [stdout]     |
[INFO] [stdout]     = help: items from traits can only be used if the trait is implemented and in scope
[INFO] [stdout]     = note: the following trait defines an item `get`, perhaps you need to implement it:
[INFO] [stdout]             candidate #1: `SliceIndex`
[INFO] [stdout]     = note: this error originates in the macro `sym` (in Nightly builds, run with -Z macro-backtrace for more info)
[INFO] [stdout] 
[INFO] [stdout] 
[INFO] [stdout] error[E0599]: no method named `get` found for struct `Library` in the current scope
[INFO] [stdout]    --> /opt/rustwide/cargo-home/registry/src/index.crates.io-1949cf8c6b5b557f/wslc-sys-0.1.2/src/runtime.rs:241:34
[INFO] [stdout]     |
[INFO] [stdout] 128 | struct Library {
[INFO] [stdout]     | -------------- method `get` not found for this struct
[INFO] [stdout] ...
[INFO] [stdout] 241 |                 unsafe { library.get(concat!(stringify!($field), "\0").as_bytes())? }
[INFO] [stdout]     |                                  ^^^ method not found in `Library`
[INFO] [stdout] ...
[INFO] [stdout] 278 |             WslcSetProcessSettingsEnvVariables: sym!(WslcSetProcessSettingsEnvVariables),
[INFO] [stdout]     |                                                 ---------------------------------------- in this macro invocation
[INFO] [stdout]     |
[INFO] [stdout]     = help: items from traits can only be used if the trait is implemented and in scope
[INFO] [stdout]     = note: the following trait defines an item `get`, perhaps you need to implement it:
[INFO] [stdout]             candidate #1: `SliceIndex`
[INFO] [stdout]     = note: this error originates in the macro `sym` (in Nightly builds, run with -Z macro-backtrace for more info)
[INFO] [stdout] 
[INFO] [stdout] 
[INFO] [stdout] error[E0599]: no method named `get` found for struct `Library` in the current scope
[INFO] [stdout]    --> /opt/rustwide/cargo-home/registry/src/index.crates.io-1949cf8c6b5b557f/wslc-sys-0.1.2/src/runtime.rs:241:34
[INFO] [stdout]     |
[INFO] [stdout] 128 | struct Library {
[INFO] [stdout]     | -------------- method `get` not found for this struct
[INFO] [stdout] ...
[INFO] [stdout] 241 |                 unsafe { library.get(concat!(stringify!($field), "\0").as_bytes())? }
[INFO] [stdout]     |                                  ^^^ method not found in `Library`
[INFO] [stdout] ...
[INFO] [stdout] 279 |             WslcSetProcessSettingsCallbacks: sym!(WslcSetProcessSettingsCallbacks),
[INFO] [stdout]     |                                              ------------------------------------- in this macro invocation
[INFO] [stdout]     |
[INFO] [stdout]     = help: items from traits can only be used if the trait is implemented and in scope
[INFO] [stdout]     = note: the following trait defines an item `get`, perhaps you need to implement it:
[INFO] [stdout]             candidate #1: `SliceIndex`
[INFO] [stdout]     = note: this error originates in the macro `sym` (in Nightly builds, run with -Z macro-backtrace for more info)
[INFO] [stdout] 
[INFO] [stdout] 
[INFO] [stdout] error[E0599]: no method named `get` found for struct `Library` in the current scope
[INFO] [stdout]    --> /opt/rustwide/cargo-home/registry/src/index.crates.io-1949cf8c6b5b557f/wslc-sys-0.1.2/src/runtime.rs:241:34
[INFO] [stdout]     |
[INFO] [stdout] 128 | struct Library {
[INFO] [stdout]     | -------------- method `get` not found for this struct
[INFO] [stdout] ...
[INFO] [stdout] 241 |                 unsafe { library.get(concat!(stringify!($field), "\0").as_bytes())? }
[INFO] [stdout]     |                                  ^^^ method not found in `Library`
[INFO] [stdout] ...
[INFO] [stdout] 280 |             WslcGetProcessPid: sym!(WslcGetProcessPid),
[INFO] [stdout]     |                                ----------------------- in this macro invocation
[INFO] [stdout]     |
[INFO] [stdout]     = help: items from traits can only be used if the trait is implemented and in scope
[INFO] [stdout]     = note: the following trait defines an item `get`, perhaps you need to implement it:
[INFO] [stdout]             candidate #1: `SliceIndex`
[INFO] [stdout]     = note: this error originates in the macro `sym` (in Nightly builds, run with -Z macro-backtrace for more info)
[INFO] [stdout] 
[INFO] [stdout] 
[INFO] [stdout] error[E0599]: no method named `get` found for struct `Library` in the current scope
[INFO] [stdout]    --> /opt/rustwide/cargo-home/registry/src/index.crates.io-1949cf8c6b5b557f/wslc-sys-0.1.2/src/runtime.rs:241:34
[INFO] [stdout]     |
[INFO] [stdout] 128 | struct Library {
[INFO] [stdout]     | -------------- method `get` not found for this struct
[INFO] [stdout] ...
[INFO] [stdout] 241 |                 unsafe { library.get(concat!(stringify!($field), "\0").as_bytes())? }
[INFO] [stdout]     |                                  ^^^ method not found in `Library`
[INFO] [stdout] ...
[INFO] [stdout] 281 |             WslcGetProcessExitEvent: sym!(WslcGetProcessExitEvent),
[INFO] [stdout]     |                                      ----------------------------- in this macro invocation
[INFO] [stdout]     |
[INFO] [stdout]     = help: items from traits can only be used if the trait is implemented and in scope
[INFO] [stdout]     = note: the following trait defines an item `get`, perhaps you need to implement it:
[INFO] [stdout]             candidate #1: `SliceIndex`
[INFO] [stdout]     = note: this error originates in the macro `sym` (in Nightly builds, run with -Z macro-backtrace for more info)
[INFO] [stdout] 
[INFO] [stdout] 
[INFO] [stdout] error[E0599]: no method named `get` found for struct `Library` in the current scope
[INFO] [stdout]    --> /opt/rustwide/cargo-home/registry/src/index.crates.io-1949cf8c6b5b557f/wslc-sys-0.1.2/src/runtime.rs:241:34
[INFO] [stdout]     |
[INFO] [stdout] 128 | struct Library {
[INFO] [stdout]     | -------------- method `get` not found for this struct
[INFO] [stdout] ...
[INFO] [stdout] 241 |                 unsafe { library.get(concat!(stringify!($field), "\0").as_bytes())? }
[INFO] [stdout]     |                                  ^^^ method not found in `Library`
[INFO] [stdout] ...
[INFO] [stdout] 282 |             WslcGetProcessState: sym!(WslcGetProcessState),
[INFO] [stdout]     |                                  ------------------------- in this macro invocation
[INFO] [stdout]     |
[INFO] [stdout]     = help: items from traits can only be used if the trait is implemented and in scope
[INFO] [stdout]     = note: the following trait defines an item `get`, perhaps you need to implement it:
[INFO] [stdout]             candidate #1: `SliceIndex`
[INFO] [stdout]     = note: this error originates in the macro `sym` (in Nightly builds, run with -Z macro-backtrace for more info)
[INFO] [stdout] 
[INFO] [stdout] 
[INFO] [stdout] error[E0599]: no method named `get` found for struct `Library` in the current scope
[INFO] [stdout]    --> /opt/rustwide/cargo-home/registry/src/index.crates.io-1949cf8c6b5b557f/wslc-sys-0.1.2/src/runtime.rs:241:34
[INFO] [stdout]     |
[INFO] [stdout] 128 | struct Library {
[INFO] [stdout]     | -------------- method `get` not found for this struct
[INFO] [stdout] ...
[INFO] [stdout] 241 |                 unsafe { library.get(concat!(stringify!($field), "\0").as_bytes())? }
[INFO] [stdout]     |                                  ^^^ method not found in `Library`
[INFO] [stdout] ...
[INFO] [stdout] 283 |             WslcGetProcessExitCode: sym!(WslcGetProcessExitCode),
[INFO] [stdout]     |                                     ---------------------------- in this macro invocation
[INFO] [stdout]     |
[INFO] [stdout]     = help: items from traits can only be used if the trait is implemented and in scope
[INFO] [stdout]     = note: the following trait defines an item `get`, perhaps you need to implement it:
[INFO] [stdout]             candidate #1: `SliceIndex`
[INFO] [stdout]     = note: this error originates in the macro `sym` (in Nightly builds, run with -Z macro-backtrace for more info)
[INFO] [stdout] 
[INFO] [stdout] 
[INFO] [stdout] error[E0599]: no method named `get` found for struct `Library` in the current scope
[INFO] [stdout]    --> /opt/rustwide/cargo-home/registry/src/index.crates.io-1949cf8c6b5b557f/wslc-sys-0.1.2/src/runtime.rs:241:34
[INFO] [stdout]     |
[INFO] [stdout] 128 | struct Library {
[INFO] [stdout]     | -------------- method `get` not found for this struct
[INFO] [stdout] ...
[INFO] [stdout] 241 |                 unsafe { library.get(concat!(stringify!($field), "\0").as_bytes())? }
[INFO] [stdout]     |                                  ^^^ method not found in `Library`
[INFO] [stdout] ...
[INFO] [stdout] 284 |             WslcSignalProcess: sym!(WslcSignalProcess),
[INFO] [stdout]     |                                ----------------------- in this macro invocation
[INFO] [stdout]     |
[INFO] [stdout]     = help: items from traits can only be used if the trait is implemented and in scope
[INFO] [stdout]     = note: the following trait defines an item `get`, perhaps you need to implement it:
[INFO] [stdout]             candidate #1: `SliceIndex`
[INFO] [stdout]     = note: this error originates in the macro `sym` (in Nightly builds, run with -Z macro-backtrace for more info)
[INFO] [stdout] 
[INFO] [stdout] 
[INFO] [stdout] error[E0599]: no method named `get` found for struct `Library` in the current scope
[INFO] [stdout]    --> /opt/rustwide/cargo-home/registry/src/index.crates.io-1949cf8c6b5b557f/wslc-sys-0.1.2/src/runtime.rs:241:34
[INFO] [stdout]     |
[INFO] [stdout] 128 | struct Library {
[INFO] [stdout]     | -------------- method `get` not found for this struct
[INFO] [stdout] ...
[INFO] [stdout] 241 |                 unsafe { library.get(concat!(stringify!($field), "\0").as_bytes())? }
[INFO] [stdout]     |                                  ^^^ method not found in `Library`
[INFO] [stdout] ...
[INFO] [stdout] 285 |             WslcReleaseProcess: sym!(WslcReleaseProcess),
[INFO] [stdout]     |                                 ------------------------ in this macro invocation
[INFO] [stdout]     |
[INFO] [stdout]     = help: items from traits can only be used if the trait is implemented and in scope
[INFO] [stdout]     = note: the following trait defines an item `get`, perhaps you need to implement it:
[INFO] [stdout]             candidate #1: `SliceIndex`
[INFO] [stdout]     = note: this error originates in the macro `sym` (in Nightly builds, run with -Z macro-backtrace for more info)
[INFO] [stdout] 
[INFO] [stdout] 
[INFO] [stdout] error[E0599]: no method named `get` found for struct `Library` in the current scope
[INFO] [stdout]    --> /opt/rustwide/cargo-home/registry/src/index.crates.io-1949cf8c6b5b557f/wslc-sys-0.1.2/src/runtime.rs:241:34
[INFO] [stdout]     |
[INFO] [stdout] 128 | struct Library {
[INFO] [stdout]     | -------------- method `get` not found for this struct
[INFO] [stdout] ...
[INFO] [stdout] 241 |                 unsafe { library.get(concat!(stringify!($field), "\0").as_bytes())? }
[INFO] [stdout]     |                                  ^^^ method not found in `Library`
[INFO] [stdout] ...
[INFO] [stdout] 286 |             WslcPullSessionImage: sym!(WslcPullSessionImage),
[INFO] [stdout]     |                                   -------------------------- in this macro invocation
[INFO] [stdout]     |
[INFO] [stdout]     = help: items from traits can only be used if the trait is implemented and in scope
[INFO] [stdout]     = note: the following trait defines an item `get`, perhaps you need to implement it:
[INFO] [stdout]             candidate #1: `SliceIndex`
[INFO] [stdout]     = note: this error originates in the macro `sym` (in Nightly builds, run with -Z macro-backtrace for more info)
[INFO] [stdout] 
[INFO] [stdout] 
[INFO] [stdout] error[E0599]: no method named `get` found for struct `Library` in the current scope
[INFO] [stdout]    --> /opt/rustwide/cargo-home/registry/src/index.crates.io-1949cf8c6b5b557f/wslc-sys-0.1.2/src/runtime.rs:241:34
[INFO] [stdout]     |
[INFO] [stdout] 128 | struct Library {
[INFO] [stdout]     | -------------- method `get` not found for this struct
[INFO] [stdout] ...
[INFO] [stdout] 241 |                 unsafe { library.get(concat!(stringify!($field), "\0").as_bytes())? }
[INFO] [stdout]     |                                  ^^^ method not found in `Library`
[INFO] [stdout] ...
[INFO] [stdout] 287 |             WslcDeleteSessionImage: sym!(WslcDeleteSessionImage),
[INFO] [stdout]     |                                     ---------------------------- in this macro invocation
[INFO] [stdout]     |
[INFO] [stdout]     = help: items from traits can only be used if the trait is implemented and in scope
[INFO] [stdout]     = note: the following trait defines an item `get`, perhaps you need to implement it:
[INFO] [stdout]             candidate #1: `SliceIndex`
[INFO] [stdout]     = note: this error originates in the macro `sym` (in Nightly builds, run with -Z macro-backtrace for more info)
[INFO] [stdout] 
[INFO] [stdout] 
[INFO] [stdout] error[E0599]: no method named `get` found for struct `Library` in the current scope
[INFO] [stdout]    --> /opt/rustwide/cargo-home/registry/src/index.crates.io-1949cf8c6b5b557f/wslc-sys-0.1.2/src/runtime.rs:241:34
[INFO] [stdout]     |
[INFO] [stdout] 128 | struct Library {
[INFO] [stdout]     | -------------- method `get` not found for this struct
[INFO] [stdout] ...
[INFO] [stdout] 241 |                 unsafe { library.get(concat!(stringify!($field), "\0").as_bytes())? }
[INFO] [stdout]     |                                  ^^^ method not found in `Library`
[INFO] [stdout] ...
[INFO] [stdout] 288 |             WslcTagSessionImage: sym!(WslcTagSessionImage),
[INFO] [stdout]     |                                  ------------------------- in this macro invocation
[INFO] [stdout]     |
[INFO] [stdout]     = help: items from traits can only be used if the trait is implemented and in scope
[INFO] [stdout]     = note: the following trait defines an item `get`, perhaps you need to implement it:
[INFO] [stdout]             candidate #1: `SliceIndex`
[INFO] [stdout]     = note: this error originates in the macro `sym` (in Nightly builds, run with -Z macro-backtrace for more info)
[INFO] [stdout] 
[INFO] [stdout] 
[INFO] [stdout] error[E0599]: no method named `get` found for struct `Library` in the current scope
[INFO] [stdout]    --> /opt/rustwide/cargo-home/registry/src/index.crates.io-1949cf8c6b5b557f/wslc-sys-0.1.2/src/runtime.rs:241:34
[INFO] [stdout]     |
[INFO] [stdout] 128 | struct Library {
[INFO] [stdout]     | -------------- method `get` not found for this struct
[INFO] [stdout] ...
[INFO] [stdout] 241 |                 unsafe { library.get(concat!(stringify!($field), "\0").as_bytes())? }
[INFO] [stdout]     |                                  ^^^ method not found in `Library`
[INFO] [stdout] ...
[INFO] [stdout] 289 |             WslcListSessionImages: sym!(WslcListSessionImages),
[INFO] [stdout]     |                                    --------------------------- in this macro invocation
[INFO] [stdout]     |
[INFO] [stdout]     = help: items from traits can only be used if the trait is implemented and in scope
[INFO] [stdout]     = note: the following trait defines an item `get`, perhaps you need to implement it:
[INFO] [stdout]             candidate #1: `SliceIndex`
[INFO] [stdout]     = note: this error originates in the macro `sym` (in Nightly builds, run with -Z macro-backtrace for more info)
[INFO] [stdout] 
[INFO] [stdout] 
[INFO] [stdout] error[E0599]: no method named `get` found for struct `Library` in the current scope
[INFO] [stdout]    --> /opt/rustwide/cargo-home/registry/src/index.crates.io-1949cf8c6b5b557f/wslc-sys-0.1.2/src/runtime.rs:241:34
[INFO] [stdout]     |
[INFO] [stdout] 128 | struct Library {
[INFO] [stdout]     | -------------- method `get` not found for this struct
[INFO] [stdout] ...
[INFO] [stdout] 241 |                 unsafe { library.get(concat!(stringify!($field), "\0").as_bytes())? }
[INFO] [stdout]     |                                  ^^^ method not found in `Library`
[INFO] [stdout] ...
[INFO] [stdout] 290 |             WslcCreateSessionVhdVolume: sym!(WslcCreateSessionVhdVolume),
[INFO] [stdout]     |                                         -------------------------------- in this macro invocation
[INFO] [stdout]     |
[INFO] [stdout]     = help: items from traits can only be used if the trait is implemented and in scope
[INFO] [stdout]     = note: the following trait defines an item `get`, perhaps you need to implement it:
[INFO] [stdout]             candidate #1: `SliceIndex`
[INFO] [stdout]     = note: this error originates in the macro `sym` (in Nightly builds, run with -Z macro-backtrace for more info)
[INFO] [stdout] 
[INFO] [stdout] 
[INFO] [stdout] error[E0599]: no method named `get` found for struct `Library` in the current scope
[INFO] [stdout]    --> /opt/rustwide/cargo-home/registry/src/index.crates.io-1949cf8c6b5b557f/wslc-sys-0.1.2/src/runtime.rs:241:34
[INFO] [stdout]     |
[INFO] [stdout] 128 | struct Library {
[INFO] [stdout]     | -------------- method `get` not found for this struct
[INFO] [stdout] ...
[INFO] [stdout] 241 |                 unsafe { library.get(concat!(stringify!($field), "\0").as_bytes())? }
[INFO] [stdout]     |                                  ^^^ method not found in `Library`
[INFO] [stdout] ...
[INFO] [stdout] 291 |             WslcDeleteSessionVhdVolume: sym!(WslcDeleteSessionVhdVolume),
[INFO] [stdout]     |                                         -------------------------------- in this macro invocation
[INFO] [stdout]     |
[INFO] [stdout]     = help: items from traits can only be used if the trait is implemented and in scope
[INFO] [stdout]     = note: the following trait defines an item `get`, perhaps you need to implement it:
[INFO] [stdout]             candidate #1: `SliceIndex`
[INFO] [stdout]     = note: this error originates in the macro `sym` (in Nightly builds, run with -Z macro-backtrace for more info)
[INFO] [stdout] 
[INFO] [stdout] 
[INFO] [stdout] error[E0599]: no method named `get` found for struct `Library` in the current scope
[INFO] [stdout]    --> /opt/rustwide/cargo-home/registry/src/index.crates.io-1949cf8c6b5b557f/wslc-sys-0.1.2/src/runtime.rs:241:34
[INFO] [stdout]     |
[INFO] [stdout] 128 | struct Library {
[INFO] [stdout]     | -------------- method `get` not found for this struct
[INFO] [stdout] ...
[INFO] [stdout] 241 |                 unsafe { library.get(concat!(stringify!($field), "\0").as_bytes())? }
[INFO] [stdout]     |                                  ^^^ method not found in `Library`
[INFO] [stdout] ...
[INFO] [stdout] 292 |             WslcGetMissingComponents: sym!(WslcGetMissingComponents),
[INFO] [stdout]     |                                       ------------------------------ in this macro invocation
[INFO] [stdout]     |
[INFO] [stdout]     = help: items from traits can only be used if the trait is implemented and in scope
[INFO] [stdout]     = note: the following trait defines an item `get`, perhaps you need to implement it:
[INFO] [stdout]             candidate #1: `SliceIndex`
[INFO] [stdout]     = note: this error originates in the macro `sym` (in Nightly builds, run with -Z macro-backtrace for more info)
[INFO] [stdout] 
[INFO] [stdout] 
[INFO] [stdout] error[E0599]: no method named `get` found for struct `Library` in the current scope
[INFO] [stdout]    --> /opt/rustwide/cargo-home/registry/src/index.crates.io-1949cf8c6b5b557f/wslc-sys-0.1.2/src/runtime.rs:241:34
[INFO] [stdout]     |
[INFO] [stdout] 128 | struct Library {
[INFO] [stdout]     | -------------- method `get` not found for this struct
[INFO] [stdout] ...
[INFO] [stdout] 241 |                 unsafe { library.get(concat!(stringify!($field), "\0").as_bytes())? }
[INFO] [stdout]     |                                  ^^^ method not found in `Library`
[INFO] [stdout] ...
[INFO] [stdout] 293 |             WslcGetVersion: sym!(WslcGetVersion),
[INFO] [stdout]     |                             -------------------- in this macro invocation
[INFO] [stdout]     |
[INFO] [stdout]     = help: items from traits can only be used if the trait is implemented and in scope
[INFO] [stdout]     = note: the following trait defines an item `get`, perhaps you need to implement it:
[INFO] [stdout]             candidate #1: `SliceIndex`
[INFO] [stdout]     = note: this error originates in the macro `sym` (in Nightly builds, run with -Z macro-backtrace for more info)
[INFO] [stdout] 
[INFO] [stdout] 
[INFO] [stdout] error[E0599]: no method named `get` found for struct `Library` in the current scope
[INFO] [stdout]    --> /opt/rustwide/cargo-home/registry/src/index.crates.io-1949cf8c6b5b557f/wslc-sys-0.1.2/src/runtime.rs:241:34
[INFO] [stdout]     |
[INFO] [stdout] 128 | struct Library {
[INFO] [stdout]     | -------------- method `get` not found for this struct
[INFO] [stdout] ...
[INFO] [stdout] 241 |                 unsafe { library.get(concat!(stringify!($field), "\0").as_bytes())? }
[INFO] [stdout]     |                                  ^^^ method not found in `Library`
[INFO] [stdout] ...
[INFO] [stdout] 294 |             WslcInstallWithDependencies: sym!(WslcInstallWithDependencies),
[INFO] [stdout]     |                                          --------------------------------- in this macro invocation
[INFO] [stdout]     |
[INFO] [stdout]     = help: items from traits can only be used if the trait is implemented and in scope
[INFO] [stdout]     = note: the following trait defines an item `get`, perhaps you need to implement it:
[INFO] [stdout]             candidate #1: `SliceIndex`
[INFO] [stdout]     = note: this error originates in the macro `sym` (in Nightly builds, run with -Z macro-backtrace for more info)
[INFO] [stdout] 
[INFO] [stdout] 
[INFO] [stdout] For more information about this error, try `rustc --explain E0599`.
[INFO] [stdout] 
[INFO] [stderr] error: could not compile `wslc-sys` (lib) due to 49 previous errors
[INFO] running `Command { std: "docker" "inspect" "88ac6239f520ab976c2801697e6d12dcadd2cfb5c3f6766fb06680c4f800a2de", kill_on_drop: false }`
[INFO] running `Command { std: "docker" "rm" "-f" "88ac6239f520ab976c2801697e6d12dcadd2cfb5c3f6766fb06680c4f800a2de", kill_on_drop: false }`
[INFO] [stdout] 88ac6239f520ab976c2801697e6d12dcadd2cfb5c3f6766fb06680c4f800a2de
