[INFO] fetching crate wsbx 0.1.0...
[INFO] testing wsbx-0.1.0 against 1.99.0-beta.8 for beta-1.100-2
[INFO] extracting crate wsbx 0.1.0 into /workspace/builds/worker-1-tc1/source
[INFO] started tweaking crates.io crate wsbx 0.1.0
[INFO] removed 0 missing examples
[INFO] finished tweaking crates.io crate wsbx 0.1.0
[INFO] tweaked toml for crates.io crate wsbx 0.1.0 written to /workspace/builds/worker-1-tc1/source/Cargo.toml
[INFO] validating manifest of crates.io crate wsbx 0.1.0 on toolchain 1.99.0-beta.8
[INFO] running `Command { std: CARGO_HOME="/workspace/cargo-home" RUSTUP_HOME="/workspace/rustup-home" "/workspace/cargo-home/bin/cargo" "+1.99.0-beta.8" "metadata" "--manifest-path" "Cargo.toml" "--no-deps", kill_on_drop: false }`
[INFO] crate crates.io crate wsbx 0.1.0 already has a lockfile, it will not be regenerated
[INFO] running `Command { std: CARGO_HOME="/workspace/cargo-home" RUSTUP_HOME="/workspace/rustup-home" "/workspace/cargo-home/bin/cargo" "+1.99.0-beta.8" "fetch" "--manifest-path" "Cargo.toml", kill_on_drop: false }`
[INFO] [stderr]  Downloading crates ...
[INFO] [stderr]   Downloaded js-sys v0.3.95
[INFO] [stderr]   Downloaded wasm-bindgen-macro v0.2.118
[INFO] [stderr]   Downloaded wasm-bindgen-shared v0.2.118
[INFO] [stderr]   Downloaded wasm-bindgen v0.2.118
[INFO] [stderr]   Downloaded wasm-bindgen-macro-support v0.2.118
[INFO] running `Command { std: "docker" "create" "-v" "/var/lib/crater-agent-workspace/builds/worker-1-tc1/source:/opt/rustwide/workdir:ro,Z" "-v" "/var/lib/crater-agent-workspace/builds/worker-1-tc1/target:/opt/rustwide/target:rw,Z" "-v" "/var/lib/crater-agent-workspace/cargo-home:/opt/rustwide/cargo-home:ro,Z" "-v" "/var/lib/crater-agent-workspace/rustup-home:/opt/rustwide/rustup-home:ro,Z" "-m" "1610612736" "--network" "none" "ghcr.io/rust-lang/crates-build-env/linux@sha256:3111399a4047eeb3a02b7a90e478d715f38a8c6669b5c4b49d30a17385265909" "sleep" "infinity", kill_on_drop: false }`
[INFO] [stdout] 5539a91c3d7d19747bb889810a1192319e0100d2951a65b30f9d60fcd782a56e
[INFO] running `Command { std: "docker" "start" "5539a91c3d7d19747bb889810a1192319e0100d2951a65b30f9d60fcd782a56e", kill_on_drop: false }`
[INFO] running `Command { std: "docker" "inspect" "5539a91c3d7d19747bb889810a1192319e0100d2951a65b30f9d60fcd782a56e", kill_on_drop: false }`
[INFO] running `Command { std: "docker" "exec" "-e" "SOURCE_DIR=/opt/rustwide/workdir" "-e" "CARGO_HOME=/opt/rustwide/cargo-home" "-e" "RUSTUP_HOME=/opt/rustwide/rustup-home" "-e" "CARGO_TARGET_DIR=/opt/rustwide/target" "-w" "/opt/rustwide/workdir" "--user" "0:0" "5539a91c3d7d19747bb889810a1192319e0100d2951a65b30f9d60fcd782a56e" "/opt/rustwide/cargo-home/bin/cargo" "+1.99.0-beta.8" "metadata" "--no-deps" "--format-version=1", kill_on_drop: false }`
[INFO] running `Command { std: "docker" "inspect" "5539a91c3d7d19747bb889810a1192319e0100d2951a65b30f9d60fcd782a56e", kill_on_drop: false }`
[INFO] running `Command { std: "docker" "exec" "-e" "SOURCE_DIR=/opt/rustwide/workdir" "-e" "CARGO_HOME=/opt/rustwide/cargo-home" "-e" "RUSTUP_HOME=/opt/rustwide/rustup-home" "-e" "CARGO_TARGET_DIR=/opt/rustwide/target" "-e" "CARGO_INCREMENTAL=0" "-e" "RUST_BACKTRACE=full" "-e" "RUSTFLAGS=--cap-lints=warn" "-e" "RUSTDOCFLAGS=--cap-lints=warn" "-w" "/opt/rustwide/workdir" "--user" "0:0" "5539a91c3d7d19747bb889810a1192319e0100d2951a65b30f9d60fcd782a56e" "/opt/rustwide/cargo-home/bin/cargo" "+1.99.0-beta.8" "build" "--frozen" "--message-format=json", kill_on_drop: false }`
[INFO] [stderr]    Compiling uuid v1.23.0
[INFO] [stderr]    Compiling wsbx v0.1.0 (/opt/rustwide/workdir)
[INFO] [stdout] error: wsbx is supported on Windows only and requires Windows Sandbox and the `wsb` CLI.
[INFO] [stdout]   --> src/lib.rs:62:1
[INFO] [stdout]    |
[INFO] [stdout] 62 | compile_error!("wsbx is supported on Windows only and requires Windows Sandbox and the `wsb` CLI.");
[INFO] [stdout]    | ^^^^^^^^^^^^^^^^^^^^^^^^^^^^^^^^^^^^^^^^^^^^^^^^^^^^^^^^^^^^^^^^^^^^^^^^^^^^^^^^^^^^^^^^^^^^^^^^^^^
[INFO] [stdout] 
[INFO] [stdout] 
[INFO] [stdout] error[E0433]: cannot find `windows` in `os`
[INFO] [stdout]  --> src/xml.rs:4:9
[INFO] [stdout]   |
[INFO] [stdout] 4 |     os::windows::ffi::{OsStrExt as _, OsStringExt as _},
[INFO] [stdout]   |         ^^^^^^^ could not find `windows` in `os`
[INFO] [stdout] 
[INFO] [stdout] 
[INFO] [stdout] error[E0599]: no method named `encode_wide` found for reference `&OsStr` in the current scope
[INFO] [stdout]   --> src/xml.rs:33:14
[INFO] [stdout]    |
[INFO] [stdout] 32 |           let wide = text
[INFO] [stdout]    |  ____________________-
[INFO] [stdout] 33 | |             .encode_wide()
[INFO] [stdout]    | |             -^^^^^^^^^^^ method not found in `&OsStr`
[INFO] [stdout]    | |_____________|
[INFO] [stdout]    |
[INFO] [stdout] 
[INFO] [stdout] 
[INFO] [stdout] error[E0599]: no associated function or constant named `from_wide` found for struct `OsString` in the current scope
[INFO] [stdout]   --> src/xml.rs:43:29
[INFO] [stdout]    |
[INFO] [stdout] 43 |         Xml::Text(OsString::from_wide(&wide))
[INFO] [stdout]    |                             ^^^^^^^^^ associated function or constant not found in `OsString`
[INFO] [stdout]    |
[INFO] [stdout] note: if you're trying to build a new `OsString` consider using one of the following associated functions:
[INFO] [stdout]       OsString::new
[INFO] [stdout]       OsString::from_encoded_bytes_unchecked
[INFO] [stdout]       OsString::with_capacity
[INFO] [stdout]   --> /rustc/dfb0accb7f508ae8be965d8629557221c889dd98/library/std/src/ffi/os_str.rs:133:4
[INFO] [stdout] help: there is an associated function `from_iter` with a similar name
[INFO] [stdout]    |
[INFO] [stdout] 43 -         Xml::Text(OsString::from_wide(&wide))
[INFO] [stdout] 43 +         Xml::Text(OsString::from_iter(&wide))
[INFO] [stdout]    |
[INFO] [stdout] 
[INFO] [stdout] 
[INFO] [stdout] Some errors have detailed explanations: E0433, E0599.
[INFO] [stdout] 
[INFO] [stdout] For more information about an error, try `rustc --explain E0433`.
[INFO] [stdout] 
[INFO] [stderr] error: could not compile `wsbx` (lib) due to 4 previous errors
[INFO] running `Command { std: "docker" "inspect" "5539a91c3d7d19747bb889810a1192319e0100d2951a65b30f9d60fcd782a56e", kill_on_drop: false }`
[INFO] running `Command { std: "docker" "rm" "-f" "5539a91c3d7d19747bb889810a1192319e0100d2951a65b30f9d60fcd782a56e", kill_on_drop: false }`
[INFO] [stdout] 5539a91c3d7d19747bb889810a1192319e0100d2951a65b30f9d60fcd782a56e
