[INFO] fetching crate wrkrs 1.1.0...
[INFO] testing wrkrs-1.1.0 against 1.100.0-beta.1 for beta-1.100-2
[INFO] extracting crate wrkrs 1.1.0 into /workspace/builds/worker-0-tc2/source
[INFO] started tweaking crates.io crate wrkrs 1.1.0
[INFO] finished tweaking crates.io crate wrkrs 1.1.0
[INFO] tweaked toml for crates.io crate wrkrs 1.1.0 written to /workspace/builds/worker-0-tc2/source/Cargo.toml
[INFO] validating manifest of crates.io crate wrkrs 1.1.0 on toolchain 1.100.0-beta.1
[INFO] running `Command { std: CARGO_HOME="/workspace/cargo-home" RUSTUP_HOME="/workspace/rustup-home" "/workspace/cargo-home/bin/cargo" "+1.100.0-beta.1" "metadata" "--manifest-path" "Cargo.toml" "--no-deps", kill_on_drop: false }`
[INFO] crate crates.io crate wrkrs 1.1.0 already has a lockfile, it will not be regenerated
[INFO] running `Command { std: CARGO_HOME="/workspace/cargo-home" RUSTUP_HOME="/workspace/rustup-home" "/workspace/cargo-home/bin/cargo" "+1.100.0-beta.1" "fetch" "--manifest-path" "Cargo.toml", kill_on_drop: false }`
[INFO] running `Command { std: "docker" "create" "-v" "/var/lib/crater-agent-workspace/builds/worker-0-tc2/source:/opt/rustwide/workdir:ro,Z" "-v" "/var/lib/crater-agent-workspace/builds/worker-0-tc2/target:/opt/rustwide/target:rw,Z" "-v" "/var/lib/crater-agent-workspace/cargo-home:/opt/rustwide/cargo-home:ro,Z" "-v" "/var/lib/crater-agent-workspace/rustup-home:/opt/rustwide/rustup-home:ro,Z" "-m" "1610612736" "--network" "none" "ghcr.io/rust-lang/crates-build-env/linux@sha256:3111399a4047eeb3a02b7a90e478d715f38a8c6669b5c4b49d30a17385265909" "sleep" "infinity", kill_on_drop: false }`
[INFO] [stdout] 0924e1dad76afc1895fc4fad7bea89b0c719c081a6a964365126e45202d855f9
[INFO] running `Command { std: "docker" "start" "0924e1dad76afc1895fc4fad7bea89b0c719c081a6a964365126e45202d855f9", kill_on_drop: false }`
[INFO] running `Command { std: "docker" "inspect" "0924e1dad76afc1895fc4fad7bea89b0c719c081a6a964365126e45202d855f9", kill_on_drop: false }`
[INFO] running `Command { std: "docker" "exec" "-e" "SOURCE_DIR=/opt/rustwide/workdir" "-e" "CARGO_HOME=/opt/rustwide/cargo-home" "-e" "RUSTUP_HOME=/opt/rustwide/rustup-home" "-e" "CARGO_TARGET_DIR=/opt/rustwide/target" "-w" "/opt/rustwide/workdir" "--user" "0:0" "0924e1dad76afc1895fc4fad7bea89b0c719c081a6a964365126e45202d855f9" "/opt/rustwide/cargo-home/bin/cargo" "+1.100.0-beta.1" "metadata" "--no-deps" "--format-version=1", kill_on_drop: false }`
[INFO] running `Command { std: "docker" "inspect" "0924e1dad76afc1895fc4fad7bea89b0c719c081a6a964365126e45202d855f9", kill_on_drop: false }`
[INFO] running `Command { std: "docker" "exec" "-e" "SOURCE_DIR=/opt/rustwide/workdir" "-e" "CARGO_HOME=/opt/rustwide/cargo-home" "-e" "RUSTUP_HOME=/opt/rustwide/rustup-home" "-e" "CARGO_TARGET_DIR=/opt/rustwide/target" "-e" "CARGO_INCREMENTAL=0" "-e" "RUST_BACKTRACE=full" "-e" "RUSTFLAGS=--cap-lints=warn" "-e" "RUSTDOCFLAGS=--cap-lints=warn" "-w" "/opt/rustwide/workdir" "--user" "0:0" "0924e1dad76afc1895fc4fad7bea89b0c719c081a6a964365126e45202d855f9" "/opt/rustwide/cargo-home/bin/cargo" "+1.100.0-beta.1" "build" "--frozen" "--message-format=json", kill_on_drop: false }`
[INFO] [stderr]    Compiling find-msvc-tools v0.1.13
[INFO] [stderr]    Compiling shlex v2.0.1
[INFO] [stderr]    Compiling serde_core v1.0.229
[INFO] [stderr]    Compiling winnow v1.0.4
[INFO] [stderr]    Compiling pkg-config v0.3.34
[INFO] [stderr]    Compiling hashbrown v0.17.1
[INFO] [stderr]    Compiling toml_datetime v1.1.1+spec-1.1.0
[INFO] [stderr]    Compiling smallvec v1.16.1
[INFO] [stderr]    Compiling unicode-segmentation v1.13.3
[INFO] [stderr]    Compiling relative-path v2.0.1
[INFO] [stderr]    Compiling zeroize v1.9.0
[INFO] [stderr]    Compiling which v8.0.6
[INFO] [stderr]    Compiling getrandom v0.2.17
[INFO] [stderr]    Compiling thiserror v2.0.20
[INFO] [stderr]    Compiling syn v3.0.6
[INFO] [stderr]    Compiling memchr v2.8.3
[INFO] [stderr]    Compiling parking_lot_core v0.9.12
[INFO] [stderr]    Compiling cc v1.4.7
[INFO] [stderr]    Compiling rustls-pki-types v1.15.1
[INFO] [stderr]    Compiling lock_api v0.4.14
[INFO] [stderr]    Compiling rustls v0.23.45
[INFO] [stderr]    Compiling serde v1.0.229
[INFO] [stderr]    Compiling serde_json v1.0.151
[INFO] [stderr]    Compiling toml_parser v1.1.3+spec-1.1.0
[INFO] [stderr]    Compiling toml_writer v1.1.2+spec-1.1.0
[INFO] [stderr]    Compiling log v0.4.34
[INFO] [stderr]    Compiling winnow v0.7.15
[INFO] [stderr]    Compiling once_cell v1.21.4
[INFO] [stderr]    Compiling wrkrs v1.1.0 (/opt/rustwide/workdir)
[INFO] [stderr]    Compiling convert_case v0.12.0
[INFO] [stderr]    Compiling parking_lot v0.12.5
[INFO] [stderr]    Compiling subtle v2.6.1
[INFO] [stderr]    Compiling rustc-hash v2.1.3
[INFO] [stderr]    Compiling either v1.18.0
[INFO] [stderr]    Compiling mio v1.2.3
[INFO] [stderr]    Compiling bstr v1.13.1
[INFO] [stderr]    Compiling indexmap v2.14.2
[INFO] [stderr]    Compiling luajit-src v210.7.3+1ee778a
[INFO] [stderr]    Compiling lua-src v551.0.2
[INFO] [stderr]    Compiling rquickjs-sys v0.14.0
[INFO] [stderr]    Compiling ring v0.17.14
[INFO] [stderr]    Compiling mlua-sys v0.12.0
[INFO] [stderr]    Compiling toml_edit v0.25.15+spec-1.1.0
[INFO] [stderr]    Compiling proc-macro-crate v3.5.0
[INFO] [stderr]    Compiling serde_spanned v1.1.1
[INFO] [stderr]    Compiling toml_datetime v0.7.5+spec-1.1.0
[INFO] [stderr]    Compiling toml v0.9.12+spec-1.1.0
[INFO] [stderr]    Compiling thiserror-impl v2.0.20
[INFO] [stderr]    Compiling serde_derive v1.0.229
[INFO] [stderr]    Compiling wrkrs-engine v1.0.0
[INFO] [stderr]    Compiling rustls-webpki v0.103.15
[INFO] [stderr]    Compiling rquickjs-core v0.14.0
[INFO] [stderr]    Compiling rquickjs-macro v0.14.0
[INFO] [stderr]    Compiling rquickjs v0.14.0
[INFO] [stderr]    Compiling mlua v0.12.1
[INFO] [stderr]     Finished `dev` profile [unoptimized + debuginfo] target(s) in 49.41s
[INFO] running `Command { std: "docker" "inspect" "0924e1dad76afc1895fc4fad7bea89b0c719c081a6a964365126e45202d855f9", kill_on_drop: false }`
[INFO] running `Command { std: "docker" "exec" "-e" "SOURCE_DIR=/opt/rustwide/workdir" "-e" "CARGO_HOME=/opt/rustwide/cargo-home" "-e" "RUSTUP_HOME=/opt/rustwide/rustup-home" "-e" "CARGO_TARGET_DIR=/opt/rustwide/target" "-e" "CARGO_INCREMENTAL=0" "-e" "RUST_BACKTRACE=full" "-e" "RUSTFLAGS=--cap-lints=warn" "-e" "RUSTDOCFLAGS=--cap-lints=warn" "-w" "/opt/rustwide/workdir" "--user" "0:0" "0924e1dad76afc1895fc4fad7bea89b0c719c081a6a964365126e45202d855f9" "/opt/rustwide/cargo-home/bin/cargo" "+1.100.0-beta.1" "test" "--frozen" "--no-run" "--message-format=json", kill_on_drop: false }`
[INFO] [stderr]    Compiling time v0.3.55
[INFO] [stderr]    Compiling base64 v0.23.1
[INFO] [stderr]    Compiling pem v4.0.0
[INFO] [stderr]    Compiling yasna v0.6.0
[INFO] [stderr]    Compiling rcgen v0.14.10
[INFO] [stderr]    Compiling wrkrs v1.1.0 (/opt/rustwide/workdir)
[INFO] [stdout] error: couldn't read `src/../../../tools/golden_report.txt`: No such file or directory (os error 2)
[INFO] [stdout]    --> src/legacy.rs:305:24
[INFO] [stdout]     |
[INFO] [stdout] 305 |         let expected = include_str!("../../../tools/golden_report.txt");
[INFO] [stdout]     |                        ^^^^^^^^^^^^^^^^^^^^^^^^^^^^^^^^^^^^^^^^^^^^^^^^
[INFO] [stdout] 
[INFO] [stdout] 
[INFO] [stdout] error: couldn't read `src/../../../tools/golden_stats.txt`: No such file or directory (os error 2)
[INFO] [stdout]    --> src/stats.rs:478:22
[INFO] [stdout]     |
[INFO] [stdout] 478 |         let golden = include_str!("../../../tools/golden_stats.txt");
[INFO] [stdout]     |                      ^^^^^^^^^^^^^^^^^^^^^^^^^^^^^^^^^^^^^^^^^^^^^^^
[INFO] [stdout] 
[INFO] [stdout] 
[INFO] [stdout] error[E0433]: cannot find module or crate `wrkrs_engine_tests` in this scope
[INFO] [stdout]   --> src/engines/lua/stats.rs:57:9
[INFO] [stdout]    |
[INFO] [stdout] 57 |     use wrkrs_engine_tests::fixtures::FakeStats;
[INFO] [stdout]    |         ^^^^^^^^^^^^^^^^^^ use of unresolved module or unlinked crate `wrkrs_engine_tests`
[INFO] [stdout]    |
[INFO] [stdout] help: there is a crate or module with a similar name
[INFO] [stdout]    |
[INFO] [stdout] 57 -     use wrkrs_engine_tests::fixtures::FakeStats;
[INFO] [stdout] 57 +     use wrkrs_engine::fixtures::FakeStats;
[INFO] [stdout]    |
[INFO] [stdout] 
[INFO] [stdout] 
[INFO] [stdout] error[E0433]: cannot find module or crate `wrkrs_engine_tests` in this scope
[INFO] [stdout]    --> src/engines/lua/thread.rs:113:9
[INFO] [stdout]     |
[INFO] [stdout] 113 |     use wrkrs_engine_tests::fixtures::FakeThread;
[INFO] [stdout]     |         ^^^^^^^^^^^^^^^^^^ use of unresolved module or unlinked crate `wrkrs_engine_tests`
[INFO] [stdout]     |
[INFO] [stdout] help: there is a crate or module with a similar name
[INFO] [stdout]     |
[INFO] [stdout] 113 -     use wrkrs_engine_tests::fixtures::FakeThread;
[INFO] [stdout] 113 +     use wrkrs_engine::fixtures::FakeThread;
[INFO] [stdout]     |
[INFO] [stdout] 
[INFO] [stdout] 
[INFO] [stdout] error[E0433]: cannot find module or crate `wrkrs_engine_tests` in this scope
[INFO] [stdout]    --> src/engines/lua/mod.rs:396:9
[INFO] [stdout]     |
[INFO] [stdout] 396 |     use wrkrs_engine_tests::fixtures::spec;
[INFO] [stdout]     |         ^^^^^^^^^^^^^^^^^^ use of unresolved module or unlinked crate `wrkrs_engine_tests`
[INFO] [stdout]     |
[INFO] [stdout] help: there is a crate or module with a similar name
[INFO] [stdout]     |
[INFO] [stdout] 396 -     use wrkrs_engine_tests::fixtures::spec;
[INFO] [stdout] 396 +     use wrkrs_engine::fixtures::spec;
[INFO] [stdout]     |
[INFO] [stdout] 
[INFO] [stdout] 
[INFO] [stdout] error[E0432]: unresolved import `wrkrs_engine_tests`
[INFO] [stdout]  --> src/engines/lua/conformance.rs:3:5
[INFO] [stdout]   |
[INFO] [stdout] 3 | use wrkrs_engine_tests::{Scripts, run};
[INFO] [stdout]   |     ^^^^^^^^^^^^^^^^^^ use of unresolved module or unlinked crate `wrkrs_engine_tests`
[INFO] [stdout]   |
[INFO] [stdout] help: there is a crate or module with a similar name
[INFO] [stdout]   |
[INFO] [stdout] 3 - use wrkrs_engine_tests::{Scripts, run};
[INFO] [stdout] 3 + use wrkrs_engine::{Scripts, run};
[INFO] [stdout]   |
[INFO] [stdout] 
[INFO] [stdout] 
[INFO] [stdout] error[E0433]: cannot find module or crate `wrkrs_engine_tests` in this scope
[INFO] [stdout]   --> src/engines/quickjs/stats.rs:96:9
[INFO] [stdout]    |
[INFO] [stdout] 96 |     use wrkrs_engine_tests::fixtures::FakeStats;
[INFO] [stdout]    |         ^^^^^^^^^^^^^^^^^^ use of unresolved module or unlinked crate `wrkrs_engine_tests`
[INFO] [stdout]    |
[INFO] [stdout] help: there is a crate or module with a similar name
[INFO] [stdout]    |
[INFO] [stdout] 96 -     use wrkrs_engine_tests::fixtures::FakeStats;
[INFO] [stdout] 96 +     use wrkrs_engine::fixtures::FakeStats;
[INFO] [stdout]    |
[INFO] [stdout] 
[INFO] [stdout] 
[INFO] [stdout] error[E0433]: cannot find module or crate `wrkrs_engine_tests` in this scope
[INFO] [stdout]   --> src/engines/quickjs/thread.rs:99:9
[INFO] [stdout]    |
[INFO] [stdout] 99 |     use wrkrs_engine_tests::fixtures::FakeThread;
[INFO] [stdout]    |         ^^^^^^^^^^^^^^^^^^ use of unresolved module or unlinked crate `wrkrs_engine_tests`
[INFO] [stdout]    |
[INFO] [stdout] help: there is a crate or module with a similar name
[INFO] [stdout]    |
[INFO] [stdout] 99 -     use wrkrs_engine_tests::fixtures::FakeThread;
[INFO] [stdout] 99 +     use wrkrs_engine::fixtures::FakeThread;
[INFO] [stdout]    |
[INFO] [stdout] 
[INFO] [stdout] 
[INFO] [stdout] error[E0433]: cannot find module or crate `wrkrs_engine_tests` in this scope
[INFO] [stdout]    --> src/engines/quickjs/mod.rs:581:9
[INFO] [stdout]     |
[INFO] [stdout] 581 |     use wrkrs_engine_tests::fixtures::spec;
[INFO] [stdout]     |         ^^^^^^^^^^^^^^^^^^ use of unresolved module or unlinked crate `wrkrs_engine_tests`
[INFO] [stdout]     |
[INFO] [stdout] help: there is a crate or module with a similar name
[INFO] [stdout]     |
[INFO] [stdout] 581 -     use wrkrs_engine_tests::fixtures::spec;
[INFO] [stdout] 581 +     use wrkrs_engine::fixtures::spec;
[INFO] [stdout]     |
[INFO] [stdout] 
[INFO] [stdout] 
[INFO] [stdout] error[E0433]: cannot find module or crate `wrkrs_engine_tests` in this scope
[INFO] [stdout]    --> src/engines/lua/mod.rs:505:13
[INFO] [stdout]     |
[INFO] [stdout] 505 |         use wrkrs_engine_tests::fixtures::{FakeResolver, address};
[INFO] [stdout]     |             ^^^^^^^^^^^^^^^^^^ use of unresolved module or unlinked crate `wrkrs_engine_tests`
[INFO] [stdout]     |
[INFO] [stdout] help: there is a crate or module with a similar name
[INFO] [stdout]     |
[INFO] [stdout] 505 -         use wrkrs_engine_tests::fixtures::{FakeResolver, address};
[INFO] [stdout] 505 +         use wrkrs_engine::fixtures::{FakeResolver, address};
[INFO] [stdout]     |
[INFO] [stdout] 
[INFO] [stdout] 
[INFO] [stdout] error[E0433]: cannot find module or crate `wrkrs_engine_tests` in this scope
[INFO] [stdout]    --> src/engines/lua/mod.rs:521:13
[INFO] [stdout]     |
[INFO] [stdout] 521 |         use wrkrs_engine_tests::fixtures::FailingResolver;
[INFO] [stdout]     |             ^^^^^^^^^^^^^^^^^^ use of unresolved module or unlinked crate `wrkrs_engine_tests`
[INFO] [stdout]     |
[INFO] [stdout] help: there is a crate or module with a similar name
[INFO] [stdout]     |
[INFO] [stdout] 521 -         use wrkrs_engine_tests::fixtures::FailingResolver;
[INFO] [stdout] 521 +         use wrkrs_engine::fixtures::FailingResolver;
[INFO] [stdout]     |
[INFO] [stdout] 
[INFO] [stdout] 
[INFO] [stdout] error[E0433]: cannot find module or crate `wrkrs_engine_tests` in this scope
[INFO] [stdout]    --> src/engines/lua/mod.rs:538:13
[INFO] [stdout]     |
[INFO] [stdout] 538 |         use wrkrs_engine_tests::fixtures::{FakeResolver, FakeThread, address};
[INFO] [stdout]     |             ^^^^^^^^^^^^^^^^^^ use of unresolved module or unlinked crate `wrkrs_engine_tests`
[INFO] [stdout]     |
[INFO] [stdout] help: there is a crate or module with a similar name
[INFO] [stdout]     |
[INFO] [stdout] 538 -         use wrkrs_engine_tests::fixtures::{FakeResolver, FakeThread, address};
[INFO] [stdout] 538 +         use wrkrs_engine::fixtures::{FakeResolver, FakeThread, address};
[INFO] [stdout]     |
[INFO] [stdout] 
[INFO] [stdout] 
[INFO] [stdout] error[E0433]: cannot find module or crate `wrkrs_engine_tests` in this scope
[INFO] [stdout]    --> src/engines/lua/mod.rs:554:13
[INFO] [stdout]     |
[INFO] [stdout] 554 |         use wrkrs_engine_tests::fixtures::{FakeResolver, FakeThread};
[INFO] [stdout]     |             ^^^^^^^^^^^^^^^^^^ use of unresolved module or unlinked crate `wrkrs_engine_tests`
[INFO] [stdout]     |
[INFO] [stdout] help: there is a crate or module with a similar name
[INFO] [stdout]     |
[INFO] [stdout] 554 -         use wrkrs_engine_tests::fixtures::{FakeResolver, FakeThread};
[INFO] [stdout] 554 +         use wrkrs_engine::fixtures::{FakeResolver, FakeThread};
[INFO] [stdout]     |
[INFO] [stdout] 
[INFO] [stdout] 
[INFO] [stdout] error[E0433]: cannot find module or crate `wrkrs_engine_tests` in this scope
[INFO] [stdout]    --> src/engines/lua/mod.rs:574:13
[INFO] [stdout]     |
[INFO] [stdout] 574 |         use wrkrs_engine_tests::fixtures::FakeThread;
[INFO] [stdout]     |             ^^^^^^^^^^^^^^^^^^ use of unresolved module or unlinked crate `wrkrs_engine_tests`
[INFO] [stdout]     |
[INFO] [stdout] help: there is a crate or module with a similar name
[INFO] [stdout]     |
[INFO] [stdout] 574 -         use wrkrs_engine_tests::fixtures::FakeThread;
[INFO] [stdout] 574 +         use wrkrs_engine::fixtures::FakeThread;
[INFO] [stdout]     |
[INFO] [stdout] 
[INFO] [stdout] 
[INFO] [stdout] error[E0433]: cannot find module or crate `wrkrs_engine_tests` in this scope
[INFO] [stdout]    --> src/engines/lua/mod.rs:591:13
[INFO] [stdout]     |
[INFO] [stdout] 591 |         use wrkrs_engine_tests::fixtures::FakeThread;
[INFO] [stdout]     |             ^^^^^^^^^^^^^^^^^^ use of unresolved module or unlinked crate `wrkrs_engine_tests`
[INFO] [stdout]     |
[INFO] [stdout] help: there is a crate or module with a similar name
[INFO] [stdout]     |
[INFO] [stdout] 591 -         use wrkrs_engine_tests::fixtures::FakeThread;
[INFO] [stdout] 591 +         use wrkrs_engine::fixtures::FakeThread;
[INFO] [stdout]     |
[INFO] [stdout] 
[INFO] [stdout] 
[INFO] [stdout] error[E0433]: cannot find module or crate `wrkrs_engine_tests` in this scope
[INFO] [stdout]    --> src/engines/lua/mod.rs:606:13
[INFO] [stdout]     |
[INFO] [stdout] 606 |         use wrkrs_engine_tests::fixtures::FakeThread;
[INFO] [stdout]     |             ^^^^^^^^^^^^^^^^^^ use of unresolved module or unlinked crate `wrkrs_engine_tests`
[INFO] [stdout]     |
[INFO] [stdout] help: there is a crate or module with a similar name
[INFO] [stdout]     |
[INFO] [stdout] 606 -         use wrkrs_engine_tests::fixtures::FakeThread;
[INFO] [stdout] 606 +         use wrkrs_engine::fixtures::FakeThread;
[INFO] [stdout]     |
[INFO] [stdout] 
[INFO] [stdout] 
[INFO] [stdout] error[E0433]: cannot find module or crate `wrkrs_engine_tests` in this scope
[INFO] [stdout]    --> src/engines/lua/mod.rs:619:13
[INFO] [stdout]     |
[INFO] [stdout] 619 |         use wrkrs_engine_tests::fixtures::FakeThread;
[INFO] [stdout]     |             ^^^^^^^^^^^^^^^^^^ use of unresolved module or unlinked crate `wrkrs_engine_tests`
[INFO] [stdout]     |
[INFO] [stdout] help: there is a crate or module with a similar name
[INFO] [stdout]     |
[INFO] [stdout] 619 -         use wrkrs_engine_tests::fixtures::FakeThread;
[INFO] [stdout] 619 +         use wrkrs_engine::fixtures::FakeThread;
[INFO] [stdout]     |
[INFO] [stdout] 
[INFO] [stdout] 
[INFO] [stdout] error[E0433]: cannot find module or crate `wrkrs_engine_tests` in this scope
[INFO] [stdout]    --> src/engines/lua/mod.rs:661:13
[INFO] [stdout]     |
[INFO] [stdout] 661 |         use wrkrs_engine_tests::fixtures::{FakeStats, FakeThread};
[INFO] [stdout]     |             ^^^^^^^^^^^^^^^^^^ use of unresolved module or unlinked crate `wrkrs_engine_tests`
[INFO] [stdout]     |
[INFO] [stdout] help: there is a crate or module with a similar name
[INFO] [stdout]     |
[INFO] [stdout] 661 -         use wrkrs_engine_tests::fixtures::{FakeStats, FakeThread};
[INFO] [stdout] 661 +         use wrkrs_engine::fixtures::{FakeStats, FakeThread};
[INFO] [stdout]     |
[INFO] [stdout] 
[INFO] [stdout] 
[INFO] [stdout] error[E0433]: cannot find module or crate `wrkrs_engine_tests` in this scope
[INFO] [stdout]    --> src/engines/lua/mod.rs:712:13
[INFO] [stdout]     |
[INFO] [stdout] 712 |         use wrkrs_engine_tests::fixtures::FakeThread;
[INFO] [stdout]     |             ^^^^^^^^^^^^^^^^^^ use of unresolved module or unlinked crate `wrkrs_engine_tests`
[INFO] [stdout]     |
[INFO] [stdout] help: there is a crate or module with a similar name
[INFO] [stdout]     |
[INFO] [stdout] 712 -         use wrkrs_engine_tests::fixtures::FakeThread;
[INFO] [stdout] 712 +         use wrkrs_engine::fixtures::FakeThread;
[INFO] [stdout]     |
[INFO] [stdout] 
[INFO] [stdout] 
[INFO] [stdout] error[E0433]: cannot find module or crate `wrkrs_engine_tests` in this scope
[INFO] [stdout]    --> src/engines/quickjs/mod.rs:738:13
[INFO] [stdout]     |
[INFO] [stdout] 738 |         use wrkrs_engine_tests::fixtures::{FakeResolver, address};
[INFO] [stdout]     |             ^^^^^^^^^^^^^^^^^^ use of unresolved module or unlinked crate `wrkrs_engine_tests`
[INFO] [stdout]     |
[INFO] [stdout] help: there is a crate or module with a similar name
[INFO] [stdout]     |
[INFO] [stdout] 738 -         use wrkrs_engine_tests::fixtures::{FakeResolver, address};
[INFO] [stdout] 738 +         use wrkrs_engine::fixtures::{FakeResolver, address};
[INFO] [stdout]     |
[INFO] [stdout] 
[INFO] [stdout] 
[INFO] [stdout] error[E0433]: cannot find module or crate `wrkrs_engine_tests` in this scope
[INFO] [stdout]    --> src/engines/quickjs/mod.rs:752:13
[INFO] [stdout]     |
[INFO] [stdout] 752 |         use wrkrs_engine_tests::fixtures::FailingResolver;
[INFO] [stdout]     |             ^^^^^^^^^^^^^^^^^^ use of unresolved module or unlinked crate `wrkrs_engine_tests`
[INFO] [stdout]     |
[INFO] [stdout] help: there is a crate or module with a similar name
[INFO] [stdout]     |
[INFO] [stdout] 752 -         use wrkrs_engine_tests::fixtures::FailingResolver;
[INFO] [stdout] 752 +         use wrkrs_engine::fixtures::FailingResolver;
[INFO] [stdout]     |
[INFO] [stdout] 
[INFO] [stdout] 
[INFO] [stdout] error[E0433]: cannot find module or crate `wrkrs_engine_tests` in this scope
[INFO] [stdout]    --> src/engines/quickjs/mod.rs:769:13
[INFO] [stdout]     |
[INFO] [stdout] 769 |         use wrkrs_engine_tests::fixtures::{FakeResolver, FakeThread, address};
[INFO] [stdout]     |             ^^^^^^^^^^^^^^^^^^ use of unresolved module or unlinked crate `wrkrs_engine_tests`
[INFO] [stdout]     |
[INFO] [stdout] help: there is a crate or module with a similar name
[INFO] [stdout]     |
[INFO] [stdout] 769 -         use wrkrs_engine_tests::fixtures::{FakeResolver, FakeThread, address};
[INFO] [stdout] 769 +         use wrkrs_engine::fixtures::{FakeResolver, FakeThread, address};
[INFO] [stdout]     |
[INFO] [stdout] 
[INFO] [stdout] 
[INFO] [stdout] error[E0433]: cannot find module or crate `wrkrs_engine_tests` in this scope
[INFO] [stdout]    --> src/engines/quickjs/mod.rs:789:13
[INFO] [stdout]     |
[INFO] [stdout] 789 |         use wrkrs_engine_tests::fixtures::FakeThread;
[INFO] [stdout]     |             ^^^^^^^^^^^^^^^^^^ use of unresolved module or unlinked crate `wrkrs_engine_tests`
[INFO] [stdout]     |
[INFO] [stdout] help: there is a crate or module with a similar name
[INFO] [stdout]     |
[INFO] [stdout] 789 -         use wrkrs_engine_tests::fixtures::FakeThread;
[INFO] [stdout] 789 +         use wrkrs_engine::fixtures::FakeThread;
[INFO] [stdout]     |
[INFO] [stdout] 
[INFO] [stdout] 
[INFO] [stdout] error[E0433]: cannot find module or crate `wrkrs_engine_tests` in this scope
[INFO] [stdout]    --> src/engines/quickjs/mod.rs:817:13
[INFO] [stdout]     |
[INFO] [stdout] 817 |         use wrkrs_engine_tests::fixtures::FakeThread;
[INFO] [stdout]     |             ^^^^^^^^^^^^^^^^^^ use of unresolved module or unlinked crate `wrkrs_engine_tests`
[INFO] [stdout]     |
[INFO] [stdout] help: there is a crate or module with a similar name
[INFO] [stdout]     |
[INFO] [stdout] 817 -         use wrkrs_engine_tests::fixtures::FakeThread;
[INFO] [stdout] 817 +         use wrkrs_engine::fixtures::FakeThread;
[INFO] [stdout]     |
[INFO] [stdout] 
[INFO] [stdout] 
[INFO] [stdout] error[E0433]: cannot find module or crate `wrkrs_engine_tests` in this scope
[INFO] [stdout]    --> src/engines/quickjs/mod.rs:832:13
[INFO] [stdout]     |
[INFO] [stdout] 832 |         use wrkrs_engine_tests::fixtures::FakeThread;
[INFO] [stdout]     |             ^^^^^^^^^^^^^^^^^^ use of unresolved module or unlinked crate `wrkrs_engine_tests`
[INFO] [stdout]     |
[INFO] [stdout] help: there is a crate or module with a similar name
[INFO] [stdout]     |
[INFO] [stdout] 832 -         use wrkrs_engine_tests::fixtures::FakeThread;
[INFO] [stdout] 832 +         use wrkrs_engine::fixtures::FakeThread;
[INFO] [stdout]     |
[INFO] [stdout] 
[INFO] [stdout] 
[INFO] [stdout] error[E0433]: cannot find module or crate `wrkrs_engine_tests` in this scope
[INFO] [stdout]    --> src/engines/quickjs/mod.rs:846:13
[INFO] [stdout]     |
[INFO] [stdout] 846 |         use wrkrs_engine_tests::fixtures::FakeThread;
[INFO] [stdout]     |             ^^^^^^^^^^^^^^^^^^ use of unresolved module or unlinked crate `wrkrs_engine_tests`
[INFO] [stdout]     |
[INFO] [stdout] help: there is a crate or module with a similar name
[INFO] [stdout]     |
[INFO] [stdout] 846 -         use wrkrs_engine_tests::fixtures::FakeThread;
[INFO] [stdout] 846 +         use wrkrs_engine::fixtures::FakeThread;
[INFO] [stdout]     |
[INFO] [stdout] 
[INFO] [stdout] 
[INFO] [stdout] error[E0433]: cannot find module or crate `wrkrs_engine_tests` in this scope
[INFO] [stdout]    --> src/engines/quickjs/mod.rs:881:13
[INFO] [stdout]     |
[INFO] [stdout] 881 |         use wrkrs_engine_tests::fixtures::{FakeStats, FakeThread};
[INFO] [stdout]     |             ^^^^^^^^^^^^^^^^^^ use of unresolved module or unlinked crate `wrkrs_engine_tests`
[INFO] [stdout]     |
[INFO] [stdout] help: there is a crate or module with a similar name
[INFO] [stdout]     |
[INFO] [stdout] 881 -         use wrkrs_engine_tests::fixtures::{FakeStats, FakeThread};
[INFO] [stdout] 881 +         use wrkrs_engine::fixtures::{FakeStats, FakeThread};
[INFO] [stdout]     |
[INFO] [stdout] 
[INFO] [stdout] 
[INFO] [stdout] error[E0433]: cannot find module or crate `wrkrs_engine_tests` in this scope
[INFO] [stdout]    --> src/engines/quickjs/mod.rs:925:13
[INFO] [stdout]     |
[INFO] [stdout] 925 |         use wrkrs_engine_tests::fixtures::FakeThread;
[INFO] [stdout]     |             ^^^^^^^^^^^^^^^^^^ use of unresolved module or unlinked crate `wrkrs_engine_tests`
[INFO] [stdout]     |
[INFO] [stdout] help: there is a crate or module with a similar name
[INFO] [stdout]     |
[INFO] [stdout] 925 -         use wrkrs_engine_tests::fixtures::FakeThread;
[INFO] [stdout] 925 +         use wrkrs_engine::fixtures::FakeThread;
[INFO] [stdout]     |
[INFO] [stdout] 
[INFO] [stdout] 
[INFO] [stdout] error[E0432]: unresolved import `wrkrs_engine_tests`
[INFO] [stdout]  --> src/engines/quickjs/conformance.rs:3:5
[INFO] [stdout]   |
[INFO] [stdout] 3 | use wrkrs_engine_tests::{Scripts, run};
[INFO] [stdout]   |     ^^^^^^^^^^^^^^^^^^ use of unresolved module or unlinked crate `wrkrs_engine_tests`
[INFO] [stdout]   |
[INFO] [stdout] help: there is a crate or module with a similar name
[INFO] [stdout]   |
[INFO] [stdout] 3 - use wrkrs_engine_tests::{Scripts, run};
[INFO] [stdout] 3 + use wrkrs_engine::{Scripts, run};
[INFO] [stdout]   |
[INFO] [stdout] 
[INFO] [stdout] 
[INFO] [stdout] Some errors have detailed explanations: E0432, E0433.
[INFO] [stdout] 
[INFO] [stdout] For more information about an error, try `rustc --explain E0432`.
[INFO] [stdout] 
[INFO] [stderr] error: could not compile `wrkrs` (lib test) due to 29 previous errors
[INFO] running `Command { std: "docker" "inspect" "0924e1dad76afc1895fc4fad7bea89b0c719c081a6a964365126e45202d855f9", kill_on_drop: false }`
[INFO] running `Command { std: "docker" "rm" "-f" "0924e1dad76afc1895fc4fad7bea89b0c719c081a6a964365126e45202d855f9", kill_on_drop: false }`
[INFO] [stdout] 0924e1dad76afc1895fc4fad7bea89b0c719c081a6a964365126e45202d855f9
