[INFO] fetching crate wow-m2 0.7.0...
[INFO] testing wow-m2-0.7.0 against 1.100.0-beta.1 for beta-1.100-2
[INFO] extracting crate wow-m2 0.7.0 into /workspace/builds/worker-1-tc2/source
[INFO] started tweaking crates.io crate wow-m2 0.7.0
[INFO] removed 0 missing examples
[INFO] finished tweaking crates.io crate wow-m2 0.7.0
[INFO] tweaked toml for crates.io crate wow-m2 0.7.0 written to /workspace/builds/worker-1-tc2/source/Cargo.toml
[INFO] validating manifest of crates.io crate wow-m2 0.7.0 on toolchain 1.100.0-beta.1
[INFO] running `Command { std: CARGO_HOME="/workspace/cargo-home" RUSTUP_HOME="/workspace/rustup-home" "/workspace/cargo-home/bin/cargo" "+1.100.0-beta.1" "metadata" "--manifest-path" "Cargo.toml" "--no-deps", kill_on_drop: false }`
[INFO] crate crates.io crate wow-m2 0.7.0 already has a lockfile, it will not be regenerated
[INFO] running `Command { std: CARGO_HOME="/workspace/cargo-home" RUSTUP_HOME="/workspace/rustup-home" "/workspace/cargo-home/bin/cargo" "+1.100.0-beta.1" "fetch" "--manifest-path" "Cargo.toml", kill_on_drop: false }`
[INFO] [stderr] warning: `package.homepage` is redundant with `package.repository`
[INFO] [stderr]    --> Cargo.toml:165:12
[INFO] [stderr]     |
[INFO] [stderr] 165 | homepage = "https://github.com/wowemulation-dev/warcraft-rs"
[INFO] [stderr]     |            ^^^^^^^^^^^^^^^^^^^^^^^^^^^^^^^^^^^^^^^^^^^^^^^^^
[INFO] [stderr] ...
[INFO] [stderr] 170 | repository = "https://github.com/wowemulation-dev/warcraft-rs"
[INFO] [stderr]     |              -------------------------------------------------
[INFO] [stderr]     |
[INFO] [stderr]     = note: `cargo::redundant_homepage` is set to `warn` by default
[INFO] [stderr] help: consider removing `package.homepage`
[INFO] [stderr] warning: `wow-m2` (manifest) generated 1 warning
[INFO] running `Command { std: "docker" "create" "-v" "/var/lib/crater-agent-workspace/builds/worker-1-tc2/source:/opt/rustwide/workdir:ro,Z" "-v" "/var/lib/crater-agent-workspace/builds/worker-1-tc2/target:/opt/rustwide/target:rw,Z" "-v" "/var/lib/crater-agent-workspace/cargo-home:/opt/rustwide/cargo-home:ro,Z" "-v" "/var/lib/crater-agent-workspace/rustup-home:/opt/rustwide/rustup-home:ro,Z" "-m" "1610612736" "--network" "none" "ghcr.io/rust-lang/crates-build-env/linux@sha256:3111399a4047eeb3a02b7a90e478d715f38a8c6669b5c4b49d30a17385265909" "sleep" "infinity", kill_on_drop: false }`
[INFO] [stdout] b5242a97a90c54405f873dc55bdeff47f43968c1fb822bab1264ddbacc46725b
[INFO] running `Command { std: "docker" "start" "b5242a97a90c54405f873dc55bdeff47f43968c1fb822bab1264ddbacc46725b", kill_on_drop: false }`
[INFO] running `Command { std: "docker" "inspect" "b5242a97a90c54405f873dc55bdeff47f43968c1fb822bab1264ddbacc46725b", kill_on_drop: false }`
[INFO] running `Command { std: "docker" "exec" "-e" "SOURCE_DIR=/opt/rustwide/workdir" "-e" "CARGO_HOME=/opt/rustwide/cargo-home" "-e" "RUSTUP_HOME=/opt/rustwide/rustup-home" "-e" "CARGO_TARGET_DIR=/opt/rustwide/target" "-w" "/opt/rustwide/workdir" "--user" "0:0" "b5242a97a90c54405f873dc55bdeff47f43968c1fb822bab1264ddbacc46725b" "/opt/rustwide/cargo-home/bin/cargo" "+1.100.0-beta.1" "metadata" "--no-deps" "--format-version=1", kill_on_drop: false }`
[INFO] running `Command { std: "docker" "inspect" "b5242a97a90c54405f873dc55bdeff47f43968c1fb822bab1264ddbacc46725b", kill_on_drop: false }`
[INFO] running `Command { std: "docker" "exec" "-e" "SOURCE_DIR=/opt/rustwide/workdir" "-e" "CARGO_HOME=/opt/rustwide/cargo-home" "-e" "RUSTUP_HOME=/opt/rustwide/rustup-home" "-e" "CARGO_TARGET_DIR=/opt/rustwide/target" "-e" "CARGO_INCREMENTAL=0" "-e" "RUST_BACKTRACE=full" "-e" "RUSTFLAGS=--cap-lints=warn" "-e" "RUSTDOCFLAGS=--cap-lints=warn" "-w" "/opt/rustwide/workdir" "--user" "0:0" "b5242a97a90c54405f873dc55bdeff47f43968c1fb822bab1264ddbacc46725b" "/opt/rustwide/cargo-home/bin/cargo" "+1.100.0-beta.1" "build" "--frozen" "--message-format=json", kill_on_drop: false }`
[INFO] [stderr] warning: `package.homepage` is redundant with `package.repository`
[INFO] [stderr]    --> Cargo.toml:165:12
[INFO] [stderr]     |
[INFO] [stderr] 165 | homepage = "https://github.com/wowemulation-dev/warcraft-rs"
[INFO] [stderr]     |            ^^^^^^^^^^^^^^^^^^^^^^^^^^^^^^^^^^^^^^^^^^^^^^^^^
[INFO] [stderr] ...
[INFO] [stderr] 170 | repository = "https://github.com/wowemulation-dev/warcraft-rs"
[INFO] [stderr]     |              -------------------------------------------------
[INFO] [stderr]     |
[INFO] [stderr]     = note: `cargo::redundant_homepage` is set to `warn` by default
[INFO] [stderr] help: consider removing `package.homepage`
[INFO] [stderr] warning: `wow-m2` (manifest) generated 1 warning
[INFO] [stderr]    Compiling crossbeam-utils v0.8.21
[INFO] [stderr]    Compiling rayon-core v1.13.0
[INFO] [stderr]    Compiling simd-adler32 v0.3.9
[INFO] [stderr]    Compiling zerocopy v0.8.48
[INFO] [stderr]    Compiling arrayvec v0.7.6
[INFO] [stderr]    Compiling num-traits v0.2.19
[INFO] [stderr]    Compiling as-slice v0.2.1
[INFO] [stderr]    Compiling built v0.8.0
[INFO] [stderr]    Compiling log v0.4.29
[INFO] [stderr]    Compiling av-scenechange v0.14.1
[INFO] [stderr]    Compiling paste v1.0.15
[INFO] [stderr]    Compiling no_std_io2 v0.9.4
[INFO] [stderr]    Compiling syn v2.0.117
[INFO] [stderr]    Compiling nom v8.0.0
[INFO] [stderr]    Compiling pastey v0.1.1
[INFO] [stderr]    Compiling quick-error v2.0.1
[INFO] [stderr]    Compiling aligned v0.4.3
[INFO] [stderr]    Compiling y4m v0.8.0
[INFO] [stderr]    Compiling bitstream-io v4.10.0
[INFO] [stderr]    Compiling miniz_oxide v0.8.9
[INFO] [stderr]    Compiling simd_helpers v0.1.0
[INFO] [stderr]    Compiling itertools v0.14.0
[INFO] [stderr]    Compiling libm v0.2.16
[INFO] [stderr]    Compiling weezl v0.1.12
[INFO] [stderr]    Compiling zune-core v0.5.1
[INFO] [stderr]    Compiling imgref v1.12.1
[INFO] [stderr]    Compiling noop_proc_macro v0.3.0
[INFO] [stderr]    Compiling avif-serialize v0.8.9
[INFO] [stderr]    Compiling fdeflate v0.3.7
[INFO] [stderr]    Compiling zune-inflate v0.2.54
[INFO] [stderr]    Compiling bitflags v2.11.1
[INFO] [stderr]    Compiling flate2 v1.1.9
[INFO] [stderr]    Compiling zune-jpeg v0.5.15
[INFO] [stderr]    Compiling loop9 v0.1.5
[INFO] [stderr]    Compiling fax v0.2.7
[INFO] [stderr]    Compiling lebe v0.5.3
[INFO] [stderr]    Compiling rav1e v0.8.1
[INFO] [stderr]    Compiling bit_field v0.10.3
[INFO] [stderr]    Compiling rgb v0.8.53
[INFO] [stderr]    Compiling byteorder-lite v0.1.0
[INFO] [stderr]    Compiling crossbeam-epoch v0.9.18
[INFO] [stderr]    Compiling pxfm v0.1.29
[INFO] [stderr]    Compiling smallvec v1.15.1
[INFO] [stderr]    Compiling color_quant v1.1.0
[INFO] [stderr]    Compiling num-integer v0.1.46
[INFO] [stderr]    Compiling bytemuck v1.25.0
[INFO] [stderr]    Compiling png v0.18.1
[INFO] [stderr]    Compiling glam v0.31.1
[INFO] [stderr]    Compiling gif v0.14.2
[INFO] [stderr]    Compiling image-webp v0.2.4
[INFO] [stderr]    Compiling num-bigint v0.4.6
[INFO] [stderr]    Compiling qoi v0.4.1
[INFO] [stderr]    Compiling crossbeam-deque v0.8.6
[INFO] [stderr]    Compiling rayon v1.12.0
[INFO] [stderr]    Compiling num-rational v0.4.2
[INFO] [stderr]    Compiling maybe-rayon v0.1.1
[INFO] [stderr]    Compiling texpresso v2.0.2
[INFO] [stderr]    Compiling equator-macro v0.4.2
[INFO] [stderr]    Compiling thiserror-impl v2.0.18
[INFO] [stderr]    Compiling zerocopy-derive v0.8.48
[INFO] [stderr]    Compiling profiling-procmacros v1.0.18
[INFO] [stderr]    Compiling arg_enum_proc_macro v0.3.4
[INFO] [stderr]    Compiling num-derive v0.4.2
[INFO] [stderr]    Compiling moxcms v0.8.1
[INFO] [stderr]    Compiling profiling v1.0.18
[INFO] [stderr]    Compiling equator v0.4.2
[INFO] [stderr]    Compiling aligned-vec v0.6.4
[INFO] [stderr]    Compiling v_frame v0.3.9
[INFO] [stderr]    Compiling av1-grain v0.2.5
[INFO] [stderr]    Compiling thiserror v2.0.18
[INFO] [stderr]    Compiling half v2.7.1
[INFO] [stderr]    Compiling ravif v0.13.0
[INFO] [stderr]    Compiling tiff v0.11.3
[INFO] [stderr]    Compiling exr v1.74.0
[INFO] [stderr]    Compiling image v0.25.10
[INFO] [stderr]    Compiling wow-blp v0.7.0
[INFO] [stderr]    Compiling wow-m2 v0.7.0 (/opt/rustwide/workdir)
[INFO] [stderr]     Finished `dev` profile [unoptimized + debuginfo] target(s) in 57.85s
[INFO] running `Command { std: "docker" "inspect" "b5242a97a90c54405f873dc55bdeff47f43968c1fb822bab1264ddbacc46725b", kill_on_drop: false }`
[INFO] running `Command { std: "docker" "exec" "-e" "SOURCE_DIR=/opt/rustwide/workdir" "-e" "CARGO_HOME=/opt/rustwide/cargo-home" "-e" "RUSTUP_HOME=/opt/rustwide/rustup-home" "-e" "CARGO_TARGET_DIR=/opt/rustwide/target" "-e" "CARGO_INCREMENTAL=0" "-e" "RUST_BACKTRACE=full" "-e" "RUSTFLAGS=--cap-lints=warn" "-e" "RUSTDOCFLAGS=--cap-lints=warn" "-w" "/opt/rustwide/workdir" "--user" "0:0" "b5242a97a90c54405f873dc55bdeff47f43968c1fb822bab1264ddbacc46725b" "/opt/rustwide/cargo-home/bin/cargo" "+1.100.0-beta.1" "test" "--frozen" "--no-run" "--message-format=json", kill_on_drop: false }`
[INFO] [stderr] warning: `package.homepage` is redundant with `package.repository`
[INFO] [stderr]    --> Cargo.toml:165:12
[INFO] [stderr]     |
[INFO] [stderr] 165 | homepage = "https://github.com/wowemulation-dev/warcraft-rs"
[INFO] [stderr]     |            ^^^^^^^^^^^^^^^^^^^^^^^^^^^^^^^^^^^^^^^^^^^^^^^^^
[INFO] [stderr] ...
[INFO] [stderr] 170 | repository = "https://github.com/wowemulation-dev/warcraft-rs"
[INFO] [stderr]     |              -------------------------------------------------
[INFO] [stderr]     |
[INFO] [stderr]     = note: `cargo::redundant_homepage` is set to `warn` by default
[INFO] [stderr] help: consider removing `package.homepage`
[INFO] [stderr] warning: `wow-m2` (manifest) generated 1 warning
[INFO] [stderr]    Compiling num-traits v0.2.19
[INFO] [stderr]    Compiling const-oid v0.9.6
[INFO] [stderr]    Compiling typenum v1.20.0
[INFO] [stderr]    Compiling adler2 v2.0.1
[INFO] [stderr]    Compiling getrandom v0.2.17
[INFO] [stderr]    Compiling base64ct v1.8.3
[INFO] [stderr]    Compiling bitflags v2.11.1
[INFO] [stderr]    Compiling ppv-lite86 v0.2.21
[INFO] [stderr]    Compiling getrandom v0.3.4
[INFO] [stderr]    Compiling portable-atomic v1.13.1
[INFO] [stderr]    Compiling clap_derive v4.6.1
[INFO] [stderr]    Compiling clap_builder v4.6.0
[INFO] [stderr]    Compiling regex-automata v0.4.14
[INFO] [stderr]    Compiling cc v1.2.62
[INFO] [stderr]    Compiling serde_derive v1.0.228
[INFO] [stderr]    Compiling spin v0.9.8
[INFO] [stderr]    Compiling miniz_oxide v0.8.9
[INFO] [stderr]    Compiling num-bigint-dig v0.8.6
[INFO] [stderr]    Compiling pem-rfc7468 v0.7.0
[INFO] [stderr]    Compiling console v0.15.11
[INFO] [stderr]    Compiling rand_core v0.6.4
[INFO] [stderr]    Compiling lazy_static v1.5.0
[INFO] [stderr]    Compiling rustix v1.1.4
[INFO] [stderr]    Compiling der v0.7.10
[INFO] [stderr]    Compiling rand_chacha v0.3.1
[INFO] [stderr]    Compiling plotters-backend v0.3.7
[INFO] [stderr]    Compiling rand_core v0.9.5
[INFO] [stderr]    Compiling crc-catalog v2.5.0
[INFO] [stderr]    Compiling foldhash v0.2.0
[INFO] [stderr]    Compiling ciborium-io v0.2.2
[INFO] [stderr]    Compiling number_prefix v0.4.0
[INFO] [stderr]    Compiling allocator-api2 v0.2.21
[INFO] [stderr]    Compiling ciborium-ll v0.2.2
[INFO] [stderr]    Compiling plotters-svg v0.3.7
[INFO] [stderr]    Compiling rand v0.8.6
[INFO] [stderr]    Compiling crc v3.4.0
[INFO] [stderr]    Compiling rand_chacha v0.9.0
[INFO] [stderr]    Compiling parking_lot_core v0.9.12
[INFO] [stderr]    Compiling flate2 v1.1.9
[INFO] [stderr]    Compiling exr v1.74.0
[INFO] [stderr]    Compiling num-integer v0.1.46
[INFO] [stderr]    Compiling generic-array v0.14.7
[INFO] [stderr]    Compiling v_frame v0.3.9
[INFO] [stderr]    Compiling moxcms v0.8.1
[INFO] [stderr]    Compiling indicatif v0.17.11
[INFO] [stderr]    Compiling hashbrown v0.17.1
[INFO] [stderr]    Compiling test-case-core v3.3.1
[INFO] [stderr]    Compiling alloca v0.4.0
[INFO] [stderr]    Compiling same-file v1.0.6
[INFO] [stderr]    Compiling tiff v0.11.3
[INFO] [stderr]    Compiling png v0.18.1
[INFO] [stderr]    Compiling num-bigint v0.4.6
[INFO] [stderr]    Compiling spki v0.7.3
[INFO] [stderr]    Compiling pkcs8 v0.10.2
[INFO] [stderr]    Compiling num-iter v0.1.45
[INFO] [stderr]    Compiling pkcs1 v0.7.5
[INFO] [stderr]    Compiling libbz2-rs-sys v0.2.3
[INFO] [stderr]    Compiling crypto-common v0.1.7
[INFO] [stderr]    Compiling block-buffer v0.10.4
[INFO] [stderr]    Compiling cast v0.3.0
[INFO] [stderr]    Compiling digest v0.10.7
[INFO] [stderr]    Compiling lzma-rs v0.3.0
[INFO] [stderr]    Compiling criterion-plot v0.8.2
[INFO] [stderr]    Compiling signature v2.2.0
[INFO] [stderr]    Compiling sha1 v0.10.6
[INFO] [stderr]    Compiling md-5 v0.10.6
[INFO] [stderr]    Compiling regex v1.12.3
[INFO] [stderr]    Compiling bzip2 v0.6.1
[INFO] [stderr]    Compiling tempfile v3.27.0
[INFO] [stderr]    Compiling test-case-macros v3.3.1
[INFO] [stderr]    Compiling clap v4.6.1
[INFO] [stderr]    Compiling lru v0.18.0
[INFO] [stderr]    Compiling pklib v0.1.0
[INFO] [stderr]    Compiling env_filter v1.0.1
[INFO] [stderr]    Compiling num-rational v0.4.2
[INFO] [stderr]    Compiling walkdir v2.5.0
[INFO] [stderr]    Compiling plotters v0.3.7
[INFO] [stderr]    Compiling parking_lot v0.12.5
[INFO] [stderr]    Compiling rand v0.9.4
[INFO] [stderr]    Compiling rsa v0.9.10
[INFO] [stderr]    Compiling page_size v0.6.0
[INFO] [stderr]    Compiling diff v0.1.13
[INFO] [stderr]    Compiling yansi v1.0.1
[INFO] [stderr]    Compiling implode v0.1.1
[INFO] [stderr]    Compiling av-scenechange v0.14.1
[INFO] [stderr]    Compiling av1-grain v0.2.5
[INFO] [stderr]    Compiling oorandom v11.1.5
[INFO] [stderr]    Compiling anes v0.1.6
[INFO] [stderr]    Compiling jiff v0.2.24
[INFO] [stderr]    Compiling pretty_assertions v1.4.1
[INFO] [stderr]    Compiling test-case v3.3.1
[INFO] [stderr]    Compiling serde v1.0.228
[INFO] [stderr]    Compiling rav1e v0.8.1
[INFO] [stderr]    Compiling wow-mpq v0.7.0
[INFO] [stderr]    Compiling ciborium v0.2.2
[INFO] [stderr]    Compiling tinytemplate v1.2.1
[INFO] [stderr]    Compiling criterion v0.8.2
[INFO] [stderr]    Compiling env_logger v0.11.10
[INFO] [stderr]    Compiling ravif v0.13.0
[INFO] [stderr]    Compiling image v0.25.10
[INFO] [stderr]    Compiling wow-blp v0.7.0
[INFO] [stderr]    Compiling wow-m2 v0.7.0 (/opt/rustwide/workdir)
[INFO] [stderr] error: could not compile `wow-m2` (lib test)
[INFO] [stderr] 
[INFO] [stderr] Caused by:
[INFO] [stderr]   process didn't exit successfully: `/opt/rustwide/rustup-home/toolchains/1.100.0-beta.1-x86_64-unknown-linux-gnu/bin/rustc --crate-name wow_m2 --edition=2024 src/lib.rs --error-format=json --json=diagnostic-rendered-ansi,artifacts,future-incompat,unused-externs-silent --emit=dep-info,link -C embed-bitcode=no -C debuginfo=2 --test --cfg 'feature="default"' --check-cfg 'cfg(docsrs,test)' --check-cfg 'cfg(feature, values("default", "serde", "serde-support"))' -C metadata=b8bf172be47a347e -C extra-filename=-14bd418fab1f2924 --out-dir /opt/rustwide/target/debug/build/wow-m2/14bd418fab1f2924/out -L dependency=/opt/rustwide/target/debug/build/adler2/2f816e3ae979e774/out -L dependency=/opt/rustwide/target/debug/build/aho-corasick/fa94425a423a79cf/out -L dependency=/opt/rustwide/target/debug/build/aligned-vec/7d81b89b1e4cb7de/out -L dependency=/opt/rustwide/target/debug/build/aligned/6f1cd0bf0a9ea945/out -L dependency=/opt/rustwide/target/debug/build/alloca/0f8b692eb5721001/out -L dependency=/opt/rustwide/target/debug/build/allocator-api2/8d9c1e895dea53bd/out -L dependency=/opt/rustwide/target/debug/build/anes/63f0137352460ed3/out -L dependency=/opt/rustwide/target/debug/build/anstream/14b271bd294f0187/out -L dependency=/opt/rustwide/target/debug/build/anstyle-parse/88399b635fc44f8e/out -L dependency=/opt/rustwide/target/debug/build/anstyle-query/635080b1d6343734/out -L dependency=/opt/rustwide/target/debug/build/anstyle/9beaeb754742faae/out -L dependency=/opt/rustwide/target/debug/build/anyhow/9e4c44ac98d8e4ea/out -L dependency=/opt/rustwide/target/debug/build/arg_enum_proc_macro/76911091d97657db/out -L dependency=/opt/rustwide/target/debug/build/arrayvec/09741c597eeba17a/out -L dependency=/opt/rustwide/target/debug/build/as-slice/537619d8d2baee2f/out -L dependency=/opt/rustwide/target/debug/build/av-scenechange/005659b133df52be/out -L dependency=/opt/rustwide/target/debug/build/av1-grain/a07c272601cf9818/out -L dependency=/opt/rustwide/target/debug/build/avif-serialize/ce36c61af03851bb/out -L dependency=/opt/rustwide/target/debug/build/base64ct/050420b1c69ac317/out -L dependency=/opt/rustwide/target/debug/build/bit_field/ac1ccba4a1744749/out -L dependency=/opt/rustwide/target/debug/build/bitflags/db7b9c0337a7ee76/out -L dependency=/opt/rustwide/target/debug/build/bitstream-io/26f7943f094d1f9b/out -L dependency=/opt/rustwide/target/debug/build/block-buffer/bba24321e7b40706/out -L dependency=/opt/rustwide/target/debug/build/bytemuck/690da78adee7b727/out -L dependency=/opt/rustwide/target/debug/build/byteorder-lite/f5df2d14b4488fc7/out -L dependency=/opt/rustwide/target/debug/build/byteorder/8f59b6d1bfdaa844/out -L dependency=/opt/rustwide/target/debug/build/bytes/2ed9460101f17bbf/out -L dependency=/opt/rustwide/target/debug/build/bzip2/a9805c1fc40d5eb6/out -L dependency=/opt/rustwide/target/debug/build/cast/70a90cf59d221123/out -L dependency=/opt/rustwide/target/debug/build/cfg-if/83060ec5685761ae/out -L dependency=/opt/rustwide/target/debug/build/ciborium-io/830fc40686b7b55e/out -L dependency=/opt/rustwide/target/debug/build/ciborium-ll/5c63c7a952db2f1d/out -L dependency=/opt/rustwide/target/debug/build/ciborium/8a9839ed206787be/out -L dependency=/opt/rustwide/target/debug/build/clap/1439bc005e970884/out -L dependency=/opt/rustwide/target/debug/build/clap_builder/33897930e618d2bd/out -L dependency=/opt/rustwide/target/debug/build/clap_derive/301f438ff2d696b4/out -L dependency=/opt/rustwide/target/debug/build/clap_lex/2acbcd0288e51058/out -L dependency=/opt/rustwide/target/debug/build/color_quant/72accfe2cafd1a2d/out -L dependency=/opt/rustwide/target/debug/build/colorchoice/33c0bd1745dd5ace/out -L dependency=/opt/rustwide/target/debug/build/console/e409b2351d21a459/out -L dependency=/opt/rustwide/target/debug/build/const-oid/2aadc73a32842898/out -L dependency=/opt/rustwide/target/debug/build/cpufeatures/e04321643d03190d/out -L dependency=/opt/rustwide/target/debug/build/crc-catalog/229f3d571887ef81/out -L dependency=/opt/rustwide/target/debug/build/crc/c7d92037d8a82253/out -L dependency=/opt/rustwide/target/debug/build/crc32fast/77160f4e25d6fc25/out -L dependency=/opt/rustwide/target/debug/build/criterion-plot/3ffe87c18573e8fb/out -L dependency=/opt/rustwide/target/debug/build/crossbeam-deque/e71c6317821167fb/out -L dependency=/opt/rustwide/target/debug/build/crossbeam-epoch/5fdcd5978a9f0010/out -L dependency=/opt/rustwide/target/debug/build/crossbeam-utils/f696a08ab1e94e7a/out -L dependency=/opt/rustwide/target/debug/build/crypto-common/25561c32e2e433f4/out -L dependency=/opt/rustwide/target/debug/build/der/12e39d39dee0011c/out -L dependency=/opt/rustwide/target/debug/build/diff/10d8c747feeb14cd/out -L dependency=/opt/rustwide/target/debug/build/digest/13a2d86f0d6e2249/out -L dependency=/opt/rustwide/target/debug/build/either/e5ea87bd27ac73a9/out -L dependency=/opt/rustwide/target/debug/build/env_filter/c35722c83c3da5e8/out -L dependency=/opt/rustwide/target/debug/build/equator-macro/aff6d99a0487d826/out -L dependency=/opt/rustwide/target/debug/build/equator/2a74e1e812298f5c/out -L dependency=/opt/rustwide/target/debug/build/equivalent/6a754676e6af62ae/out -L dependency=/opt/rustwide/target/debug/build/exr/bfd7ea4cf802f847/out -L dependency=/opt/rustwide/target/debug/build/fastrand/8c711c36072d5b5b/out -L dependency=/opt/rustwide/target/debug/build/fax/fbd76256aa8fcd1b/out -L dependency=/opt/rustwide/target/debug/build/fdeflate/365b82c780a9e65c/out -L dependency=/opt/rustwide/target/debug/build/flate2/e9daf290354ae655/out -L dependency=/opt/rustwide/target/debug/build/foldhash/3b780c428974a407/out -L dependency=/opt/rustwide/target/debug/build/generic-array/c2fdd0cc081e51ad/out -L dependency=/opt/rustwide/target/debug/build/getrandom/a73f2f085e83d825/out -L dependency=/opt/rustwide/target/debug/build/getrandom/f25a51f78d9871ba/out -L dependency=/opt/rustwide/target/debug/build/getrandom/fb4c32fda73a41c0/out -L dependency=/opt/rustwide/target/debug/build/gif/4f238d76e3d541f2/out -L dependency=/opt/rustwide/target/debug/build/half/a8aee1d0089e428e/out -L dependency=/opt/rustwide/target/debug/build/hashbrown/8b077e4232f7df3f/out -L dependency=/opt/rustwide/target/debug/build/hex/13e08b3b00984ab7/out -L dependency=/opt/rustwide/target/debug/build/image-webp/34e741a8e5524094/out -L dependency=/opt/rustwide/target/debug/build/image/1561e00091cd74ae/out -L dependency=/opt/rustwide/target/debug/build/imgref/6a2c3798daf54080/out -L dependency=/opt/rustwide/target/debug/build/implode/b9b22d857f5db24a/out -L dependency=/opt/rustwide/target/debug/build/indicatif/dfc2e7ec7d17311d/out -L dependency=/opt/rustwide/target/debug/build/is_terminal_polyfill/3ca4268cb2568267/out -L dependency=/opt/rustwide/target/debug/build/itertools/45fb07187528ca00/out -L dependency=/opt/rustwide/target/debug/build/itertools/ab9447b3f188acc5/out -L dependency=/opt/rustwide/target/debug/build/itoa/5de11b3b23bfe572/out -L dependency=/opt/rustwide/target/debug/build/jiff/1d795d1342f91ce6/out -L dependency=/opt/rustwide/target/debug/build/lazy_static/c8a1c7184ffedcfe/out -L dependency=/opt/rustwide/target/debug/build/lebe/4a7d05a8365cd804/out -L dependency=/opt/rustwide/target/debug/build/libbz2-rs-sys/048cf57b60df0fdf/out -L dependency=/opt/rustwide/target/debug/build/libc/612664c2206eec43/out -L dependency=/opt/rustwide/target/debug/build/libm/24398d5f7d3c709c/out -L dependency=/opt/rustwide/target/debug/build/linux-raw-sys/0b6cde911e9a3109/out -L dependency=/opt/rustwide/target/debug/build/lock_api/16d46fed645f7bff/out -L dependency=/opt/rustwide/target/debug/build/log/b262261d47bd2eba/out -L dependency=/opt/rustwide/target/debug/build/loop9/a948d0277f05dc3c/out -L dependency=/opt/rustwide/target/debug/build/lru/ae193350c9c87f2b/out -L dependency=/opt/rustwide/target/debug/build/lzma-rs/5cde99a6f3a1259a/out -L dependency=/opt/rustwide/target/debug/build/maybe-rayon/407d90c6e839395d/out -L dependency=/opt/rustwide/target/debug/build/md-5/f734fdf752897212/out -L dependency=/opt/rustwide/target/debug/build/memchr/5cfa70d22cb32987/out -L dependency=/opt/rustwide/target/debug/build/miniz_oxide/104e9e67e6a07f12/out -L dependency=/opt/rustwide/target/debug/build/moxcms/70a3b652c60dabe8/out -L dependency=/opt/rustwide/target/debug/build/new_debug_unreachable/2bce5da2715432ba/out -L dependency=/opt/rustwide/target/debug/build/no_std_io2/9f91406ba878ba04/out -L dependency=/opt/rustwide/target/debug/build/nom/696c34c2c1e48aba/out -L dependency=/opt/rustwide/target/debug/build/noop_proc_macro/783cacc333e129ad/out -L dependency=/opt/rustwide/target/debug/build/num-bigint-dig/9d8f761ae748d9e0/out -L dependency=/opt/rustwide/target/debug/build/num-bigint/3c4a2495784e9e95/out -L dependency=/opt/rustwide/target/debug/build/num-derive/875667ffff0cbec5/out -L dependency=/opt/rustwide/target/debug/build/num-integer/07332e0feec06b93/out -L dependency=/opt/rustwide/target/debug/build/num-iter/2fd03cf5526e59d2/out -L dependency=/opt/rustwide/target/debug/build/num-rational/5902100436c774d7/out -L dependency=/opt/rustwide/target/debug/build/num-traits/5f5f7eaedd5abb87/out -L dependency=/opt/rustwide/target/debug/build/number_prefix/6b994bedec76f9db/out -L dependency=/opt/rustwide/target/debug/build/once_cell/b5bdc597ed9676b3/out -L dependency=/opt/rustwide/target/debug/build/oorandom/bbba029f9943950a/out -L dependency=/opt/rustwide/target/debug/build/page_size/21f084fa951b38e0/out -L dependency=/opt/rustwide/target/debug/build/parking_lot/31b370593312b428/out -L dependency=/opt/rustwide/target/debug/build/parking_lot_core/3e2cd53e5c1276e9/out -L dependency=/opt/rustwide/target/debug/build/paste/93bf70849a6c6f92/out -L dependency=/opt/rustwide/target/debug/build/pastey/a1bb493e536d1cb2/out -L dependency=/opt/rustwide/target/debug/build/pem-rfc7468/68a26afe4db4273c/out -L dependency=/opt/rustwide/target/debug/build/pkcs1/9134e8fbf9bc43da/out -L dependency=/opt/rustwide/target/debug/build/pkcs8/470b58cefc9cdf9f/out -L dependency=/opt/rustwide/target/debug/build/pklib/a893363ed2ebb990/out -L dependency=/opt/rustwide/target/debug/build/plotters-backend/e249b42882ddb8aa/out -L dependency=/opt/rustwide/target/debug/build/plotters-svg/15366464ccea77c7/out -L dependency=/opt/rustwide/target/debug/build/plotters/a88aa6afbf99804e/out -L dependency=/opt/rustwide/target/debug/build/png/66628c631e615433/out -L dependency=/opt/rustwide/target/debug/build/portable-atomic/b2c3e87a13df7d23/out -L dependency=/opt/rustwide/target/debug/build/ppv-lite86/58f433f5ea119143/out -L dependency=/opt/rustwide/target/debug/build/profiling-procmacros/1a214aba90b35f8c/out -L dependency=/opt/rustwide/target/debug/build/profiling/0976dd1bfacf7883/out -L dependency=/opt/rustwide/target/debug/build/pxfm/fac55e2f4107c2c2/out -L dependency=/opt/rustwide/target/debug/build/qoi/2314e2a23580d32b/out -L dependency=/opt/rustwide/target/debug/build/quick-error/702b385be5f12d4a/out -L dependency=/opt/rustwide/target/debug/build/rand/bb1164d4c5c328c9/out -L dependency=/opt/rustwide/target/debug/build/rand/d49988cda0335b95/out -L dependency=/opt/rustwide/target/debug/build/rand_chacha/13999b5e1c53f50b/out -L dependency=/opt/rustwide/target/debug/build/rand_chacha/8eb4eb9f4bb5df17/out -L dependency=/opt/rustwide/target/debug/build/rand_core/86e43b95b9d88fa9/out -L dependency=/opt/rustwide/target/debug/build/rand_core/b115fb9b5d781658/out -L dependency=/opt/rustwide/target/debug/build/rav1e/d6d9c1d5723b29a4/out -L dependency=/opt/rustwide/target/debug/build/ravif/231a75f7b807f991/out -L dependency=/opt/rustwide/target/debug/build/rayon-core/e986c1d1845fe6c3/out -L dependency=/opt/rustwide/target/debug/build/rayon/debd678a60a7a7eb/out -L dependency=/opt/rustwide/target/debug/build/regex-automata/0e6434fb7d89a300/out -L dependency=/opt/rustwide/target/debug/build/regex-syntax/ed1802775772b5d0/out -L dependency=/opt/rustwide/target/debug/build/regex/1de3dae6a18d5817/out -L dependency=/opt/rustwide/target/debug/build/rgb/938bd2eae0856c3c/out -L dependency=/opt/rustwide/target/debug/build/rsa/cdf75b753de307a9/out -L dependency=/opt/rustwide/target/debug/build/rustix/66eac2e94111ec6f/out -L dependency=/opt/rustwide/target/debug/build/same-file/ff49545450c0b63c/out -L dependency=/opt/rustwide/target/debug/build/scopeguard/7ec2214574194454/out -L dependency=/opt/rustwide/target/debug/build/serde/caa2927f6ac17698/out -L dependency=/opt/rustwide/target/debug/build/serde_core/21f22ac7b803fb0e/out -L dependency=/opt/rustwide/target/debug/build/serde_derive/9a3db4cdefa8c710/out -L dependency=/opt/rustwide/target/debug/build/serde_json/fb82e8c4c7fba6a4/out -L dependency=/opt/rustwide/target/debug/build/sha1/e4dcc1fe9923b566/out -L dependency=/opt/rustwide/target/debug/build/signature/76e82c345d9c6548/out -L dependency=/opt/rustwide/target/debug/build/simd-adler32/4fe6a09bed41f873/out -L dependency=/opt/rustwide/target/debug/build/simd_helpers/37f1a1042947a84a/out -L dependency=/opt/rustwide/target/debug/build/smallvec/c4b0763233bab5f9/out -L dependency=/opt/rustwide/target/debug/build/spin/77da57a1b47d23a3/out -L dependency=/opt/rustwide/target/debug/build/spki/bc92a942e2b17e04/out -L dependency=/opt/rustwide/target/debug/build/stable_deref_trait/63cbf3f3d3f94e56/out -L dependency=/opt/rustwide/target/debug/build/strsim/4d1ed08a123238dc/out -L dependency=/opt/rustwide/target/debug/build/subtle/2ae6a7038b9a0630/out -L dependency=/opt/rustwide/target/debug/build/tempfile/50ad8fd3a6f486c7/out -L dependency=/opt/rustwide/target/debug/build/test-case-macros/c35764b9e8c3f110/out -L dependency=/opt/rustwide/target/debug/build/texpresso/05ca23cd89ea93c9/out -L dependency=/opt/rustwide/target/debug/build/thiserror-impl/84339e09a5fa1f35/out -L dependency=/opt/rustwide/target/debug/build/thiserror/05226581c75f1270/out -L dependency=/opt/rustwide/target/debug/build/tiff/08009da8133c0a0b/out -L dependency=/opt/rustwide/target/debug/build/tinytemplate/86149bf774eaf2db/out -L dependency=/opt/rustwide/target/debug/build/typenum/ec75592541d0a339/out -L dependency=/opt/rustwide/target/debug/build/unicode-width/c0be3735b741df1b/out -L dependency=/opt/rustwide/target/debug/build/utf8parse/92d0158219063202/out -L dependency=/opt/rustwide/target/debug/build/v_frame/726e8a26ea7e0549/out -L dependency=/opt/rustwide/target/debug/build/walkdir/7cc6f300a6f0bf06/out -L dependency=/opt/rustwide/target/debug/build/weezl/c14ee9b06cdfb3f7/out -L dependency=/opt/rustwide/target/debug/build/y4m/a07076ccebfe9a77/out -L dependency=/opt/rustwide/target/debug/build/yansi/507ce30ee68cef00/out -L dependency=/opt/rustwide/target/debug/build/zerocopy-derive/a94ff3b4002b1bee/out -L dependency=/opt/rustwide/target/debug/build/zerocopy/49b93d76a9c781c6/out -L dependency=/opt/rustwide/target/debug/build/zeroize/7f213bea776ca5b6/out -L dependency=/opt/rustwide/target/debug/build/zmij/ef63f1da73704b4c/out -L dependency=/opt/rustwide/target/debug/build/zune-core/1e52e593f0022a9f/out -L dependency=/opt/rustwide/target/debug/build/zune-inflate/8f8272271a7d0b96/out -L dependency=/opt/rustwide/target/debug/build/zune-jpeg/ecb95bf532f6a64f/out --extern anyhow=/opt/rustwide/target/debug/build/anyhow/9e4c44ac98d8e4ea/out/libanyhow-9e4c44ac98d8e4ea.rlib --extern bitflags=/opt/rustwide/target/debug/build/bitflags/db7b9c0337a7ee76/out/libbitflags-db7b9c0337a7ee76.rlib --extern bytes=/opt/rustwide/target/debug/build/bytes/2ed9460101f17bbf/out/libbytes-2ed9460101f17bbf.rlib --extern criterion=/opt/rustwide/target/debug/build/criterion/75471b1b1482cce7/out/libcriterion-75471b1b1482cce7.rlib --extern env_logger=/opt/rustwide/target/debug/build/env_logger/0e44e248830ec3db/out/libenv_logger-0e44e248830ec3db.rlib --extern glam=/opt/rustwide/target/debug/build/glam/edb3bf58604d9ec9/out/libglam-edb3bf58604d9ec9.rlib --extern log=/opt/rustwide/target/debug/build/log/b262261d47bd2eba/out/liblog-b262261d47bd2eba.rlib --extern memchr=/opt/rustwide/target/debug/build/memchr/5cfa70d22cb32987/out/libmemchr-5cfa70d22cb32987.rlib --extern pretty_assertions=/opt/rustwide/target/debug/build/pretty_assertions/f9155d341562357e/out/libpretty_assertions-f9155d341562357e.rlib --extern serde=/opt/rustwide/target/debug/build/serde/caa2927f6ac17698/out/libserde-caa2927f6ac17698.rlib --extern serde_json=/opt/rustwide/target/debug/build/serde_json/fb82e8c4c7fba6a4/out/libserde_json-fb82e8c4c7fba6a4.rlib --extern tempfile=/opt/rustwide/target/debug/build/tempfile/50ad8fd3a6f486c7/out/libtempfile-50ad8fd3a6f486c7.rlib --extern test_case=/opt/rustwide/target/debug/build/test-case/6e3d583494309529/out/libtest_case-6e3d583494309529.rlib --extern thiserror=/opt/rustwide/target/debug/build/thiserror/05226581c75f1270/out/libthiserror-05226581c75f1270.rlib --extern wow_blp=/opt/rustwide/target/debug/build/wow-blp/e07add8823ee34d6/out/libwow_blp-e07add8823ee34d6.rlib --extern wow_mpq=/opt/rustwide/target/debug/build/wow-mpq/a41b79be3d693af6/out/libwow_mpq-a41b79be3d693af6.rlib --cap-lints=warn --force-warn=unused_crate_dependencies -L native=/opt/rustwide/target/debug/build/alloca/23c84cc01ed8d7cd/out` (signal: 9, SIGKILL: kill)
[INFO] [stderr] warning: build failed, waiting for other jobs to finish...
[INFO] [stderr] error: could not compile `wow-m2` (example "convert_model")
[INFO] [stderr] 
[INFO] [stderr] Caused by:
[INFO] [stderr]   process didn't exit successfully: `/opt/rustwide/rustup-home/toolchains/1.100.0-beta.1-x86_64-unknown-linux-gnu/bin/rustc --crate-name convert_model --edition=2024 examples/convert_model.rs --error-format=json --json=diagnostic-rendered-ansi,artifacts,future-incompat,unused-externs-silent --crate-type bin --emit=dep-info,link -C embed-bitcode=no -C debuginfo=2 --cfg 'feature="default"' --check-cfg 'cfg(docsrs,test)' --check-cfg 'cfg(feature, values("default", "serde", "serde-support"))' -C metadata=b526f4f05d900d6a --out-dir /opt/rustwide/target/debug/build/wow-m2/75985a2a0d36c649/out -L dependency=/opt/rustwide/target/debug/build/adler2/2f816e3ae979e774/out -L dependency=/opt/rustwide/target/debug/build/aho-corasick/fa94425a423a79cf/out -L dependency=/opt/rustwide/target/debug/build/aligned-vec/7d81b89b1e4cb7de/out -L dependency=/opt/rustwide/target/debug/build/aligned/6f1cd0bf0a9ea945/out -L dependency=/opt/rustwide/target/debug/build/alloca/0f8b692eb5721001/out -L dependency=/opt/rustwide/target/debug/build/allocator-api2/8d9c1e895dea53bd/out -L dependency=/opt/rustwide/target/debug/build/anes/63f0137352460ed3/out -L dependency=/opt/rustwide/target/debug/build/anstream/14b271bd294f0187/out -L dependency=/opt/rustwide/target/debug/build/anstyle-parse/88399b635fc44f8e/out -L dependency=/opt/rustwide/target/debug/build/anstyle-query/635080b1d6343734/out -L dependency=/opt/rustwide/target/debug/build/anstyle/9beaeb754742faae/out -L dependency=/opt/rustwide/target/debug/build/anyhow/9e4c44ac98d8e4ea/out -L dependency=/opt/rustwide/target/debug/build/arg_enum_proc_macro/76911091d97657db/out -L dependency=/opt/rustwide/target/debug/build/arrayvec/09741c597eeba17a/out -L dependency=/opt/rustwide/target/debug/build/as-slice/537619d8d2baee2f/out -L dependency=/opt/rustwide/target/debug/build/av-scenechange/005659b133df52be/out -L dependency=/opt/rustwide/target/debug/build/av1-grain/a07c272601cf9818/out -L dependency=/opt/rustwide/target/debug/build/avif-serialize/ce36c61af03851bb/out -L dependency=/opt/rustwide/target/debug/build/base64ct/050420b1c69ac317/out -L dependency=/opt/rustwide/target/debug/build/bit_field/ac1ccba4a1744749/out -L dependency=/opt/rustwide/target/debug/build/bitflags/db7b9c0337a7ee76/out -L dependency=/opt/rustwide/target/debug/build/bitstream-io/26f7943f094d1f9b/out -L dependency=/opt/rustwide/target/debug/build/block-buffer/bba24321e7b40706/out -L dependency=/opt/rustwide/target/debug/build/bytemuck/690da78adee7b727/out -L dependency=/opt/rustwide/target/debug/build/byteorder-lite/f5df2d14b4488fc7/out -L dependency=/opt/rustwide/target/debug/build/byteorder/8f59b6d1bfdaa844/out -L dependency=/opt/rustwide/target/debug/build/bytes/2ed9460101f17bbf/out -L dependency=/opt/rustwide/target/debug/build/bzip2/a9805c1fc40d5eb6/out -L dependency=/opt/rustwide/target/debug/build/cast/70a90cf59d221123/out -L dependency=/opt/rustwide/target/debug/build/cfg-if/83060ec5685761ae/out -L dependency=/opt/rustwide/target/debug/build/ciborium-io/830fc40686b7b55e/out -L dependency=/opt/rustwide/target/debug/build/ciborium-ll/5c63c7a952db2f1d/out -L dependency=/opt/rustwide/target/debug/build/ciborium/8a9839ed206787be/out -L dependency=/opt/rustwide/target/debug/build/clap/1439bc005e970884/out -L dependency=/opt/rustwide/target/debug/build/clap_builder/33897930e618d2bd/out -L dependency=/opt/rustwide/target/debug/build/clap_derive/301f438ff2d696b4/out -L dependency=/opt/rustwide/target/debug/build/clap_lex/2acbcd0288e51058/out -L dependency=/opt/rustwide/target/debug/build/color_quant/72accfe2cafd1a2d/out -L dependency=/opt/rustwide/target/debug/build/colorchoice/33c0bd1745dd5ace/out -L dependency=/opt/rustwide/target/debug/build/console/e409b2351d21a459/out -L dependency=/opt/rustwide/target/debug/build/const-oid/2aadc73a32842898/out -L dependency=/opt/rustwide/target/debug/build/cpufeatures/e04321643d03190d/out -L dependency=/opt/rustwide/target/debug/build/crc-catalog/229f3d571887ef81/out -L dependency=/opt/rustwide/target/debug/build/crc/c7d92037d8a82253/out -L dependency=/opt/rustwide/target/debug/build/crc32fast/77160f4e25d6fc25/out -L dependency=/opt/rustwide/target/debug/build/criterion-plot/3ffe87c18573e8fb/out -L dependency=/opt/rustwide/target/debug/build/crossbeam-deque/e71c6317821167fb/out -L dependency=/opt/rustwide/target/debug/build/crossbeam-epoch/5fdcd5978a9f0010/out -L dependency=/opt/rustwide/target/debug/build/crossbeam-utils/f696a08ab1e94e7a/out -L dependency=/opt/rustwide/target/debug/build/crypto-common/25561c32e2e433f4/out -L dependency=/opt/rustwide/target/debug/build/der/12e39d39dee0011c/out -L dependency=/opt/rustwide/target/debug/build/diff/10d8c747feeb14cd/out -L dependency=/opt/rustwide/target/debug/build/digest/13a2d86f0d6e2249/out -L dependency=/opt/rustwide/target/debug/build/either/e5ea87bd27ac73a9/out -L dependency=/opt/rustwide/target/debug/build/env_filter/c35722c83c3da5e8/out -L dependency=/opt/rustwide/target/debug/build/equator-macro/aff6d99a0487d826/out -L dependency=/opt/rustwide/target/debug/build/equator/2a74e1e812298f5c/out -L dependency=/opt/rustwide/target/debug/build/equivalent/6a754676e6af62ae/out -L dependency=/opt/rustwide/target/debug/build/exr/bfd7ea4cf802f847/out -L dependency=/opt/rustwide/target/debug/build/fastrand/8c711c36072d5b5b/out -L dependency=/opt/rustwide/target/debug/build/fax/fbd76256aa8fcd1b/out -L dependency=/opt/rustwide/target/debug/build/fdeflate/365b82c780a9e65c/out -L dependency=/opt/rustwide/target/debug/build/flate2/e9daf290354ae655/out -L dependency=/opt/rustwide/target/debug/build/foldhash/3b780c428974a407/out -L dependency=/opt/rustwide/target/debug/build/generic-array/c2fdd0cc081e51ad/out -L dependency=/opt/rustwide/target/debug/build/getrandom/a73f2f085e83d825/out -L dependency=/opt/rustwide/target/debug/build/getrandom/f25a51f78d9871ba/out -L dependency=/opt/rustwide/target/debug/build/getrandom/fb4c32fda73a41c0/out -L dependency=/opt/rustwide/target/debug/build/gif/4f238d76e3d541f2/out -L dependency=/opt/rustwide/target/debug/build/glam/edb3bf58604d9ec9/out -L dependency=/opt/rustwide/target/debug/build/half/a8aee1d0089e428e/out -L dependency=/opt/rustwide/target/debug/build/hashbrown/8b077e4232f7df3f/out -L dependency=/opt/rustwide/target/debug/build/hex/13e08b3b00984ab7/out -L dependency=/opt/rustwide/target/debug/build/image-webp/34e741a8e5524094/out -L dependency=/opt/rustwide/target/debug/build/image/1561e00091cd74ae/out -L dependency=/opt/rustwide/target/debug/build/imgref/6a2c3798daf54080/out -L dependency=/opt/rustwide/target/debug/build/implode/b9b22d857f5db24a/out -L dependency=/opt/rustwide/target/debug/build/indicatif/dfc2e7ec7d17311d/out -L dependency=/opt/rustwide/target/debug/build/is_terminal_polyfill/3ca4268cb2568267/out -L dependency=/opt/rustwide/target/debug/build/itertools/45fb07187528ca00/out -L dependency=/opt/rustwide/target/debug/build/itertools/ab9447b3f188acc5/out -L dependency=/opt/rustwide/target/debug/build/itoa/5de11b3b23bfe572/out -L dependency=/opt/rustwide/target/debug/build/jiff/1d795d1342f91ce6/out -L dependency=/opt/rustwide/target/debug/build/lazy_static/c8a1c7184ffedcfe/out -L dependency=/opt/rustwide/target/debug/build/lebe/4a7d05a8365cd804/out -L dependency=/opt/rustwide/target/debug/build/libbz2-rs-sys/048cf57b60df0fdf/out -L dependency=/opt/rustwide/target/debug/build/libc/612664c2206eec43/out -L dependency=/opt/rustwide/target/debug/build/libm/24398d5f7d3c709c/out -L dependency=/opt/rustwide/target/debug/build/linux-raw-sys/0b6cde911e9a3109/out -L dependency=/opt/rustwide/target/debug/build/lock_api/16d46fed645f7bff/out -L dependency=/opt/rustwide/target/debug/build/log/b262261d47bd2eba/out -L dependency=/opt/rustwide/target/debug/build/loop9/a948d0277f05dc3c/out -L dependency=/opt/rustwide/target/debug/build/lru/ae193350c9c87f2b/out -L dependency=/opt/rustwide/target/debug/build/lzma-rs/5cde99a6f3a1259a/out -L dependency=/opt/rustwide/target/debug/build/maybe-rayon/407d90c6e839395d/out -L dependency=/opt/rustwide/target/debug/build/md-5/f734fdf752897212/out -L dependency=/opt/rustwide/target/debug/build/memchr/5cfa70d22cb32987/out -L dependency=/opt/rustwide/target/debug/build/miniz_oxide/104e9e67e6a07f12/out -L dependency=/opt/rustwide/target/debug/build/moxcms/70a3b652c60dabe8/out -L dependency=/opt/rustwide/target/debug/build/new_debug_unreachable/2bce5da2715432ba/out -L dependency=/opt/rustwide/target/debug/build/no_std_io2/9f91406ba878ba04/out -L dependency=/opt/rustwide/target/debug/build/nom/696c34c2c1e48aba/out -L dependency=/opt/rustwide/target/debug/build/noop_proc_macro/783cacc333e129ad/out -L dependency=/opt/rustwide/target/debug/build/num-bigint-dig/9d8f761ae748d9e0/out -L dependency=/opt/rustwide/target/debug/build/num-bigint/3c4a2495784e9e95/out -L dependency=/opt/rustwide/target/debug/build/num-derive/875667ffff0cbec5/out -L dependency=/opt/rustwide/target/debug/build/num-integer/07332e0feec06b93/out -L dependency=/opt/rustwide/target/debug/build/num-iter/2fd03cf5526e59d2/out -L dependency=/opt/rustwide/target/debug/build/num-rational/5902100436c774d7/out -L dependency=/opt/rustwide/target/debug/build/num-traits/5f5f7eaedd5abb87/out -L dependency=/opt/rustwide/target/debug/build/number_prefix/6b994bedec76f9db/out -L dependency=/opt/rustwide/target/debug/build/once_cell/b5bdc597ed9676b3/out -L dependency=/opt/rustwide/target/debug/build/oorandom/bbba029f9943950a/out -L dependency=/opt/rustwide/target/debug/build/page_size/21f084fa951b38e0/out -L dependency=/opt/rustwide/target/debug/build/parking_lot/31b370593312b428/out -L dependency=/opt/rustwide/target/debug/build/parking_lot_core/3e2cd53e5c1276e9/out -L dependency=/opt/rustwide/target/debug/build/paste/93bf70849a6c6f92/out -L dependency=/opt/rustwide/target/debug/build/pastey/a1bb493e536d1cb2/out -L dependency=/opt/rustwide/target/debug/build/pem-rfc7468/68a26afe4db4273c/out -L dependency=/opt/rustwide/target/debug/build/pkcs1/9134e8fbf9bc43da/out -L dependency=/opt/rustwide/target/debug/build/pkcs8/470b58cefc9cdf9f/out -L dependency=/opt/rustwide/target/debug/build/pklib/a893363ed2ebb990/out -L dependency=/opt/rustwide/target/debug/build/plotters-backend/e249b42882ddb8aa/out -L dependency=/opt/rustwide/target/debug/build/plotters-svg/15366464ccea77c7/out -L dependency=/opt/rustwide/target/debug/build/plotters/a88aa6afbf99804e/out -L dependency=/opt/rustwide/target/debug/build/png/66628c631e615433/out -L dependency=/opt/rustwide/target/debug/build/portable-atomic/b2c3e87a13df7d23/out -L dependency=/opt/rustwide/target/debug/build/ppv-lite86/58f433f5ea119143/out -L dependency=/opt/rustwide/target/debug/build/profiling-procmacros/1a214aba90b35f8c/out -L dependency=/opt/rustwide/target/debug/build/profiling/0976dd1bfacf7883/out -L dependency=/opt/rustwide/target/debug/build/pxfm/fac55e2f4107c2c2/out -L dependency=/opt/rustwide/target/debug/build/qoi/2314e2a23580d32b/out -L dependency=/opt/rustwide/target/debug/build/quick-error/702b385be5f12d4a/out -L dependency=/opt/rustwide/target/debug/build/rand/bb1164d4c5c328c9/out -L dependency=/opt/rustwide/target/debug/build/rand/d49988cda0335b95/out -L dependency=/opt/rustwide/target/debug/build/rand_chacha/13999b5e1c53f50b/out -L dependency=/opt/rustwide/target/debug/build/rand_chacha/8eb4eb9f4bb5df17/out -L dependency=/opt/rustwide/target/debug/build/rand_core/86e43b95b9d88fa9/out -L dependency=/opt/rustwide/target/debug/build/rand_core/b115fb9b5d781658/out -L dependency=/opt/rustwide/target/debug/build/rav1e/d6d9c1d5723b29a4/out -L dependency=/opt/rustwide/target/debug/build/ravif/231a75f7b807f991/out -L dependency=/opt/rustwide/target/debug/build/rayon-core/e986c1d1845fe6c3/out -L dependency=/opt/rustwide/target/debug/build/rayon/debd678a60a7a7eb/out -L dependency=/opt/rustwide/target/debug/build/regex-automata/0e6434fb7d89a300/out -L dependency=/opt/rustwide/target/debug/build/regex-syntax/ed1802775772b5d0/out -L dependency=/opt/rustwide/target/debug/build/regex/1de3dae6a18d5817/out -L dependency=/opt/rustwide/target/debug/build/rgb/938bd2eae0856c3c/out -L dependency=/opt/rustwide/target/debug/build/rsa/cdf75b753de307a9/out -L dependency=/opt/rustwide/target/debug/build/rustix/66eac2e94111ec6f/out -L dependency=/opt/rustwide/target/debug/build/same-file/ff49545450c0b63c/out -L dependency=/opt/rustwide/target/debug/build/scopeguard/7ec2214574194454/out -L dependency=/opt/rustwide/target/debug/build/serde/caa2927f6ac17698/out -L dependency=/opt/rustwide/target/debug/build/serde_core/21f22ac7b803fb0e/out -L dependency=/opt/rustwide/target/debug/build/serde_derive/9a3db4cdefa8c710/out -L dependency=/opt/rustwide/target/debug/build/serde_json/fb82e8c4c7fba6a4/out -L dependency=/opt/rustwide/target/debug/build/sha1/e4dcc1fe9923b566/out -L dependency=/opt/rustwide/target/debug/build/signature/76e82c345d9c6548/out -L dependency=/opt/rustwide/target/debug/build/simd-adler32/4fe6a09bed41f873/out -L dependency=/opt/rustwide/target/debug/build/simd_helpers/37f1a1042947a84a/out -L dependency=/opt/rustwide/target/debug/build/smallvec/c4b0763233bab5f9/out -L dependency=/opt/rustwide/target/debug/build/spin/77da57a1b47d23a3/out -L dependency=/opt/rustwide/target/debug/build/spki/bc92a942e2b17e04/out -L dependency=/opt/rustwide/target/debug/build/stable_deref_trait/63cbf3f3d3f94e56/out -L dependency=/opt/rustwide/target/debug/build/strsim/4d1ed08a123238dc/out -L dependency=/opt/rustwide/target/debug/build/subtle/2ae6a7038b9a0630/out -L dependency=/opt/rustwide/target/debug/build/tempfile/50ad8fd3a6f486c7/out -L dependency=/opt/rustwide/target/debug/build/test-case-macros/c35764b9e8c3f110/out -L dependency=/opt/rustwide/target/debug/build/texpresso/05ca23cd89ea93c9/out -L dependency=/opt/rustwide/target/debug/build/thiserror-impl/84339e09a5fa1f35/out -L dependency=/opt/rustwide/target/debug/build/thiserror/05226581c75f1270/out -L dependency=/opt/rustwide/target/debug/build/tiff/08009da8133c0a0b/out -L dependency=/opt/rustwide/target/debug/build/tinytemplate/86149bf774eaf2db/out -L dependency=/opt/rustwide/target/debug/build/typenum/ec75592541d0a339/out -L dependency=/opt/rustwide/target/debug/build/unicode-width/c0be3735b741df1b/out -L dependency=/opt/rustwide/target/debug/build/utf8parse/92d0158219063202/out -L dependency=/opt/rustwide/target/debug/build/v_frame/726e8a26ea7e0549/out -L dependency=/opt/rustwide/target/debug/build/walkdir/7cc6f300a6f0bf06/out -L dependency=/opt/rustwide/target/debug/build/weezl/c14ee9b06cdfb3f7/out -L dependency=/opt/rustwide/target/debug/build/wow-blp/e07add8823ee34d6/out -L dependency=/opt/rustwide/target/debug/build/y4m/a07076ccebfe9a77/out -L dependency=/opt/rustwide/target/debug/build/yansi/507ce30ee68cef00/out -L dependency=/opt/rustwide/target/debug/build/zerocopy-derive/a94ff3b4002b1bee/out -L dependency=/opt/rustwide/target/debug/build/zerocopy/49b93d76a9c781c6/out -L dependency=/opt/rustwide/target/debug/build/zeroize/7f213bea776ca5b6/out -L dependency=/opt/rustwide/target/debug/build/zmij/ef63f1da73704b4c/out -L dependency=/opt/rustwide/target/debug/build/zune-core/1e52e593f0022a9f/out -L dependency=/opt/rustwide/target/debug/build/zune-inflate/8f8272271a7d0b96/out -L dependency=/opt/rustwide/target/debug/build/zune-jpeg/ecb95bf532f6a64f/out --extern anyhow=/opt/rustwide/target/debug/build/anyhow/9e4c44ac98d8e4ea/out/libanyhow-9e4c44ac98d8e4ea.rlib --extern bitflags=/opt/rustwide/target/debug/build/bitflags/db7b9c0337a7ee76/out/libbitflags-db7b9c0337a7ee76.rlib --extern bytes=/opt/rustwide/target/debug/build/bytes/2ed9460101f17bbf/out/libbytes-2ed9460101f17bbf.rlib --extern criterion=/opt/rustwide/target/debug/build/criterion/75471b1b1482cce7/out/libcriterion-75471b1b1482cce7.rlib --extern env_logger=/opt/rustwide/target/debug/build/env_logger/0e44e248830ec3db/out/libenv_logger-0e44e248830ec3db.rlib --extern glam=/opt/rustwide/target/debug/build/glam/edb3bf58604d9ec9/out/libglam-edb3bf58604d9ec9.rlib --extern log=/opt/rustwide/target/debug/build/log/b262261d47bd2eba/out/liblog-b262261d47bd2eba.rlib --extern memchr=/opt/rustwide/target/debug/build/memchr/5cfa70d22cb32987/out/libmemchr-5cfa70d22cb32987.rlib --extern pretty_assertions=/opt/rustwide/target/debug/build/pretty_assertions/f9155d341562357e/out/libpretty_assertions-f9155d341562357e.rlib --extern serde=/opt/rustwide/target/debug/build/serde/caa2927f6ac17698/out/libserde-caa2927f6ac17698.rlib --extern serde_json=/opt/rustwide/target/debug/build/serde_json/fb82e8c4c7fba6a4/out/libserde_json-fb82e8c4c7fba6a4.rlib --extern tempfile=/opt/rustwide/target/debug/build/tempfile/50ad8fd3a6f486c7/out/libtempfile-50ad8fd3a6f486c7.rlib --extern test_case=/opt/rustwide/target/debug/build/test-case/6e3d583494309529/out/libtest_case-6e3d583494309529.rlib --extern thiserror=/opt/rustwide/target/debug/build/thiserror/05226581c75f1270/out/libthiserror-05226581c75f1270.rlib --extern wow_blp=/opt/rustwide/target/debug/build/wow-blp/e07add8823ee34d6/out/libwow_blp-e07add8823ee34d6.rlib --extern wow_m2=/opt/rustwide/target/debug/build/wow-m2/790c6b1795967f69/out/libwow_m2-790c6b1795967f69.rlib --extern wow_mpq=/opt/rustwide/target/debug/build/wow-mpq/a41b79be3d693af6/out/libwow_mpq-a41b79be3d693af6.rlib --cap-lints=warn --force-warn=unused_crate_dependencies -L native=/opt/rustwide/target/debug/build/alloca/23c84cc01ed8d7cd/out` (signal: 9, SIGKILL: kill)
[INFO] [stderr] error: could not compile `wow-m2` (example "test_vanilla_roundtrip")
[INFO] [stderr] 
[INFO] [stderr] Caused by:
[INFO] [stderr]   process didn't exit successfully: `/opt/rustwide/rustup-home/toolchains/1.100.0-beta.1-x86_64-unknown-linux-gnu/bin/rustc --crate-name test_vanilla_roundtrip --edition=2024 examples/test_vanilla_roundtrip.rs --error-format=json --json=diagnostic-rendered-ansi,artifacts,future-incompat,unused-externs-silent --crate-type bin --emit=dep-info,link -C embed-bitcode=no -C debuginfo=2 --cfg 'feature="default"' --check-cfg 'cfg(docsrs,test)' --check-cfg 'cfg(feature, values("default", "serde", "serde-support"))' -C metadata=a322737c0d3b901b --out-dir /opt/rustwide/target/debug/build/wow-m2/b47d52ccbf384a54/out -L dependency=/opt/rustwide/target/debug/build/adler2/2f816e3ae979e774/out -L dependency=/opt/rustwide/target/debug/build/aho-corasick/fa94425a423a79cf/out -L dependency=/opt/rustwide/target/debug/build/aligned-vec/7d81b89b1e4cb7de/out -L dependency=/opt/rustwide/target/debug/build/aligned/6f1cd0bf0a9ea945/out -L dependency=/opt/rustwide/target/debug/build/alloca/0f8b692eb5721001/out -L dependency=/opt/rustwide/target/debug/build/allocator-api2/8d9c1e895dea53bd/out -L dependency=/opt/rustwide/target/debug/build/anes/63f0137352460ed3/out -L dependency=/opt/rustwide/target/debug/build/anstream/14b271bd294f0187/out -L dependency=/opt/rustwide/target/debug/build/anstyle-parse/88399b635fc44f8e/out -L dependency=/opt/rustwide/target/debug/build/anstyle-query/635080b1d6343734/out -L dependency=/opt/rustwide/target/debug/build/anstyle/9beaeb754742faae/out -L dependency=/opt/rustwide/target/debug/build/anyhow/9e4c44ac98d8e4ea/out -L dependency=/opt/rustwide/target/debug/build/arg_enum_proc_macro/76911091d97657db/out -L dependency=/opt/rustwide/target/debug/build/arrayvec/09741c597eeba17a/out -L dependency=/opt/rustwide/target/debug/build/as-slice/537619d8d2baee2f/out -L dependency=/opt/rustwide/target/debug/build/av-scenechange/005659b133df52be/out -L dependency=/opt/rustwide/target/debug/build/av1-grain/a07c272601cf9818/out -L dependency=/opt/rustwide/target/debug/build/avif-serialize/ce36c61af03851bb/out -L dependency=/opt/rustwide/target/debug/build/base64ct/050420b1c69ac317/out -L dependency=/opt/rustwide/target/debug/build/bit_field/ac1ccba4a1744749/out -L dependency=/opt/rustwide/target/debug/build/bitflags/db7b9c0337a7ee76/out -L dependency=/opt/rustwide/target/debug/build/bitstream-io/26f7943f094d1f9b/out -L dependency=/opt/rustwide/target/debug/build/block-buffer/bba24321e7b40706/out -L dependency=/opt/rustwide/target/debug/build/bytemuck/690da78adee7b727/out -L dependency=/opt/rustwide/target/debug/build/byteorder-lite/f5df2d14b4488fc7/out -L dependency=/opt/rustwide/target/debug/build/byteorder/8f59b6d1bfdaa844/out -L dependency=/opt/rustwide/target/debug/build/bytes/2ed9460101f17bbf/out -L dependency=/opt/rustwide/target/debug/build/bzip2/a9805c1fc40d5eb6/out -L dependency=/opt/rustwide/target/debug/build/cast/70a90cf59d221123/out -L dependency=/opt/rustwide/target/debug/build/cfg-if/83060ec5685761ae/out -L dependency=/opt/rustwide/target/debug/build/ciborium-io/830fc40686b7b55e/out -L dependency=/opt/rustwide/target/debug/build/ciborium-ll/5c63c7a952db2f1d/out -L dependency=/opt/rustwide/target/debug/build/ciborium/8a9839ed206787be/out -L dependency=/opt/rustwide/target/debug/build/clap/1439bc005e970884/out -L dependency=/opt/rustwide/target/debug/build/clap_builder/33897930e618d2bd/out -L dependency=/opt/rustwide/target/debug/build/clap_derive/301f438ff2d696b4/out -L dependency=/opt/rustwide/target/debug/build/clap_lex/2acbcd0288e51058/out -L dependency=/opt/rustwide/target/debug/build/color_quant/72accfe2cafd1a2d/out -L dependency=/opt/rustwide/target/debug/build/colorchoice/33c0bd1745dd5ace/out -L dependency=/opt/rustwide/target/debug/build/console/e409b2351d21a459/out -L dependency=/opt/rustwide/target/debug/build/const-oid/2aadc73a32842898/out -L dependency=/opt/rustwide/target/debug/build/cpufeatures/e04321643d03190d/out -L dependency=/opt/rustwide/target/debug/build/crc-catalog/229f3d571887ef81/out -L dependency=/opt/rustwide/target/debug/build/crc/c7d92037d8a82253/out -L dependency=/opt/rustwide/target/debug/build/crc32fast/77160f4e25d6fc25/out -L dependency=/opt/rustwide/target/debug/build/criterion-plot/3ffe87c18573e8fb/out -L dependency=/opt/rustwide/target/debug/build/crossbeam-deque/e71c6317821167fb/out -L dependency=/opt/rustwide/target/debug/build/crossbeam-epoch/5fdcd5978a9f0010/out -L dependency=/opt/rustwide/target/debug/build/crossbeam-utils/f696a08ab1e94e7a/out -L dependency=/opt/rustwide/target/debug/build/crypto-common/25561c32e2e433f4/out -L dependency=/opt/rustwide/target/debug/build/der/12e39d39dee0011c/out -L dependency=/opt/rustwide/target/debug/build/diff/10d8c747feeb14cd/out -L dependency=/opt/rustwide/target/debug/build/digest/13a2d86f0d6e2249/out -L dependency=/opt/rustwide/target/debug/build/either/e5ea87bd27ac73a9/out -L dependency=/opt/rustwide/target/debug/build/env_filter/c35722c83c3da5e8/out -L dependency=/opt/rustwide/target/debug/build/equator-macro/aff6d99a0487d826/out -L dependency=/opt/rustwide/target/debug/build/equator/2a74e1e812298f5c/out -L dependency=/opt/rustwide/target/debug/build/equivalent/6a754676e6af62ae/out -L dependency=/opt/rustwide/target/debug/build/exr/bfd7ea4cf802f847/out -L dependency=/opt/rustwide/target/debug/build/fastrand/8c711c36072d5b5b/out -L dependency=/opt/rustwide/target/debug/build/fax/fbd76256aa8fcd1b/out -L dependency=/opt/rustwide/target/debug/build/fdeflate/365b82c780a9e65c/out -L dependency=/opt/rustwide/target/debug/build/flate2/e9daf290354ae655/out -L dependency=/opt/rustwide/target/debug/build/foldhash/3b780c428974a407/out -L dependency=/opt/rustwide/target/debug/build/generic-array/c2fdd0cc081e51ad/out -L dependency=/opt/rustwide/target/debug/build/getrandom/a73f2f085e83d825/out -L dependency=/opt/rustwide/target/debug/build/getrandom/f25a51f78d9871ba/out -L dependency=/opt/rustwide/target/debug/build/getrandom/fb4c32fda73a41c0/out -L dependency=/opt/rustwide/target/debug/build/gif/4f238d76e3d541f2/out -L dependency=/opt/rustwide/target/debug/build/glam/edb3bf58604d9ec9/out -L dependency=/opt/rustwide/target/debug/build/half/a8aee1d0089e428e/out -L dependency=/opt/rustwide/target/debug/build/hashbrown/8b077e4232f7df3f/out -L dependency=/opt/rustwide/target/debug/build/hex/13e08b3b00984ab7/out -L dependency=/opt/rustwide/target/debug/build/image-webp/34e741a8e5524094/out -L dependency=/opt/rustwide/target/debug/build/image/1561e00091cd74ae/out -L dependency=/opt/rustwide/target/debug/build/imgref/6a2c3798daf54080/out -L dependency=/opt/rustwide/target/debug/build/implode/b9b22d857f5db24a/out -L dependency=/opt/rustwide/target/debug/build/indicatif/dfc2e7ec7d17311d/out -L dependency=/opt/rustwide/target/debug/build/is_terminal_polyfill/3ca4268cb2568267/out -L dependency=/opt/rustwide/target/debug/build/itertools/45fb07187528ca00/out -L dependency=/opt/rustwide/target/debug/build/itertools/ab9447b3f188acc5/out -L dependency=/opt/rustwide/target/debug/build/itoa/5de11b3b23bfe572/out -L dependency=/opt/rustwide/target/debug/build/jiff/1d795d1342f91ce6/out -L dependency=/opt/rustwide/target/debug/build/lazy_static/c8a1c7184ffedcfe/out -L dependency=/opt/rustwide/target/debug/build/lebe/4a7d05a8365cd804/out -L dependency=/opt/rustwide/target/debug/build/libbz2-rs-sys/048cf57b60df0fdf/out -L dependency=/opt/rustwide/target/debug/build/libc/612664c2206eec43/out -L dependency=/opt/rustwide/target/debug/build/libm/24398d5f7d3c709c/out -L dependency=/opt/rustwide/target/debug/build/linux-raw-sys/0b6cde911e9a3109/out -L dependency=/opt/rustwide/target/debug/build/lock_api/16d46fed645f7bff/out -L dependency=/opt/rustwide/target/debug/build/log/b262261d47bd2eba/out -L dependency=/opt/rustwide/target/debug/build/loop9/a948d0277f05dc3c/out -L dependency=/opt/rustwide/target/debug/build/lru/ae193350c9c87f2b/out -L dependency=/opt/rustwide/target/debug/build/lzma-rs/5cde99a6f3a1259a/out -L dependency=/opt/rustwide/target/debug/build/maybe-rayon/407d90c6e839395d/out -L dependency=/opt/rustwide/target/debug/build/md-5/f734fdf752897212/out -L dependency=/opt/rustwide/target/debug/build/memchr/5cfa70d22cb32987/out -L dependency=/opt/rustwide/target/debug/build/miniz_oxide/104e9e67e6a07f12/out -L dependency=/opt/rustwide/target/debug/build/moxcms/70a3b652c60dabe8/out -L dependency=/opt/rustwide/target/debug/build/new_debug_unreachable/2bce5da2715432ba/out -L dependency=/opt/rustwide/target/debug/build/no_std_io2/9f91406ba878ba04/out -L dependency=/opt/rustwide/target/debug/build/nom/696c34c2c1e48aba/out -L dependency=/opt/rustwide/target/debug/build/noop_proc_macro/783cacc333e129ad/out -L dependency=/opt/rustwide/target/debug/build/num-bigint-dig/9d8f761ae748d9e0/out -L dependency=/opt/rustwide/target/debug/build/num-bigint/3c4a2495784e9e95/out -L dependency=/opt/rustwide/target/debug/build/num-derive/875667ffff0cbec5/out -L dependency=/opt/rustwide/target/debug/build/num-integer/07332e0feec06b93/out -L dependency=/opt/rustwide/target/debug/build/num-iter/2fd03cf5526e59d2/out -L dependency=/opt/rustwide/target/debug/build/num-rational/5902100436c774d7/out -L dependency=/opt/rustwide/target/debug/build/num-traits/5f5f7eaedd5abb87/out -L dependency=/opt/rustwide/target/debug/build/number_prefix/6b994bedec76f9db/out -L dependency=/opt/rustwide/target/debug/build/once_cell/b5bdc597ed9676b3/out -L dependency=/opt/rustwide/target/debug/build/oorandom/bbba029f9943950a/out -L dependency=/opt/rustwide/target/debug/build/page_size/21f084fa951b38e0/out -L dependency=/opt/rustwide/target/debug/build/parking_lot/31b370593312b428/out -L dependency=/opt/rustwide/target/debug/build/parking_lot_core/3e2cd53e5c1276e9/out -L dependency=/opt/rustwide/target/debug/build/paste/93bf70849a6c6f92/out -L dependency=/opt/rustwide/target/debug/build/pastey/a1bb493e536d1cb2/out -L dependency=/opt/rustwide/target/debug/build/pem-rfc7468/68a26afe4db4273c/out -L dependency=/opt/rustwide/target/debug/build/pkcs1/9134e8fbf9bc43da/out -L dependency=/opt/rustwide/target/debug/build/pkcs8/470b58cefc9cdf9f/out -L dependency=/opt/rustwide/target/debug/build/pklib/a893363ed2ebb990/out -L dependency=/opt/rustwide/target/debug/build/plotters-backend/e249b42882ddb8aa/out -L dependency=/opt/rustwide/target/debug/build/plotters-svg/15366464ccea77c7/out -L dependency=/opt/rustwide/target/debug/build/plotters/a88aa6afbf99804e/out -L dependency=/opt/rustwide/target/debug/build/png/66628c631e615433/out -L dependency=/opt/rustwide/target/debug/build/portable-atomic/b2c3e87a13df7d23/out -L dependency=/opt/rustwide/target/debug/build/ppv-lite86/58f433f5ea119143/out -L dependency=/opt/rustwide/target/debug/build/profiling-procmacros/1a214aba90b35f8c/out -L dependency=/opt/rustwide/target/debug/build/profiling/0976dd1bfacf7883/out -L dependency=/opt/rustwide/target/debug/build/pxfm/fac55e2f4107c2c2/out -L dependency=/opt/rustwide/target/debug/build/qoi/2314e2a23580d32b/out -L dependency=/opt/rustwide/target/debug/build/quick-error/702b385be5f12d4a/out -L dependency=/opt/rustwide/target/debug/build/rand/bb1164d4c5c328c9/out -L dependency=/opt/rustwide/target/debug/build/rand/d49988cda0335b95/out -L dependency=/opt/rustwide/target/debug/build/rand_chacha/13999b5e1c53f50b/out -L dependency=/opt/rustwide/target/debug/build/rand_chacha/8eb4eb9f4bb5df17/out -L dependency=/opt/rustwide/target/debug/build/rand_core/86e43b95b9d88fa9/out -L dependency=/opt/rustwide/target/debug/build/rand_core/b115fb9b5d781658/out -L dependency=/opt/rustwide/target/debug/build/rav1e/d6d9c1d5723b29a4/out -L dependency=/opt/rustwide/target/debug/build/ravif/231a75f7b807f991/out -L dependency=/opt/rustwide/target/debug/build/rayon-core/e986c1d1845fe6c3/out -L dependency=/opt/rustwide/target/debug/build/rayon/debd678a60a7a7eb/out -L dependency=/opt/rustwide/target/debug/build/regex-automata/0e6434fb7d89a300/out -L dependency=/opt/rustwide/target/debug/build/regex-syntax/ed1802775772b5d0/out -L dependency=/opt/rustwide/target/debug/build/regex/1de3dae6a18d5817/out -L dependency=/opt/rustwide/target/debug/build/rgb/938bd2eae0856c3c/out -L dependency=/opt/rustwide/target/debug/build/rsa/cdf75b753de307a9/out -L dependency=/opt/rustwide/target/debug/build/rustix/66eac2e94111ec6f/out -L dependency=/opt/rustwide/target/debug/build/same-file/ff49545450c0b63c/out -L dependency=/opt/rustwide/target/debug/build/scopeguard/7ec2214574194454/out -L dependency=/opt/rustwide/target/debug/build/serde/caa2927f6ac17698/out -L dependency=/opt/rustwide/target/debug/build/serde_core/21f22ac7b803fb0e/out -L dependency=/opt/rustwide/target/debug/build/serde_derive/9a3db4cdefa8c710/out -L dependency=/opt/rustwide/target/debug/build/serde_json/fb82e8c4c7fba6a4/out -L dependency=/opt/rustwide/target/debug/build/sha1/e4dcc1fe9923b566/out -L dependency=/opt/rustwide/target/debug/build/signature/76e82c345d9c6548/out -L dependency=/opt/rustwide/target/debug/build/simd-adler32/4fe6a09bed41f873/out -L dependency=/opt/rustwide/target/debug/build/simd_helpers/37f1a1042947a84a/out -L dependency=/opt/rustwide/target/debug/build/smallvec/c4b0763233bab5f9/out -L dependency=/opt/rustwide/target/debug/build/spin/77da57a1b47d23a3/out -L dependency=/opt/rustwide/target/debug/build/spki/bc92a942e2b17e04/out -L dependency=/opt/rustwide/target/debug/build/stable_deref_trait/63cbf3f3d3f94e56/out -L dependency=/opt/rustwide/target/debug/build/strsim/4d1ed08a123238dc/out -L dependency=/opt/rustwide/target/debug/build/subtle/2ae6a7038b9a0630/out -L dependency=/opt/rustwide/target/debug/build/tempfile/50ad8fd3a6f486c7/out -L dependency=/opt/rustwide/target/debug/build/test-case-macros/c35764b9e8c3f110/out -L dependency=/opt/rustwide/target/debug/build/texpresso/05ca23cd89ea93c9/out -L dependency=/opt/rustwide/target/debug/build/thiserror-impl/84339e09a5fa1f35/out -L dependency=/opt/rustwide/target/debug/build/thiserror/05226581c75f1270/out -L dependency=/opt/rustwide/target/debug/build/tiff/08009da8133c0a0b/out -L dependency=/opt/rustwide/target/debug/build/tinytemplate/86149bf774eaf2db/out -L dependency=/opt/rustwide/target/debug/build/typenum/ec75592541d0a339/out -L dependency=/opt/rustwide/target/debug/build/unicode-width/c0be3735b741df1b/out -L dependency=/opt/rustwide/target/debug/build/utf8parse/92d0158219063202/out -L dependency=/opt/rustwide/target/debug/build/v_frame/726e8a26ea7e0549/out -L dependency=/opt/rustwide/target/debug/build/walkdir/7cc6f300a6f0bf06/out -L dependency=/opt/rustwide/target/debug/build/weezl/c14ee9b06cdfb3f7/out -L dependency=/opt/rustwide/target/debug/build/wow-blp/e07add8823ee34d6/out -L dependency=/opt/rustwide/target/debug/build/y4m/a07076ccebfe9a77/out -L dependency=/opt/rustwide/target/debug/build/yansi/507ce30ee68cef00/out -L dependency=/opt/rustwide/target/debug/build/zerocopy-derive/a94ff3b4002b1bee/out -L dependency=/opt/rustwide/target/debug/build/zerocopy/49b93d76a9c781c6/out -L dependency=/opt/rustwide/target/debug/build/zeroize/7f213bea776ca5b6/out -L dependency=/opt/rustwide/target/debug/build/zmij/ef63f1da73704b4c/out -L dependency=/opt/rustwide/target/debug/build/zune-core/1e52e593f0022a9f/out -L dependency=/opt/rustwide/target/debug/build/zune-inflate/8f8272271a7d0b96/out -L dependency=/opt/rustwide/target/debug/build/zune-jpeg/ecb95bf532f6a64f/out --extern anyhow=/opt/rustwide/target/debug/build/anyhow/9e4c44ac98d8e4ea/out/libanyhow-9e4c44ac98d8e4ea.rlib --extern bitflags=/opt/rustwide/target/debug/build/bitflags/db7b9c0337a7ee76/out/libbitflags-db7b9c0337a7ee76.rlib --extern bytes=/opt/rustwide/target/debug/build/bytes/2ed9460101f17bbf/out/libbytes-2ed9460101f17bbf.rlib --extern criterion=/opt/rustwide/target/debug/build/criterion/75471b1b1482cce7/out/libcriterion-75471b1b1482cce7.rlib --extern env_logger=/opt/rustwide/target/debug/build/env_logger/0e44e248830ec3db/out/libenv_logger-0e44e248830ec3db.rlib --extern glam=/opt/rustwide/target/debug/build/glam/edb3bf58604d9ec9/out/libglam-edb3bf58604d9ec9.rlib --extern log=/opt/rustwide/target/debug/build/log/b262261d47bd2eba/out/liblog-b262261d47bd2eba.rlib --extern memchr=/opt/rustwide/target/debug/build/memchr/5cfa70d22cb32987/out/libmemchr-5cfa70d22cb32987.rlib --extern pretty_assertions=/opt/rustwide/target/debug/build/pretty_assertions/f9155d341562357e/out/libpretty_assertions-f9155d341562357e.rlib --extern serde=/opt/rustwide/target/debug/build/serde/caa2927f6ac17698/out/libserde-caa2927f6ac17698.rlib --extern serde_json=/opt/rustwide/target/debug/build/serde_json/fb82e8c4c7fba6a4/out/libserde_json-fb82e8c4c7fba6a4.rlib --extern tempfile=/opt/rustwide/target/debug/build/tempfile/50ad8fd3a6f486c7/out/libtempfile-50ad8fd3a6f486c7.rlib --extern test_case=/opt/rustwide/target/debug/build/test-case/6e3d583494309529/out/libtest_case-6e3d583494309529.rlib --extern thiserror=/opt/rustwide/target/debug/build/thiserror/05226581c75f1270/out/libthiserror-05226581c75f1270.rlib --extern wow_blp=/opt/rustwide/target/debug/build/wow-blp/e07add8823ee34d6/out/libwow_blp-e07add8823ee34d6.rlib --extern wow_m2=/opt/rustwide/target/debug/build/wow-m2/790c6b1795967f69/out/libwow_m2-790c6b1795967f69.rlib --extern wow_mpq=/opt/rustwide/target/debug/build/wow-mpq/a41b79be3d693af6/out/libwow_mpq-a41b79be3d693af6.rlib --cap-lints=warn --force-warn=unused_crate_dependencies -L native=/opt/rustwide/target/debug/build/alloca/23c84cc01ed8d7cd/out` (signal: 9, SIGKILL: kill)
[INFO] [stderr] error: could not compile `wow-m2` (example "parse_embedded_skins")
[INFO] [stderr] 
[INFO] [stderr] Caused by:
[INFO] [stderr]   process didn't exit successfully: `/opt/rustwide/rustup-home/toolchains/1.100.0-beta.1-x86_64-unknown-linux-gnu/bin/rustc --crate-name parse_embedded_skins --edition=2024 examples/parse_embedded_skins.rs --error-format=json --json=diagnostic-rendered-ansi,artifacts,future-incompat,unused-externs-silent --crate-type bin --emit=dep-info,link -C embed-bitcode=no -C debuginfo=2 --cfg 'feature="default"' --check-cfg 'cfg(docsrs,test)' --check-cfg 'cfg(feature, values("default", "serde", "serde-support"))' -C metadata=6fb665704d6f7fac --out-dir /opt/rustwide/target/debug/build/wow-m2/c4a5160d73dbb2c2/out -L dependency=/opt/rustwide/target/debug/build/adler2/2f816e3ae979e774/out -L dependency=/opt/rustwide/target/debug/build/aho-corasick/fa94425a423a79cf/out -L dependency=/opt/rustwide/target/debug/build/aligned-vec/7d81b89b1e4cb7de/out -L dependency=/opt/rustwide/target/debug/build/aligned/6f1cd0bf0a9ea945/out -L dependency=/opt/rustwide/target/debug/build/alloca/0f8b692eb5721001/out -L dependency=/opt/rustwide/target/debug/build/allocator-api2/8d9c1e895dea53bd/out -L dependency=/opt/rustwide/target/debug/build/anes/63f0137352460ed3/out -L dependency=/opt/rustwide/target/debug/build/anstream/14b271bd294f0187/out -L dependency=/opt/rustwide/target/debug/build/anstyle-parse/88399b635fc44f8e/out -L dependency=/opt/rustwide/target/debug/build/anstyle-query/635080b1d6343734/out -L dependency=/opt/rustwide/target/debug/build/anstyle/9beaeb754742faae/out -L dependency=/opt/rustwide/target/debug/build/anyhow/9e4c44ac98d8e4ea/out -L dependency=/opt/rustwide/target/debug/build/arg_enum_proc_macro/76911091d97657db/out -L dependency=/opt/rustwide/target/debug/build/arrayvec/09741c597eeba17a/out -L dependency=/opt/rustwide/target/debug/build/as-slice/537619d8d2baee2f/out -L dependency=/opt/rustwide/target/debug/build/av-scenechange/005659b133df52be/out -L dependency=/opt/rustwide/target/debug/build/av1-grain/a07c272601cf9818/out -L dependency=/opt/rustwide/target/debug/build/avif-serialize/ce36c61af03851bb/out -L dependency=/opt/rustwide/target/debug/build/base64ct/050420b1c69ac317/out -L dependency=/opt/rustwide/target/debug/build/bit_field/ac1ccba4a1744749/out -L dependency=/opt/rustwide/target/debug/build/bitflags/db7b9c0337a7ee76/out -L dependency=/opt/rustwide/target/debug/build/bitstream-io/26f7943f094d1f9b/out -L dependency=/opt/rustwide/target/debug/build/block-buffer/bba24321e7b40706/out -L dependency=/opt/rustwide/target/debug/build/bytemuck/690da78adee7b727/out -L dependency=/opt/rustwide/target/debug/build/byteorder-lite/f5df2d14b4488fc7/out -L dependency=/opt/rustwide/target/debug/build/byteorder/8f59b6d1bfdaa844/out -L dependency=/opt/rustwide/target/debug/build/bytes/2ed9460101f17bbf/out -L dependency=/opt/rustwide/target/debug/build/bzip2/a9805c1fc40d5eb6/out -L dependency=/opt/rustwide/target/debug/build/cast/70a90cf59d221123/out -L dependency=/opt/rustwide/target/debug/build/cfg-if/83060ec5685761ae/out -L dependency=/opt/rustwide/target/debug/build/ciborium-io/830fc40686b7b55e/out -L dependency=/opt/rustwide/target/debug/build/ciborium-ll/5c63c7a952db2f1d/out -L dependency=/opt/rustwide/target/debug/build/ciborium/8a9839ed206787be/out -L dependency=/opt/rustwide/target/debug/build/clap/1439bc005e970884/out -L dependency=/opt/rustwide/target/debug/build/clap_builder/33897930e618d2bd/out -L dependency=/opt/rustwide/target/debug/build/clap_derive/301f438ff2d696b4/out -L dependency=/opt/rustwide/target/debug/build/clap_lex/2acbcd0288e51058/out -L dependency=/opt/rustwide/target/debug/build/color_quant/72accfe2cafd1a2d/out -L dependency=/opt/rustwide/target/debug/build/colorchoice/33c0bd1745dd5ace/out -L dependency=/opt/rustwide/target/debug/build/console/e409b2351d21a459/out -L dependency=/opt/rustwide/target/debug/build/const-oid/2aadc73a32842898/out -L dependency=/opt/rustwide/target/debug/build/cpufeatures/e04321643d03190d/out -L dependency=/opt/rustwide/target/debug/build/crc-catalog/229f3d571887ef81/out -L dependency=/opt/rustwide/target/debug/build/crc/c7d92037d8a82253/out -L dependency=/opt/rustwide/target/debug/build/crc32fast/77160f4e25d6fc25/out -L dependency=/opt/rustwide/target/debug/build/criterion-plot/3ffe87c18573e8fb/out -L dependency=/opt/rustwide/target/debug/build/crossbeam-deque/e71c6317821167fb/out -L dependency=/opt/rustwide/target/debug/build/crossbeam-epoch/5fdcd5978a9f0010/out -L dependency=/opt/rustwide/target/debug/build/crossbeam-utils/f696a08ab1e94e7a/out -L dependency=/opt/rustwide/target/debug/build/crypto-common/25561c32e2e433f4/out -L dependency=/opt/rustwide/target/debug/build/der/12e39d39dee0011c/out -L dependency=/opt/rustwide/target/debug/build/diff/10d8c747feeb14cd/out -L dependency=/opt/rustwide/target/debug/build/digest/13a2d86f0d6e2249/out -L dependency=/opt/rustwide/target/debug/build/either/e5ea87bd27ac73a9/out -L dependency=/opt/rustwide/target/debug/build/env_filter/c35722c83c3da5e8/out -L dependency=/opt/rustwide/target/debug/build/equator-macro/aff6d99a0487d826/out -L dependency=/opt/rustwide/target/debug/build/equator/2a74e1e812298f5c/out -L dependency=/opt/rustwide/target/debug/build/equivalent/6a754676e6af62ae/out -L dependency=/opt/rustwide/target/debug/build/exr/bfd7ea4cf802f847/out -L dependency=/opt/rustwide/target/debug/build/fastrand/8c711c36072d5b5b/out -L dependency=/opt/rustwide/target/debug/build/fax/fbd76256aa8fcd1b/out -L dependency=/opt/rustwide/target/debug/build/fdeflate/365b82c780a9e65c/out -L dependency=/opt/rustwide/target/debug/build/flate2/e9daf290354ae655/out -L dependency=/opt/rustwide/target/debug/build/foldhash/3b780c428974a407/out -L dependency=/opt/rustwide/target/debug/build/generic-array/c2fdd0cc081e51ad/out -L dependency=/opt/rustwide/target/debug/build/getrandom/a73f2f085e83d825/out -L dependency=/opt/rustwide/target/debug/build/getrandom/f25a51f78d9871ba/out -L dependency=/opt/rustwide/target/debug/build/getrandom/fb4c32fda73a41c0/out -L dependency=/opt/rustwide/target/debug/build/gif/4f238d76e3d541f2/out -L dependency=/opt/rustwide/target/debug/build/glam/edb3bf58604d9ec9/out -L dependency=/opt/rustwide/target/debug/build/half/a8aee1d0089e428e/out -L dependency=/opt/rustwide/target/debug/build/hashbrown/8b077e4232f7df3f/out -L dependency=/opt/rustwide/target/debug/build/hex/13e08b3b00984ab7/out -L dependency=/opt/rustwide/target/debug/build/image-webp/34e741a8e5524094/out -L dependency=/opt/rustwide/target/debug/build/image/1561e00091cd74ae/out -L dependency=/opt/rustwide/target/debug/build/imgref/6a2c3798daf54080/out -L dependency=/opt/rustwide/target/debug/build/implode/b9b22d857f5db24a/out -L dependency=/opt/rustwide/target/debug/build/indicatif/dfc2e7ec7d17311d/out -L dependency=/opt/rustwide/target/debug/build/is_terminal_polyfill/3ca4268cb2568267/out -L dependency=/opt/rustwide/target/debug/build/itertools/45fb07187528ca00/out -L dependency=/opt/rustwide/target/debug/build/itertools/ab9447b3f188acc5/out -L dependency=/opt/rustwide/target/debug/build/itoa/5de11b3b23bfe572/out -L dependency=/opt/rustwide/target/debug/build/jiff/1d795d1342f91ce6/out -L dependency=/opt/rustwide/target/debug/build/lazy_static/c8a1c7184ffedcfe/out -L dependency=/opt/rustwide/target/debug/build/lebe/4a7d05a8365cd804/out -L dependency=/opt/rustwide/target/debug/build/libbz2-rs-sys/048cf57b60df0fdf/out -L dependency=/opt/rustwide/target/debug/build/libc/612664c2206eec43/out -L dependency=/opt/rustwide/target/debug/build/libm/24398d5f7d3c709c/out -L dependency=/opt/rustwide/target/debug/build/linux-raw-sys/0b6cde911e9a3109/out -L dependency=/opt/rustwide/target/debug/build/lock_api/16d46fed645f7bff/out -L dependency=/opt/rustwide/target/debug/build/log/b262261d47bd2eba/out -L dependency=/opt/rustwide/target/debug/build/loop9/a948d0277f05dc3c/out -L dependency=/opt/rustwide/target/debug/build/lru/ae193350c9c87f2b/out -L dependency=/opt/rustwide/target/debug/build/lzma-rs/5cde99a6f3a1259a/out -L dependency=/opt/rustwide/target/debug/build/maybe-rayon/407d90c6e839395d/out -L dependency=/opt/rustwide/target/debug/build/md-5/f734fdf752897212/out -L dependency=/opt/rustwide/target/debug/build/memchr/5cfa70d22cb32987/out -L dependency=/opt/rustwide/target/debug/build/miniz_oxide/104e9e67e6a07f12/out -L dependency=/opt/rustwide/target/debug/build/moxcms/70a3b652c60dabe8/out -L dependency=/opt/rustwide/target/debug/build/new_debug_unreachable/2bce5da2715432ba/out -L dependency=/opt/rustwide/target/debug/build/no_std_io2/9f91406ba878ba04/out -L dependency=/opt/rustwide/target/debug/build/nom/696c34c2c1e48aba/out -L dependency=/opt/rustwide/target/debug/build/noop_proc_macro/783cacc333e129ad/out -L dependency=/opt/rustwide/target/debug/build/num-bigint-dig/9d8f761ae748d9e0/out -L dependency=/opt/rustwide/target/debug/build/num-bigint/3c4a2495784e9e95/out -L dependency=/opt/rustwide/target/debug/build/num-derive/875667ffff0cbec5/out -L dependency=/opt/rustwide/target/debug/build/num-integer/07332e0feec06b93/out -L dependency=/opt/rustwide/target/debug/build/num-iter/2fd03cf5526e59d2/out -L dependency=/opt/rustwide/target/debug/build/num-rational/5902100436c774d7/out -L dependency=/opt/rustwide/target/debug/build/num-traits/5f5f7eaedd5abb87/out -L dependency=/opt/rustwide/target/debug/build/number_prefix/6b994bedec76f9db/out -L dependency=/opt/rustwide/target/debug/build/once_cell/b5bdc597ed9676b3/out -L dependency=/opt/rustwide/target/debug/build/oorandom/bbba029f9943950a/out -L dependency=/opt/rustwide/target/debug/build/page_size/21f084fa951b38e0/out -L dependency=/opt/rustwide/target/debug/build/parking_lot/31b370593312b428/out -L dependency=/opt/rustwide/target/debug/build/parking_lot_core/3e2cd53e5c1276e9/out -L dependency=/opt/rustwide/target/debug/build/paste/93bf70849a6c6f92/out -L dependency=/opt/rustwide/target/debug/build/pastey/a1bb493e536d1cb2/out -L dependency=/opt/rustwide/target/debug/build/pem-rfc7468/68a26afe4db4273c/out -L dependency=/opt/rustwide/target/debug/build/pkcs1/9134e8fbf9bc43da/out -L dependency=/opt/rustwide/target/debug/build/pkcs8/470b58cefc9cdf9f/out -L dependency=/opt/rustwide/target/debug/build/pklib/a893363ed2ebb990/out -L dependency=/opt/rustwide/target/debug/build/plotters-backend/e249b42882ddb8aa/out -L dependency=/opt/rustwide/target/debug/build/plotters-svg/15366464ccea77c7/out -L dependency=/opt/rustwide/target/debug/build/plotters/a88aa6afbf99804e/out -L dependency=/opt/rustwide/target/debug/build/png/66628c631e615433/out -L dependency=/opt/rustwide/target/debug/build/portable-atomic/b2c3e87a13df7d23/out -L dependency=/opt/rustwide/target/debug/build/ppv-lite86/58f433f5ea119143/out -L dependency=/opt/rustwide/target/debug/build/profiling-procmacros/1a214aba90b35f8c/out -L dependency=/opt/rustwide/target/debug/build/profiling/0976dd1bfacf7883/out -L dependency=/opt/rustwide/target/debug/build/pxfm/fac55e2f4107c2c2/out -L dependency=/opt/rustwide/target/debug/build/qoi/2314e2a23580d32b/out -L dependency=/opt/rustwide/target/debug/build/quick-error/702b385be5f12d4a/out -L dependency=/opt/rustwide/target/debug/build/rand/bb1164d4c5c328c9/out -L dependency=/opt/rustwide/target/debug/build/rand/d49988cda0335b95/out -L dependency=/opt/rustwide/target/debug/build/rand_chacha/13999b5e1c53f50b/out -L dependency=/opt/rustwide/target/debug/build/rand_chacha/8eb4eb9f4bb5df17/out -L dependency=/opt/rustwide/target/debug/build/rand_core/86e43b95b9d88fa9/out -L dependency=/opt/rustwide/target/debug/build/rand_core/b115fb9b5d781658/out -L dependency=/opt/rustwide/target/debug/build/rav1e/d6d9c1d5723b29a4/out -L dependency=/opt/rustwide/target/debug/build/ravif/231a75f7b807f991/out -L dependency=/opt/rustwide/target/debug/build/rayon-core/e986c1d1845fe6c3/out -L dependency=/opt/rustwide/target/debug/build/rayon/debd678a60a7a7eb/out -L dependency=/opt/rustwide/target/debug/build/regex-automata/0e6434fb7d89a300/out -L dependency=/opt/rustwide/target/debug/build/regex-syntax/ed1802775772b5d0/out -L dependency=/opt/rustwide/target/debug/build/regex/1de3dae6a18d5817/out -L dependency=/opt/rustwide/target/debug/build/rgb/938bd2eae0856c3c/out -L dependency=/opt/rustwide/target/debug/build/rsa/cdf75b753de307a9/out -L dependency=/opt/rustwide/target/debug/build/rustix/66eac2e94111ec6f/out -L dependency=/opt/rustwide/target/debug/build/same-file/ff49545450c0b63c/out -L dependency=/opt/rustwide/target/debug/build/scopeguard/7ec2214574194454/out -L dependency=/opt/rustwide/target/debug/build/serde/caa2927f6ac17698/out -L dependency=/opt/rustwide/target/debug/build/serde_core/21f22ac7b803fb0e/out -L dependency=/opt/rustwide/target/debug/build/serde_derive/9a3db4cdefa8c710/out -L dependency=/opt/rustwide/target/debug/build/serde_json/fb82e8c4c7fba6a4/out -L dependency=/opt/rustwide/target/debug/build/sha1/e4dcc1fe9923b566/out -L dependency=/opt/rustwide/target/debug/build/signature/76e82c345d9c6548/out -L dependency=/opt/rustwide/target/debug/build/simd-adler32/4fe6a09bed41f873/out -L dependency=/opt/rustwide/target/debug/build/simd_helpers/37f1a1042947a84a/out -L dependency=/opt/rustwide/target/debug/build/smallvec/c4b0763233bab5f9/out -L dependency=/opt/rustwide/target/debug/build/spin/77da57a1b47d23a3/out -L dependency=/opt/rustwide/target/debug/build/spki/bc92a942e2b17e04/out -L dependency=/opt/rustwide/target/debug/build/stable_deref_trait/63cbf3f3d3f94e56/out -L dependency=/opt/rustwide/target/debug/build/strsim/4d1ed08a123238dc/out -L dependency=/opt/rustwide/target/debug/build/subtle/2ae6a7038b9a0630/out -L dependency=/opt/rustwide/target/debug/build/tempfile/50ad8fd3a6f486c7/out -L dependency=/opt/rustwide/target/debug/build/test-case-macros/c35764b9e8c3f110/out -L dependency=/opt/rustwide/target/debug/build/texpresso/05ca23cd89ea93c9/out -L dependency=/opt/rustwide/target/debug/build/thiserror-impl/84339e09a5fa1f35/out -L dependency=/opt/rustwide/target/debug/build/thiserror/05226581c75f1270/out -L dependency=/opt/rustwide/target/debug/build/tiff/08009da8133c0a0b/out -L dependency=/opt/rustwide/target/debug/build/tinytemplate/86149bf774eaf2db/out -L dependency=/opt/rustwide/target/debug/build/typenum/ec75592541d0a339/out -L dependency=/opt/rustwide/target/debug/build/unicode-width/c0be3735b741df1b/out -L dependency=/opt/rustwide/target/debug/build/utf8parse/92d0158219063202/out -L dependency=/opt/rustwide/target/debug/build/v_frame/726e8a26ea7e0549/out -L dependency=/opt/rustwide/target/debug/build/walkdir/7cc6f300a6f0bf06/out -L dependency=/opt/rustwide/target/debug/build/weezl/c14ee9b06cdfb3f7/out -L dependency=/opt/rustwide/target/debug/build/wow-blp/e07add8823ee34d6/out -L dependency=/opt/rustwide/target/debug/build/y4m/a07076ccebfe9a77/out -L dependency=/opt/rustwide/target/debug/build/yansi/507ce30ee68cef00/out -L dependency=/opt/rustwide/target/debug/build/zerocopy-derive/a94ff3b4002b1bee/out -L dependency=/opt/rustwide/target/debug/build/zerocopy/49b93d76a9c781c6/out -L dependency=/opt/rustwide/target/debug/build/zeroize/7f213bea776ca5b6/out -L dependency=/opt/rustwide/target/debug/build/zmij/ef63f1da73704b4c/out -L dependency=/opt/rustwide/target/debug/build/zune-core/1e52e593f0022a9f/out -L dependency=/opt/rustwide/target/debug/build/zune-inflate/8f8272271a7d0b96/out -L dependency=/opt/rustwide/target/debug/build/zune-jpeg/ecb95bf532f6a64f/out --extern anyhow=/opt/rustwide/target/debug/build/anyhow/9e4c44ac98d8e4ea/out/libanyhow-9e4c44ac98d8e4ea.rlib --extern bitflags=/opt/rustwide/target/debug/build/bitflags/db7b9c0337a7ee76/out/libbitflags-db7b9c0337a7ee76.rlib --extern bytes=/opt/rustwide/target/debug/build/bytes/2ed9460101f17bbf/out/libbytes-2ed9460101f17bbf.rlib --extern criterion=/opt/rustwide/target/debug/build/criterion/75471b1b1482cce7/out/libcriterion-75471b1b1482cce7.rlib --extern env_logger=/opt/rustwide/target/debug/build/env_logger/0e44e248830ec3db/out/libenv_logger-0e44e248830ec3db.rlib --extern glam=/opt/rustwide/target/debug/build/glam/edb3bf58604d9ec9/out/libglam-edb3bf58604d9ec9.rlib --extern log=/opt/rustwide/target/debug/build/log/b262261d47bd2eba/out/liblog-b262261d47bd2eba.rlib --extern memchr=/opt/rustwide/target/debug/build/memchr/5cfa70d22cb32987/out/libmemchr-5cfa70d22cb32987.rlib --extern pretty_assertions=/opt/rustwide/target/debug/build/pretty_assertions/f9155d341562357e/out/libpretty_assertions-f9155d341562357e.rlib --extern serde=/opt/rustwide/target/debug/build/serde/caa2927f6ac17698/out/libserde-caa2927f6ac17698.rlib --extern serde_json=/opt/rustwide/target/debug/build/serde_json/fb82e8c4c7fba6a4/out/libserde_json-fb82e8c4c7fba6a4.rlib --extern tempfile=/opt/rustwide/target/debug/build/tempfile/50ad8fd3a6f486c7/out/libtempfile-50ad8fd3a6f486c7.rlib --extern test_case=/opt/rustwide/target/debug/build/test-case/6e3d583494309529/out/libtest_case-6e3d583494309529.rlib --extern thiserror=/opt/rustwide/target/debug/build/thiserror/05226581c75f1270/out/libthiserror-05226581c75f1270.rlib --extern wow_blp=/opt/rustwide/target/debug/build/wow-blp/e07add8823ee34d6/out/libwow_blp-e07add8823ee34d6.rlib --extern wow_m2=/opt/rustwide/target/debug/build/wow-m2/790c6b1795967f69/out/libwow_m2-790c6b1795967f69.rlib --extern wow_mpq=/opt/rustwide/target/debug/build/wow-mpq/a41b79be3d693af6/out/libwow_mpq-a41b79be3d693af6.rlib --cap-lints=warn --force-warn=unused_crate_dependencies -L native=/opt/rustwide/target/debug/build/alloca/23c84cc01ed8d7cd/out` (signal: 9, SIGKILL: kill)
[INFO] [stderr] error: could not compile `wow-m2` (example "parse_external_skins")
[INFO] [stderr] 
[INFO] [stderr] Caused by:
[INFO] [stderr]   process didn't exit successfully: `/opt/rustwide/rustup-home/toolchains/1.100.0-beta.1-x86_64-unknown-linux-gnu/bin/rustc --crate-name parse_external_skins --edition=2024 examples/parse_external_skins.rs --error-format=json --json=diagnostic-rendered-ansi,artifacts,future-incompat,unused-externs-silent --crate-type bin --emit=dep-info,link -C embed-bitcode=no -C debuginfo=2 --cfg 'feature="default"' --check-cfg 'cfg(docsrs,test)' --check-cfg 'cfg(feature, values("default", "serde", "serde-support"))' -C metadata=d7da0e37a2c79747 --out-dir /opt/rustwide/target/debug/build/wow-m2/20586f49352d7f79/out -L dependency=/opt/rustwide/target/debug/build/adler2/2f816e3ae979e774/out -L dependency=/opt/rustwide/target/debug/build/aho-corasick/fa94425a423a79cf/out -L dependency=/opt/rustwide/target/debug/build/aligned-vec/7d81b89b1e4cb7de/out -L dependency=/opt/rustwide/target/debug/build/aligned/6f1cd0bf0a9ea945/out -L dependency=/opt/rustwide/target/debug/build/alloca/0f8b692eb5721001/out -L dependency=/opt/rustwide/target/debug/build/allocator-api2/8d9c1e895dea53bd/out -L dependency=/opt/rustwide/target/debug/build/anes/63f0137352460ed3/out -L dependency=/opt/rustwide/target/debug/build/anstream/14b271bd294f0187/out -L dependency=/opt/rustwide/target/debug/build/anstyle-parse/88399b635fc44f8e/out -L dependency=/opt/rustwide/target/debug/build/anstyle-query/635080b1d6343734/out -L dependency=/opt/rustwide/target/debug/build/anstyle/9beaeb754742faae/out -L dependency=/opt/rustwide/target/debug/build/anyhow/9e4c44ac98d8e4ea/out -L dependency=/opt/rustwide/target/debug/build/arg_enum_proc_macro/76911091d97657db/out -L dependency=/opt/rustwide/target/debug/build/arrayvec/09741c597eeba17a/out -L dependency=/opt/rustwide/target/debug/build/as-slice/537619d8d2baee2f/out -L dependency=/opt/rustwide/target/debug/build/av-scenechange/005659b133df52be/out -L dependency=/opt/rustwide/target/debug/build/av1-grain/a07c272601cf9818/out -L dependency=/opt/rustwide/target/debug/build/avif-serialize/ce36c61af03851bb/out -L dependency=/opt/rustwide/target/debug/build/base64ct/050420b1c69ac317/out -L dependency=/opt/rustwide/target/debug/build/bit_field/ac1ccba4a1744749/out -L dependency=/opt/rustwide/target/debug/build/bitflags/db7b9c0337a7ee76/out -L dependency=/opt/rustwide/target/debug/build/bitstream-io/26f7943f094d1f9b/out -L dependency=/opt/rustwide/target/debug/build/block-buffer/bba24321e7b40706/out -L dependency=/opt/rustwide/target/debug/build/bytemuck/690da78adee7b727/out -L dependency=/opt/rustwide/target/debug/build/byteorder-lite/f5df2d14b4488fc7/out -L dependency=/opt/rustwide/target/debug/build/byteorder/8f59b6d1bfdaa844/out -L dependency=/opt/rustwide/target/debug/build/bytes/2ed9460101f17bbf/out -L dependency=/opt/rustwide/target/debug/build/bzip2/a9805c1fc40d5eb6/out -L dependency=/opt/rustwide/target/debug/build/cast/70a90cf59d221123/out -L dependency=/opt/rustwide/target/debug/build/cfg-if/83060ec5685761ae/out -L dependency=/opt/rustwide/target/debug/build/ciborium-io/830fc40686b7b55e/out -L dependency=/opt/rustwide/target/debug/build/ciborium-ll/5c63c7a952db2f1d/out -L dependency=/opt/rustwide/target/debug/build/ciborium/8a9839ed206787be/out -L dependency=/opt/rustwide/target/debug/build/clap/1439bc005e970884/out -L dependency=/opt/rustwide/target/debug/build/clap_builder/33897930e618d2bd/out -L dependency=/opt/rustwide/target/debug/build/clap_derive/301f438ff2d696b4/out -L dependency=/opt/rustwide/target/debug/build/clap_lex/2acbcd0288e51058/out -L dependency=/opt/rustwide/target/debug/build/color_quant/72accfe2cafd1a2d/out -L dependency=/opt/rustwide/target/debug/build/colorchoice/33c0bd1745dd5ace/out -L dependency=/opt/rustwide/target/debug/build/console/e409b2351d21a459/out -L dependency=/opt/rustwide/target/debug/build/const-oid/2aadc73a32842898/out -L dependency=/opt/rustwide/target/debug/build/cpufeatures/e04321643d03190d/out -L dependency=/opt/rustwide/target/debug/build/crc-catalog/229f3d571887ef81/out -L dependency=/opt/rustwide/target/debug/build/crc/c7d92037d8a82253/out -L dependency=/opt/rustwide/target/debug/build/crc32fast/77160f4e25d6fc25/out -L dependency=/opt/rustwide/target/debug/build/criterion-plot/3ffe87c18573e8fb/out -L dependency=/opt/rustwide/target/debug/build/crossbeam-deque/e71c6317821167fb/out -L dependency=/opt/rustwide/target/debug/build/crossbeam-epoch/5fdcd5978a9f0010/out -L dependency=/opt/rustwide/target/debug/build/crossbeam-utils/f696a08ab1e94e7a/out -L dependency=/opt/rustwide/target/debug/build/crypto-common/25561c32e2e433f4/out -L dependency=/opt/rustwide/target/debug/build/der/12e39d39dee0011c/out -L dependency=/opt/rustwide/target/debug/build/diff/10d8c747feeb14cd/out -L dependency=/opt/rustwide/target/debug/build/digest/13a2d86f0d6e2249/out -L dependency=/opt/rustwide/target/debug/build/either/e5ea87bd27ac73a9/out -L dependency=/opt/rustwide/target/debug/build/env_filter/c35722c83c3da5e8/out -L dependency=/opt/rustwide/target/debug/build/equator-macro/aff6d99a0487d826/out -L dependency=/opt/rustwide/target/debug/build/equator/2a74e1e812298f5c/out -L dependency=/opt/rustwide/target/debug/build/equivalent/6a754676e6af62ae/out -L dependency=/opt/rustwide/target/debug/build/exr/bfd7ea4cf802f847/out -L dependency=/opt/rustwide/target/debug/build/fastrand/8c711c36072d5b5b/out -L dependency=/opt/rustwide/target/debug/build/fax/fbd76256aa8fcd1b/out -L dependency=/opt/rustwide/target/debug/build/fdeflate/365b82c780a9e65c/out -L dependency=/opt/rustwide/target/debug/build/flate2/e9daf290354ae655/out -L dependency=/opt/rustwide/target/debug/build/foldhash/3b780c428974a407/out -L dependency=/opt/rustwide/target/debug/build/generic-array/c2fdd0cc081e51ad/out -L dependency=/opt/rustwide/target/debug/build/getrandom/a73f2f085e83d825/out -L dependency=/opt/rustwide/target/debug/build/getrandom/f25a51f78d9871ba/out -L dependency=/opt/rustwide/target/debug/build/getrandom/fb4c32fda73a41c0/out -L dependency=/opt/rustwide/target/debug/build/gif/4f238d76e3d541f2/out -L dependency=/opt/rustwide/target/debug/build/glam/edb3bf58604d9ec9/out -L dependency=/opt/rustwide/target/debug/build/half/a8aee1d0089e428e/out -L dependency=/opt/rustwide/target/debug/build/hashbrown/8b077e4232f7df3f/out -L dependency=/opt/rustwide/target/debug/build/hex/13e08b3b00984ab7/out -L dependency=/opt/rustwide/target/debug/build/image-webp/34e741a8e5524094/out -L dependency=/opt/rustwide/target/debug/build/image/1561e00091cd74ae/out -L dependency=/opt/rustwide/target/debug/build/imgref/6a2c3798daf54080/out -L dependency=/opt/rustwide/target/debug/build/implode/b9b22d857f5db24a/out -L dependency=/opt/rustwide/target/debug/build/indicatif/dfc2e7ec7d17311d/out -L dependency=/opt/rustwide/target/debug/build/is_terminal_polyfill/3ca4268cb2568267/out -L dependency=/opt/rustwide/target/debug/build/itertools/45fb07187528ca00/out -L dependency=/opt/rustwide/target/debug/build/itertools/ab9447b3f188acc5/out -L dependency=/opt/rustwide/target/debug/build/itoa/5de11b3b23bfe572/out -L dependency=/opt/rustwide/target/debug/build/jiff/1d795d1342f91ce6/out -L dependency=/opt/rustwide/target/debug/build/lazy_static/c8a1c7184ffedcfe/out -L dependency=/opt/rustwide/target/debug/build/lebe/4a7d05a8365cd804/out -L dependency=/opt/rustwide/target/debug/build/libbz2-rs-sys/048cf57b60df0fdf/out -L dependency=/opt/rustwide/target/debug/build/libc/612664c2206eec43/out -L dependency=/opt/rustwide/target/debug/build/libm/24398d5f7d3c709c/out -L dependency=/opt/rustwide/target/debug/build/linux-raw-sys/0b6cde911e9a3109/out -L dependency=/opt/rustwide/target/debug/build/lock_api/16d46fed645f7bff/out -L dependency=/opt/rustwide/target/debug/build/log/b262261d47bd2eba/out -L dependency=/opt/rustwide/target/debug/build/loop9/a948d0277f05dc3c/out -L dependency=/opt/rustwide/target/debug/build/lru/ae193350c9c87f2b/out -L dependency=/opt/rustwide/target/debug/build/lzma-rs/5cde99a6f3a1259a/out -L dependency=/opt/rustwide/target/debug/build/maybe-rayon/407d90c6e839395d/out -L dependency=/opt/rustwide/target/debug/build/md-5/f734fdf752897212/out -L dependency=/opt/rustwide/target/debug/build/memchr/5cfa70d22cb32987/out -L dependency=/opt/rustwide/target/debug/build/miniz_oxide/104e9e67e6a07f12/out -L dependency=/opt/rustwide/target/debug/build/moxcms/70a3b652c60dabe8/out -L dependency=/opt/rustwide/target/debug/build/new_debug_unreachable/2bce5da2715432ba/out -L dependency=/opt/rustwide/target/debug/build/no_std_io2/9f91406ba878ba04/out -L dependency=/opt/rustwide/target/debug/build/nom/696c34c2c1e48aba/out -L dependency=/opt/rustwide/target/debug/build/noop_proc_macro/783cacc333e129ad/out -L dependency=/opt/rustwide/target/debug/build/num-bigint-dig/9d8f761ae748d9e0/out -L dependency=/opt/rustwide/target/debug/build/num-bigint/3c4a2495784e9e95/out -L dependency=/opt/rustwide/target/debug/build/num-derive/875667ffff0cbec5/out -L dependency=/opt/rustwide/target/debug/build/num-integer/07332e0feec06b93/out -L dependency=/opt/rustwide/target/debug/build/num-iter/2fd03cf5526e59d2/out -L dependency=/opt/rustwide/target/debug/build/num-rational/5902100436c774d7/out -L dependency=/opt/rustwide/target/debug/build/num-traits/5f5f7eaedd5abb87/out -L dependency=/opt/rustwide/target/debug/build/number_prefix/6b994bedec76f9db/out -L dependency=/opt/rustwide/target/debug/build/once_cell/b5bdc597ed9676b3/out -L dependency=/opt/rustwide/target/debug/build/oorandom/bbba029f9943950a/out -L dependency=/opt/rustwide/target/debug/build/page_size/21f084fa951b38e0/out -L dependency=/opt/rustwide/target/debug/build/parking_lot/31b370593312b428/out -L dependency=/opt/rustwide/target/debug/build/parking_lot_core/3e2cd53e5c1276e9/out -L dependency=/opt/rustwide/target/debug/build/paste/93bf70849a6c6f92/out -L dependency=/opt/rustwide/target/debug/build/pastey/a1bb493e536d1cb2/out -L dependency=/opt/rustwide/target/debug/build/pem-rfc7468/68a26afe4db4273c/out -L dependency=/opt/rustwide/target/debug/build/pkcs1/9134e8fbf9bc43da/out -L dependency=/opt/rustwide/target/debug/build/pkcs8/470b58cefc9cdf9f/out -L dependency=/opt/rustwide/target/debug/build/pklib/a893363ed2ebb990/out -L dependency=/opt/rustwide/target/debug/build/plotters-backend/e249b42882ddb8aa/out -L dependency=/opt/rustwide/target/debug/build/plotters-svg/15366464ccea77c7/out -L dependency=/opt/rustwide/target/debug/build/plotters/a88aa6afbf99804e/out -L dependency=/opt/rustwide/target/debug/build/png/66628c631e615433/out -L dependency=/opt/rustwide/target/debug/build/portable-atomic/b2c3e87a13df7d23/out -L dependency=/opt/rustwide/target/debug/build/ppv-lite86/58f433f5ea119143/out -L dependency=/opt/rustwide/target/debug/build/profiling-procmacros/1a214aba90b35f8c/out -L dependency=/opt/rustwide/target/debug/build/profiling/0976dd1bfacf7883/out -L dependency=/opt/rustwide/target/debug/build/pxfm/fac55e2f4107c2c2/out -L dependency=/opt/rustwide/target/debug/build/qoi/2314e2a23580d32b/out -L dependency=/opt/rustwide/target/debug/build/quick-error/702b385be5f12d4a/out -L dependency=/opt/rustwide/target/debug/build/rand/bb1164d4c5c328c9/out -L dependency=/opt/rustwide/target/debug/build/rand/d49988cda0335b95/out -L dependency=/opt/rustwide/target/debug/build/rand_chacha/13999b5e1c53f50b/out -L dependency=/opt/rustwide/target/debug/build/rand_chacha/8eb4eb9f4bb5df17/out -L dependency=/opt/rustwide/target/debug/build/rand_core/86e43b95b9d88fa9/out -L dependency=/opt/rustwide/target/debug/build/rand_core/b115fb9b5d781658/out -L dependency=/opt/rustwide/target/debug/build/rav1e/d6d9c1d5723b29a4/out -L dependency=/opt/rustwide/target/debug/build/ravif/231a75f7b807f991/out -L dependency=/opt/rustwide/target/debug/build/rayon-core/e986c1d1845fe6c3/out -L dependency=/opt/rustwide/target/debug/build/rayon/debd678a60a7a7eb/out -L dependency=/opt/rustwide/target/debug/build/regex-automata/0e6434fb7d89a300/out -L dependency=/opt/rustwide/target/debug/build/regex-syntax/ed1802775772b5d0/out -L dependency=/opt/rustwide/target/debug/build/regex/1de3dae6a18d5817/out -L dependency=/opt/rustwide/target/debug/build/rgb/938bd2eae0856c3c/out -L dependency=/opt/rustwide/target/debug/build/rsa/cdf75b753de307a9/out -L dependency=/opt/rustwide/target/debug/build/rustix/66eac2e94111ec6f/out -L dependency=/opt/rustwide/target/debug/build/same-file/ff49545450c0b63c/out -L dependency=/opt/rustwide/target/debug/build/scopeguard/7ec2214574194454/out -L dependency=/opt/rustwide/target/debug/build/serde/caa2927f6ac17698/out -L dependency=/opt/rustwide/target/debug/build/serde_core/21f22ac7b803fb0e/out -L dependency=/opt/rustwide/target/debug/build/serde_derive/9a3db4cdefa8c710/out -L dependency=/opt/rustwide/target/debug/build/serde_json/fb82e8c4c7fba6a4/out -L dependency=/opt/rustwide/target/debug/build/sha1/e4dcc1fe9923b566/out -L dependency=/opt/rustwide/target/debug/build/signature/76e82c345d9c6548/out -L dependency=/opt/rustwide/target/debug/build/simd-adler32/4fe6a09bed41f873/out -L dependency=/opt/rustwide/target/debug/build/simd_helpers/37f1a1042947a84a/out -L dependency=/opt/rustwide/target/debug/build/smallvec/c4b0763233bab5f9/out -L dependency=/opt/rustwide/target/debug/build/spin/77da57a1b47d23a3/out -L dependency=/opt/rustwide/target/debug/build/spki/bc92a942e2b17e04/out -L dependency=/opt/rustwide/target/debug/build/stable_deref_trait/63cbf3f3d3f94e56/out -L dependency=/opt/rustwide/target/debug/build/strsim/4d1ed08a123238dc/out -L dependency=/opt/rustwide/target/debug/build/subtle/2ae6a7038b9a0630/out -L dependency=/opt/rustwide/target/debug/build/tempfile/50ad8fd3a6f486c7/out -L dependency=/opt/rustwide/target/debug/build/test-case-macros/c35764b9e8c3f110/out -L dependency=/opt/rustwide/target/debug/build/texpresso/05ca23cd89ea93c9/out -L dependency=/opt/rustwide/target/debug/build/thiserror-impl/84339e09a5fa1f35/out -L dependency=/opt/rustwide/target/debug/build/thiserror/05226581c75f1270/out -L dependency=/opt/rustwide/target/debug/build/tiff/08009da8133c0a0b/out -L dependency=/opt/rustwide/target/debug/build/tinytemplate/86149bf774eaf2db/out -L dependency=/opt/rustwide/target/debug/build/typenum/ec75592541d0a339/out -L dependency=/opt/rustwide/target/debug/build/unicode-width/c0be3735b741df1b/out -L dependency=/opt/rustwide/target/debug/build/utf8parse/92d0158219063202/out -L dependency=/opt/rustwide/target/debug/build/v_frame/726e8a26ea7e0549/out -L dependency=/opt/rustwide/target/debug/build/walkdir/7cc6f300a6f0bf06/out -L dependency=/opt/rustwide/target/debug/build/weezl/c14ee9b06cdfb3f7/out -L dependency=/opt/rustwide/target/debug/build/wow-blp/e07add8823ee34d6/out -L dependency=/opt/rustwide/target/debug/build/y4m/a07076ccebfe9a77/out -L dependency=/opt/rustwide/target/debug/build/yansi/507ce30ee68cef00/out -L dependency=/opt/rustwide/target/debug/build/zerocopy-derive/a94ff3b4002b1bee/out -L dependency=/opt/rustwide/target/debug/build/zerocopy/49b93d76a9c781c6/out -L dependency=/opt/rustwide/target/debug/build/zeroize/7f213bea776ca5b6/out -L dependency=/opt/rustwide/target/debug/build/zmij/ef63f1da73704b4c/out -L dependency=/opt/rustwide/target/debug/build/zune-core/1e52e593f0022a9f/out -L dependency=/opt/rustwide/target/debug/build/zune-inflate/8f8272271a7d0b96/out -L dependency=/opt/rustwide/target/debug/build/zune-jpeg/ecb95bf532f6a64f/out --extern anyhow=/opt/rustwide/target/debug/build/anyhow/9e4c44ac98d8e4ea/out/libanyhow-9e4c44ac98d8e4ea.rlib --extern bitflags=/opt/rustwide/target/debug/build/bitflags/db7b9c0337a7ee76/out/libbitflags-db7b9c0337a7ee76.rlib --extern bytes=/opt/rustwide/target/debug/build/bytes/2ed9460101f17bbf/out/libbytes-2ed9460101f17bbf.rlib --extern criterion=/opt/rustwide/target/debug/build/criterion/75471b1b1482cce7/out/libcriterion-75471b1b1482cce7.rlib --extern env_logger=/opt/rustwide/target/debug/build/env_logger/0e44e248830ec3db/out/libenv_logger-0e44e248830ec3db.rlib --extern glam=/opt/rustwide/target/debug/build/glam/edb3bf58604d9ec9/out/libglam-edb3bf58604d9ec9.rlib --extern log=/opt/rustwide/target/debug/build/log/b262261d47bd2eba/out/liblog-b262261d47bd2eba.rlib --extern memchr=/opt/rustwide/target/debug/build/memchr/5cfa70d22cb32987/out/libmemchr-5cfa70d22cb32987.rlib --extern pretty_assertions=/opt/rustwide/target/debug/build/pretty_assertions/f9155d341562357e/out/libpretty_assertions-f9155d341562357e.rlib --extern serde=/opt/rustwide/target/debug/build/serde/caa2927f6ac17698/out/libserde-caa2927f6ac17698.rlib --extern serde_json=/opt/rustwide/target/debug/build/serde_json/fb82e8c4c7fba6a4/out/libserde_json-fb82e8c4c7fba6a4.rlib --extern tempfile=/opt/rustwide/target/debug/build/tempfile/50ad8fd3a6f486c7/out/libtempfile-50ad8fd3a6f486c7.rlib --extern test_case=/opt/rustwide/target/debug/build/test-case/6e3d583494309529/out/libtest_case-6e3d583494309529.rlib --extern thiserror=/opt/rustwide/target/debug/build/thiserror/05226581c75f1270/out/libthiserror-05226581c75f1270.rlib --extern wow_blp=/opt/rustwide/target/debug/build/wow-blp/e07add8823ee34d6/out/libwow_blp-e07add8823ee34d6.rlib --extern wow_m2=/opt/rustwide/target/debug/build/wow-m2/790c6b1795967f69/out/libwow_m2-790c6b1795967f69.rlib --extern wow_mpq=/opt/rustwide/target/debug/build/wow-mpq/a41b79be3d693af6/out/libwow_mpq-a41b79be3d693af6.rlib --cap-lints=warn --force-warn=unused_crate_dependencies -L native=/opt/rustwide/target/debug/build/alloca/23c84cc01ed8d7cd/out` (signal: 9, SIGKILL: kill)
[INFO] [stdout] error: linking with `cc` failed: exit status: 1
[INFO] [stdout]   |
[INFO] [stdout]   = note:  "cc" "-m64" "/opt/rustwide/target/debug/build/wow-m2/a322766531102223/out/rustct1vxN0/symbols.o" "<5 object files omitted>" "-Wl,--as-needed" "-Wl,-Bstatic" "/opt/rustwide/target/debug/build/wow-m2/790c6b1795967f69/out/libwow_m2-790c6b1795967f69.rlib" "/opt/rustwide/target/debug/build/wow-blp/e07add8823ee34d6/out/libwow_blp-e07add8823ee34d6.rlib" "/opt/rustwide/target/debug/build/texpresso/05ca23cd89ea93c9/out/libtexpresso-05ca23cd89ea93c9.rlib" "/opt/rustwide/target/debug/build/libm/24398d5f7d3c709c/out/liblibm-24398d5f7d3c709c.rlib" "/opt/rustwide/target/debug/build/image/1561e00091cd74ae/out/libimage-1561e00091cd74ae.rlib" "/opt/rustwide/target/debug/build/qoi/2314e2a23580d32b/out/libqoi-2314e2a23580d32b.rlib" "/opt/rustwide/target/debug/build/moxcms/70a3b652c60dabe8/out/libmoxcms-70a3b652c60dabe8.rlib" "/opt/rustwide/target/debug/build/pxfm/fac55e2f4107c2c2/out/libpxfm-fac55e2f4107c2c2.rlib" "/opt/rustwide/target/debug/build/image-webp/34e741a8e5524094/out/libimage_webp-34e741a8e5524094.rlib" "/opt/rustwide/target/debug/build/tiff/08009da8133c0a0b/out/libtiff-08009da8133c0a0b.rlib" "/opt/rustwide/target/debug/build/fax/fbd76256aa8fcd1b/out/libfax-fbd76256aa8fcd1b.rlib" "/opt/rustwide/target/debug/build/png/66628c631e615433/out/libpng-66628c631e615433.rlib" "/opt/rustwide/target/debug/build/flate2/e9daf290354ae655/out/libflate2-e9daf290354ae655.rlib" "/opt/rustwide/target/debug/build/fdeflate/365b82c780a9e65c/out/libfdeflate-365b82c780a9e65c.rlib" "/opt/rustwide/target/debug/build/crc32fast/77160f4e25d6fc25/out/libcrc32fast-77160f4e25d6fc25.rlib" "/opt/rustwide/target/debug/build/exr/bfd7ea4cf802f847/out/libexr-bfd7ea4cf802f847.rlib" "/opt/rustwide/target/debug/build/miniz_oxide/104e9e67e6a07f12/out/libminiz_oxide-104e9e67e6a07f12.rlib" "/opt/rustwide/target/debug/build/zune-inflate/8f8272271a7d0b96/out/libzune_inflate-8f8272271a7d0b96.rlib" "/opt/rustwide/target/debug/build/simd-adler32/4fe6a09bed41f873/out/libsimd_adler32-4fe6a09bed41f873.rlib" "/opt/rustwide/target/debug/build/bit_field/ac1ccba4a1744749/out/libbit_field-ac1ccba4a1744749.rlib" "/opt/rustwide/target/debug/build/lebe/4a7d05a8365cd804/out/liblebe-4a7d05a8365cd804.rlib" "/opt/rustwide/target/debug/build/half/a8aee1d0089e428e/out/libhalf-a8aee1d0089e428e.rlib" "/opt/rustwide/target/debug/build/zerocopy/49b93d76a9c781c6/out/libzerocopy-49b93d76a9c781c6.rlib" "/opt/rustwide/target/debug/build/smallvec/c4b0763233bab5f9/out/libsmallvec-c4b0763233bab5f9.rlib" "/opt/rustwide/target/debug/build/zune-jpeg/ecb95bf532f6a64f/out/libzune_jpeg-ecb95bf532f6a64f.rlib" "/opt/rustwide/target/debug/build/zune-core/1e52e593f0022a9f/out/libzune_core-1e52e593f0022a9f.rlib" "/opt/rustwide/target/debug/build/gif/4f238d76e3d541f2/out/libgif-4f238d76e3d541f2.rlib" "/opt/rustwide/target/debug/build/color_quant/72accfe2cafd1a2d/out/libcolor_quant-72accfe2cafd1a2d.rlib" "/opt/rustwide/target/debug/build/weezl/c14ee9b06cdfb3f7/out/libweezl-c14ee9b06cdfb3f7.rlib" "/opt/rustwide/target/debug/build/byteorder-lite/f5df2d14b4488fc7/out/libbyteorder_lite-f5df2d14b4488fc7.rlib" "/opt/rustwide/target/debug/build/ravif/231a75f7b807f991/out/libravif-231a75f7b807f991.rlib" "/opt/rustwide/target/debug/build/loop9/a948d0277f05dc3c/out/libloop9-a948d0277f05dc3c.rlib" "/opt/rustwide/target/debug/build/avif-serialize/ce36c61af03851bb/out/libavif_serialize-ce36c61af03851bb.rlib" "/opt/rustwide/target/debug/build/quick-error/702b385be5f12d4a/out/libquick_error-702b385be5f12d4a.rlib" "/opt/rustwide/target/debug/build/rgb/938bd2eae0856c3c/out/librgb-938bd2eae0856c3c.rlib" "/opt/rustwide/target/debug/build/rav1e/d6d9c1d5723b29a4/out/librav1e-d6d9c1d5723b29a4.rlib" "/opt/rustwide/target/debug/build/profiling/0976dd1bfacf7883/out/libprofiling-0976dd1bfacf7883.rlib" "/opt/rustwide/target/debug/build/av-scenechange/005659b133df52be/out/libav_scenechange-005659b133df52be.rlib" "/opt/rustwide/target/debug/build/y4m/a07076ccebfe9a77/out/liby4m-a07076ccebfe9a77.rlib" "/opt/rustwide/target/debug/build/aligned/6f1cd0bf0a9ea945/out/libaligned-6f1cd0bf0a9ea945.rlib" "/opt/rustwide/target/debug/build/as-slice/537619d8d2baee2f/out/libas_slice-537619d8d2baee2f.rlib" "/opt/rustwide/target/debug/build/stable_deref_trait/63cbf3f3d3f94e56/out/libstable_deref_trait-63cbf3f3d3f94e56.rlib" "/opt/rustwide/target/debug/build/av1-grain/a07c272601cf9818/out/libav1_grain-a07c272601cf9818.rlib" "/opt/rustwide/target/debug/build/log/b262261d47bd2eba/out/liblog-b262261d47bd2eba.rlib" "/opt/rustwide/target/debug/build/nom/696c34c2c1e48aba/out/libnom-696c34c2c1e48aba.rlib" "/opt/rustwide/target/debug/build/memchr/5cfa70d22cb32987/out/libmemchr-5cfa70d22cb32987.rlib" "/opt/rustwide/target/debug/build/num-rational/5902100436c774d7/out/libnum_rational-5902100436c774d7.rlib" "/opt/rustwide/target/debug/build/num-bigint/3c4a2495784e9e95/out/libnum_bigint-3c4a2495784e9e95.rlib" "/opt/rustwide/target/debug/build/num-integer/07332e0feec06b93/out/libnum_integer-07332e0feec06b93.rlib" "/opt/rustwide/target/debug/build/anyhow/9e4c44ac98d8e4ea/out/libanyhow-9e4c44ac98d8e4ea.rlib" "/opt/rustwide/target/debug/build/maybe-rayon/407d90c6e839395d/out/libmaybe_rayon-407d90c6e839395d.rlib" "/opt/rustwide/target/debug/build/rayon/debd678a60a7a7eb/out/librayon-debd678a60a7a7eb.rlib" "/opt/rustwide/target/debug/build/rayon-core/e986c1d1845fe6c3/out/librayon_core-e986c1d1845fe6c3.rlib" "/opt/rustwide/target/debug/build/crossbeam-deque/e71c6317821167fb/out/libcrossbeam_deque-e71c6317821167fb.rlib" "/opt/rustwide/target/debug/build/crossbeam-epoch/5fdcd5978a9f0010/out/libcrossbeam_epoch-5fdcd5978a9f0010.rlib" "/opt/rustwide/target/debug/build/crossbeam-utils/f696a08ab1e94e7a/out/libcrossbeam_utils-f696a08ab1e94e7a.rlib" "/opt/rustwide/target/debug/build/cfg-if/83060ec5685761ae/out/libcfg_if-83060ec5685761ae.rlib" "/opt/rustwide/target/debug/build/v_frame/726e8a26ea7e0549/out/libv_frame-726e8a26ea7e0549.rlib" "/opt/rustwide/target/debug/build/arrayvec/09741c597eeba17a/out/libarrayvec-09741c597eeba17a.rlib" "/opt/rustwide/target/debug/build/aligned-vec/7d81b89b1e4cb7de/out/libaligned_vec-7d81b89b1e4cb7de.rlib" "/opt/rustwide/target/debug/build/equator/2a74e1e812298f5c/out/libequator-2a74e1e812298f5c.rlib" "/opt/rustwide/target/debug/build/bitstream-io/26f7943f094d1f9b/out/libbitstream_io-26f7943f094d1f9b.rlib" "/opt/rustwide/target/debug/build/itertools/ab9447b3f188acc5/out/libitertools-ab9447b3f188acc5.rlib" "/opt/rustwide/target/debug/build/either/e5ea87bd27ac73a9/out/libeither-e5ea87bd27ac73a9.rlib" "/opt/rustwide/target/debug/build/imgref/6a2c3798daf54080/out/libimgref-6a2c3798daf54080.rlib" "/opt/rustwide/target/debug/build/bytemuck/690da78adee7b727/out/libbytemuck-690da78adee7b727.rlib" "/opt/rustwide/target/debug/build/num-traits/5f5f7eaedd5abb87/out/libnum_traits-5f5f7eaedd5abb87.rlib" "/opt/rustwide/target/debug/build/bitflags/db7b9c0337a7ee76/out/libbitflags-db7b9c0337a7ee76.rlib" "/opt/rustwide/target/debug/build/thiserror/05226581c75f1270/out/libthiserror-05226581c75f1270.rlib" "/opt/rustwide/target/debug/build/glam/edb3bf58604d9ec9/out/libglam-edb3bf58604d9ec9.rlib" "<sysroot>/lib/rustlib/x86_64-unknown-linux-gnu/lib/{libstd-*,libpanic_unwind-*,libobject-*,libmemchr-*,libaddr2line-*,libgimli-*,libcfg_if-*,librustc_demangle-*,libstd_detect-*,libhashbrown-*,librustc_std_workspace_alloc-*,libminiz_oxide-*,libadler2-*,libunwind-*,liblibc-*,librustc_std_workspace_core-*,liballoc-*,libcore-*,libcompiler_builtins-*}.rlib" "-Wl,-Bdynamic" "-lgcc_s" "-lutil" "-lrt" "-lpthread" "-lm" "-ldl" "-lc" "-L" "/opt/rustwide/target/debug/build/wow-m2/a322766531102223/out/rustct1vxN0/raw-dylibs" "-B<sysroot>/lib/rustlib/x86_64-unknown-linux-gnu/bin/gcc-ld" "-fuse-ld=lld" "-Wl,--eh-frame-hdr" "-Wl,-z,noexecstack" "-L" "/opt/rustwide/target/debug/build/alloca/23c84cc01ed8d7cd/out" "-L" "<sysroot>/lib/rustlib/x86_64-unknown-linux-gnu/lib" "-o" "/opt/rustwide/target/debug/build/wow-m2/a322766531102223/out/test_submesh_ranges" "-Wl,--gc-sections" "-pie" "-Wl,-z,relro,-z,now" "-nodefaultlibs"
[INFO] [stdout]   = note: some arguments are omitted. use `--verbose` to show all linker arguments
[INFO] [stdout]   = note: collect2: fatal error: ld terminated with signal 9 [Killed]
[INFO] [stdout]           compilation terminated.
[INFO] [stdout]           
[INFO] [stdout] 
[INFO] [stdout] 
[INFO] [stderr] error: could not compile `wow-m2` (example "test_submesh_ranges") due to 1 previous error
[INFO] [stdout] error: linking with `cc` failed: exit status: 1
[INFO] [stdout]   |
[INFO] [stdout]   = note:  "cc" "-m64" "/opt/rustwide/target/debug/build/wow-m2/925695acbace2f25/out/rustcWBbfWT/symbols.o" "<2 object files omitted>" "-Wl,--as-needed" "-Wl,-Bstatic" "/opt/rustwide/target/debug/build/wow-m2/790c6b1795967f69/out/libwow_m2-790c6b1795967f69.rlib" "/opt/rustwide/target/debug/build/wow-blp/e07add8823ee34d6/out/libwow_blp-e07add8823ee34d6.rlib" "/opt/rustwide/target/debug/build/texpresso/05ca23cd89ea93c9/out/libtexpresso-05ca23cd89ea93c9.rlib" "/opt/rustwide/target/debug/build/libm/24398d5f7d3c709c/out/liblibm-24398d5f7d3c709c.rlib" "/opt/rustwide/target/debug/build/image/1561e00091cd74ae/out/libimage-1561e00091cd74ae.rlib" "/opt/rustwide/target/debug/build/qoi/2314e2a23580d32b/out/libqoi-2314e2a23580d32b.rlib" "/opt/rustwide/target/debug/build/moxcms/70a3b652c60dabe8/out/libmoxcms-70a3b652c60dabe8.rlib" "/opt/rustwide/target/debug/build/pxfm/fac55e2f4107c2c2/out/libpxfm-fac55e2f4107c2c2.rlib" "/opt/rustwide/target/debug/build/image-webp/34e741a8e5524094/out/libimage_webp-34e741a8e5524094.rlib" "/opt/rustwide/target/debug/build/tiff/08009da8133c0a0b/out/libtiff-08009da8133c0a0b.rlib" "/opt/rustwide/target/debug/build/fax/fbd76256aa8fcd1b/out/libfax-fbd76256aa8fcd1b.rlib" "/opt/rustwide/target/debug/build/png/66628c631e615433/out/libpng-66628c631e615433.rlib" "/opt/rustwide/target/debug/build/flate2/e9daf290354ae655/out/libflate2-e9daf290354ae655.rlib" "/opt/rustwide/target/debug/build/fdeflate/365b82c780a9e65c/out/libfdeflate-365b82c780a9e65c.rlib" "/opt/rustwide/target/debug/build/crc32fast/77160f4e25d6fc25/out/libcrc32fast-77160f4e25d6fc25.rlib" "/opt/rustwide/target/debug/build/exr/bfd7ea4cf802f847/out/libexr-bfd7ea4cf802f847.rlib" "/opt/rustwide/target/debug/build/miniz_oxide/104e9e67e6a07f12/out/libminiz_oxide-104e9e67e6a07f12.rlib" "/opt/rustwide/target/debug/build/zune-inflate/8f8272271a7d0b96/out/libzune_inflate-8f8272271a7d0b96.rlib" "/opt/rustwide/target/debug/build/simd-adler32/4fe6a09bed41f873/out/libsimd_adler32-4fe6a09bed41f873.rlib" "/opt/rustwide/target/debug/build/bit_field/ac1ccba4a1744749/out/libbit_field-ac1ccba4a1744749.rlib" "/opt/rustwide/target/debug/build/lebe/4a7d05a8365cd804/out/liblebe-4a7d05a8365cd804.rlib" "/opt/rustwide/target/debug/build/half/a8aee1d0089e428e/out/libhalf-a8aee1d0089e428e.rlib" "/opt/rustwide/target/debug/build/zerocopy/49b93d76a9c781c6/out/libzerocopy-49b93d76a9c781c6.rlib" "/opt/rustwide/target/debug/build/smallvec/c4b0763233bab5f9/out/libsmallvec-c4b0763233bab5f9.rlib" "/opt/rustwide/target/debug/build/zune-jpeg/ecb95bf532f6a64f/out/libzune_jpeg-ecb95bf532f6a64f.rlib" "/opt/rustwide/target/debug/build/zune-core/1e52e593f0022a9f/out/libzune_core-1e52e593f0022a9f.rlib" "/opt/rustwide/target/debug/build/gif/4f238d76e3d541f2/out/libgif-4f238d76e3d541f2.rlib" "/opt/rustwide/target/debug/build/color_quant/72accfe2cafd1a2d/out/libcolor_quant-72accfe2cafd1a2d.rlib" "/opt/rustwide/target/debug/build/weezl/c14ee9b06cdfb3f7/out/libweezl-c14ee9b06cdfb3f7.rlib" "/opt/rustwide/target/debug/build/byteorder-lite/f5df2d14b4488fc7/out/libbyteorder_lite-f5df2d14b4488fc7.rlib" "/opt/rustwide/target/debug/build/ravif/231a75f7b807f991/out/libravif-231a75f7b807f991.rlib" "/opt/rustwide/target/debug/build/loop9/a948d0277f05dc3c/out/libloop9-a948d0277f05dc3c.rlib" "/opt/rustwide/target/debug/build/avif-serialize/ce36c61af03851bb/out/libavif_serialize-ce36c61af03851bb.rlib" "/opt/rustwide/target/debug/build/quick-error/702b385be5f12d4a/out/libquick_error-702b385be5f12d4a.rlib" "/opt/rustwide/target/debug/build/rgb/938bd2eae0856c3c/out/librgb-938bd2eae0856c3c.rlib" "/opt/rustwide/target/debug/build/rav1e/d6d9c1d5723b29a4/out/librav1e-d6d9c1d5723b29a4.rlib" "/opt/rustwide/target/debug/build/profiling/0976dd1bfacf7883/out/libprofiling-0976dd1bfacf7883.rlib" "/opt/rustwide/target/debug/build/av-scenechange/005659b133df52be/out/libav_scenechange-005659b133df52be.rlib" "/opt/rustwide/target/debug/build/y4m/a07076ccebfe9a77/out/liby4m-a07076ccebfe9a77.rlib" "/opt/rustwide/target/debug/build/aligned/6f1cd0bf0a9ea945/out/libaligned-6f1cd0bf0a9ea945.rlib" "/opt/rustwide/target/debug/build/as-slice/537619d8d2baee2f/out/libas_slice-537619d8d2baee2f.rlib" "/opt/rustwide/target/debug/build/stable_deref_trait/63cbf3f3d3f94e56/out/libstable_deref_trait-63cbf3f3d3f94e56.rlib" "/opt/rustwide/target/debug/build/av1-grain/a07c272601cf9818/out/libav1_grain-a07c272601cf9818.rlib" "/opt/rustwide/target/debug/build/log/b262261d47bd2eba/out/liblog-b262261d47bd2eba.rlib" "/opt/rustwide/target/debug/build/nom/696c34c2c1e48aba/out/libnom-696c34c2c1e48aba.rlib" "/opt/rustwide/target/debug/build/memchr/5cfa70d22cb32987/out/libmemchr-5cfa70d22cb32987.rlib" "/opt/rustwide/target/debug/build/num-rational/5902100436c774d7/out/libnum_rational-5902100436c774d7.rlib" "/opt/rustwide/target/debug/build/num-bigint/3c4a2495784e9e95/out/libnum_bigint-3c4a2495784e9e95.rlib" "/opt/rustwide/target/debug/build/num-integer/07332e0feec06b93/out/libnum_integer-07332e0feec06b93.rlib" "/opt/rustwide/target/debug/build/anyhow/9e4c44ac98d8e4ea/out/libanyhow-9e4c44ac98d8e4ea.rlib" "/opt/rustwide/target/debug/build/maybe-rayon/407d90c6e839395d/out/libmaybe_rayon-407d90c6e839395d.rlib" "/opt/rustwide/target/debug/build/rayon/debd678a60a7a7eb/out/librayon-debd678a60a7a7eb.rlib" "/opt/rustwide/target/debug/build/rayon-core/e986c1d1845fe6c3/out/librayon_core-e986c1d1845fe6c3.rlib" "/opt/rustwide/target/debug/build/crossbeam-deque/e71c6317821167fb/out/libcrossbeam_deque-e71c6317821167fb.rlib" "/opt/rustwide/target/debug/build/crossbeam-epoch/5fdcd5978a9f0010/out/libcrossbeam_epoch-5fdcd5978a9f0010.rlib" "/opt/rustwide/target/debug/build/crossbeam-utils/f696a08ab1e94e7a/out/libcrossbeam_utils-f696a08ab1e94e7a.rlib" "/opt/rustwide/target/debug/build/cfg-if/83060ec5685761ae/out/libcfg_if-83060ec5685761ae.rlib" "/opt/rustwide/target/debug/build/v_frame/726e8a26ea7e0549/out/libv_frame-726e8a26ea7e0549.rlib" "/opt/rustwide/target/debug/build/arrayvec/09741c597eeba17a/out/libarrayvec-09741c597eeba17a.rlib" "/opt/rustwide/target/debug/build/aligned-vec/7d81b89b1e4cb7de/out/libaligned_vec-7d81b89b1e4cb7de.rlib" "/opt/rustwide/target/debug/build/equator/2a74e1e812298f5c/out/libequator-2a74e1e812298f5c.rlib" "/opt/rustwide/target/debug/build/bitstream-io/26f7943f094d1f9b/out/libbitstream_io-26f7943f094d1f9b.rlib" "/opt/rustwide/target/debug/build/itertools/ab9447b3f188acc5/out/libitertools-ab9447b3f188acc5.rlib" "/opt/rustwide/target/debug/build/either/e5ea87bd27ac73a9/out/libeither-e5ea87bd27ac73a9.rlib" "/opt/rustwide/target/debug/build/imgref/6a2c3798daf54080/out/libimgref-6a2c3798daf54080.rlib" "/opt/rustwide/target/debug/build/bytemuck/690da78adee7b727/out/libbytemuck-690da78adee7b727.rlib" "/opt/rustwide/target/debug/build/num-traits/5f5f7eaedd5abb87/out/libnum_traits-5f5f7eaedd5abb87.rlib" "/opt/rustwide/target/debug/build/bitflags/db7b9c0337a7ee76/out/libbitflags-db7b9c0337a7ee76.rlib" "/opt/rustwide/target/debug/build/thiserror/05226581c75f1270/out/libthiserror-05226581c75f1270.rlib" "/opt/rustwide/target/debug/build/glam/edb3bf58604d9ec9/out/libglam-edb3bf58604d9ec9.rlib" "<sysroot>/lib/rustlib/x86_64-unknown-linux-gnu/lib/{libstd-*,libpanic_unwind-*,libobject-*,libmemchr-*,libaddr2line-*,libgimli-*,libcfg_if-*,librustc_demangle-*,libstd_detect-*,libhashbrown-*,librustc_std_workspace_alloc-*,libminiz_oxide-*,libadler2-*,libunwind-*,liblibc-*,librustc_std_workspace_core-*,liballoc-*,libcore-*,libcompiler_builtins-*}.rlib" "-Wl,-Bdynamic" "-lgcc_s" "-lutil" "-lrt" "-lpthread" "-lm" "-ldl" "-lc" "-L" "/opt/rustwide/target/debug/build/wow-m2/925695acbace2f25/out/rustcWBbfWT/raw-dylibs" "-B<sysroot>/lib/rustlib/x86_64-unknown-linux-gnu/bin/gcc-ld" "-fuse-ld=lld" "-Wl,--eh-frame-hdr" "-Wl,-z,noexecstack" "-L" "/opt/rustwide/target/debug/build/alloca/23c84cc01ed8d7cd/out" "-L" "<sysroot>/lib/rustlib/x86_64-unknown-linux-gnu/lib" "-o" "/opt/rustwide/target/debug/build/wow-m2/925695acbace2f25/out/work_with_old_skins" "-Wl,--gc-sections" "-pie" "-Wl,-z,relro,-z,now" "-nodefaultlibs"
[INFO] [stdout]   = note: some arguments are omitted. use `--verbose` to show all linker arguments
[INFO] [stdout]   = note: collect2: fatal error: ld terminated with signal 9 [Killed]
[INFO] [stdout]           compilation terminated.
[INFO] [stdout]           
[INFO] [stdout] 
[INFO] [stdout] 
[INFO] [stderr] error: could not compile `wow-m2` (example "work_with_old_skins") due to 1 previous error
[ERROR] error running command: no output for 300 seconds
[INFO] running `Command { std: "docker" "inspect" "b5242a97a90c54405f873dc55bdeff47f43968c1fb822bab1264ddbacc46725b", kill_on_drop: false }`
[INFO] running `Command { std: "docker" "rm" "-f" "b5242a97a90c54405f873dc55bdeff47f43968c1fb822bab1264ddbacc46725b", kill_on_drop: false }`
[INFO] [stdout] b5242a97a90c54405f873dc55bdeff47f43968c1fb822bab1264ddbacc46725b
