[INFO] fetching crate wiretap-d 0.2.30...
[INFO] testing wiretap-d-0.2.30 against 1.99.0-beta.8 for beta-1.100-2
[INFO] extracting crate wiretap-d 0.2.30 into /workspace/builds/worker-6-tc1/source
[INFO] started tweaking crates.io crate wiretap-d 0.2.30
[INFO] finished tweaking crates.io crate wiretap-d 0.2.30
[INFO] tweaked toml for crates.io crate wiretap-d 0.2.30 written to /workspace/builds/worker-6-tc1/source/Cargo.toml
[INFO] validating manifest of crates.io crate wiretap-d 0.2.30 on toolchain 1.99.0-beta.8
[INFO] running `Command { std: CARGO_HOME="/workspace/cargo-home" RUSTUP_HOME="/workspace/rustup-home" "/workspace/cargo-home/bin/cargo" "+1.99.0-beta.8" "metadata" "--manifest-path" "Cargo.toml" "--no-deps", kill_on_drop: false }`
[INFO] crate crates.io crate wiretap-d 0.2.30 already has a lockfile, it will not be regenerated
[INFO] running `Command { std: CARGO_HOME="/workspace/cargo-home" RUSTUP_HOME="/workspace/rustup-home" "/workspace/cargo-home/bin/cargo" "+1.99.0-beta.8" "fetch" "--manifest-path" "Cargo.toml", kill_on_drop: false }`
[INFO] [stderr]     Updating crates.io index
[INFO] [stderr]  Downloading crates ...
[INFO] [stderr]   Downloaded rustix-openpty v0.2.0
[INFO] [stderr]   Downloaded wirehop-vt v0.9.37
[INFO] [stderr]   Downloaded miow v0.6.1
[INFO] [stderr]   Downloaded alacritty_terminal v0.26.0
[INFO] [stderr]   Downloaded compact_str v0.8.2
[INFO] [stderr]   Downloaded hop-tap-ebpf-common v0.2.30
[INFO] [stderr]   Downloaded hop-tap-protocol v0.2.30
[INFO] [stderr]   Downloaded core-error v0.0.0
[INFO] [stderr]   Downloaded ipc-channel v0.20.2
[INFO] [stderr]   Downloaded aya-log-common v0.1.15
[INFO] [stderr]   Downloaded aya-log v0.2.1
[INFO] [stderr]   Downloaded aya-obj v0.2.1
[INFO] [stderr]   Downloaded aya v0.13.1
[INFO] [stderr]   Downloaded ratatui v0.29.0
[INFO] running `Command { std: "docker" "create" "-v" "/var/lib/crater-agent-workspace/builds/worker-6-tc1/source:/opt/rustwide/workdir:ro,Z" "-v" "/var/lib/crater-agent-workspace/builds/worker-6-tc1/target:/opt/rustwide/target:rw,Z" "-v" "/var/lib/crater-agent-workspace/cargo-home:/opt/rustwide/cargo-home:ro,Z" "-v" "/var/lib/crater-agent-workspace/rustup-home:/opt/rustwide/rustup-home:ro,Z" "-m" "1610612736" "--network" "none" "ghcr.io/rust-lang/crates-build-env/linux@sha256:3111399a4047eeb3a02b7a90e478d715f38a8c6669b5c4b49d30a17385265909" "sleep" "infinity", kill_on_drop: false }`
[INFO] [stdout] a1cf0ea1b40e8172aa33ea1015ae1b299d6ee91a737cea907bf97811229772e8
[INFO] running `Command { std: "docker" "start" "a1cf0ea1b40e8172aa33ea1015ae1b299d6ee91a737cea907bf97811229772e8", kill_on_drop: false }`
[INFO] running `Command { std: "docker" "inspect" "a1cf0ea1b40e8172aa33ea1015ae1b299d6ee91a737cea907bf97811229772e8", kill_on_drop: false }`
[INFO] running `Command { std: "docker" "exec" "-e" "SOURCE_DIR=/opt/rustwide/workdir" "-e" "CARGO_HOME=/opt/rustwide/cargo-home" "-e" "RUSTUP_HOME=/opt/rustwide/rustup-home" "-e" "CARGO_TARGET_DIR=/opt/rustwide/target" "-w" "/opt/rustwide/workdir" "--user" "0:0" "a1cf0ea1b40e8172aa33ea1015ae1b299d6ee91a737cea907bf97811229772e8" "/opt/rustwide/cargo-home/bin/cargo" "+1.99.0-beta.8" "metadata" "--no-deps" "--format-version=1", kill_on_drop: false }`
[INFO] running `Command { std: "docker" "inspect" "a1cf0ea1b40e8172aa33ea1015ae1b299d6ee91a737cea907bf97811229772e8", kill_on_drop: false }`
[INFO] running `Command { std: "docker" "exec" "-e" "SOURCE_DIR=/opt/rustwide/workdir" "-e" "CARGO_HOME=/opt/rustwide/cargo-home" "-e" "RUSTUP_HOME=/opt/rustwide/rustup-home" "-e" "CARGO_TARGET_DIR=/opt/rustwide/target" "-e" "CARGO_INCREMENTAL=0" "-e" "RUST_BACKTRACE=full" "-e" "RUSTFLAGS=--cap-lints=warn" "-e" "RUSTDOCFLAGS=--cap-lints=warn" "-w" "/opt/rustwide/workdir" "--user" "0:0" "a1cf0ea1b40e8172aa33ea1015ae1b299d6ee91a737cea907bf97811229772e8" "/opt/rustwide/cargo-home/bin/cargo" "+1.99.0-beta.8" "build" "--frozen" "--message-format=json", kill_on_drop: false }`
[INFO] [stderr]    Compiling libc v0.2.189
[INFO] [stderr]    Compiling syn v3.0.5
[INFO] [stderr]    Compiling serde_core v1.0.229
[INFO] [stderr]    Compiling rustix v1.1.4
[INFO] [stderr]    Compiling linux-raw-sys v0.12.1
[INFO] [stderr]    Compiling smallvec v1.16.0
[INFO] [stderr]    Compiling hashbrown v0.15.5
[INFO] [stderr]    Compiling crc32fast v1.5.1
[INFO] [stderr]    Compiling signal-hook v0.3.18
[INFO] [stderr]    Compiling core-error v0.0.0
[INFO] [stderr]    Compiling object v0.36.7
[INFO] [stderr]    Compiling thiserror-impl v1.0.69
[INFO] [stderr]    Compiling regex-syntax v0.8.11
[INFO] [stderr]    Compiling signal-hook v0.4.4
[INFO] [stderr]    Compiling crossbeam-utils v0.8.22
[INFO] [stderr]    Compiling rustix v0.38.44
[INFO] [stderr]    Compiling convert_case v0.10.0
[INFO] [stderr]    Compiling tracing-core v0.1.36
[INFO] [stderr]    Compiling num_enum_derive v0.7.6
[INFO] [stderr]    Compiling cursor-icon v1.2.0
[INFO] [stderr]    Compiling assert_matches v1.5.0
[INFO] [stderr]    Compiling instability v0.3.13
[INFO] [stderr]    Compiling linux-raw-sys v0.4.15
[INFO] [stderr]    Compiling unicode-width v0.2.0
[INFO] [stderr]    Compiling cfg_aliases v0.2.2
[INFO] [stderr]    Compiling either v1.18.0
[INFO] [stderr]    Compiling vte v0.15.0
[INFO] [stderr]    Compiling nix v0.30.1
[INFO] [stderr]    Compiling derive_more-impl v2.1.1
[INFO] [stderr]    Compiling strum_macros v0.26.4
[INFO] [stderr]    Compiling castaway v0.2.4
[INFO] [stderr]    Compiling virtue v0.0.18
[INFO] [stderr]    Compiling indoc v2.0.7
[INFO] [stderr]    Compiling itertools v0.13.0
[INFO] [stderr]    Compiling unicode-width v0.1.14
[INFO] [stderr]    Compiling litrs v1.0.0
[INFO] [stderr]    Compiling home v0.5.12
[INFO] [stderr]    Compiling num_enum v0.7.6
[INFO] [stderr]    Compiling compact_str v0.8.2
[INFO] [stderr]    Compiling clap_builder v4.6.6
[INFO] [stderr]    Compiling aya-log-common v0.1.15
[INFO] [stderr]    Compiling derive_more v2.1.1
[INFO] [stderr]    Compiling crossbeam-channel v0.5.16
[INFO] [stderr]    Compiling thiserror v1.0.69
[INFO] [stderr]    Compiling lru v0.12.5
[INFO] [stderr]    Compiling tracing v0.1.44
[INFO] [stderr]    Compiling bincode_derive v2.0.1
[INFO] [stderr]    Compiling tracing-log v0.2.0
[INFO] [stderr]    Compiling cassowary v0.3.0
[INFO] [stderr]    Compiling unty v0.0.4
[INFO] [stderr]    Compiling document-features v0.2.12
[INFO] [stderr]    Compiling wiretap-d v0.2.30 (/opt/rustwide/workdir)
[INFO] [stderr]    Compiling regex-automata v0.4.18
[INFO] [stderr]    Compiling strum v0.26.3
[INFO] [stderr]    Compiling errno v0.3.14
[INFO] [stderr]    Compiling mio v1.2.3
[INFO] [stderr]    Compiling parking_lot_core v0.9.12
[INFO] [stderr]    Compiling socket2 v0.6.5
[INFO] [stderr]    Compiling getrandom v0.4.3
[INFO] [stderr]    Compiling signal-hook-registry v1.4.8
[INFO] [stderr]    Compiling uuid v1.26.0
[INFO] [stderr]    Compiling parking_lot v0.12.5
[INFO] [stderr]    Compiling unicode-truncate v1.1.0
[INFO] [stderr]    Compiling signal-hook-mio v0.2.5
[INFO] [stderr]    Compiling crossterm v0.28.1
[INFO] [stderr]    Compiling polling v3.11.0
[INFO] [stderr]    Compiling rustix-openpty v0.2.0
[INFO] [stderr]    Compiling tempfile v3.27.0
[INFO] [stderr]    Compiling crossterm v0.29.0
[INFO] [stderr]    Compiling darling_core v0.24.1
[INFO] [stderr]    Compiling serde_derive v1.0.229
[INFO] [stderr]    Compiling tokio-macros v2.7.2
[INFO] [stderr]    Compiling clap_derive v4.6.4
[INFO] [stderr]    Compiling tokio v1.53.1
[INFO] [stderr]    Compiling aya-obj v0.2.1
[INFO] [stderr]    Compiling alacritty_terminal v0.26.0
[INFO] [stderr]    Compiling matchers v0.2.0
[INFO] [stderr]    Compiling tracing-subscriber v0.3.23
[INFO] [stderr]    Compiling clap v4.6.6
[INFO] [stderr]    Compiling wirehop-vt v0.9.37
[INFO] [stderr]    Compiling darling_macro v0.24.1
[INFO] [stderr]    Compiling darling v0.24.1
[INFO] [stderr]    Compiling serde v1.0.229
[INFO] [stderr]    Compiling ratatui v0.29.0
[INFO] [stderr]    Compiling toml_datetime v0.6.11
[INFO] [stderr]    Compiling serde_spanned v0.6.9
[INFO] [stderr]    Compiling bincode v1.3.3
[INFO] [stderr]    Compiling bincode v2.0.1
[INFO] [stderr]    Compiling hop-tap-protocol v0.2.30
[INFO] [stderr]    Compiling toml_edit v0.22.27
[INFO] [stderr]    Compiling ipc-channel v0.20.2
[INFO] [stderr]    Compiling aya v0.13.1
[INFO] [stderr]    Compiling toml v0.8.23
[INFO] [stderr]    Compiling aya-log v0.2.1
[INFO] [stderr]    Compiling hop-tap-ebpf-common v0.2.30
[INFO] [stdout] error[E0433]: cannot find module or crate `hop_tap_d` in this scope
[INFO] [stdout]   --> src/bin/tap_honeypot.rs:28:9
[INFO] [stdout]    |
[INFO] [stdout] 28 |     use hop_tap_d::honeypot::{enter_sandbox_and_exec, SandboxSpec};
[INFO] [stdout]    |         ^^^^^^^^^ use of unresolved module or unlinked crate `hop_tap_d`
[INFO] [stdout]    |
[INFO] [stdout]    = help: if you wanted to use a crate named `hop_tap_d`, use `cargo add hop_tap_d` to add it to your `Cargo.toml`
[INFO] [stdout] 
[INFO] [stdout] 
[INFO] [stdout] error[E0433]: cannot find module or crate `hop_tap_d` in this scope
[INFO] [stdout]   --> src/main.rs:82:9
[INFO] [stdout]    |
[INFO] [stdout] 82 |     use hop_tap_d::extension::{write_bootstrap_atomically, ExtMessage};
[INFO] [stdout]    |         ^^^^^^^^^ use of unresolved module or unlinked crate `hop_tap_d`
[INFO] [stdout]    |
[INFO] [stdout]    = help: if you wanted to use a crate named `hop_tap_d`, use `cargo add hop_tap_d` to add it to your `Cargo.toml`
[INFO] [stdout] 
[INFO] [stdout] 
[INFO] [stderr] error: could not compile `wiretap-d` (bin "tap-honeypot") due to 1 previous error
[INFO] [stdout] error[E0433]: cannot find module or crate `hop_tap_d` in this scope
[INFO] [stdout]   --> src/main.rs:83:9
[INFO] [stdout]    |
[INFO] [stdout] 83 |     use hop_tap_d::protocol::{
[INFO] [stdout]    |         ^^^^^^^^^ use of unresolved module or unlinked crate `hop_tap_d`
[INFO] [stdout]    |
[INFO] [stdout]    = help: if you wanted to use a crate named `hop_tap_d`, use `cargo add hop_tap_d` to add it to your `Cargo.toml`
[INFO] [stdout] 
[INFO] [stdout] 
[INFO] [stderr] warning: build failed, waiting for other jobs to finish...
[INFO] [stdout] For more information about this error, try `rustc --explain E0433`.
[INFO] [stdout] 
[INFO] [stdout] For more information about this error, try `rustc --explain E0433`.
[INFO] [stdout] 
[INFO] [stderr] error: could not compile `wiretap-d` (bin "hop-tap-d") due to 2 previous errors
[INFO] running `Command { std: "docker" "inspect" "a1cf0ea1b40e8172aa33ea1015ae1b299d6ee91a737cea907bf97811229772e8", kill_on_drop: false }`
[INFO] running `Command { std: "docker" "rm" "-f" "a1cf0ea1b40e8172aa33ea1015ae1b299d6ee91a737cea907bf97811229772e8", kill_on_drop: false }`
[INFO] [stdout] a1cf0ea1b40e8172aa33ea1015ae1b299d6ee91a737cea907bf97811229772e8
