[INFO] fetching crate wireshift-net 0.1.2...
[INFO] testing wireshift-net-0.1.2 against 1.99.0-beta.8 for beta-1.100-2
[INFO] extracting crate wireshift-net 0.1.2 into /workspace/builds/worker-7-tc1/source
[INFO] started tweaking crates.io crate wireshift-net 0.1.2
[INFO] removed 0 missing tests
[INFO] finished tweaking crates.io crate wireshift-net 0.1.2
[INFO] tweaked toml for crates.io crate wireshift-net 0.1.2 written to /workspace/builds/worker-7-tc1/source/Cargo.toml
[INFO] validating manifest of crates.io crate wireshift-net 0.1.2 on toolchain 1.99.0-beta.8
[INFO] running `Command { std: CARGO_HOME="/workspace/cargo-home" RUSTUP_HOME="/workspace/rustup-home" "/workspace/cargo-home/bin/cargo" "+1.99.0-beta.8" "metadata" "--manifest-path" "Cargo.toml" "--no-deps", kill_on_drop: false }`
[INFO] crate crates.io crate wireshift-net 0.1.2 already has a lockfile, it will not be regenerated
[INFO] running `Command { std: CARGO_HOME="/workspace/cargo-home" RUSTUP_HOME="/workspace/rustup-home" "/workspace/cargo-home/bin/cargo" "+1.99.0-beta.8" "fetch" "--manifest-path" "Cargo.toml", kill_on_drop: false }`
[INFO] [stderr]     Updating crates.io index
[INFO] [stderr]  Downloading crates ...
[INFO] [stderr]   Downloaded wireshift-core v0.1.2
[INFO] [stderr]   Downloaded proptest v1.9.0
[INFO] running `Command { std: "docker" "create" "-v" "/var/lib/crater-agent-workspace/builds/worker-7-tc1/source:/opt/rustwide/workdir:ro,Z" "-v" "/var/lib/crater-agent-workspace/builds/worker-7-tc1/target:/opt/rustwide/target:rw,Z" "-v" "/var/lib/crater-agent-workspace/cargo-home:/opt/rustwide/cargo-home:ro,Z" "-v" "/var/lib/crater-agent-workspace/rustup-home:/opt/rustwide/rustup-home:ro,Z" "-m" "1610612736" "--network" "none" "ghcr.io/rust-lang/crates-build-env/linux@sha256:3111399a4047eeb3a02b7a90e478d715f38a8c6669b5c4b49d30a17385265909" "sleep" "infinity", kill_on_drop: false }`
[INFO] [stdout] 3515e57e7a34e4e477bda86b2a2f2fd15d5a080e3ecb65e25cfdd7e690bc4322
[INFO] running `Command { std: "docker" "start" "3515e57e7a34e4e477bda86b2a2f2fd15d5a080e3ecb65e25cfdd7e690bc4322", kill_on_drop: false }`
[INFO] running `Command { std: "docker" "inspect" "3515e57e7a34e4e477bda86b2a2f2fd15d5a080e3ecb65e25cfdd7e690bc4322", kill_on_drop: false }`
[INFO] running `Command { std: "docker" "exec" "-e" "SOURCE_DIR=/opt/rustwide/workdir" "-e" "CARGO_HOME=/opt/rustwide/cargo-home" "-e" "RUSTUP_HOME=/opt/rustwide/rustup-home" "-e" "CARGO_TARGET_DIR=/opt/rustwide/target" "-w" "/opt/rustwide/workdir" "--user" "0:0" "3515e57e7a34e4e477bda86b2a2f2fd15d5a080e3ecb65e25cfdd7e690bc4322" "/opt/rustwide/cargo-home/bin/cargo" "+1.99.0-beta.8" "metadata" "--no-deps" "--format-version=1", kill_on_drop: false }`
[INFO] running `Command { std: "docker" "inspect" "3515e57e7a34e4e477bda86b2a2f2fd15d5a080e3ecb65e25cfdd7e690bc4322", kill_on_drop: false }`
[INFO] running `Command { std: "docker" "exec" "-e" "SOURCE_DIR=/opt/rustwide/workdir" "-e" "CARGO_HOME=/opt/rustwide/cargo-home" "-e" "RUSTUP_HOME=/opt/rustwide/rustup-home" "-e" "CARGO_TARGET_DIR=/opt/rustwide/target" "-e" "CARGO_INCREMENTAL=0" "-e" "RUST_BACKTRACE=full" "-e" "RUSTFLAGS=--cap-lints=warn" "-e" "RUSTDOCFLAGS=--cap-lints=warn" "-w" "/opt/rustwide/workdir" "--user" "0:0" "3515e57e7a34e4e477bda86b2a2f2fd15d5a080e3ecb65e25cfdd7e690bc4322" "/opt/rustwide/cargo-home/bin/cargo" "+1.99.0-beta.8" "build" "--frozen" "--message-format=json", kill_on_drop: false }`
[INFO] [stderr]    Compiling syn v2.0.117
[INFO] [stderr]    Compiling rustix v1.1.4
[INFO] [stderr]    Compiling linux-raw-sys v0.12.1
[INFO] [stderr]    Compiling crossbeam-queue v0.3.12
[INFO] [stderr]    Compiling crossbeam-channel v0.5.15
[INFO] [stderr]    Compiling thiserror-impl v2.0.18
[INFO] [stderr]    Compiling tracing-attributes v0.1.31
[INFO] [stderr]    Compiling tracing v0.1.44
[INFO] [stderr]    Compiling thiserror v2.0.18
[INFO] [stderr]    Compiling wireshift-core v0.1.2
[INFO] [stderr]    Compiling wireshift-net v0.1.2 (/opt/rustwide/workdir)
[INFO] [stderr]     Finished `dev` profile [unoptimized + debuginfo] target(s) in 6.60s
[INFO] running `Command { std: "docker" "inspect" "3515e57e7a34e4e477bda86b2a2f2fd15d5a080e3ecb65e25cfdd7e690bc4322", kill_on_drop: false }`
[INFO] running `Command { std: "docker" "exec" "-e" "SOURCE_DIR=/opt/rustwide/workdir" "-e" "CARGO_HOME=/opt/rustwide/cargo-home" "-e" "RUSTUP_HOME=/opt/rustwide/rustup-home" "-e" "CARGO_TARGET_DIR=/opt/rustwide/target" "-e" "CARGO_INCREMENTAL=0" "-e" "RUST_BACKTRACE=full" "-e" "RUSTFLAGS=--cap-lints=warn" "-e" "RUSTDOCFLAGS=--cap-lints=warn" "-w" "/opt/rustwide/workdir" "--user" "0:0" "3515e57e7a34e4e477bda86b2a2f2fd15d5a080e3ecb65e25cfdd7e690bc4322" "/opt/rustwide/cargo-home/bin/cargo" "+1.99.0-beta.8" "test" "--frozen" "--no-run" "--message-format=json", kill_on_drop: false }`
[INFO] [stderr]    Compiling rustix v1.1.4
[INFO] [stderr]    Compiling zerocopy v0.8.48
[INFO] [stderr]    Compiling quick-error v1.2.3
[INFO] [stderr]    Compiling getrandom v0.3.4
[INFO] [stderr]    Compiling wait-timeout v0.2.1
[INFO] [stderr]    Compiling bit-vec v0.8.0
[INFO] [stderr]    Compiling unarray v0.1.4
[INFO] [stderr]    Compiling rand_core v0.9.5
[INFO] [stderr]    Compiling bit-set v0.8.0
[INFO] [stderr]    Compiling rand_xorshift v0.4.0
[INFO] [stderr]    Compiling rand v0.9.4
[INFO] [stderr]    Compiling tempfile v3.27.0
[INFO] [stderr]    Compiling wireshift-net v0.1.2 (/opt/rustwide/workdir)
[INFO] [stderr]    Compiling rusty-fork v0.3.1
[INFO] [stderr]    Compiling ppv-lite86 v0.2.21
[INFO] [stderr]    Compiling rand_chacha v0.9.0
[INFO] [stderr]    Compiling proptest v1.9.0
[INFO] [stdout] error[E0433]: cannot find module or crate `wireshift` in this scope
[INFO] [stdout]  --> tests/net.rs:7:5
[INFO] [stdout]   |
[INFO] [stdout] 7 | use wireshift::ops::{Accept, Connect, Recv, Send};
[INFO] [stdout]   |     ^^^^^^^^^ use of unresolved module or unlinked crate `wireshift`
[INFO] [stdout]   |
[INFO] [stdout]   = help: if you wanted to use a crate named `wireshift`, use `cargo add wireshift` to add it to your `Cargo.toml`
[INFO] [stdout] 
[INFO] [stdout] 
[INFO] [stdout] error[E0432]: unresolved import `wireshift`
[INFO] [stdout]  --> tests/integration/net_integration.rs:6:5
[INFO] [stdout]   |
[INFO] [stdout] 6 | use wireshift::{BackendPreference, Ring, RingConfig};
[INFO] [stdout]   |     ^^^^^^^^^ use of unresolved module or unlinked crate `wireshift`
[INFO] [stdout]   |
[INFO] [stdout]   = help: if you wanted to use a crate named `wireshift`, use `cargo add wireshift` to add it to your `Cargo.toml`
[INFO] [stdout] 
[INFO] [stdout] 
[INFO] [stdout] error[E0432]: unresolved import `wireshift`
[INFO] [stdout]  --> tests/integration/net_integration_large.rs:6:5
[INFO] [stdout]   |
[INFO] [stdout] 6 | use wireshift::{BackendPreference, Ring, RingConfig};
[INFO] [stdout]   |     ^^^^^^^^^ use of unresolved module or unlinked crate `wireshift`
[INFO] [stdout]   |
[INFO] [stdout]   = help: if you wanted to use a crate named `wireshift`, use `cargo add wireshift` to add it to your `Cargo.toml`
[INFO] [stdout] 
[INFO] [stdout] 
[INFO] [stdout] error[E0432]: unresolved import `wireshift`
[INFO] [stdout]  --> tests/net.rs:8:5
[INFO] [stdout]   |
[INFO] [stdout] 8 | use wireshift::{BackendPreference, Error, Ring, RingConfig};
[INFO] [stdout]   |     ^^^^^^^^^ use of unresolved module or unlinked crate `wireshift`
[INFO] [stdout]   |
[INFO] [stdout]   = help: if you wanted to use a crate named `wireshift`, use `cargo add wireshift` to add it to your `Cargo.toml`
[INFO] [stdout] 
[INFO] [stdout] 
[INFO] [stdout] error[E0432]: unresolved import `wireshift`
[INFO] [stdout]  --> tests/network/net_network.rs:7:5
[INFO] [stdout]   |
[INFO] [stdout] 7 | use wireshift::{BackendPreference, Ring, RingConfig};
[INFO] [stdout]   |     ^^^^^^^^^ use of unresolved module or unlinked crate `wireshift`
[INFO] [stdout]   |
[INFO] [stdout]   = help: if you wanted to use a crate named `wireshift`, use `cargo add wireshift` to add it to your `Cargo.toml`
[INFO] [stdout] 
[INFO] [stdout] 
[INFO] [stdout] error[E0432]: unresolved import `wireshift`
[INFO] [stdout]  --> tests/concurrent/net_concurrent.rs:7:5
[INFO] [stdout]   |
[INFO] [stdout] 7 | use wireshift::{BackendPreference, Ring, RingConfig};
[INFO] [stdout]   |     ^^^^^^^^^ use of unresolved module or unlinked crate `wireshift`
[INFO] [stdout]   |
[INFO] [stdout]   = help: if you wanted to use a crate named `wireshift`, use `cargo add wireshift` to add it to your `Cargo.toml`
[INFO] [stdout] 
[INFO] [stdout] 
[INFO] [stdout] error[E0432]: unresolved import `wireshift`
[INFO] [stdout]  --> tests/concurrent/deep_testing.rs:9:5
[INFO] [stdout]   |
[INFO] [stdout] 9 | use wireshift::{BackendPreference, Ring, RingConfig};
[INFO] [stdout]   |     ^^^^^^^^^ use of unresolved module or unlinked crate `wireshift`
[INFO] [stdout]   |
[INFO] [stdout]   = help: if you wanted to use a crate named `wireshift`, use `cargo add wireshift` to add it to your `Cargo.toml`
[INFO] [stdout] 
[INFO] [stdout] 
[INFO] [stdout] error[E0432]: unresolved import `wireshift`
[INFO] [stdout]  --> tests/test_depth_unit.rs:8:5
[INFO] [stdout]   |
[INFO] [stdout] 8 | use wireshift::{BackendPreference, Ring, RingConfig};
[INFO] [stdout]   |     ^^^^^^^^^ use of unresolved module or unlinked crate `wireshift`
[INFO] [stdout]   |
[INFO] [stdout]   = help: if you wanted to use a crate named `wireshift`, use `cargo add wireshift` to add it to your `Cargo.toml`
[INFO] [stdout] 
[INFO] [stdout] 
[INFO] [stdout] For more information about this error, try `rustc --explain E0432`.
[INFO] [stdout] 
[INFO] [stdout] error[E0432]: unresolved import `wireshift`
[INFO] [stdout]  --> tests/concurrent/net_concurrent.rs:7:5
[INFO] [stdout]   |
[INFO] [stdout] 7 | use wireshift::{BackendPreference, Ring, RingConfig};
[INFO] [stdout]   |     ^^^^^^^^^ use of unresolved module or unlinked crate `wireshift`
[INFO] [stdout]   |
[INFO] [stdout]   = help: if you wanted to use a crate named `wireshift`, use `cargo add wireshift` to add it to your `Cargo.toml`
[INFO] [stdout] 
[INFO] [stdout] 
[INFO] [stdout] error[E0432]: unresolved import `wireshift`
[INFO] [stdout]  --> tests/concurrent/deep_testing.rs:9:5
[INFO] [stdout]   |
[INFO] [stdout] 9 | use wireshift::{BackendPreference, Ring, RingConfig};
[INFO] [stdout]   |     ^^^^^^^^^ use of unresolved module or unlinked crate `wireshift`
[INFO] [stdout]   |
[INFO] [stdout]   = help: if you wanted to use a crate named `wireshift`, use `cargo add wireshift` to add it to your `Cargo.toml`
[INFO] [stdout] 
[INFO] [stdout] 
[INFO] [stdout] error[E0432]: unresolved import `wireshift`
[INFO] [stdout]  --> tests/integration/net_integration.rs:6:5
[INFO] [stdout]   |
[INFO] [stdout] 6 | use wireshift::{BackendPreference, Ring, RingConfig};
[INFO] [stdout]   |     ^^^^^^^^^ use of unresolved module or unlinked crate `wireshift`
[INFO] [stdout]   |
[INFO] [stdout]   = help: if you wanted to use a crate named `wireshift`, use `cargo add wireshift` to add it to your `Cargo.toml`
[INFO] [stdout] 
[INFO] [stdout] 
[INFO] [stdout] error[E0432]: unresolved import `wireshift`
[INFO] [stdout]  --> tests/integration/net_integration_large.rs:6:5
[INFO] [stdout]   |
[INFO] [stdout] 6 | use wireshift::{BackendPreference, Ring, RingConfig};
[INFO] [stdout]   |     ^^^^^^^^^ use of unresolved module or unlinked crate `wireshift`
[INFO] [stdout]   |
[INFO] [stdout]   = help: if you wanted to use a crate named `wireshift`, use `cargo add wireshift` to add it to your `Cargo.toml`
[INFO] [stdout] 
[INFO] [stdout] 
[INFO] [stdout] error[E0432]: unresolved import `wireshift`
[INFO] [stdout]  --> tests/network/net_network.rs:7:5
[INFO] [stdout]   |
[INFO] [stdout] 7 | use wireshift::{BackendPreference, Ring, RingConfig};
[INFO] [stdout]   |     ^^^^^^^^^ use of unresolved module or unlinked crate `wireshift`
[INFO] [stdout]   |
[INFO] [stdout]   = help: if you wanted to use a crate named `wireshift`, use `cargo add wireshift` to add it to your `Cargo.toml`
[INFO] [stdout] 
[INFO] [stdout] 
[INFO] [stdout] error[E0432]: unresolved import `wireshift`
[INFO] [stdout]  --> tests/test_depth_unit.rs:8:5
[INFO] [stdout]   |
[INFO] [stdout] 8 | use wireshift::{BackendPreference, Ring, RingConfig};
[INFO] [stdout]   |     ^^^^^^^^^ use of unresolved module or unlinked crate `wireshift`
[INFO] [stdout]   |
[INFO] [stdout]   = help: if you wanted to use a crate named `wireshift`, use `cargo add wireshift` to add it to your `Cargo.toml`
[INFO] [stdout] 
[INFO] [stdout] 
[INFO] [stdout] For more information about this error, try `rustc --explain E0432`.
[INFO] [stdout] 
[INFO] [stdout] For more information about this error, try `rustc --explain E0432`.
[INFO] [stdout] 
[INFO] [stdout] warning: unused import: `std::time::Duration`
[INFO] [stdout]  --> tests/regression/mod.rs:4:5
[INFO] [stdout]   |
[INFO] [stdout] 4 | use std::time::Duration;
[INFO] [stdout]   |     ^^^^^^^^^^^^^^^^^^^
[INFO] [stdout]   |
[INFO] [stdout]   = note: `#[warn(unused_imports)]` (part of `#[warn(unused)]`) on by default
[INFO] [stdout] 
[INFO] [stdout] 
[INFO] [stderr] error: could not compile `wireshift-net` (test "network") due to 1 previous error
[INFO] [stderr] warning: build failed, waiting for other jobs to finish...
[INFO] [stderr] error: could not compile `wireshift-net` (test "test_depth_unit") due to 1 previous error
[INFO] [stdout] Some errors have detailed explanations: E0432, E0433.
[INFO] [stdout] 
[INFO] [stdout] For more information about an error, try `rustc --explain E0432`.
[INFO] [stdout] 
[INFO] [stderr] error: could not compile `wireshift-net` (test "net") due to 2 previous errors
[INFO] [stderr] error: could not compile `wireshift-net` (test "integration") due to 2 previous errors
[INFO] [stdout] For more information about this error, try `rustc --explain E0432`.
[INFO] [stdout] 
[INFO] [stderr] error: could not compile `wireshift-net` (test "concurrent") due to 2 previous errors
[INFO] [stdout] warning: missing documentation for the crate
[INFO] [stdout]    --> tests/break_it.rs:1:1
[INFO] [stdout]     |
[INFO] [stdout]   1 | / use std::net::{SocketAddr, TcpListener, TcpStream};
[INFO] [stdout]   2 | | use std::str::FromStr;
[INFO] [stdout]   3 | | use std::thread;
[INFO] [stdout]   4 | | use std::time::Duration;
[INFO] [stdout] ...   |
[INFO] [stdout] 466 | | }
[INFO] [stdout]     | |_^
[INFO] [stdout]     |
[INFO] [stdout]     = note: requested on the command line with `-W missing-docs`
[INFO] [stdout] 
[INFO] [stdout] 
[INFO] [stdout] For more information about this error, try `rustc --explain E0432`.
[INFO] [stdout] 
[INFO] [stderr] error: could not compile `wireshift-net` (test "lib") due to 6 previous errors; 1 warning emitted
[INFO] running `Command { std: "docker" "inspect" "3515e57e7a34e4e477bda86b2a2f2fd15d5a080e3ecb65e25cfdd7e690bc4322", kill_on_drop: false }`
[INFO] running `Command { std: "docker" "rm" "-f" "3515e57e7a34e4e477bda86b2a2f2fd15d5a080e3ecb65e25cfdd7e690bc4322", kill_on_drop: false }`
[INFO] [stdout] 3515e57e7a34e4e477bda86b2a2f2fd15d5a080e3ecb65e25cfdd7e690bc4322
