[INFO] fetching crate wireshift-core 0.1.2...
[INFO] testing wireshift-core-0.1.2 against 1.100.0-beta.1 for beta-1.100-2
[INFO] extracting crate wireshift-core 0.1.2 into /workspace/builds/worker-7-tc2/source
[INFO] started tweaking crates.io crate wireshift-core 0.1.2
[INFO] removed 0 missing tests
[INFO] finished tweaking crates.io crate wireshift-core 0.1.2
[INFO] tweaked toml for crates.io crate wireshift-core 0.1.2 written to /workspace/builds/worker-7-tc2/source/Cargo.toml
[INFO] validating manifest of crates.io crate wireshift-core 0.1.2 on toolchain 1.100.0-beta.1
[INFO] running `Command { std: CARGO_HOME="/workspace/cargo-home" RUSTUP_HOME="/workspace/rustup-home" "/workspace/cargo-home/bin/cargo" "+1.100.0-beta.1" "metadata" "--manifest-path" "Cargo.toml" "--no-deps", kill_on_drop: false }`
[INFO] crate crates.io crate wireshift-core 0.1.2 already has a lockfile, it will not be regenerated
[INFO] running `Command { std: CARGO_HOME="/workspace/cargo-home" RUSTUP_HOME="/workspace/rustup-home" "/workspace/cargo-home/bin/cargo" "+1.100.0-beta.1" "fetch" "--manifest-path" "Cargo.toml", kill_on_drop: false }`
[INFO] running `Command { std: "docker" "create" "-v" "/var/lib/crater-agent-workspace/builds/worker-7-tc2/source:/opt/rustwide/workdir:ro,Z" "-v" "/var/lib/crater-agent-workspace/builds/worker-7-tc2/target:/opt/rustwide/target:rw,Z" "-v" "/var/lib/crater-agent-workspace/cargo-home:/opt/rustwide/cargo-home:ro,Z" "-v" "/var/lib/crater-agent-workspace/rustup-home:/opt/rustwide/rustup-home:ro,Z" "-m" "1610612736" "--network" "none" "ghcr.io/rust-lang/crates-build-env/linux@sha256:3111399a4047eeb3a02b7a90e478d715f38a8c6669b5c4b49d30a17385265909" "sleep" "infinity", kill_on_drop: false }`
[INFO] [stdout] 374e01908e4d125ea24ce8f7381284299bf0a98e45202803e71818ed6d761ac9
[INFO] running `Command { std: "docker" "start" "374e01908e4d125ea24ce8f7381284299bf0a98e45202803e71818ed6d761ac9", kill_on_drop: false }`
[INFO] running `Command { std: "docker" "inspect" "374e01908e4d125ea24ce8f7381284299bf0a98e45202803e71818ed6d761ac9", kill_on_drop: false }`
[INFO] running `Command { std: "docker" "exec" "-e" "SOURCE_DIR=/opt/rustwide/workdir" "-e" "CARGO_HOME=/opt/rustwide/cargo-home" "-e" "RUSTUP_HOME=/opt/rustwide/rustup-home" "-e" "CARGO_TARGET_DIR=/opt/rustwide/target" "-w" "/opt/rustwide/workdir" "--user" "0:0" "374e01908e4d125ea24ce8f7381284299bf0a98e45202803e71818ed6d761ac9" "/opt/rustwide/cargo-home/bin/cargo" "+1.100.0-beta.1" "metadata" "--no-deps" "--format-version=1", kill_on_drop: false }`
[INFO] running `Command { std: "docker" "inspect" "374e01908e4d125ea24ce8f7381284299bf0a98e45202803e71818ed6d761ac9", kill_on_drop: false }`
[INFO] running `Command { std: "docker" "exec" "-e" "SOURCE_DIR=/opt/rustwide/workdir" "-e" "CARGO_HOME=/opt/rustwide/cargo-home" "-e" "RUSTUP_HOME=/opt/rustwide/rustup-home" "-e" "CARGO_TARGET_DIR=/opt/rustwide/target" "-e" "CARGO_INCREMENTAL=0" "-e" "RUST_BACKTRACE=full" "-e" "RUSTFLAGS=--cap-lints=warn" "-e" "RUSTDOCFLAGS=--cap-lints=warn" "-w" "/opt/rustwide/workdir" "--user" "0:0" "374e01908e4d125ea24ce8f7381284299bf0a98e45202803e71818ed6d761ac9" "/opt/rustwide/cargo-home/bin/cargo" "+1.100.0-beta.1" "build" "--frozen" "--message-format=json", kill_on_drop: false }`
[INFO] [stderr]    Compiling quote v1.0.45
[INFO] [stderr]    Compiling thiserror v2.0.18
[INFO] [stderr]    Compiling crossbeam-channel v0.5.15
[INFO] [stderr]    Compiling crossbeam-queue v0.3.12
[INFO] [stderr]    Compiling syn v2.0.117
[INFO] [stderr]    Compiling thiserror-impl v2.0.18
[INFO] [stderr]    Compiling tracing-attributes v0.1.31
[INFO] [stderr]    Compiling tracing v0.1.44
[INFO] [stderr]    Compiling wireshift-core v0.1.2 (/opt/rustwide/workdir)
[INFO] [stderr] warning: unused dependency `crossbeam-channel`
[INFO] [stderr]  --> Cargo.toml:5:15
[INFO] [stderr]   |
[INFO] [stderr] 5 | [dependencies.crossbeam-channel]
[INFO] [stderr]   |               ^^^^^^^^^^^^^^^^^^
[INFO] [stderr]   |
[INFO] [stderr]   = note: `cargo::unused_dependencies` is set to `warn` by default
[INFO] [stderr] help: consider removing the dependency on `crossbeam-channel`
[INFO] [stderr] warning: `wireshift-core` (manifest) generated 1 warning
[INFO] [stderr]     Finished `dev` profile [unoptimized + debuginfo] target(s) in 10.16s
[INFO] running `Command { std: "docker" "inspect" "374e01908e4d125ea24ce8f7381284299bf0a98e45202803e71818ed6d761ac9", kill_on_drop: false }`
[INFO] running `Command { std: "docker" "exec" "-e" "SOURCE_DIR=/opt/rustwide/workdir" "-e" "CARGO_HOME=/opt/rustwide/cargo-home" "-e" "RUSTUP_HOME=/opt/rustwide/rustup-home" "-e" "CARGO_TARGET_DIR=/opt/rustwide/target" "-e" "CARGO_INCREMENTAL=0" "-e" "RUST_BACKTRACE=full" "-e" "RUSTFLAGS=--cap-lints=warn" "-e" "RUSTDOCFLAGS=--cap-lints=warn" "-w" "/opt/rustwide/workdir" "--user" "0:0" "374e01908e4d125ea24ce8f7381284299bf0a98e45202803e71818ed6d761ac9" "/opt/rustwide/cargo-home/bin/cargo" "+1.100.0-beta.1" "test" "--frozen" "--no-run" "--message-format=json", kill_on_drop: false }`
[INFO] [stderr]    Compiling getrandom v0.4.2
[INFO] [stderr]    Compiling rustix v1.1.4
[INFO] [stderr]    Compiling bitflags v2.11.1
[INFO] [stderr]    Compiling linux-raw-sys v0.12.1
[INFO] [stderr]    Compiling fastrand v2.4.1
[INFO] [stderr]    Compiling tempfile v3.27.0
[INFO] [stderr]    Compiling wireshift-core v0.1.2 (/opt/rustwide/workdir)
[INFO] [stdout] error[E0433]: cannot find module or crate `wireshift` in this scope
[INFO] [stdout]  --> tests/unit/batch.rs:6:5
[INFO] [stdout]   |
[INFO] [stdout] 6 | use wireshift::ops::{Read, Write};
[INFO] [stdout]   |     ^^^^^^^^^ use of unresolved module or unlinked crate `wireshift`
[INFO] [stdout]   |
[INFO] [stdout]   = help: if you wanted to use a crate named `wireshift`, use `cargo add wireshift` to add it to your `Cargo.toml`
[INFO] [stdout] 
[INFO] [stdout] 
[INFO] [stdout] error[E0433]: cannot find module or crate `wireshift` in this scope
[INFO] [stdout]  --> tests/unit/core.rs:6:5
[INFO] [stdout]   |
[INFO] [stdout] 6 | use wireshift::ops::Nop;
[INFO] [stdout]   |     ^^^^^^^^^ use of unresolved module or unlinked crate `wireshift`
[INFO] [stdout]   |
[INFO] [stdout]   = help: if you wanted to use a crate named `wireshift`, use `cargo add wireshift` to add it to your `Cargo.toml`
[INFO] [stdout] 
[INFO] [stdout] 
[INFO] [stdout] warning: missing documentation for the crate
[INFO] [stdout]  --> tests/adversarial/adversarial_suite.rs:2:2
[INFO] [stdout]   |
[INFO] [stdout] 2 |
[INFO] [stdout]   | ^
[INFO] [stdout]   |
[INFO] [stdout]   = note: requested on the command line with `-W missing-docs`
[INFO] [stdout] 
[INFO] [stdout] 
[INFO] [stdout] error[E0433]: cannot find module or crate `wireshift` in this scope
[INFO] [stdout]  --> tests/unit/batch.rs:6:5
[INFO] [stdout]   |
[INFO] [stdout] 6 | use wireshift::ops::{Read, Write};
[INFO] [stdout]   |     ^^^^^^^^^ use of unresolved module or unlinked crate `wireshift`
[INFO] [stdout]   |
[INFO] [stdout]   = help: if you wanted to use a crate named `wireshift`, use `cargo add wireshift` to add it to your `Cargo.toml`
[INFO] [stdout] 
[INFO] [stdout] 
[INFO] [stdout] error[E0432]: unresolved import `wireshift`
[INFO] [stdout]  --> tests/unit/core.rs:7:5
[INFO] [stdout]   |
[INFO] [stdout] 7 | use wireshift::{BackendPreference, BufferPool, CompletionKind, Ring, RingConfig};
[INFO] [stdout]   |     ^^^^^^^^^ use of unresolved module or unlinked crate `wireshift`
[INFO] [stdout]   |
[INFO] [stdout]   = help: if you wanted to use a crate named `wireshift`, use `cargo add wireshift` to add it to your `Cargo.toml`
[INFO] [stdout] 
[INFO] [stdout] 
[INFO] [stdout] error[E0432]: unresolved import `wireshift`
[INFO] [stdout]  --> tests/unit/batch.rs:7:5
[INFO] [stdout]   |
[INFO] [stdout] 7 | use wireshift::{BackendPreference, Ring, RingConfig};
[INFO] [stdout]   |     ^^^^^^^^^ use of unresolved module or unlinked crate `wireshift`
[INFO] [stdout]   |
[INFO] [stdout]   = help: if you wanted to use a crate named `wireshift`, use `cargo add wireshift` to add it to your `Cargo.toml`
[INFO] [stdout] 
[INFO] [stdout] 
[INFO] [stdout] error[E0433]: cannot find module or crate `wireshift` in this scope
[INFO] [stdout]  --> tests/unit/core.rs:6:5
[INFO] [stdout]   |
[INFO] [stdout] 6 | use wireshift::ops::Nop;
[INFO] [stdout]   |     ^^^^^^^^^ use of unresolved module or unlinked crate `wireshift`
[INFO] [stdout]   |
[INFO] [stdout]   = help: if you wanted to use a crate named `wireshift`, use `cargo add wireshift` to add it to your `Cargo.toml`
[INFO] [stdout] 
[INFO] [stdout] 
[INFO] [stdout] error[E0432]: unresolved import `wireshift`
[INFO] [stdout]  --> tests/unit/batch.rs:7:5
[INFO] [stdout]   |
[INFO] [stdout] 7 | use wireshift::{BackendPreference, Ring, RingConfig};
[INFO] [stdout]   |     ^^^^^^^^^ use of unresolved module or unlinked crate `wireshift`
[INFO] [stdout]   |
[INFO] [stdout]   = help: if you wanted to use a crate named `wireshift`, use `cargo add wireshift` to add it to your `Cargo.toml`
[INFO] [stdout] 
[INFO] [stdout] 
[INFO] [stdout] error[E0433]: cannot find module or crate `wireshift` in this scope
[INFO] [stdout]  --> tests/unit/registered_buffers_drop.rs:4:5
[INFO] [stdout]   |
[INFO] [stdout] 4 | use wireshift::ops::Read;
[INFO] [stdout]   |     ^^^^^^^^^ use of unresolved module or unlinked crate `wireshift`
[INFO] [stdout]   |
[INFO] [stdout]   = help: if you wanted to use a crate named `wireshift`, use `cargo add wireshift` to add it to your `Cargo.toml`
[INFO] [stdout] 
[INFO] [stdout] 
[INFO] [stdout] error[E0432]: unresolved import `wireshift`
[INFO] [stdout]  --> tests/unit/core.rs:7:5
[INFO] [stdout]   |
[INFO] [stdout] 7 | use wireshift::{BackendPreference, BufferPool, CompletionKind, Ring, RingConfig};
[INFO] [stdout]   |     ^^^^^^^^^ use of unresolved module or unlinked crate `wireshift`
[INFO] [stdout]   |
[INFO] [stdout]   = help: if you wanted to use a crate named `wireshift`, use `cargo add wireshift` to add it to your `Cargo.toml`
[INFO] [stdout] 
[INFO] [stdout] 
[INFO] [stdout] error[E0432]: unresolved import `wireshift`
[INFO] [stdout]  --> tests/unit/registered_buffers_drop.rs:5:5
[INFO] [stdout]   |
[INFO] [stdout] 5 | use wireshift::{BackendPreference, Ring, RingConfig};
[INFO] [stdout]   |     ^^^^^^^^^ use of unresolved module or unlinked crate `wireshift`
[INFO] [stdout]   |
[INFO] [stdout]   = help: if you wanted to use a crate named `wireshift`, use `cargo add wireshift` to add it to your `Cargo.toml`
[INFO] [stdout] 
[INFO] [stdout] 
[INFO] [stdout] error[E0433]: cannot find module or crate `wireshift` in this scope
[INFO] [stdout]  --> tests/adversarial/ops_nop.rs:1:5
[INFO] [stdout]   |
[INFO] [stdout] 1 | use wireshift::ops::Nop;
[INFO] [stdout]   |     ^^^^^^^^^ use of unresolved module or unlinked crate `wireshift`
[INFO] [stdout]   |
[INFO] [stdout]   = help: if you wanted to use a crate named `wireshift`, use `cargo add wireshift` to add it to your `Cargo.toml`
[INFO] [stdout] 
[INFO] [stdout] 
[INFO] [stdout] error[E0432]: unresolved import `wireshift`
[INFO] [stdout]  --> tests/adversarial/ops_nop.rs:2:5
[INFO] [stdout]   |
[INFO] [stdout] 2 | use wireshift::{BackendPreference, Ring, RingConfig};
[INFO] [stdout]   |     ^^^^^^^^^ use of unresolved module or unlinked crate `wireshift`
[INFO] [stdout]   |
[INFO] [stdout]   = help: if you wanted to use a crate named `wireshift`, use `cargo add wireshift` to add it to your `Cargo.toml`
[INFO] [stdout] 
[INFO] [stdout] 
[INFO] [stdout] error[E0432]: unresolved import `wireshift`
[INFO] [stdout]  --> tests/adversarial/ring_validation.rs:2:5
[INFO] [stdout]   |
[INFO] [stdout] 2 | use wireshift::{BackendPreference, Ring, RingConfig};
[INFO] [stdout]   |     ^^^^^^^^^ use of unresolved module or unlinked crate `wireshift`
[INFO] [stdout]   |
[INFO] [stdout]   = help: if you wanted to use a crate named `wireshift`, use `cargo add wireshift` to add it to your `Cargo.toml`
[INFO] [stdout] 
[INFO] [stdout] 
[INFO] [stdout] Some errors have detailed explanations: E0432, E0433.
[INFO] [stdout] 
[INFO] [stdout] For more information about an error, try `rustc --explain E0432`.
[INFO] [stdout] 
[INFO] [stderr] error: could not compile `wireshift-core` (test "unit_batch") due to 2 previous errors
[INFO] [stderr] warning: build failed, waiting for other jobs to finish...
[INFO] [stdout] error[E0433]: cannot find module or crate `wireshift` in this scope
[INFO] [stdout]   --> tests/adversarial/ring_validation.rs:33:36
[INFO] [stdout]    |
[INFO] [stdout] 33 |     let iter = (0..10_000).map(|_| wireshift::ops::Nop);
[INFO] [stdout]    |                                    ^^^^^^^^^ use of unresolved module or unlinked crate `wireshift`
[INFO] [stdout]    |
[INFO] [stdout]    = help: if you wanted to use a crate named `wireshift`, use `cargo add wireshift` to add it to your `Cargo.toml`
[INFO] [stdout] 
[INFO] [stdout] 
[INFO] [stdout] error[E0433]: cannot find module or crate `wireshift` in this scope
[INFO] [stdout]    --> tests/unit/core.rs:135:39
[INFO] [stdout]     |
[INFO] [stdout] 135 |     let ring = wireshift_core::Ring::<wireshift::DefaultBackendFactory>::new(
[INFO] [stdout]     |                                       ^^^^^^^^^ use of unresolved module or unlinked crate `wireshift`
[INFO] [stdout]     |
[INFO] [stdout]     = help: if you wanted to use a crate named `wireshift`, use `cargo add wireshift` to add it to your `Cargo.toml`
[INFO] [stdout] 
[INFO] [stdout] 
[INFO] [stdout] Some errors have detailed explanations: E0432, E0433.
[INFO] [stdout] 
[INFO] [stdout] For more information about an error, try `rustc --explain E0432`.
[INFO] [stdout] 
[INFO] [stderr] error: could not compile `wireshift-core` (test "unit_core") due to 3 previous errors
[INFO] [stdout] error[E0433]: cannot find module or crate `wireshift` in this scope
[INFO] [stdout]    --> tests/unit/core.rs:135:39
[INFO] [stdout]     |
[INFO] [stdout] 135 |     let ring = wireshift_core::Ring::<wireshift::DefaultBackendFactory>::new(
[INFO] [stdout]     |                                       ^^^^^^^^^ use of unresolved module or unlinked crate `wireshift`
[INFO] [stdout]     |
[INFO] [stdout]     = help: if you wanted to use a crate named `wireshift`, use `cargo add wireshift` to add it to your `Cargo.toml`
[INFO] [stdout] 
[INFO] [stdout] 
[INFO] [stderr] error: could not compile `wireshift-core` (test "unit") due to 7 previous errors
[INFO] [stdout] Some errors have detailed explanations: E0432, E0433.
[INFO] [stdout] 
[INFO] [stdout] For more information about an error, try `rustc --explain E0432`.
[INFO] [stdout] 
[INFO] [stdout] Some errors have detailed explanations: E0432, E0433.
[INFO] [stdout] 
[INFO] [stdout] For more information about an error, try `rustc --explain E0432`.
[INFO] [stdout] 
[INFO] [stderr] error: could not compile `wireshift-core` (test "adversarial") due to 4 previous errors
[INFO] running `Command { std: "docker" "inspect" "374e01908e4d125ea24ce8f7381284299bf0a98e45202803e71818ed6d761ac9", kill_on_drop: false }`
[INFO] running `Command { std: "docker" "rm" "-f" "374e01908e4d125ea24ce8f7381284299bf0a98e45202803e71818ed6d761ac9", kill_on_drop: false }`
[INFO] [stdout] 374e01908e4d125ea24ce8f7381284299bf0a98e45202803e71818ed6d761ac9
