[INFO] fetching crate wireshift-chain 0.1.2...
[INFO] testing wireshift-chain-0.1.2 against 1.99.0-beta.8 for beta-1.100-2
[INFO] extracting crate wireshift-chain 0.1.2 into /workspace/builds/worker-5-tc1/source
[INFO] started tweaking crates.io crate wireshift-chain 0.1.2
[INFO] removed 0 missing tests
[INFO] finished tweaking crates.io crate wireshift-chain 0.1.2
[INFO] tweaked toml for crates.io crate wireshift-chain 0.1.2 written to /workspace/builds/worker-5-tc1/source/Cargo.toml
[INFO] validating manifest of crates.io crate wireshift-chain 0.1.2 on toolchain 1.99.0-beta.8
[INFO] running `Command { std: CARGO_HOME="/workspace/cargo-home" RUSTUP_HOME="/workspace/rustup-home" "/workspace/cargo-home/bin/cargo" "+1.99.0-beta.8" "metadata" "--manifest-path" "Cargo.toml" "--no-deps", kill_on_drop: false }`
[INFO] crate crates.io crate wireshift-chain 0.1.2 already has a lockfile, it will not be regenerated
[INFO] running `Command { std: CARGO_HOME="/workspace/cargo-home" RUSTUP_HOME="/workspace/rustup-home" "/workspace/cargo-home/bin/cargo" "+1.99.0-beta.8" "fetch" "--manifest-path" "Cargo.toml", kill_on_drop: false }`
[INFO] [stderr]     Blocking waiting for file lock on package cache
[INFO] [stderr]     Updating crates.io index
[INFO] [stderr]     Blocking waiting for file lock on package cache
[INFO] [stderr]  Downloading crates ...
[INFO] [stderr]   Downloaded tracing-attributes v0.1.31
[INFO] [stderr]   Downloaded once_cell v1.21.4
[INFO] [stderr]   Downloaded tracing-core v0.1.36
[INFO] [stderr]   Downloaded wit-bindgen-rust-macro v0.51.0
[INFO] [stderr]   Downloaded windows-link v0.2.1
[INFO] [stderr]   Downloaded errno v0.3.14
[INFO] [stderr]   Downloaded wireshift-core v0.1.2
[INFO] [stderr]   Downloaded crossbeam-queue v0.3.12
[INFO] [stderr]   Downloaded leb128fmt v0.1.0
[INFO] [stderr]   Downloaded unarray v0.1.4
[INFO] [stderr]   Downloaded bit-set v0.8.0
[INFO] [stderr]   Downloaded fnv v1.0.7
[INFO] [stderr]   Downloaded unicode-xid v0.2.6
[INFO] [stderr]   Downloaded wait-timeout v0.2.1
[INFO] [stderr]   Downloaded quick-error v1.2.3
[INFO] [stderr]   Downloaded rand_xorshift v0.4.0
[INFO] [stderr]   Downloaded rand_chacha v0.9.0
[INFO] [stderr]   Downloaded pin-project-lite v0.2.17
[INFO] [stderr]   Downloaded thiserror-impl v2.0.18
[INFO] [stderr]   Downloaded heck v0.5.0
[INFO] [stderr]   Downloaded crossbeam-utils v0.8.21
[INFO] [stderr]   Downloaded id-arena v2.3.0
[INFO] [stderr]   Downloaded itoa v1.0.18
[INFO] [stderr]   Downloaded cfg-if v1.0.4
[INFO] [stderr]   Downloaded fastrand v2.4.1
[INFO] [stderr]   Downloaded autocfg v1.5.1
[INFO] [stderr]   Downloaded quote v1.0.45
[INFO] [stderr]   Downloaded wasm-metadata v0.244.0
[INFO] [stderr]   Downloaded rand_core v0.9.5
[INFO] [stderr]   Downloaded zmij v1.0.21
[INFO] [stderr]   Downloaded equivalent v1.0.2
[INFO] [stderr]   Downloaded foldhash v0.1.5
[INFO] [stderr]   Downloaded rusty-fork v0.3.1
[INFO] [stderr]   Downloaded ppv-lite86 v0.2.21
[INFO] [stderr]   Downloaded bit-vec v0.8.0
[INFO] [stderr]   Downloaded getrandom v0.4.2
[INFO] [stderr]   Downloaded wit-bindgen-core v0.51.0
[INFO] [stderr]   Downloaded tempfile v3.27.0
[INFO] [stderr]   Downloaded wit-bindgen-rust v0.51.0
[INFO] [stderr]   Downloaded getrandom v0.3.4
[INFO] [stderr]   Downloaded unicode-ident v1.0.24
[INFO] [stderr]   Downloaded thiserror v2.0.18
[INFO] [stderr]   Downloaded anyhow v1.0.102
[INFO] [stderr]   Downloaded semver v1.0.28
[INFO] [stderr]   Downloaded bitflags v2.11.1
[INFO] [stderr]   Downloaded wit-bindgen v0.51.0
[INFO] [stderr]   Downloaded serde_core v1.0.228
[INFO] [stderr]   Downloaded serde_derive v1.0.228
[INFO] [stderr]   Downloaded log v0.4.30
[INFO] [stderr]   Downloaded wit-bindgen v0.57.1
[INFO] [stderr]   Downloaded r-efi v6.0.0
[INFO] [stderr]   Downloaded r-efi v5.3.0
[INFO] [stderr]   Downloaded num-traits v0.2.19
[INFO] [stderr]   Downloaded proc-macro2 v1.0.106
[INFO] [stderr]   Downloaded crossbeam-channel v0.5.15
[INFO] [stderr]   Downloaded serde v1.0.228
[INFO] [stderr]   Downloaded prettyplease v0.2.37
[INFO] [stderr]   Downloaded zerocopy-derive v0.8.48
[INFO] [stderr]   Downloaded indexmap v2.14.0
[INFO] [stderr]   Downloaded wasm-encoder v0.244.0
[INFO] [stderr]   Downloaded rand v0.9.4
[INFO] [stderr]   Downloaded wasip3 v0.4.0+wasi-0.3.0-rc-2026-01-06
[INFO] [stderr]   Downloaded hashbrown v0.15.5
[INFO] [stderr]   Downloaded memchr v2.8.1
[INFO] [stderr]   Downloaded wasip2 v1.0.3+wasi-0.2.9
[INFO] [stderr]   Downloaded wit-parser v0.244.0
[INFO] [stderr]   Downloaded serde_json v1.0.150
[INFO] [stderr]   Downloaded hashbrown v0.17.1
[INFO] [stderr]   Downloaded wit-component v0.244.0
[INFO] [stderr]   Downloaded proptest v1.9.0
[INFO] [stderr]   Downloaded wasmparser v0.244.0
[INFO] [stderr]   Downloaded syn v2.0.117
[INFO] [stderr]   Downloaded zerocopy v0.8.48
[INFO] [stderr]   Downloaded regex-syntax v0.8.10
[INFO] [stderr]   Downloaded rustix v1.1.4
[INFO] [stderr]   Downloaded tracing v0.1.44
[INFO] [stderr]   Downloaded libc v0.2.186
[INFO] [stderr]   Downloaded windows-sys v0.61.2
[INFO] [stderr]   Downloaded linux-raw-sys v0.12.1
[INFO] running `Command { std: "docker" "create" "-v" "/var/lib/crater-agent-workspace/builds/worker-5-tc1/source:/opt/rustwide/workdir:ro,Z" "-v" "/var/lib/crater-agent-workspace/builds/worker-5-tc1/target:/opt/rustwide/target:rw,Z" "-v" "/var/lib/crater-agent-workspace/cargo-home:/opt/rustwide/cargo-home:ro,Z" "-v" "/var/lib/crater-agent-workspace/rustup-home:/opt/rustwide/rustup-home:ro,Z" "-m" "1610612736" "--network" "none" "ghcr.io/rust-lang/crates-build-env/linux@sha256:3111399a4047eeb3a02b7a90e478d715f38a8c6669b5c4b49d30a17385265909" "sleep" "infinity", kill_on_drop: false }`
[INFO] [stdout] 757a4760e27083a37f3c73d92c57f3a27834390f1558071f6acc3ef121aba98c
[INFO] running `Command { std: "docker" "start" "757a4760e27083a37f3c73d92c57f3a27834390f1558071f6acc3ef121aba98c", kill_on_drop: false }`
[INFO] running `Command { std: "docker" "inspect" "757a4760e27083a37f3c73d92c57f3a27834390f1558071f6acc3ef121aba98c", kill_on_drop: false }`
[INFO] running `Command { std: "docker" "exec" "-e" "SOURCE_DIR=/opt/rustwide/workdir" "-e" "CARGO_HOME=/opt/rustwide/cargo-home" "-e" "RUSTUP_HOME=/opt/rustwide/rustup-home" "-e" "CARGO_TARGET_DIR=/opt/rustwide/target" "-w" "/opt/rustwide/workdir" "--user" "0:0" "757a4760e27083a37f3c73d92c57f3a27834390f1558071f6acc3ef121aba98c" "/opt/rustwide/cargo-home/bin/cargo" "+1.99.0-beta.8" "metadata" "--no-deps" "--format-version=1", kill_on_drop: false }`
[INFO] running `Command { std: "docker" "inspect" "757a4760e27083a37f3c73d92c57f3a27834390f1558071f6acc3ef121aba98c", kill_on_drop: false }`
[INFO] running `Command { std: "docker" "exec" "-e" "SOURCE_DIR=/opt/rustwide/workdir" "-e" "CARGO_HOME=/opt/rustwide/cargo-home" "-e" "RUSTUP_HOME=/opt/rustwide/rustup-home" "-e" "CARGO_TARGET_DIR=/opt/rustwide/target" "-e" "CARGO_INCREMENTAL=0" "-e" "RUST_BACKTRACE=full" "-e" "RUSTFLAGS=--cap-lints=warn" "-e" "RUSTDOCFLAGS=--cap-lints=warn" "-w" "/opt/rustwide/workdir" "--user" "0:0" "757a4760e27083a37f3c73d92c57f3a27834390f1558071f6acc3ef121aba98c" "/opt/rustwide/cargo-home/bin/cargo" "+1.99.0-beta.8" "build" "--frozen" "--message-format=json", kill_on_drop: false }`
[INFO] [stderr]    Compiling proc-macro2 v1.0.106
[INFO] [stderr]    Compiling unicode-ident v1.0.24
[INFO] [stderr]    Compiling quote v1.0.45
[INFO] [stderr]    Compiling crossbeam-utils v0.8.21
[INFO] [stderr]    Compiling thiserror v2.0.18
[INFO] [stderr]    Compiling once_cell v1.21.4
[INFO] [stderr]    Compiling pin-project-lite v0.2.17
[INFO] [stderr]    Compiling tracing-core v0.1.36
[INFO] [stderr]    Compiling crossbeam-queue v0.3.12
[INFO] [stderr]    Compiling crossbeam-channel v0.5.15
[INFO] [stderr]    Compiling syn v2.0.117
[INFO] [stderr]    Compiling tracing-attributes v0.1.31
[INFO] [stderr]    Compiling thiserror-impl v2.0.18
[INFO] [stderr]    Compiling tracing v0.1.44
[INFO] [stderr]    Compiling wireshift-core v0.1.2
[INFO] [stderr]    Compiling wireshift-chain v0.1.2 (/opt/rustwide/workdir)
[INFO] [stderr]     Finished `dev` profile [unoptimized + debuginfo] target(s) in 6.11s
[INFO] running `Command { std: "docker" "inspect" "757a4760e27083a37f3c73d92c57f3a27834390f1558071f6acc3ef121aba98c", kill_on_drop: false }`
[INFO] running `Command { std: "docker" "exec" "-e" "SOURCE_DIR=/opt/rustwide/workdir" "-e" "CARGO_HOME=/opt/rustwide/cargo-home" "-e" "RUSTUP_HOME=/opt/rustwide/rustup-home" "-e" "CARGO_TARGET_DIR=/opt/rustwide/target" "-e" "CARGO_INCREMENTAL=0" "-e" "RUST_BACKTRACE=full" "-e" "RUSTFLAGS=--cap-lints=warn" "-e" "RUSTDOCFLAGS=--cap-lints=warn" "-w" "/opt/rustwide/workdir" "--user" "0:0" "757a4760e27083a37f3c73d92c57f3a27834390f1558071f6acc3ef121aba98c" "/opt/rustwide/cargo-home/bin/cargo" "+1.99.0-beta.8" "test" "--frozen" "--no-run" "--message-format=json", kill_on_drop: false }`
[INFO] [stderr]    Compiling libc v0.2.186
[INFO] [stderr]    Compiling cfg-if v1.0.4
[INFO] [stderr]    Compiling getrandom v0.3.4
[INFO] [stderr]    Compiling zerocopy v0.8.48
[INFO] [stderr]    Compiling getrandom v0.4.2
[INFO] [stderr]    Compiling rustix v1.1.4
[INFO] [stderr]    Compiling bitflags v2.11.1
[INFO] [stderr]    Compiling autocfg v1.5.1
[INFO] [stderr]    Compiling linux-raw-sys v0.12.1
[INFO] [stderr]    Compiling fastrand v2.4.1
[INFO] [stderr]    Compiling bit-vec v0.8.0
[INFO] [stderr]    Compiling quick-error v1.2.3
[INFO] [stderr]    Compiling fnv v1.0.7
[INFO] [stderr]    Compiling unarray v0.1.4
[INFO] [stderr]    Compiling regex-syntax v0.8.10
[INFO] [stderr]    Compiling bit-set v0.8.0
[INFO] [stderr]    Compiling num-traits v0.2.19
[INFO] [stderr]    Compiling wait-timeout v0.2.1
[INFO] [stderr]    Compiling rand_core v0.9.5
[INFO] [stderr]    Compiling rand v0.9.4
[INFO] [stderr]    Compiling rand_xorshift v0.4.0
[INFO] [stderr]    Compiling tempfile v3.27.0
[INFO] [stderr]    Compiling rusty-fork v0.3.1
[INFO] [stderr]    Compiling ppv-lite86 v0.2.21
[INFO] [stderr]    Compiling rand_chacha v0.9.0
[INFO] [stderr]    Compiling proptest v1.9.0
[INFO] [stderr]    Compiling wireshift-chain v0.1.2 (/opt/rustwide/workdir)
[INFO] [stdout] error[E0433]: cannot find module or crate `wireshift` in this scope
[INFO] [stdout]  --> tests/unit/chain.rs:9:5
[INFO] [stdout]   |
[INFO] [stdout] 9 | use wireshift::ops::{Connect, Fsync, Read, Recv, Send, Write};
[INFO] [stdout]   |     ^^^^^^^^^ use of unresolved module or unlinked crate `wireshift`
[INFO] [stdout]   |
[INFO] [stdout]   = help: if you wanted to use a crate named `wireshift`, use `cargo add wireshift` to add it to your `Cargo.toml`
[INFO] [stdout] 
[INFO] [stdout] 
[INFO] [stdout] error[E0433]: cannot find module or crate `wireshift` in this scope
[INFO] [stdout]  --> tests/unit/../chain/integration/pipeline.rs:5:5
[INFO] [stdout]   |
[INFO] [stdout] 5 | use wireshift::ops::{Fsync, Read, Write};
[INFO] [stdout]   |     ^^^^^^^^^ use of unresolved module or unlinked crate `wireshift`
[INFO] [stdout]   |
[INFO] [stdout]   = help: if you wanted to use a crate named `wireshift`, use `cargo add wireshift` to add it to your `Cargo.toml`
[INFO] [stdout] 
[INFO] [stdout] 
[INFO] [stdout] error[E0432]: unresolved import `wireshift`
[INFO] [stdout]   --> tests/unit/chain.rs:10:5
[INFO] [stdout]    |
[INFO] [stdout] 10 | use wireshift::{BackendPreference, Chain, Error, Link, Ring, RingConfig};
[INFO] [stdout]    |     ^^^^^^^^^ use of unresolved module or unlinked crate `wireshift`
[INFO] [stdout]    |
[INFO] [stdout]    = help: if you wanted to use a crate named `wireshift`, use `cargo add wireshift` to add it to your `Cargo.toml`
[INFO] [stdout] 
[INFO] [stdout] 
[INFO] [stdout] error[E0432]: unresolved import `wireshift`
[INFO] [stdout]  --> tests/unit/../chain/integration/pipeline.rs:6:5
[INFO] [stdout]   |
[INFO] [stdout] 6 | use wireshift::{BackendPreference, Ring, RingConfig};
[INFO] [stdout]   |     ^^^^^^^^^ use of unresolved module or unlinked crate `wireshift`
[INFO] [stdout]   |
[INFO] [stdout]   = help: if you wanted to use a crate named `wireshift`, use `cargo add wireshift` to add it to your `Cargo.toml`
[INFO] [stdout] 
[INFO] [stdout] 
[INFO] [stdout] error[E0433]: cannot find module or crate `wireshift` in this scope
[INFO] [stdout]   --> tests/adversarial/test_depth_adversarial.rs:14:5
[INFO] [stdout]    |
[INFO] [stdout] 14 | use wireshift::ops::{Fsync, Read, Write};
[INFO] [stdout]    |     ^^^^^^^^^ use of unresolved module or unlinked crate `wireshift`
[INFO] [stdout]    |
[INFO] [stdout]    = help: if you wanted to use a crate named `wireshift`, use `cargo add wireshift` to add it to your `Cargo.toml`
[INFO] [stdout] 
[INFO] [stdout] 
[INFO] [stdout] error[E0432]: unresolved import `faultkit`
[INFO] [stdout]   --> tests/adversarial/test_depth_adversarial.rs:12:5
[INFO] [stdout]    |
[INFO] [stdout] 12 | use faultkit::{inject_scoped, Fault};
[INFO] [stdout]    |     ^^^^^^^^ use of unresolved module or unlinked crate `faultkit`
[INFO] [stdout]    |
[INFO] [stdout]    = help: if you wanted to use a crate named `faultkit`, use `cargo add faultkit` to add it to your `Cargo.toml`
[INFO] [stdout] 
[INFO] [stdout] 
[INFO] [stdout] error[E0432]: unresolved import `wireshift`
[INFO] [stdout]   --> tests/adversarial/test_depth_adversarial.rs:15:5
[INFO] [stdout]    |
[INFO] [stdout] 15 | use wireshift::{BackendPreference, Chain, Link, Ring, RingConfig};
[INFO] [stdout]    |     ^^^^^^^^^ use of unresolved module or unlinked crate `wireshift`
[INFO] [stdout]    |
[INFO] [stdout]    = help: if you wanted to use a crate named `wireshift`, use `cargo add wireshift` to add it to your `Cargo.toml`
[INFO] [stdout] 
[INFO] [stdout] 
[INFO] [stdout] error[E0433]: cannot find module or crate `wireshift` in this scope
[INFO] [stdout]  --> tests/unit/chain.rs:9:5
[INFO] [stdout]   |
[INFO] [stdout] 9 | use wireshift::ops::{Connect, Fsync, Read, Recv, Send, Write};
[INFO] [stdout]   |     ^^^^^^^^^ use of unresolved module or unlinked crate `wireshift`
[INFO] [stdout]   |
[INFO] [stdout]   = help: if you wanted to use a crate named `wireshift`, use `cargo add wireshift` to add it to your `Cargo.toml`
[INFO] [stdout] 
[INFO] [stdout] 
[INFO] [stdout] error[E0433]: cannot find module or crate `wireshift` in this scope
[INFO] [stdout]  --> tests/unit/../chain/integration/pipeline.rs:5:5
[INFO] [stdout]   |
[INFO] [stdout] 5 | use wireshift::ops::{Fsync, Read, Write};
[INFO] [stdout]   |     ^^^^^^^^^ use of unresolved module or unlinked crate `wireshift`
[INFO] [stdout]   |
[INFO] [stdout]   = help: if you wanted to use a crate named `wireshift`, use `cargo add wireshift` to add it to your `Cargo.toml`
[INFO] [stdout] 
[INFO] [stdout] 
[INFO] [stdout] error[E0432]: unresolved import `wireshift`
[INFO] [stdout]   --> tests/unit/chain.rs:10:5
[INFO] [stdout]    |
[INFO] [stdout] 10 | use wireshift::{BackendPreference, Chain, Error, Link, Ring, RingConfig};
[INFO] [stdout]    |     ^^^^^^^^^ use of unresolved module or unlinked crate `wireshift`
[INFO] [stdout]    |
[INFO] [stdout]    = help: if you wanted to use a crate named `wireshift`, use `cargo add wireshift` to add it to your `Cargo.toml`
[INFO] [stdout] 
[INFO] [stdout] 
[INFO] [stdout] error[E0432]: unresolved import `wireshift`
[INFO] [stdout]  --> tests/unit/../chain/integration/pipeline.rs:6:5
[INFO] [stdout]   |
[INFO] [stdout] 6 | use wireshift::{BackendPreference, Ring, RingConfig};
[INFO] [stdout]   |     ^^^^^^^^^ use of unresolved module or unlinked crate `wireshift`
[INFO] [stdout]   |
[INFO] [stdout]   = help: if you wanted to use a crate named `wireshift`, use `cargo add wireshift` to add it to your `Cargo.toml`
[INFO] [stdout] 
[INFO] [stdout] 
[INFO] [stdout] error[E0433]: cannot find module or crate `wireshift` in this scope
[INFO] [stdout]   --> tests/adversarial/test_depth_adversarial.rs:14:5
[INFO] [stdout]    |
[INFO] [stdout] 14 | use wireshift::ops::{Fsync, Read, Write};
[INFO] [stdout]    |     ^^^^^^^^^ use of unresolved module or unlinked crate `wireshift`
[INFO] [stdout]    |
[INFO] [stdout]    = help: if you wanted to use a crate named `wireshift`, use `cargo add wireshift` to add it to your `Cargo.toml`
[INFO] [stdout] 
[INFO] [stdout] 
[INFO] [stdout] error[E0432]: unresolved import `faultkit`
[INFO] [stdout]   --> tests/adversarial/test_depth_adversarial.rs:12:5
[INFO] [stdout]    |
[INFO] [stdout] 12 | use faultkit::{inject_scoped, Fault};
[INFO] [stdout]    |     ^^^^^^^^ use of unresolved module or unlinked crate `faultkit`
[INFO] [stdout]    |
[INFO] [stdout]    = help: if you wanted to use a crate named `faultkit`, use `cargo add faultkit` to add it to your `Cargo.toml`
[INFO] [stdout] 
[INFO] [stdout] 
[INFO] [stdout] error[E0432]: unresolved import `wireshift`
[INFO] [stdout]   --> tests/adversarial/test_depth_adversarial.rs:15:5
[INFO] [stdout]    |
[INFO] [stdout] 15 | use wireshift::{BackendPreference, Chain, Link, Ring, RingConfig};
[INFO] [stdout]    |     ^^^^^^^^^ use of unresolved module or unlinked crate `wireshift`
[INFO] [stdout]    |
[INFO] [stdout]    = help: if you wanted to use a crate named `wireshift`, use `cargo add wireshift` to add it to your `Cargo.toml`
[INFO] [stdout] 
[INFO] [stdout] 
[INFO] [stdout] error[E0433]: cannot find module or crate `wireshift` in this scope
[INFO] [stdout]  --> tests/chain/integration/pipeline.rs:5:5
[INFO] [stdout]   |
[INFO] [stdout] 5 | use wireshift::ops::{Fsync, Read, Write};
[INFO] [stdout]   |     ^^^^^^^^^ use of unresolved module or unlinked crate `wireshift`
[INFO] [stdout]   |
[INFO] [stdout]   = help: if you wanted to use a crate named `wireshift`, use `cargo add wireshift` to add it to your `Cargo.toml`
[INFO] [stdout] 
[INFO] [stdout] 
[INFO] [stdout] error[E0432]: unresolved import `wireshift`
[INFO] [stdout]  --> tests/chain/integration/pipeline.rs:6:5
[INFO] [stdout]   |
[INFO] [stdout] 6 | use wireshift::{BackendPreference, Ring, RingConfig};
[INFO] [stdout]   |     ^^^^^^^^^ use of unresolved module or unlinked crate `wireshift`
[INFO] [stdout]   |
[INFO] [stdout]   = help: if you wanted to use a crate named `wireshift`, use `cargo add wireshift` to add it to your `Cargo.toml`
[INFO] [stdout] 
[INFO] [stdout] 
[INFO] [stdout] error[E0433]: cannot find module or crate `wireshift` in this scope
[INFO] [stdout]    --> tests/adversarial/test_depth_adversarial.rs:456:15
[INFO] [stdout]     |
[INFO] [stdout] 456 |     let op1 = wireshift::ops::Nop;
[INFO] [stdout]     |               ^^^^^^^^^ use of unresolved module or unlinked crate `wireshift`
[INFO] [stdout]     |
[INFO] [stdout]     = help: if you wanted to use a crate named `wireshift`, use `cargo add wireshift` to add it to your `Cargo.toml`
[INFO] [stdout] 
[INFO] [stdout] 
[INFO] [stdout] error[E0433]: cannot find module or crate `wireshift` in this scope
[INFO] [stdout]    --> tests/adversarial/test_depth_adversarial.rs:457:15
[INFO] [stdout]     |
[INFO] [stdout] 457 |     let op2 = wireshift::ops::Nop;
[INFO] [stdout]     |               ^^^^^^^^^ use of unresolved module or unlinked crate `wireshift`
[INFO] [stdout]     |
[INFO] [stdout]     = help: if you wanted to use a crate named `wireshift`, use `cargo add wireshift` to add it to your `Cargo.toml`
[INFO] [stdout] 
[INFO] [stdout] 
[INFO] [stdout] error[E0433]: cannot find module or crate `wireshift` in this scope
[INFO] [stdout]    --> tests/adversarial/test_depth_adversarial.rs:458:15
[INFO] [stdout]     |
[INFO] [stdout] 458 |     let op3 = wireshift::ops::Nop;
[INFO] [stdout]     |               ^^^^^^^^^ use of unresolved module or unlinked crate `wireshift`
[INFO] [stdout]     |
[INFO] [stdout]     = help: if you wanted to use a crate named `wireshift`, use `cargo add wireshift` to add it to your `Cargo.toml`
[INFO] [stdout] 
[INFO] [stdout] 
[INFO] [stdout] error[E0433]: cannot find module or crate `wireshift` in this scope
[INFO] [stdout]    --> tests/adversarial/test_depth_adversarial.rs:456:15
[INFO] [stdout]     |
[INFO] [stdout] 456 |     let op1 = wireshift::ops::Nop;
[INFO] [stdout]     |               ^^^^^^^^^ use of unresolved module or unlinked crate `wireshift`
[INFO] [stdout]     |
[INFO] [stdout]     = help: if you wanted to use a crate named `wireshift`, use `cargo add wireshift` to add it to your `Cargo.toml`
[INFO] [stdout] 
[INFO] [stdout] 
[INFO] [stdout] Some errors have detailed explanations: E0432, E0433.
[INFO] [stdout] 
[INFO] [stdout] For more information about an error, try `rustc --explain E0432`.
[INFO] [stdout] 
[INFO] [stderr] error: could not compile `wireshift-chain` (test "adversarial_test_depth_adversarial") due to 6 previous errors
[INFO] [stderr] warning: build failed, waiting for other jobs to finish...
[INFO] [stdout] error[E0433]: cannot find module or crate `wireshift` in this scope
[INFO] [stdout]    --> tests/adversarial/test_depth_adversarial.rs:457:15
[INFO] [stdout]     |
[INFO] [stdout] 457 |     let op2 = wireshift::ops::Nop;
[INFO] [stdout]     |               ^^^^^^^^^ use of unresolved module or unlinked crate `wireshift`
[INFO] [stdout]     |
[INFO] [stdout]     = help: if you wanted to use a crate named `wireshift`, use `cargo add wireshift` to add it to your `Cargo.toml`
[INFO] [stdout] 
[INFO] [stdout] 
[INFO] [stdout] error[E0433]: cannot find module or crate `wireshift` in this scope
[INFO] [stdout]    --> tests/adversarial/test_depth_adversarial.rs:458:15
[INFO] [stdout]     |
[INFO] [stdout] 458 |     let op3 = wireshift::ops::Nop;
[INFO] [stdout]     |               ^^^^^^^^^ use of unresolved module or unlinked crate `wireshift`
[INFO] [stdout]     |
[INFO] [stdout]     = help: if you wanted to use a crate named `wireshift`, use `cargo add wireshift` to add it to your `Cargo.toml`
[INFO] [stdout] 
[INFO] [stdout] 
[INFO] [stdout] Some errors have detailed explanations: E0432, E0433.
[INFO] [stdout] 
[INFO] [stdout] For more information about an error, try `rustc --explain E0432`.
[INFO] [stdout] 
[INFO] [stderr] error: could not compile `wireshift-chain` (test "unit_chain") due to 4 previous errors
[INFO] [stdout] Some errors have detailed explanations: E0432, E0433.
[INFO] [stdout] 
[INFO] [stdout] For more information about an error, try `rustc --explain E0432`.
[INFO] [stdout] 
[INFO] [stderr] error: could not compile `wireshift-chain` (test "chain") due to 2 previous errors
[INFO] [stdout] Some errors have detailed explanations: E0432, E0433.
[INFO] [stdout] 
[INFO] [stdout] For more information about an error, try `rustc --explain E0432`.
[INFO] [stdout] 
[INFO] [stderr] error: could not compile `wireshift-chain` (test "unit") due to 4 previous errors
[INFO] [stdout] Some errors have detailed explanations: E0432, E0433.
[INFO] [stdout] 
[INFO] [stdout] For more information about an error, try `rustc --explain E0432`.
[INFO] [stdout] 
[INFO] [stderr] error: could not compile `wireshift-chain` (test "adversarial") due to 6 previous errors
[INFO] running `Command { std: "docker" "inspect" "757a4760e27083a37f3c73d92c57f3a27834390f1558071f6acc3ef121aba98c", kill_on_drop: false }`
[INFO] running `Command { std: "docker" "rm" "-f" "757a4760e27083a37f3c73d92c57f3a27834390f1558071f6acc3ef121aba98c", kill_on_drop: false }`
[INFO] [stdout] 757a4760e27083a37f3c73d92c57f3a27834390f1558071f6acc3ef121aba98c
