[INFO] fetching crate wintun-bindings 0.7.40...
[INFO] testing wintun-bindings-0.7.40 against 1.99.0-beta.8 for beta-1.100-2
[INFO] extracting crate wintun-bindings 0.7.40 into /workspace/builds/worker-5-tc1/source
[INFO] removed /workspace/builds/worker-5-tc1/source/.cargo/config.toml
[INFO] started tweaking crates.io crate wintun-bindings 0.7.40
[INFO] removed 0 missing examples
[INFO] finished tweaking crates.io crate wintun-bindings 0.7.40
[INFO] tweaked toml for crates.io crate wintun-bindings 0.7.40 written to /workspace/builds/worker-5-tc1/source/Cargo.toml
[INFO] validating manifest of crates.io crate wintun-bindings 0.7.40 on toolchain 1.99.0-beta.8
[INFO] running `Command { std: CARGO_HOME="/workspace/cargo-home" RUSTUP_HOME="/workspace/rustup-home" "/workspace/cargo-home/bin/cargo" "+1.99.0-beta.8" "metadata" "--manifest-path" "Cargo.toml" "--no-deps", kill_on_drop: false }`
[INFO] crate crates.io crate wintun-bindings 0.7.40 already has a lockfile, it will not be regenerated
[INFO] running `Command { std: CARGO_HOME="/workspace/cargo-home" RUSTUP_HOME="/workspace/rustup-home" "/workspace/cargo-home/bin/cargo" "+1.99.0-beta.8" "fetch" "--manifest-path" "Cargo.toml", kill_on_drop: false }`
[INFO] [stderr]     Updating crates.io index
[INFO] [stderr]  Downloading crates ...
[INFO] [stderr]   Downloaded pcap-file v2.0.0
[INFO] [stderr]   Downloaded packet v0.1.4
[INFO] [stderr]   Downloaded byteorder_slice v3.0.0
[INFO] [stderr]   Downloaded derive-into-owned v0.2.0
[INFO] [stderr]   Downloaded phf_shared v0.8.0
[INFO] [stderr]   Downloaded event-listener v5.4.1
[INFO] [stderr]   Downloaded env_filter v2.0.0
[INFO] [stderr]   Downloaded phf v0.8.0
[INFO] [stderr]   Downloaded env_logger v0.11.11
[INFO] [stderr]   Downloaded dotenvy v0.15.7
[INFO] [stderr]   Downloaded blocking v1.6.2
[INFO] [stderr]   Downloaded libloading v0.9.0
[INFO] [stderr]   Downloaded futures v0.3.34
[INFO] [stderr]   Downloaded syn v2.0.106
[INFO] [stderr]   Downloaded hwaddr v0.1.7
[INFO] running `Command { std: "docker" "create" "-v" "/var/lib/crater-agent-workspace/builds/worker-5-tc1/source:/opt/rustwide/workdir:ro,Z" "-v" "/var/lib/crater-agent-workspace/builds/worker-5-tc1/target:/opt/rustwide/target:rw,Z" "-v" "/var/lib/crater-agent-workspace/cargo-home:/opt/rustwide/cargo-home:ro,Z" "-v" "/var/lib/crater-agent-workspace/rustup-home:/opt/rustwide/rustup-home:ro,Z" "-m" "1610612736" "--network" "none" "ghcr.io/rust-lang/crates-build-env/linux@sha256:3111399a4047eeb3a02b7a90e478d715f38a8c6669b5c4b49d30a17385265909" "sleep" "infinity", kill_on_drop: false }`
[INFO] [stdout] 23c6c3b803616dbf303dd367e957fb6e6fb0d97001c436b0a61ee8278af28b15
[INFO] running `Command { std: "docker" "start" "23c6c3b803616dbf303dd367e957fb6e6fb0d97001c436b0a61ee8278af28b15", kill_on_drop: false }`
[INFO] running `Command { std: "docker" "inspect" "23c6c3b803616dbf303dd367e957fb6e6fb0d97001c436b0a61ee8278af28b15", kill_on_drop: false }`
[INFO] running `Command { std: "docker" "exec" "-e" "SOURCE_DIR=/opt/rustwide/workdir" "-e" "CARGO_HOME=/opt/rustwide/cargo-home" "-e" "RUSTUP_HOME=/opt/rustwide/rustup-home" "-e" "CARGO_TARGET_DIR=/opt/rustwide/target" "-w" "/opt/rustwide/workdir" "--user" "0:0" "23c6c3b803616dbf303dd367e957fb6e6fb0d97001c436b0a61ee8278af28b15" "/opt/rustwide/cargo-home/bin/cargo" "+1.99.0-beta.8" "metadata" "--no-deps" "--format-version=1", kill_on_drop: false }`
[INFO] running `Command { std: "docker" "inspect" "23c6c3b803616dbf303dd367e957fb6e6fb0d97001c436b0a61ee8278af28b15", kill_on_drop: false }`
[INFO] running `Command { std: "docker" "exec" "-e" "SOURCE_DIR=/opt/rustwide/workdir" "-e" "CARGO_HOME=/opt/rustwide/cargo-home" "-e" "RUSTUP_HOME=/opt/rustwide/rustup-home" "-e" "CARGO_TARGET_DIR=/opt/rustwide/target" "-e" "CARGO_INCREMENTAL=0" "-e" "RUST_BACKTRACE=full" "-e" "RUSTFLAGS=--cap-lints=warn" "-e" "RUSTDOCFLAGS=--cap-lints=warn" "-w" "/opt/rustwide/workdir" "--user" "0:0" "23c6c3b803616dbf303dd367e957fb6e6fb0d97001c436b0a61ee8278af28b15" "/opt/rustwide/cargo-home/bin/cargo" "+1.99.0-beta.8" "build" "--frozen" "--message-format=json", kill_on_drop: false }`
[INFO] [stderr]    Compiling proc-macro2 v1.0.103
[INFO] [stderr]    Compiling thiserror v2.0.20
[INFO] [stderr]    Compiling log v0.4.33
[INFO] [stderr]    Compiling windows-sys v0.61.2
[INFO] [stderr]    Compiling libloading v0.9.0
[INFO] [stderr]    Compiling quote v1.0.40
[INFO] [stderr]    Compiling syn v3.0.3
[INFO] [stderr]    Compiling thiserror-impl v2.0.20
[INFO] [stderr]    Compiling wintun-bindings v0.7.40 (/opt/rustwide/workdir)
[INFO] [stdout] error[E0433]: cannot find `windows` in `os`
[INFO] [stdout]   --> src/adapter.rs:17:9
[INFO] [stdout]    |
[INFO] [stdout] 17 |     os::windows::prelude::OsStrExt,
[INFO] [stdout]    |         ^^^^^^^ could not find `windows` in `os`
[INFO] [stdout] 
[INFO] [stdout] 
[INFO] [stdout] error[E0433]: cannot find `windows` in `os`
[INFO] [stdout]   --> src/util.rs:88:18
[INFO] [stdout]    |
[INFO] [stdout] 88 |     use std::os::windows::ffi::OsStringExt;
[INFO] [stdout]    |                  ^^^^^^^ could not find `windows` in `os`
[INFO] [stdout] 
[INFO] [stdout] 
[INFO] [stdout] error[E0433]: cannot find `windows` in `os`
[INFO] [stdout]    --> src/util.rs:482:18
[INFO] [stdout]     |
[INFO] [stdout] 482 |     use std::os::windows::process::CommandExt;
[INFO] [stdout]     |                  ^^^^^^^ could not find `windows` in `os`
[INFO] [stdout] 
[INFO] [stdout] 
[INFO] [stdout] error[E0432]: unresolved import `crate::wintun_raw`
[INFO] [stdout]   --> src/adapter.rs:12:5
[INFO] [stdout]    |
[INFO] [stdout] 12 |     wintun_raw,
[INFO] [stdout]    |     ^^^^^^^^^^ no `wintun_raw` in the root
[INFO] [stdout]    |
[INFO] [stdout] note: found an item that was configured out
[INFO] [stdout]   --> src/lib.rs:24:5
[INFO] [stdout]    |
[INFO] [stdout] 24 | mod wintun_raw;
[INFO] [stdout]    |     ^^^^^^^^^^
[INFO] [stdout]    |
[INFO] [stdout]   ::: src/wintun_raw.rs:2:8
[INFO] [stdout]    |
[INFO] [stdout]  2 | #![cfg(target_os = "windows")]
[INFO] [stdout]    |        --------------------- the item is gated behind the `windows` feature
[INFO] [stdout] 
[INFO] [stdout] 
[INFO] [stdout] error[E0432]: unresolved import `crate::wintun_raw`
[INFO] [stdout]   --> src/log.rs:1:27
[INFO] [stdout]    |
[INFO] [stdout]  1 | use crate::{Wintun, util, wintun_raw};
[INFO] [stdout]    |                           ^^^^^^^^^^ no `wintun_raw` in the root
[INFO] [stdout]    |
[INFO] [stdout] note: found an item that was configured out
[INFO] [stdout]   --> src/lib.rs:24:5
[INFO] [stdout]    |
[INFO] [stdout] 24 | mod wintun_raw;
[INFO] [stdout]    |     ^^^^^^^^^^
[INFO] [stdout]    |
[INFO] [stdout]   ::: src/wintun_raw.rs:2:8
[INFO] [stdout]    |
[INFO] [stdout]  2 | #![cfg(target_os = "windows")]
[INFO] [stdout]    |        --------------------- the item is gated behind the `windows` feature
[INFO] [stdout] 
[INFO] [stdout] 
[INFO] [stdout] error[E0432]: unresolved import `crate::wintun_raw`
[INFO] [stdout]   --> src/session.rs:4:19
[INFO] [stdout]    |
[INFO] [stdout]  4 |     packet, util, wintun_raw,
[INFO] [stdout]    |                   ^^^^^^^^^^ no `wintun_raw` in the root
[INFO] [stdout]    |
[INFO] [stdout] note: found an item that was configured out
[INFO] [stdout]   --> src/lib.rs:24:5
[INFO] [stdout]    |
[INFO] [stdout] 24 | mod wintun_raw;
[INFO] [stdout]    |     ^^^^^^^^^^
[INFO] [stdout]    |
[INFO] [stdout]   ::: src/wintun_raw.rs:2:8
[INFO] [stdout]    |
[INFO] [stdout]  2 | #![cfg(target_os = "windows")]
[INFO] [stdout]    |        --------------------- the item is gated behind the `windows` feature
[INFO] [stdout] 
[INFO] [stdout] 
[INFO] [stdout] error[E0433]: cannot find module or crate `wintun_raw` in this scope
[INFO] [stdout]    --> src/lib.rs:107:26
[INFO] [stdout]     |
[INFO] [stdout] 107 |     unsafe { Ok(Arc::new(wintun_raw::wintun::new(&path2)?)) }
[INFO] [stdout]     |                          ^^^^^^^^^^ use of unresolved module or unlinked crate `wintun_raw`
[INFO] [stdout]     |
[INFO] [stdout] note: found an item that was configured out
[INFO] [stdout]    --> src/lib.rs:24:5
[INFO] [stdout]     |
[INFO] [stdout]  24 | mod wintun_raw;
[INFO] [stdout]     |     ^^^^^^^^^^
[INFO] [stdout]     |
[INFO] [stdout]    ::: src/wintun_raw.rs:2:8
[INFO] [stdout]     |
[INFO] [stdout]   2 | #![cfg(target_os = "windows")]
[INFO] [stdout]     |        --------------------- the item is gated behind the `windows` feature
[INFO] [stdout] help: to make use of source file src/wintun_raw.rs, use `mod wintun_raw` in this file to declare the module
[INFO] [stdout]     |
[INFO] [stdout]   4 + mod wintun_raw;
[INFO] [stdout]     |
[INFO] [stdout] 
[INFO] [stdout] 
[INFO] [stdout] error[E0433]: cannot find module or crate `wintun_raw` in this scope
[INFO] [stdout]    --> src/lib.rs:124:26
[INFO] [stdout]     |
[INFO] [stdout] 124 |     unsafe { Ok(Arc::new(wintun_raw::wintun::from_library(library)?)) }
[INFO] [stdout]     |                          ^^^^^^^^^^ use of unresolved module or unlinked crate `wintun_raw`
[INFO] [stdout]     |
[INFO] [stdout] note: found an item that was configured out
[INFO] [stdout]    --> src/lib.rs:24:5
[INFO] [stdout]     |
[INFO] [stdout]  24 | mod wintun_raw;
[INFO] [stdout]     |     ^^^^^^^^^^
[INFO] [stdout]     |
[INFO] [stdout]    ::: src/wintun_raw.rs:2:8
[INFO] [stdout]     |
[INFO] [stdout]   2 | #![cfg(target_os = "windows")]
[INFO] [stdout]     |        --------------------- the item is gated behind the `windows` feature
[INFO] [stdout] help: to make use of source file src/wintun_raw.rs, use `mod wintun_raw` in this file to declare the module
[INFO] [stdout]     |
[INFO] [stdout]   4 + mod wintun_raw;
[INFO] [stdout]     |
[INFO] [stdout] 
[INFO] [stdout] 
[INFO] [stdout] error[E0599]: no method named `encode_wide` found for reference `&OsStr` in the current scope
[INFO] [stdout]    --> src/adapter.rs:135:53
[INFO] [stdout]     |
[INFO] [stdout] 135 |         let name_utf16: Vec<u16> = OsStr::new(name).encode_wide().chain(std::iter::once(0)).collect();
[INFO] [stdout]     |                                                     ^^^^^^^^^^^ method not found in `&OsStr`
[INFO] [stdout] 
[INFO] [stdout] 
[INFO] [stdout] error[E0599]: no associated function or constant named `from_wide` found for struct `OsString` in the current scope
[INFO] [stdout]   --> src/util.rs:89:41
[INFO] [stdout]    |
[INFO] [stdout] 89 |     let os_string = std::ffi::OsString::from_wide(slice);
[INFO] [stdout]    |                                         ^^^^^^^^^ associated function or constant not found in `OsString`
[INFO] [stdout]    |
[INFO] [stdout] note: if you're trying to build a new `OsString` consider using one of the following associated functions:
[INFO] [stdout]       OsString::new
[INFO] [stdout]       OsString::from_encoded_bytes_unchecked
[INFO] [stdout]       OsString::with_capacity
[INFO] [stdout]   --> /rustc/dfb0accb7f508ae8be965d8629557221c889dd98/library/std/src/ffi/os_str.rs:133:4
[INFO] [stdout] help: there is an associated function `from_iter` with a similar name
[INFO] [stdout]    |
[INFO] [stdout] 89 -     let os_string = std::ffi::OsString::from_wide(slice);
[INFO] [stdout] 89 +     let os_string = std::ffi::OsString::from_iter(slice);
[INFO] [stdout]    |
[INFO] [stdout] 
[INFO] [stdout] 
[INFO] [stdout] error[E0599]: no method named `creation_flags` found for mutable reference `&mut Command` in the current scope
[INFO] [stdout]    --> src/util.rs:485:10
[INFO] [stdout]     |
[INFO] [stdout] 483 |       let out = match std::process::Command::new(command)
[INFO] [stdout]     |  _____________________-
[INFO] [stdout] 484 | |         .args(args)
[INFO] [stdout] 485 | |         .creation_flags(if show_console { 0x00000010 } else { 0x08000000 })
[INFO] [stdout]     | |         -^^^^^^^^^^^^^^ method not found in `&mut Command`
[INFO] [stdout]     | |_________|
[INFO] [stdout]     |
[INFO] [stdout] 
[INFO] [stdout] 
[INFO] [stdout] error[E0433]: cannot find module or crate `wintun_raw` in this scope
[INFO] [stdout]   --> src/lib.rs:44:36
[INFO] [stdout]    |
[INFO] [stdout] 44 | pub const MAX_RING_CAPACITY: u32 = wintun_raw::WINTUN_MAX_RING_CAPACITY;
[INFO] [stdout]    |                                    ^^^^^^^^^^ use of unresolved module or unlinked crate `wintun_raw`
[INFO] [stdout]    |
[INFO] [stdout] note: found an item that was configured out
[INFO] [stdout]   --> src/lib.rs:24:5
[INFO] [stdout]    |
[INFO] [stdout] 24 | mod wintun_raw;
[INFO] [stdout]    |     ^^^^^^^^^^
[INFO] [stdout]    |
[INFO] [stdout]   ::: src/wintun_raw.rs:2:8
[INFO] [stdout]    |
[INFO] [stdout]  2 | #![cfg(target_os = "windows")]
[INFO] [stdout]    |        --------------------- the item is gated behind the `windows` feature
[INFO] [stdout] help: to make use of source file src/wintun_raw.rs, use `mod wintun_raw` in this file to declare the module
[INFO] [stdout]    |
[INFO] [stdout]  4 + mod wintun_raw;
[INFO] [stdout]    |
[INFO] [stdout] 
[INFO] [stdout] 
[INFO] [stdout] error[E0433]: cannot find module or crate `wintun_raw` in this scope
[INFO] [stdout]   --> src/lib.rs:47:36
[INFO] [stdout]    |
[INFO] [stdout] 47 | pub const MIN_RING_CAPACITY: u32 = wintun_raw::WINTUN_MIN_RING_CAPACITY;
[INFO] [stdout]    |                                    ^^^^^^^^^^ use of unresolved module or unlinked crate `wintun_raw`
[INFO] [stdout]    |
[INFO] [stdout] note: found an item that was configured out
[INFO] [stdout]   --> src/lib.rs:24:5
[INFO] [stdout]    |
[INFO] [stdout] 24 | mod wintun_raw;
[INFO] [stdout]    |     ^^^^^^^^^^
[INFO] [stdout]    |
[INFO] [stdout]   ::: src/wintun_raw.rs:2:8
[INFO] [stdout]    |
[INFO] [stdout]  2 | #![cfg(target_os = "windows")]
[INFO] [stdout]    |        --------------------- the item is gated behind the `windows` feature
[INFO] [stdout] help: to make use of source file src/wintun_raw.rs, use `mod wintun_raw` in this file to declare the module
[INFO] [stdout]    |
[INFO] [stdout]  4 + mod wintun_raw;
[INFO] [stdout]    |
[INFO] [stdout] 
[INFO] [stdout] 
[INFO] [stdout] error[E0433]: cannot find module or crate `wintun_raw` in this scope
[INFO] [stdout]   --> src/lib.rs:51:37
[INFO] [stdout]    |
[INFO] [stdout] 51 | pub const MAX_IP_PACKET_SIZE: u32 = wintun_raw::WINTUN_MAX_IP_PACKET_SIZE;
[INFO] [stdout]    |                                     ^^^^^^^^^^ use of unresolved module or unlinked crate `wintun_raw`
[INFO] [stdout]    |
[INFO] [stdout] note: found an item that was configured out
[INFO] [stdout]   --> src/lib.rs:24:5
[INFO] [stdout]    |
[INFO] [stdout] 24 | mod wintun_raw;
[INFO] [stdout]    |     ^^^^^^^^^^
[INFO] [stdout]    |
[INFO] [stdout]   ::: src/wintun_raw.rs:2:8
[INFO] [stdout]    |
[INFO] [stdout]  2 | #![cfg(target_os = "windows")]
[INFO] [stdout]    |        --------------------- the item is gated behind the `windows` feature
[INFO] [stdout] help: to make use of source file src/wintun_raw.rs, use `mod wintun_raw` in this file to declare the module
[INFO] [stdout]    |
[INFO] [stdout]  4 + mod wintun_raw;
[INFO] [stdout]    |
[INFO] [stdout] 
[INFO] [stdout] 
[INFO] [stdout] error[E0433]: cannot find module or crate `wintun_raw` in this scope
[INFO] [stdout]   --> src/lib.rs:56:23
[INFO] [stdout]    |
[INFO] [stdout] 56 | pub type Wintun = Arc<wintun_raw::wintun>;
[INFO] [stdout]    |                       ^^^^^^^^^^ use of unresolved module or unlinked crate `wintun_raw`
[INFO] [stdout]    |
[INFO] [stdout] note: found an item that was configured out
[INFO] [stdout]   --> src/lib.rs:24:5
[INFO] [stdout]    |
[INFO] [stdout] 24 | mod wintun_raw;
[INFO] [stdout]    |     ^^^^^^^^^^
[INFO] [stdout]    |
[INFO] [stdout]   ::: src/wintun_raw.rs:2:8
[INFO] [stdout]    |
[INFO] [stdout]  2 | #![cfg(target_os = "windows")]
[INFO] [stdout]    |        --------------------- the item is gated behind the `windows` feature
[INFO] [stdout] help: to make use of source file src/wintun_raw.rs, use `mod wintun_raw` in this file to declare the module
[INFO] [stdout]    |
[INFO] [stdout]  4 + mod wintun_raw;
[INFO] [stdout]    |
[INFO] [stdout] 
[INFO] [stdout] 
[INFO] [stdout] Some errors have detailed explanations: E0432, E0433, E0599.
[INFO] [stdout] 
[INFO] [stdout] For more information about an error, try `rustc --explain E0432`.
[INFO] [stdout] 
[INFO] [stderr] error: could not compile `wintun-bindings` (lib) due to 15 previous errors
[INFO] [stderr] warning: build failed, waiting for other jobs to finish...
[INFO] running `Command { std: "docker" "inspect" "23c6c3b803616dbf303dd367e957fb6e6fb0d97001c436b0a61ee8278af28b15", kill_on_drop: false }`
[INFO] running `Command { std: "docker" "rm" "-f" "23c6c3b803616dbf303dd367e957fb6e6fb0d97001c436b0a61ee8278af28b15", kill_on_drop: false }`
[INFO] [stdout] 23c6c3b803616dbf303dd367e957fb6e6fb0d97001c436b0a61ee8278af28b15
