[INFO] fetching crate wintheon 0.1.0...
[INFO] testing wintheon-0.1.0 against 1.99.0-beta.8 for beta-1.100-2
[INFO] extracting crate wintheon 0.1.0 into /workspace/builds/worker-6-tc1/source
[INFO] started tweaking crates.io crate wintheon 0.1.0
[INFO] removed 0 missing examples
[INFO] removed 0 missing tests
[INFO] finished tweaking crates.io crate wintheon 0.1.0
[INFO] tweaked toml for crates.io crate wintheon 0.1.0 written to /workspace/builds/worker-6-tc1/source/Cargo.toml
[INFO] validating manifest of crates.io crate wintheon 0.1.0 on toolchain 1.99.0-beta.8
[INFO] running `Command { std: CARGO_HOME="/workspace/cargo-home" RUSTUP_HOME="/workspace/rustup-home" "/workspace/cargo-home/bin/cargo" "+1.99.0-beta.8" "metadata" "--manifest-path" "Cargo.toml" "--no-deps", kill_on_drop: false }`
[INFO] crate crates.io crate wintheon 0.1.0 already has a lockfile, it will not be regenerated
[INFO] running `Command { std: CARGO_HOME="/workspace/cargo-home" RUSTUP_HOME="/workspace/rustup-home" "/workspace/cargo-home/bin/cargo" "+1.99.0-beta.8" "fetch" "--manifest-path" "Cargo.toml", kill_on_drop: false }`
[INFO] [stderr]     Blocking waiting for file lock on package cache
[INFO] [stderr]     Updating crates.io index
[INFO] [stderr]     Blocking waiting for file lock on package cache
[INFO] [stderr]  Downloading crates ...
[INFO] [stderr]   Downloaded windows-numerics v0.3.1
[INFO] [stderr]   Downloaded windows-future v0.3.2
[INFO] [stderr]   Downloaded windows-threading v0.2.1
[INFO] [stderr]   Downloaded windows-collections v0.3.2
[INFO] [stderr]   Downloaded matchers v0.2.0
[INFO] [stderr]   Downloaded gethostname v1.1.0
[INFO] [stderr]   Downloaded as-raw-xcb-connection v1.0.1
[INFO] [stderr]   Downloaded wayland-sys v0.31.11
[INFO] [stderr]   Downloaded libloading v0.8.9
[INFO] [stderr]   Downloaded nu-ansi-term v0.50.3
[INFO] [stderr]   Downloaded bytemuck_derive v1.10.2
[INFO] [stderr]   Downloaded ab_glyph v0.2.32
[INFO] [stderr]   Downloaded objc2-io-surface v0.3.2
[INFO] [stderr]   Downloaded xkbcommon-dl v0.4.2
[INFO] [stderr]   Downloaded wasm-bindgen-shared v0.2.120
[INFO] [stderr]   Downloaded downcast-rs v1.2.1
[INFO] [stderr]   Downloaded wayland-protocols-wlr v0.3.12
[INFO] [stderr]   Downloaded xcursor v0.3.10
[INFO] [stderr]   Downloaded cursor-icon v1.2.0
[INFO] [stderr]   Downloaded owned_ttf_parser v0.25.1
[INFO] [stderr]   Downloaded raw-window-handle v0.6.2
[INFO] [stderr]   Downloaded libredox v0.1.16
[INFO] [stderr]   Downloaded plain v0.2.3
[INFO] [stderr]   Downloaded memoffset v0.9.1
[INFO] [stderr]   Downloaded accesskit v0.24.0
[INFO] [stderr]   Downloaded wildmatch v2.6.1
[INFO] [stderr]   Downloaded ab_glyph_rasterizer v0.1.10
[INFO] [stderr]   Downloaded adler2 v2.0.1
[INFO] [stderr]   Downloaded scoped-tls v1.0.1
[INFO] [stderr]   Downloaded wasm-bindgen-futures v0.4.70
[INFO] [stderr]   Downloaded wayland-csd-frame v0.3.0
[INFO] [stderr]   Downloaded calloop-wayland-source v0.3.0
[INFO] [stderr]   Downloaded strict-num v0.1.1
[INFO] [stderr]   Downloaded arrayref v0.3.9
[INFO] [stderr]   Downloaded nohash-hasher v0.2.0
[INFO] [stderr]   Downloaded objc2-encode v4.1.0
[INFO] [stderr]   Downloaded dlib v0.5.3
[INFO] [stderr]   Downloaded wasm-bindgen-macro v0.2.120
[INFO] [stderr]   Downloaded fdeflate v0.3.7
[INFO] [stderr]   Downloaded smol_str v0.2.2
[INFO] [stderr]   Downloaded wayland-cursor v0.31.14
[INFO] [stderr]   Downloaded concurrent-queue v2.5.0
[INFO] [stderr]   Downloaded arrayvec v0.7.6
[INFO] [stderr]   Downloaded redox_syscall v0.4.1
[INFO] [stderr]   Downloaded bitflags v1.3.2
[INFO] [stderr]   Downloaded pin-project-internal v1.1.11
[INFO] [stderr]   Downloaded redox_syscall v0.7.4
[INFO] [stderr]   Downloaded same-file v1.0.6
[INFO] [stderr]   Downloaded enumflags2_derive v0.7.12
[INFO] [stderr]   Downloaded parking v2.2.1
[INFO] [stderr]   Downloaded async-recursion v1.1.1
[INFO] [stderr]   Downloaded zbus_xml v5.1.1
[INFO] [stderr]   Downloaded zbus-lockstep v0.5.2
[INFO] [stderr]   Downloaded phf_shared v0.13.1
[INFO] [stderr]   Downloaded phf_generator v0.13.1
[INFO] [stderr]   Downloaded type-map v0.5.1
[INFO] [stderr]   Downloaded wincorda v0.3.0
[INFO] [stderr]   Downloaded tracing-log v0.2.0
[INFO] [stderr]   Downloaded valuable v0.1.1
[INFO] [stderr]   Downloaded thread_local v1.1.9
[INFO] [stderr]   Downloaded sharded-slab v0.1.7
[INFO] [stderr]   Downloaded miniz_oxide v0.8.9
[INFO] [stderr]   Downloaded simd-adler32 v0.3.9
[INFO] [stderr]   Downloaded flate2 v1.1.9
[INFO] [stderr]   Downloaded mmap-io v0.9.4
[INFO] [stderr]   Downloaded memmap2 v0.7.1
[INFO] [stderr]   Downloaded dispatch2 v0.3.1
[INFO] [stderr]   Downloaded keyboard-types v0.7.0
[INFO] [stderr]   Downloaded pkg-config v0.3.33
[INFO] [stderr]   Downloaded wasm-bindgen v0.2.120
[INFO] [stderr]   Downloaded wayland-scanner v0.31.10
[INFO] [stderr]   Downloaded wayland-backend v0.3.15
[INFO] [stderr]   Downloaded polling v3.11.0
[INFO] [stderr]   Downloaded tiny-skia-path v0.11.4
[INFO] [stderr]   Downloaded bytemuck v1.25.0
[INFO] [stderr]   Downloaded pin-project v1.1.11
[INFO] [stderr]   Downloaded objc2-core-location v0.2.2
[INFO] [stderr]   Downloaded jni-sys v0.3.1
[INFO] [stderr]   Downloaded jni-sys v0.4.1
[INFO] [stderr]   Downloaded jni-sys-macros v0.4.1
[INFO] [stderr]   Downloaded foreign-types-shared v0.3.1
[INFO] [stderr]   Downloaded foreign-types-macros v0.2.3
[INFO] [stderr]   Downloaded ndk-context v0.1.1
[INFO] [stderr]   Downloaded crunchy v0.2.4
[INFO] [stderr]   Downloaded epaint v0.34.2
[INFO] [stderr]   Downloaded ecolor v0.34.2
[INFO] [stderr]   Downloaded wayland-protocols-misc v0.3.12
[INFO] [stderr]   Downloaded wayland-protocols-experimental v20250721.0.1
[INFO] [stderr]   Downloaded calloop-wayland-source v0.4.1
[INFO] [stderr]   Downloaded error-code v3.3.2
[INFO] [stderr]   Downloaded zvariant_utils v3.3.1
[INFO] [stderr]   Downloaded endi v1.1.1
[INFO] [stderr]   Downloaded zbus_names v4.3.2
[INFO] [stderr]   Downloaded uds_windows v1.2.1
[INFO] [stderr]   Downloaded serde_repr v0.1.20
[INFO] [stderr]   Downloaded ordered-stream v0.2.0
[INFO] [stderr]   Downloaded atspi-proxies v0.13.0
[INFO] [stderr]   Downloaded zbus-lockstep-macros v0.5.2
[INFO] [stderr]   Downloaded phf v0.13.1
[INFO] [stderr]   Downloaded siphasher v1.0.3
[INFO] [stderr]   Downloaded global-hotkey v0.7.0
[INFO] [stderr]   Downloaded xkeysym v0.2.1
[INFO] [stderr]   Downloaded block2 v0.6.2
[INFO] [stderr]   Downloaded objc2-core-graphics v0.3.2
[INFO] [stderr]   Downloaded unicode-segmentation v1.13.2
[INFO] [stderr]   Downloaded crossbeam-channel v0.5.15
[INFO] [stderr]   Downloaded x11-dl v2.21.0
[INFO] [stderr]   Downloaded wasm-bindgen-macro-support v0.2.120
[INFO] [stderr]   Downloaded js-sys v0.3.97
[INFO] [stderr]   Downloaded wayland-protocols-plasma v0.3.12
[INFO] [stderr]   Downloaded wayland-client v0.31.14
[INFO] [stderr]   Downloaded cc v1.2.61
[INFO] [stderr]   Downloaded memmap2 v0.9.10
[INFO] [stderr]   Downloaded calloop v0.13.0
[INFO] [stderr]   Downloaded sctk-adwaita v0.10.1
[INFO] [stderr]   Downloaded objc2-user-notifications v0.2.2
[INFO] [stderr]   Downloaded block2 v0.5.1
[INFO] [stderr]   Downloaded objc2-uniform-type-identifiers v0.2.2
[INFO] [stderr]   Downloaded objc2-symbols v0.2.2
[INFO] [stderr]   Downloaded objc2-link-presentation v0.2.2
[INFO] [stderr]   Downloaded num_enum_derive v0.7.6
[INFO] [stderr]   Downloaded proc-macro-crate v3.5.0
[INFO] [stderr]   Downloaded dpi v0.1.2
[INFO] [stderr]   Downloaded foreign-types v0.5.0
[INFO] [stderr]   Downloaded core-graphics-types v0.1.3
[INFO] [stderr]   Downloaded android-properties v0.2.2
[INFO] [stderr]   Downloaded spirv v0.4.0+sdk-1.4.341.0
[INFO] [stderr]   Downloaded hexf-parse v0.2.1
[INFO] [stderr]   Downloaded half v2.7.1
[INFO] [stderr]   Downloaded profiling v1.0.18
[INFO] [stderr]   Downloaded ordered-float v5.3.0
[INFO] [stderr]   Downloaded khronos-egl v6.0.0
[INFO] [stderr]   Downloaded gpu-descriptor v0.3.2
[INFO] [stderr]   Downloaded gpu-descriptor-types v0.2.0
[INFO] [stderr]   Downloaded presser v0.3.1
[INFO] [stderr]   Downloaded glutin_wgl_sys v0.6.1
[INFO] [stderr]   Downloaded emath v0.34.2
[INFO] [stderr]   Downloaded clipboard-win v5.4.1
[INFO] [stderr]   Downloaded accesskit_unix v0.21.0
[INFO] [stderr]   Downloaded zvariant_derive v5.11.0
[INFO] [stderr]   Downloaded piper v0.2.5
[INFO] [stderr]   Downloaded async-channel v2.5.0
[INFO] [stderr]   Downloaded event-listener-strategy v0.5.4
[INFO] [stderr]   Downloaded async-signal v0.2.14
[INFO] [stderr]   Downloaded async-broadcast v0.7.2
[INFO] [stderr]   Downloaded atspi v0.29.0
[INFO] [stderr]   Downloaded phf_macros v0.13.1
[INFO] [stderr]   Downloaded png v0.18.1
[INFO] [stderr]   Downloaded eframe v0.34.2
[INFO] [stderr]   Downloaded smithay-client-toolkit v0.19.2
[INFO] [stderr]   Downloaded objc-sys v0.3.5
[INFO] [stderr]   Downloaded dispatch v0.2.0
[INFO] [stderr]   Downloaded objc2-quartz-core v0.2.2
[INFO] [stderr]   Downloaded objc2-core-image v0.2.2
[INFO] [stderr]   Downloaded objc2-core-data v0.2.2
[INFO] [stderr]   Downloaded num_enum v0.7.6
[INFO] [stderr]   Downloaded toml_datetime v1.1.1+spec-1.1.0
[INFO] [stderr]   Downloaded core-graphics v0.23.2
[INFO] [stderr]   Downloaded walkdir v2.5.0
[INFO] [stderr]   Downloaded simdutf8 v0.1.5
[INFO] [stderr]   Downloaded jni-macros v0.22.4
[INFO] [stderr]   Downloaded codespan-reporting v0.13.1
[INFO] [stderr]   Downloaded bit-set v0.9.1
[INFO] [stderr]   Downloaded raw-window-metal v1.1.0
[INFO] [stderr]   Downloaded portable-atomic-util v0.2.7
[INFO] [stderr]   Downloaded gpu-allocator v0.28.0
[INFO] [stderr]   Downloaded egui-winit v0.34.2
[INFO] [stderr]   Downloaded smithay-clipboard v0.7.3
[INFO] [stderr]   Downloaded enumflags2 v0.7.12
[INFO] [stderr]   Downloaded zbus_macros v5.15.0
[INFO] [stderr]   Downloaded futures-lite v2.6.1
[INFO] [stderr]   Downloaded event-listener v5.4.1
[INFO] [stderr]   Downloaded blocking v1.6.2
[INFO] [stderr]   Downloaded async-task v4.7.1
[INFO] [stderr]   Downloaded async-process v2.5.0
[INFO] [stderr]   Downloaded async-lock v3.4.2
[INFO] [stderr]   Downloaded async-io v2.6.0
[INFO] [stderr]   Downloaded async-executor v1.14.0
[INFO] [stderr]   Downloaded accesskit_atspi_common v0.18.0
[INFO] [stderr]   Downloaded accesskit_macos v0.26.0
[INFO] [stderr]   Downloaded x11rb v0.13.2
[INFO] [stderr]   Downloaded objc2-core-foundation v0.3.2
[INFO] [stderr]   Downloaded wayland-protocols v0.32.12
[INFO] [stderr]   Downloaded tiny-skia v0.11.4
[INFO] [stderr]   Downloaded objc2-contacts v0.2.2
[INFO] [stderr]   Downloaded objc2-cloud-kit v0.2.2
[INFO] [stderr]   Downloaded combine v4.6.7
[INFO] [stderr]   Downloaded wgpu-types v29.0.3
[INFO] [stderr]   Downloaded renderdoc-sys v1.1.0
[INFO] [stderr]   Downloaded objc2-quartz-core v0.3.2
[INFO] [stderr]   Downloaded arboard v3.6.1
[INFO] [stderr]   Downloaded accesskit_winit v0.32.2
[INFO] [stderr]   Downloaded accesskit_windows v0.32.1
[INFO] [stderr]   Downloaded accesskit_consumer v0.35.0
[INFO] [stderr]   Downloaded egui-wgpu v0.34.2
[INFO] [stderr]   Downloaded tracing-subscriber v0.3.23
[INFO] [stderr]   Downloaded quick-xml v0.39.3
[INFO] [stderr]   Downloaded ttf-parser v0.25.1
[INFO] [stderr]   Downloaded objc2-metal v0.2.2
[INFO] [stderr]   Downloaded toml_edit v0.25.11+spec-1.1.0
[INFO] [stderr]   Downloaded bit-vec v0.9.1
[INFO] [stderr]   Downloaded quick-error v2.0.1
[INFO] [stderr]   Downloaded fax v0.2.7
[INFO] [stderr]   Downloaded webbrowser v1.2.1
[INFO] [stderr]   Downloaded calloop v0.14.4
[INFO] [stderr]   Downloaded objc2 v0.6.4
[INFO] [stderr]   Downloaded ndk v0.9.0
[INFO] [stderr]   Downloaded portable-atomic v1.13.1
[INFO] [stderr]   Downloaded zune-core v0.5.1
[INFO] [stderr]   Downloaded weezl v0.1.12
[INFO] [stderr]   Downloaded zvariant v5.11.0
[INFO] [stderr]   Downloaded atspi-common v0.13.0
[INFO] [stderr]   Downloaded objc2-foundation v0.3.2
[INFO] [stderr]   Downloaded rustix v0.38.44
[INFO] [stderr]   Downloaded simd_cesu8 v1.1.1
[INFO] [stderr]   Downloaded egui v0.34.2
[INFO] [stderr]   Downloaded smithay-client-toolkit v0.20.0
[INFO] [stderr]   Downloaded objc2-ui-kit v0.2.2
[INFO] [stderr]   Downloaded jni v0.22.4
[INFO] [stderr]   Downloaded objc2-metal v0.3.2
[INFO] [stderr]   Downloaded peniko v0.6.0
[INFO] [stderr]   Downloaded zbus v5.15.0
[INFO] [stderr]   Downloaded x11rb-protocol v0.13.2
[INFO] [stderr]   Downloaded objc2 v0.5.2
[INFO] [stderr]   Downloaded winnow v1.0.2
[INFO] [stderr]   Downloaded ash v0.38.0+1.3.281
[INFO] [stderr]   Downloaded linebender_resource_handle v0.1.1
[INFO] [stderr]   Downloaded objc2-app-kit v0.3.2
[INFO] [stderr]   Downloaded font-types v0.11.3
[INFO] [stderr]   Downloaded self_cell v1.2.2
[INFO] [stderr]   Downloaded winit v0.30.13
[INFO] [stderr]   Downloaded web-sys v0.3.97
[INFO] [stderr]   Downloaded objc2-foundation v0.2.2
[INFO] [stderr]   Downloaded epaint_default_fonts v0.34.2
[INFO] [stderr]   Downloaded ahash v0.8.12
[INFO] [stderr]   Downloaded wgpu-naga-bridge v29.0.3
[INFO] [stderr]   Downloaded rustc-hash v1.1.0
[INFO] [stderr]   Downloaded range-alloc v0.1.5
[INFO] [stderr]   Downloaded gl_generator v0.14.0
[INFO] [stderr]   Downloaded xml-rs v0.8.28
[INFO] [stderr]   Downloaded vello_common v0.0.6
[INFO] [stderr]   Downloaded color v0.3.2
[INFO] [stderr]   Downloaded ndk-sys v0.6.0+11769913
[INFO] [stderr]   Downloaded android-activity v0.6.1
[INFO] [stderr]   Downloaded wgpu v29.0.3
[INFO] [stderr]   Downloaded objc2-app-kit v0.2.2
[INFO] [stderr]   Downloaded fearless_simd v0.3.0
[INFO] [stderr]   Downloaded kurbo v0.13.0
[INFO] [stderr]   Downloaded orbclient v0.3.54
[INFO] [stderr]   Downloaded wgpu-hal v29.0.3
[INFO] [stderr]   Downloaded khronos_api v3.1.0
[INFO] [stderr]   Downloaded euclid v0.22.14
[INFO] [stderr]   Downloaded naga v29.0.3
[INFO] [stderr]   Downloaded skrifa v0.40.0
[INFO] [stderr]   Downloaded windows-sys v0.59.0
[INFO] [stderr]   Downloaded linux-raw-sys v0.4.15
[INFO] [stderr]   Downloaded objc2-ui-kit v0.3.2
[INFO] [stderr]   Downloaded wgpu-core-deps-emscripten v29.0.3
[INFO] [stderr]   Downloaded read-fonts v0.37.0
[INFO] [stderr]   Downloaded glow v0.17.0
[INFO] [stderr]   Downloaded slotmap v1.1.1
[INFO] [stderr]   Downloaded wgpu-core-deps-windows-linux-android v29.0.3
[INFO] [stderr]   Downloaded tiff v0.11.3
[INFO] [stderr]   Downloaded wgpu-core v29.0.3
[INFO] [stderr]   Downloaded wgpu-core-deps-wasm v29.0.3
[INFO] [stderr]   Downloaded wgpu-core-deps-apple v29.0.3
[INFO] [stderr]   Downloaded static_assertions v1.1.0
[INFO] [stderr]   Downloaded glutin-winit v0.5.0
[INFO] [stderr]   Downloaded pollster v0.4.0
[INFO] [stderr]   Downloaded zune-jpeg v0.5.15
[INFO] [stderr]   Downloaded image v0.25.10
[INFO] [stderr]   Downloaded glutin_glx_sys v0.6.1
[INFO] [stderr]   Downloaded byteorder-lite v0.1.0
[INFO] [stderr]   Downloaded moxcms v0.8.1
[INFO] [stderr]   Downloaded glutin_egl_sys v0.7.1
[INFO] [stderr]   Downloaded cgl v0.3.2
[INFO] [stderr]   Downloaded egui_glow v0.34.2
[INFO] [stderr]   Downloaded glutin v0.32.3
[INFO] [stderr]   Downloaded vello_cpu v0.0.6
[INFO] [stderr]   Downloaded pxfm v0.1.29
[INFO] [stderr]   Downloaded windows v0.62.2
[INFO] running `Command { std: "docker" "create" "-v" "/var/lib/crater-agent-workspace/builds/worker-6-tc1/source:/opt/rustwide/workdir:ro,Z" "-v" "/var/lib/crater-agent-workspace/builds/worker-6-tc1/target:/opt/rustwide/target:rw,Z" "-v" "/var/lib/crater-agent-workspace/cargo-home:/opt/rustwide/cargo-home:ro,Z" "-v" "/var/lib/crater-agent-workspace/rustup-home:/opt/rustwide/rustup-home:ro,Z" "-m" "1610612736" "--network" "none" "ghcr.io/rust-lang/crates-build-env/linux@sha256:3111399a4047eeb3a02b7a90e478d715f38a8c6669b5c4b49d30a17385265909" "sleep" "infinity", kill_on_drop: false }`
[INFO] [stdout] 805464c0db24745c72f7e5edfd8346ac8b94e4ca4b26f81b64b544a12eecfb12
[INFO] running `Command { std: "docker" "start" "805464c0db24745c72f7e5edfd8346ac8b94e4ca4b26f81b64b544a12eecfb12", kill_on_drop: false }`
[INFO] running `Command { std: "docker" "inspect" "805464c0db24745c72f7e5edfd8346ac8b94e4ca4b26f81b64b544a12eecfb12", kill_on_drop: false }`
[INFO] running `Command { std: "docker" "exec" "-e" "SOURCE_DIR=/opt/rustwide/workdir" "-e" "CARGO_HOME=/opt/rustwide/cargo-home" "-e" "RUSTUP_HOME=/opt/rustwide/rustup-home" "-e" "CARGO_TARGET_DIR=/opt/rustwide/target" "-w" "/opt/rustwide/workdir" "--user" "0:0" "805464c0db24745c72f7e5edfd8346ac8b94e4ca4b26f81b64b544a12eecfb12" "/opt/rustwide/cargo-home/bin/cargo" "+1.99.0-beta.8" "metadata" "--no-deps" "--format-version=1", kill_on_drop: false }`
[INFO] running `Command { std: "docker" "inspect" "805464c0db24745c72f7e5edfd8346ac8b94e4ca4b26f81b64b544a12eecfb12", kill_on_drop: false }`
[INFO] running `Command { std: "docker" "exec" "-e" "SOURCE_DIR=/opt/rustwide/workdir" "-e" "CARGO_HOME=/opt/rustwide/cargo-home" "-e" "RUSTUP_HOME=/opt/rustwide/rustup-home" "-e" "CARGO_TARGET_DIR=/opt/rustwide/target" "-e" "CARGO_INCREMENTAL=0" "-e" "RUST_BACKTRACE=full" "-e" "RUSTFLAGS=--cap-lints=warn" "-e" "RUSTDOCFLAGS=--cap-lints=warn" "-w" "/opt/rustwide/workdir" "--user" "0:0" "805464c0db24745c72f7e5edfd8346ac8b94e4ca4b26f81b64b544a12eecfb12" "/opt/rustwide/cargo-home/bin/cargo" "+1.99.0-beta.8" "build" "--frozen" "--message-format=json", kill_on_drop: false }`
[INFO] [stderr]    Compiling proc-macro2 v1.0.106
[INFO] [stderr]    Compiling quote v1.0.45
[INFO] [stderr]    Compiling unicode-ident v1.0.24
[INFO] [stderr]    Compiling windows-link v0.2.1
[INFO] [stderr]    Compiling crc32fast v1.5.0
[INFO] [stderr]    Compiling simd-adler32 v0.3.9
[INFO] [stderr]    Compiling cfg-if v1.0.4
[INFO] [stderr]    Compiling winapi v0.3.9
[INFO] [stderr]    Compiling thiserror v2.0.18
[INFO] [stderr]    Compiling adler2 v2.0.1
[INFO] [stderr]    Compiling once_cell v1.21.4
[INFO] [stderr]    Compiling pin-project-lite v0.2.17
[INFO] [stderr]    Compiling bitflags v2.11.1
[INFO] [stderr]    Compiling windows-result v0.4.1
[INFO] [stderr]    Compiling windows-strings v0.5.1
[INFO] [stderr]    Compiling windows-threading v0.2.1
[INFO] [stderr]    Compiling windows-sys v0.61.2
[INFO] [stderr]    Compiling miniz_oxide v0.8.9
[INFO] [stderr]    Compiling fdeflate v0.3.7
[INFO] [stderr]    Compiling tracing-core v0.1.36
[INFO] [stderr]    Compiling flate2 v1.1.9
[INFO] [stderr]    Compiling png v0.18.1
[INFO] [stderr]    Compiling syn v2.0.117
[INFO] [stderr]    Compiling windows-interface v0.59.3
[INFO] [stderr]    Compiling windows-implement v0.60.2
[INFO] [stderr]    Compiling thiserror-impl v2.0.18
[INFO] [stderr]    Compiling tracing-attributes v0.1.31
[INFO] [stderr]    Compiling windows-core v0.62.2
[INFO] [stderr]    Compiling tracing v0.1.44
[INFO] [stderr]    Compiling windows-collections v0.3.2
[INFO] [stderr]    Compiling windows-numerics v0.3.1
[INFO] [stderr]    Compiling windows-future v0.3.2
[INFO] [stderr]    Compiling wincorda v0.3.0
[INFO] [stdout] error[E0425]: cannot find type `IMarshal` in module `windows_core::imp`
[INFO] [stdout]   --> /opt/rustwide/cargo-home/registry/src/index.crates.io-1949cf8c6b5b557f/windows-future-0.3.2/src/bindings.rs:87:51
[INFO] [stdout]    |
[INFO] [stdout] 87 |             } else if *iid == <windows_core::imp::IMarshal as windows_core::Interface>::IID {
[INFO] [stdout]    |                                                   ^^^^^^^^ not found in `windows_core::imp`
[INFO] [stdout] 
[INFO] [stdout] 
[INFO] [stdout] error[E0425]: cannot find function `marshaler` in module `windows_core::imp`
[INFO] [stdout]   --> /opt/rustwide/cargo-home/registry/src/index.crates.io-1949cf8c6b5b557f/windows-future-0.3.2/src/bindings.rs:89:43
[INFO] [stdout]    |
[INFO] [stdout] 89 |                 return windows_core::imp::marshaler(
[INFO] [stdout]    |                                           ^^^^^^^^^ not found in `windows_core::imp`
[INFO] [stdout] 
[INFO] [stdout] 
[INFO] [stdout] error[E0425]: cannot find type `IMarshal` in module `windows_core::imp`
[INFO] [stdout]    --> /opt/rustwide/cargo-home/registry/src/index.crates.io-1949cf8c6b5b557f/windows-future-0.3.2/src/bindings.rs:255:51
[INFO] [stdout]     |
[INFO] [stdout] 255 |             } else if *iid == <windows_core::imp::IMarshal as windows_core::Interface>::IID {
[INFO] [stdout]     |                                                   ^^^^^^^^ not found in `windows_core::imp`
[INFO] [stdout] 
[INFO] [stdout] 
[INFO] [stdout] error[E0425]: cannot find function `marshaler` in module `windows_core::imp`
[INFO] [stdout]    --> /opt/rustwide/cargo-home/registry/src/index.crates.io-1949cf8c6b5b557f/windows-future-0.3.2/src/bindings.rs:257:43
[INFO] [stdout]     |
[INFO] [stdout] 257 |                 return windows_core::imp::marshaler(
[INFO] [stdout]     |                                           ^^^^^^^^^ not found in `windows_core::imp`
[INFO] [stdout] 
[INFO] [stdout] 
[INFO] [stdout] error[E0425]: cannot find type `IMarshal` in module `windows_core::imp`
[INFO] [stdout]    --> /opt/rustwide/cargo-home/registry/src/index.crates.io-1949cf8c6b5b557f/windows-future-0.3.2/src/bindings.rs:422:364
[INFO] [stdout]     |
[INFO] [stdout] 422 | ... _ } else if * iid == < windows_core::imp::IMarshal as windows_core::Interface >::IID { ( * this ) . count . add_ref ( ) ; retur...
[INFO] [stdout]     |                                               ^^^^^^^^ not found in `windows_core::imp`
[INFO] [stdout] 
[INFO] [stdout] 
[INFO] [stdout] error[E0425]: cannot find function `marshaler` in module `windows_core::imp`
[INFO] [stdout]    --> /opt/rustwide/cargo-home/registry/src/index.crates.io-1949cf8c6b5b557f/windows-future-0.3.2/src/bindings.rs:422:470
[INFO] [stdout]     |
[INFO] [stdout] 422 | ... . add_ref ( ) ; return windows_core::imp::marshaler ( core::mem::transmute ( & mut ( * this ) . vtable as * mut _ as * mut core...
[INFO] [stdout]     |                                               ^^^^^^^^^ not found in `windows_core::imp`
[INFO] [stdout] 
[INFO] [stdout] 
[INFO] [stdout] error[E0425]: cannot find type `IMarshal` in module `windows_core::imp`
[INFO] [stdout]    --> /opt/rustwide/cargo-home/registry/src/index.crates.io-1949cf8c6b5b557f/windows-future-0.3.2/src/bindings.rs:572:51
[INFO] [stdout]     |
[INFO] [stdout] 572 |             } else if *iid == <windows_core::imp::IMarshal as windows_core::Interface>::IID {
[INFO] [stdout]     |                                                   ^^^^^^^^ not found in `windows_core::imp`
[INFO] [stdout] 
[INFO] [stdout] 
[INFO] [stdout] error[E0425]: cannot find function `marshaler` in module `windows_core::imp`
[INFO] [stdout]    --> /opt/rustwide/cargo-home/registry/src/index.crates.io-1949cf8c6b5b557f/windows-future-0.3.2/src/bindings.rs:574:43
[INFO] [stdout]     |
[INFO] [stdout] 574 |                 return windows_core::imp::marshaler(
[INFO] [stdout]     |                                           ^^^^^^^^^ not found in `windows_core::imp`
[INFO] [stdout] 
[INFO] [stdout] 
[INFO] [stdout] error[E0425]: cannot find type `IMarshal` in module `windows_core::imp`
[INFO] [stdout]    --> /opt/rustwide/cargo-home/registry/src/index.crates.io-1949cf8c6b5b557f/windows-future-0.3.2/src/bindings.rs:752:364
[INFO] [stdout]     |
[INFO] [stdout] 752 | ... _ } else if * iid == < windows_core::imp::IMarshal as windows_core::Interface >::IID { ( * this ) . count . add_ref ( ) ; retur...
[INFO] [stdout]     |                                               ^^^^^^^^ not found in `windows_core::imp`
[INFO] [stdout] 
[INFO] [stdout] 
[INFO] [stdout] error[E0425]: cannot find function `marshaler` in module `windows_core::imp`
[INFO] [stdout]    --> /opt/rustwide/cargo-home/registry/src/index.crates.io-1949cf8c6b5b557f/windows-future-0.3.2/src/bindings.rs:752:470
[INFO] [stdout]     |
[INFO] [stdout] 752 | ... . add_ref ( ) ; return windows_core::imp::marshaler ( core::mem::transmute ( & mut ( * this ) . vtable as * mut _ as * mut core...
[INFO] [stdout]     |                                               ^^^^^^^^^ not found in `windows_core::imp`
[INFO] [stdout] 
[INFO] [stdout] 
[INFO] [stdout] error[E0425]: cannot find type `IMarshal` in module `windows_core::imp`
[INFO] [stdout]    --> /opt/rustwide/cargo-home/registry/src/index.crates.io-1949cf8c6b5b557f/windows-future-0.3.2/src/bindings.rs:927:377
[INFO] [stdout]     |
[INFO] [stdout] 927 | ... _ } else if * iid == < windows_core::imp::IMarshal as windows_core::Interface >::IID { ( * this ) . count . add_ref ( ) ; retur...
[INFO] [stdout]     |                                               ^^^^^^^^ not found in `windows_core::imp`
[INFO] [stdout] 
[INFO] [stdout] 
[INFO] [stdout] error[E0425]: cannot find function `marshaler` in module `windows_core::imp`
[INFO] [stdout]    --> /opt/rustwide/cargo-home/registry/src/index.crates.io-1949cf8c6b5b557f/windows-future-0.3.2/src/bindings.rs:927:483
[INFO] [stdout]     |
[INFO] [stdout] 927 | ... . add_ref ( ) ; return windows_core::imp::marshaler ( core::mem::transmute ( & mut ( * this ) . vtable as * mut _ as * mut core...
[INFO] [stdout]     |                                               ^^^^^^^^^ not found in `windows_core::imp`
[INFO] [stdout] 
[INFO] [stdout] 
[INFO] [stdout] error[E0425]: cannot find function `submit` in crate `windows_threading`
[INFO] [stdout]    --> /opt/rustwide/cargo-home/registry/src/index.crates.io-1949cf8c6b5b557f/windows-future-0.3.2/src/async_spawn.rs:264:28
[INFO] [stdout]     |
[INFO] [stdout] 264 |         windows_threading::submit(move || {
[INFO] [stdout]     |                            ^^^^^^ not found in `windows_threading`
[INFO] [stdout] 
[INFO] [stdout] 
[INFO] [stdout] error[E0425]: cannot find function `submit` in crate `windows_threading`
[INFO] [stdout]    --> /opt/rustwide/cargo-home/registry/src/index.crates.io-1949cf8c6b5b557f/windows-future-0.3.2/src/async_spawn.rs:281:28
[INFO] [stdout]     |
[INFO] [stdout] 281 |         windows_threading::submit(move || {
[INFO] [stdout]     |                            ^^^^^^ not found in `windows_threading`
[INFO] [stdout] 
[INFO] [stdout] 
[INFO] [stdout] error[E0425]: cannot find function `submit` in crate `windows_threading`
[INFO] [stdout]    --> /opt/rustwide/cargo-home/registry/src/index.crates.io-1949cf8c6b5b557f/windows-future-0.3.2/src/async_spawn.rs:298:28
[INFO] [stdout]     |
[INFO] [stdout] 298 |         windows_threading::submit(move || {
[INFO] [stdout]     |                            ^^^^^^ not found in `windows_threading`
[INFO] [stdout] 
[INFO] [stdout] 
[INFO] [stdout] error[E0425]: cannot find function `submit` in crate `windows_threading`
[INFO] [stdout]    --> /opt/rustwide/cargo-home/registry/src/index.crates.io-1949cf8c6b5b557f/windows-future-0.3.2/src/async_spawn.rs:315:28
[INFO] [stdout]     |
[INFO] [stdout] 315 |         windows_threading::submit(move || {
[INFO] [stdout]     |                            ^^^^^^ not found in `windows_threading`
[INFO] [stdout] 
[INFO] [stdout] 
[INFO] [stdout] For more information about this error, try `rustc --explain E0425`.
[INFO] [stdout] 
[INFO] [stderr] error: could not compile `windows-future` (lib) due to 16 previous errors
[INFO] running `Command { std: "docker" "inspect" "805464c0db24745c72f7e5edfd8346ac8b94e4ca4b26f81b64b544a12eecfb12", kill_on_drop: false }`
[INFO] running `Command { std: "docker" "rm" "-f" "805464c0db24745c72f7e5edfd8346ac8b94e4ca4b26f81b64b544a12eecfb12", kill_on_drop: false }`
[INFO] [stdout] 805464c0db24745c72f7e5edfd8346ac8b94e4ca4b26f81b64b544a12eecfb12
