[INFO] fetching crate winping-rs 0.11.0...
[INFO] testing winping-rs-0.11.0 against 1.99.0-beta.8 for beta-1.100-2
[INFO] extracting crate winping-rs 0.11.0 into /workspace/builds/worker-5-tc1/source
[INFO] started tweaking crates.io crate winping-rs 0.11.0
[INFO] removed 0 missing tests
[INFO] finished tweaking crates.io crate winping-rs 0.11.0
[INFO] tweaked toml for crates.io crate winping-rs 0.11.0 written to /workspace/builds/worker-5-tc1/source/Cargo.toml
[INFO] validating manifest of crates.io crate winping-rs 0.11.0 on toolchain 1.99.0-beta.8
[INFO] running `Command { std: CARGO_HOME="/workspace/cargo-home" RUSTUP_HOME="/workspace/rustup-home" "/workspace/cargo-home/bin/cargo" "+1.99.0-beta.8" "metadata" "--manifest-path" "Cargo.toml" "--no-deps", kill_on_drop: false }`
[INFO] crate crates.io crate winping-rs 0.11.0 already has a lockfile, it will not be regenerated
[INFO] running `Command { std: CARGO_HOME="/workspace/cargo-home" RUSTUP_HOME="/workspace/rustup-home" "/workspace/cargo-home/bin/cargo" "+1.99.0-beta.8" "fetch" "--manifest-path" "Cargo.toml", kill_on_drop: false }`
[INFO] [stderr]     Blocking waiting for file lock on package cache
[INFO] [stderr]     Updating crates.io index
[INFO] [stderr]     Blocking waiting for file lock on package cache
[INFO] [stderr]  Downloading crates ...
[INFO] [stderr]   Downloaded futures-sink v0.3.33
[INFO] [stderr]   Downloaded futures-task v0.3.33
[INFO] [stderr]   Downloaded futures-macro v0.3.33
[INFO] [stderr]   Downloaded futures-core v0.3.33
[INFO] [stderr]   Downloaded futures-io v0.3.33
[INFO] [stderr]   Downloaded quote v1.0.47
[INFO] [stderr]   Downloaded futures-executor v0.3.33
[INFO] [stderr]   Downloaded futures-channel v0.3.33
[INFO] [stderr]   Downloaded memchr v2.8.3
[INFO] [stderr]   Downloaded futures v0.3.33
[INFO] [stderr]   Downloaded proc-macro2 v1.0.107
[INFO] [stderr]   Downloaded futures-util v0.3.33
[INFO] [stderr]   Downloaded syn v2.0.119
[INFO] running `Command { std: "docker" "create" "-v" "/var/lib/crater-agent-workspace/builds/worker-5-tc1/source:/opt/rustwide/workdir:ro,Z" "-v" "/var/lib/crater-agent-workspace/builds/worker-5-tc1/target:/opt/rustwide/target:rw,Z" "-v" "/var/lib/crater-agent-workspace/cargo-home:/opt/rustwide/cargo-home:ro,Z" "-v" "/var/lib/crater-agent-workspace/rustup-home:/opt/rustwide/rustup-home:ro,Z" "-m" "1610612736" "--network" "none" "ghcr.io/rust-lang/crates-build-env/linux@sha256:3111399a4047eeb3a02b7a90e478d715f38a8c6669b5c4b49d30a17385265909" "sleep" "infinity", kill_on_drop: false }`
[INFO] [stdout] eac90fac583aaaaeb43f36d7fa6fdf3d5f97d256a64f882e277a7a2ce448c4dd
[INFO] running `Command { std: "docker" "start" "eac90fac583aaaaeb43f36d7fa6fdf3d5f97d256a64f882e277a7a2ce448c4dd", kill_on_drop: false }`
[INFO] running `Command { std: "docker" "inspect" "eac90fac583aaaaeb43f36d7fa6fdf3d5f97d256a64f882e277a7a2ce448c4dd", kill_on_drop: false }`
[INFO] running `Command { std: "docker" "exec" "-e" "SOURCE_DIR=/opt/rustwide/workdir" "-e" "CARGO_HOME=/opt/rustwide/cargo-home" "-e" "RUSTUP_HOME=/opt/rustwide/rustup-home" "-e" "CARGO_TARGET_DIR=/opt/rustwide/target" "-w" "/opt/rustwide/workdir" "--user" "0:0" "eac90fac583aaaaeb43f36d7fa6fdf3d5f97d256a64f882e277a7a2ce448c4dd" "/opt/rustwide/cargo-home/bin/cargo" "+1.99.0-beta.8" "metadata" "--no-deps" "--format-version=1", kill_on_drop: false }`
[INFO] running `Command { std: "docker" "inspect" "eac90fac583aaaaeb43f36d7fa6fdf3d5f97d256a64f882e277a7a2ce448c4dd", kill_on_drop: false }`
[INFO] running `Command { std: "docker" "exec" "-e" "SOURCE_DIR=/opt/rustwide/workdir" "-e" "CARGO_HOME=/opt/rustwide/cargo-home" "-e" "RUSTUP_HOME=/opt/rustwide/rustup-home" "-e" "CARGO_TARGET_DIR=/opt/rustwide/target" "-e" "CARGO_INCREMENTAL=0" "-e" "RUST_BACKTRACE=full" "-e" "RUSTFLAGS=--cap-lints=warn" "-e" "RUSTDOCFLAGS=--cap-lints=warn" "-w" "/opt/rustwide/workdir" "--user" "0:0" "eac90fac583aaaaeb43f36d7fa6fdf3d5f97d256a64f882e277a7a2ce448c4dd" "/opt/rustwide/cargo-home/bin/cargo" "+1.99.0-beta.8" "build" "--frozen" "--message-format=json", kill_on_drop: false }`
[INFO] [stderr]    Compiling windows-link v0.2.1
[INFO] [stderr]    Compiling windows-sys v0.61.2
[INFO] [stderr]    Compiling winping-rs v0.11.0 (/opt/rustwide/workdir)
[INFO] [stdout] warning: extern crate `windows_sys` is unused in crate `winping`
[INFO] [stdout]   |
[INFO] [stdout]   = help: remove the dependency or add `use windows_sys as _;` to the crate root
[INFO] [stdout]   = note: requested on the command line with `-W unused-crate-dependencies`
[INFO] [stdout] 
[INFO] [stdout] 
[INFO] [stderr]     Finished `dev` profile [unoptimized + debuginfo] target(s) in 3.52s
[INFO] running `Command { std: "docker" "inspect" "eac90fac583aaaaeb43f36d7fa6fdf3d5f97d256a64f882e277a7a2ce448c4dd", kill_on_drop: false }`
[INFO] running `Command { std: "docker" "exec" "-e" "SOURCE_DIR=/opt/rustwide/workdir" "-e" "CARGO_HOME=/opt/rustwide/cargo-home" "-e" "RUSTUP_HOME=/opt/rustwide/rustup-home" "-e" "CARGO_TARGET_DIR=/opt/rustwide/target" "-e" "CARGO_INCREMENTAL=0" "-e" "RUST_BACKTRACE=full" "-e" "RUSTFLAGS=--cap-lints=warn" "-e" "RUSTDOCFLAGS=--cap-lints=warn" "-w" "/opt/rustwide/workdir" "--user" "0:0" "eac90fac583aaaaeb43f36d7fa6fdf3d5f97d256a64f882e277a7a2ce448c4dd" "/opt/rustwide/cargo-home/bin/cargo" "+1.99.0-beta.8" "test" "--frozen" "--no-run" "--message-format=json", kill_on_drop: false }`
[INFO] [stderr]    Compiling proc-macro2 v1.0.107
[INFO] [stderr]    Compiling unicode-ident v1.0.24
[INFO] [stderr]    Compiling quote v1.0.47
[INFO] [stderr]    Compiling futures-core v0.3.33
[INFO] [stderr]    Compiling futures-sink v0.3.33
[INFO] [stderr]    Compiling futures-task v0.3.33
[INFO] [stderr]    Compiling slab v0.4.12
[INFO] [stderr]    Compiling pin-project-lite v0.2.17
[INFO] [stderr]    Compiling memchr v2.8.3
[INFO] [stderr]    Compiling futures-io v0.3.33
[INFO] [stdout] warning: extern crate `windows_sys` is unused in crate `winping`
[INFO] [stdout]   |
[INFO] [stdout]   = help: remove the dependency or add `use windows_sys as _;` to the crate root
[INFO] [stdout]   = note: requested on the command line with `-W unused-crate-dependencies`
[INFO] [stdout] 
[INFO] [stdout] 
[INFO] [stderr]    Compiling futures-channel v0.3.33
[INFO] [stderr]    Compiling syn v2.0.119
[INFO] [stderr]    Compiling futures-macro v0.3.33
[INFO] [stderr]    Compiling futures-util v0.3.33
[INFO] [stderr]    Compiling futures-executor v0.3.33
[INFO] [stderr]    Compiling futures v0.3.33
[INFO] [stderr]    Compiling winping-rs v0.11.0 (/opt/rustwide/workdir)
[INFO] [stdout] warning: extern crate `futures` is unused in crate `winping`
[INFO] [stdout]   |
[INFO] [stdout]   = help: remove the dependency or add `use futures as _;` to the crate root
[INFO] [stdout]   = note: requested on the command line with `-W unused-crate-dependencies`
[INFO] [stdout] 
[INFO] [stdout] 
[INFO] [stdout] warning: extern crate `windows_sys` is unused in crate `winping`
[INFO] [stdout]   |
[INFO] [stdout]   = help: remove the dependency or add `use windows_sys as _;` to the crate root
[INFO] [stdout] 
[INFO] [stdout] 
[INFO] [stdout] error[E0432]: unresolved imports `winping::Buffer`, `winping::Error`
[INFO] [stdout]  --> tests/ping.rs:6:15
[INFO] [stdout]   |
[INFO] [stdout] 6 | use winping::{Buffer, Error};
[INFO] [stdout]   |               ^^^^^^  ^^^^^ no `Error` in the root
[INFO] [stdout]   |               |
[INFO] [stdout]   |               no `Buffer` in the root
[INFO] [stdout]   |
[INFO] [stdout]   = help: consider importing one of these items instead:
[INFO] [stdout]           std::error::Error
[INFO] [stdout]           std::fmt::Error
[INFO] [stdout]           std::fs::TryLockError::Error
[INFO] [stdout]           std::io::Error
[INFO] [stdout]           core::error::Error
[INFO] [stdout]           core::fmt::Error
[INFO] [stdout] 
[INFO] [stdout] 
[INFO] [stdout] error[E0432]: unresolved imports `winping::Buffer`, `winping::CreateError`, `winping::Pinger`
[INFO] [stdout]   --> tests/common/mod.rs:15:15
[INFO] [stdout]    |
[INFO] [stdout] 15 | use winping::{Buffer, CreateError, Pinger};
[INFO] [stdout]    |               ^^^^^^  ^^^^^^^^^^^  ^^^^^^ no `Pinger` in the root
[INFO] [stdout]    |               |       |
[INFO] [stdout]    |               |       no `CreateError` in the root
[INFO] [stdout]    |               no `Buffer` in the root
[INFO] [stdout] 
[INFO] [stdout] 
[INFO] [stderr] error: could not compile `winping-rs` (test "ping") due to 2 previous errors
[INFO] [stdout] For more information about this error, try `rustc --explain E0432`.
[INFO] [stdout] 
[INFO] [stderr] warning: build failed, waiting for other jobs to finish...
[INFO] [stdout] error[E0432]: unresolved imports `winping::AsyncPinger`, `winping::Error`
[INFO] [stdout]   --> tests/ping_async.rs:11:15
[INFO] [stdout]    |
[INFO] [stdout] 11 | use winping::{AsyncPinger, Error};
[INFO] [stdout]    |               ^^^^^^^^^^^  ^^^^^ no `Error` in the root
[INFO] [stdout]    |               |
[INFO] [stdout]    |               no `AsyncPinger` in the root
[INFO] [stdout]    |
[INFO] [stdout]    = help: consider importing one of these items instead:
[INFO] [stdout]            std::error::Error
[INFO] [stdout]            std::fmt::Error
[INFO] [stdout]            std::fs::TryLockError::Error
[INFO] [stdout]            std::io::Error
[INFO] [stdout]            core::error::Error
[INFO] [stdout]            core::fmt::Error
[INFO] [stdout] 
[INFO] [stdout] 
[INFO] [stdout] error[E0432]: unresolved imports `winping::Buffer`, `winping::CreateError`, `winping::Pinger`
[INFO] [stdout]   --> tests/common/mod.rs:15:15
[INFO] [stdout]    |
[INFO] [stdout] 15 | use winping::{Buffer, CreateError, Pinger};
[INFO] [stdout]    |               ^^^^^^  ^^^^^^^^^^^  ^^^^^^ no `Pinger` in the root
[INFO] [stdout]    |               |       |
[INFO] [stdout]    |               |       no `CreateError` in the root
[INFO] [stdout]    |               no `Buffer` in the root
[INFO] [stdout] 
[INFO] [stdout] 
[INFO] [stdout] For more information about this error, try `rustc --explain E0432`.
[INFO] [stdout] 
[INFO] [stderr] error: could not compile `winping-rs` (test "ping_async") due to 2 previous errors
[INFO] running `Command { std: "docker" "inspect" "eac90fac583aaaaeb43f36d7fa6fdf3d5f97d256a64f882e277a7a2ce448c4dd", kill_on_drop: false }`
[INFO] running `Command { std: "docker" "rm" "-f" "eac90fac583aaaaeb43f36d7fa6fdf3d5f97d256a64f882e277a7a2ce448c4dd", kill_on_drop: false }`
[INFO] [stdout] eac90fac583aaaaeb43f36d7fa6fdf3d5f97d256a64f882e277a7a2ce448c4dd
