[INFO] fetching crate win_uds 0.2.4...
[INFO] testing win_uds-0.2.4 against 1.99.0-beta.8 for beta-1.100-2
[INFO] extracting crate win_uds 0.2.4 into /workspace/builds/worker-2-tc1/source
[INFO] started tweaking crates.io crate win_uds 0.2.4
[INFO] removed 0 missing tests
[INFO] finished tweaking crates.io crate win_uds 0.2.4
[INFO] tweaked toml for crates.io crate win_uds 0.2.4 written to /workspace/builds/worker-2-tc1/source/Cargo.toml
[INFO] validating manifest of crates.io crate win_uds 0.2.4 on toolchain 1.99.0-beta.8
[INFO] running `Command { std: CARGO_HOME="/workspace/cargo-home" RUSTUP_HOME="/workspace/rustup-home" "/workspace/cargo-home/bin/cargo" "+1.99.0-beta.8" "metadata" "--manifest-path" "Cargo.toml" "--no-deps", kill_on_drop: false }`
[INFO] crate crates.io crate win_uds 0.2.4 already has a lockfile, it will not be regenerated
[INFO] running `Command { std: CARGO_HOME="/workspace/cargo-home" RUSTUP_HOME="/workspace/rustup-home" "/workspace/cargo-home/bin/cargo" "+1.99.0-beta.8" "fetch" "--manifest-path" "Cargo.toml", kill_on_drop: false }`
[INFO] running `Command { std: "docker" "create" "-v" "/var/lib/crater-agent-workspace/builds/worker-2-tc1/source:/opt/rustwide/workdir:ro,Z" "-v" "/var/lib/crater-agent-workspace/builds/worker-2-tc1/target:/opt/rustwide/target:rw,Z" "-v" "/var/lib/crater-agent-workspace/cargo-home:/opt/rustwide/cargo-home:ro,Z" "-v" "/var/lib/crater-agent-workspace/rustup-home:/opt/rustwide/rustup-home:ro,Z" "-m" "1610612736" "--network" "none" "ghcr.io/rust-lang/crates-build-env/linux@sha256:3111399a4047eeb3a02b7a90e478d715f38a8c6669b5c4b49d30a17385265909" "sleep" "infinity", kill_on_drop: false }`
[INFO] [stdout] 977262592e15fca3803de12da8d7db4787bdd829255b1eaf6fa9ab0e0b58e2ee
[INFO] running `Command { std: "docker" "start" "977262592e15fca3803de12da8d7db4787bdd829255b1eaf6fa9ab0e0b58e2ee", kill_on_drop: false }`
[INFO] running `Command { std: "docker" "inspect" "977262592e15fca3803de12da8d7db4787bdd829255b1eaf6fa9ab0e0b58e2ee", kill_on_drop: false }`
[INFO] running `Command { std: "docker" "exec" "-e" "SOURCE_DIR=/opt/rustwide/workdir" "-e" "CARGO_HOME=/opt/rustwide/cargo-home" "-e" "RUSTUP_HOME=/opt/rustwide/rustup-home" "-e" "CARGO_TARGET_DIR=/opt/rustwide/target" "-w" "/opt/rustwide/workdir" "--user" "0:0" "977262592e15fca3803de12da8d7db4787bdd829255b1eaf6fa9ab0e0b58e2ee" "/opt/rustwide/cargo-home/bin/cargo" "+1.99.0-beta.8" "metadata" "--no-deps" "--format-version=1", kill_on_drop: false }`
[INFO] running `Command { std: "docker" "inspect" "977262592e15fca3803de12da8d7db4787bdd829255b1eaf6fa9ab0e0b58e2ee", kill_on_drop: false }`
[INFO] running `Command { std: "docker" "exec" "-e" "SOURCE_DIR=/opt/rustwide/workdir" "-e" "CARGO_HOME=/opt/rustwide/cargo-home" "-e" "RUSTUP_HOME=/opt/rustwide/rustup-home" "-e" "CARGO_TARGET_DIR=/opt/rustwide/target" "-e" "CARGO_INCREMENTAL=0" "-e" "RUST_BACKTRACE=full" "-e" "RUSTFLAGS=--cap-lints=warn" "-e" "RUSTDOCFLAGS=--cap-lints=warn" "-w" "/opt/rustwide/workdir" "--user" "0:0" "977262592e15fca3803de12da8d7db4787bdd829255b1eaf6fa9ab0e0b58e2ee" "/opt/rustwide/cargo-home/bin/cargo" "+1.99.0-beta.8" "build" "--frozen" "--message-format=json", kill_on_drop: false }`
[INFO] [stderr]    Compiling socket2 v0.6.4
[INFO] [stderr]    Compiling win_uds v0.2.4 (/opt/rustwide/workdir)
[INFO] [stderr]     Finished `dev` profile [unoptimized + debuginfo] target(s) in 0.54s
[INFO] running `Command { std: "docker" "inspect" "977262592e15fca3803de12da8d7db4787bdd829255b1eaf6fa9ab0e0b58e2ee", kill_on_drop: false }`
[INFO] running `Command { std: "docker" "exec" "-e" "SOURCE_DIR=/opt/rustwide/workdir" "-e" "CARGO_HOME=/opt/rustwide/cargo-home" "-e" "RUSTUP_HOME=/opt/rustwide/rustup-home" "-e" "CARGO_TARGET_DIR=/opt/rustwide/target" "-e" "CARGO_INCREMENTAL=0" "-e" "RUST_BACKTRACE=full" "-e" "RUSTFLAGS=--cap-lints=warn" "-e" "RUSTDOCFLAGS=--cap-lints=warn" "-w" "/opt/rustwide/workdir" "--user" "0:0" "977262592e15fca3803de12da8d7db4787bdd829255b1eaf6fa9ab0e0b58e2ee" "/opt/rustwide/cargo-home/bin/cargo" "+1.99.0-beta.8" "test" "--frozen" "--no-run" "--message-format=json", kill_on_drop: false }`
[INFO] [stderr]    Compiling syn v2.0.117
[INFO] [stderr]    Compiling futures-sink v0.3.32
[INFO] [stderr]    Compiling futures-core v0.3.32
[INFO] [stderr]    Compiling memchr v2.8.1
[INFO] [stderr]    Compiling errno v0.3.14
[INFO] [stderr]    Compiling win_uds v0.2.4 (/opt/rustwide/workdir)
[INFO] [stderr]    Compiling parking_lot_core v0.9.12
[INFO] [stderr]    Compiling futures-channel v0.3.32
[INFO] [stderr]    Compiling signal-hook-registry v1.4.8
[INFO] [stderr]    Compiling parking_lot v0.12.5
[INFO] [stderr]    Compiling futures-macro v0.3.32
[INFO] [stderr]    Compiling tokio-macros v2.7.0
[INFO] [stderr]    Compiling tokio v1.52.3
[INFO] [stderr]    Compiling futures-util v0.3.32
[INFO] [stderr]    Compiling futures-executor v0.3.32
[INFO] [stderr]    Compiling futures v0.3.32
[INFO] [stdout] error[E0432]: unresolved import `win_uds::net`
[INFO] [stdout]  --> tests/blocking.rs:2:14
[INFO] [stdout]   |
[INFO] [stdout] 2 | use win_uds::net::{UnixListener, UnixStream};
[INFO] [stdout]   |              ^^^ could not find `net` in `win_uds`
[INFO] [stdout] 
[INFO] [stdout] 
[INFO] [stdout] error[E0432]: unresolved import `win_uds::net`
[INFO] [stdout]  --> tests/echo.rs:3:14
[INFO] [stdout]   |
[INFO] [stdout] 3 | use win_uds::net::*;
[INFO] [stdout]   |              ^^^ could not find `net` in `win_uds`
[INFO] [stdout] 
[INFO] [stdout] 
[INFO] [stdout] For more information about this error, try `rustc --explain E0432`.
[INFO] [stdout] 
[INFO] [stderr] error: could not compile `win_uds` (test "blocking") due to 1 previous error
[INFO] [stderr] warning: build failed, waiting for other jobs to finish...
[INFO] [stdout] For more information about this error, try `rustc --explain E0432`.
[INFO] [stdout] 
[INFO] [stderr] error: could not compile `win_uds` (test "echo") due to 1 previous error
[INFO] [stdout] error[E0432]: unresolved import `win_uds::net`
[INFO] [stdout]  --> tests/timeout.rs:4:14
[INFO] [stdout]   |
[INFO] [stdout] 4 | use win_uds::net::{UnixListener, UnixStream};
[INFO] [stdout]   |              ^^^ could not find `net` in `win_uds`
[INFO] [stdout] 
[INFO] [stdout] 
[INFO] [stdout] For more information about this error, try `rustc --explain E0432`.
[INFO] [stdout] 
[INFO] [stderr] error: could not compile `win_uds` (test "timeout") due to 1 previous error
[INFO] running `Command { std: "docker" "inspect" "977262592e15fca3803de12da8d7db4787bdd829255b1eaf6fa9ab0e0b58e2ee", kill_on_drop: false }`
[INFO] running `Command { std: "docker" "rm" "-f" "977262592e15fca3803de12da8d7db4787bdd829255b1eaf6fa9ab0e0b58e2ee", kill_on_drop: false }`
[INFO] [stdout] 977262592e15fca3803de12da8d7db4787bdd829255b1eaf6fa9ab0e0b58e2ee
