[INFO] fetching crate wild-linker 0.10.0...
[INFO] testing wild-linker-0.10.0 against 1.100.0-beta.1 for beta-1.100-2
[INFO] extracting crate wild-linker 0.10.0 into /workspace/builds/worker-4-tc2/source
[INFO] started tweaking crates.io crate wild-linker 0.10.0
[INFO] removed 0 missing tests
[INFO] finished tweaking crates.io crate wild-linker 0.10.0
[INFO] tweaked toml for crates.io crate wild-linker 0.10.0 written to /workspace/builds/worker-4-tc2/source/Cargo.toml
[INFO] validating manifest of crates.io crate wild-linker 0.10.0 on toolchain 1.100.0-beta.1
[INFO] running `Command { std: CARGO_HOME="/workspace/cargo-home" RUSTUP_HOME="/workspace/rustup-home" "/workspace/cargo-home/bin/cargo" "+1.100.0-beta.1" "metadata" "--manifest-path" "Cargo.toml" "--no-deps", kill_on_drop: false }`
[INFO] crate crates.io crate wild-linker 0.10.0 already has a lockfile, it will not be regenerated
[INFO] running `Command { std: CARGO_HOME="/workspace/cargo-home" RUSTUP_HOME="/workspace/rustup-home" "/workspace/cargo-home/bin/cargo" "+1.100.0-beta.1" "fetch" "--manifest-path" "Cargo.toml", kill_on_drop: false }`
[INFO] running `Command { std: "docker" "create" "-v" "/var/lib/crater-agent-workspace/builds/worker-4-tc2/source:/opt/rustwide/workdir:ro,Z" "-v" "/var/lib/crater-agent-workspace/builds/worker-4-tc2/target:/opt/rustwide/target:rw,Z" "-v" "/var/lib/crater-agent-workspace/cargo-home:/opt/rustwide/cargo-home:ro,Z" "-v" "/var/lib/crater-agent-workspace/rustup-home:/opt/rustwide/rustup-home:ro,Z" "-m" "1610612736" "--network" "none" "ghcr.io/rust-lang/crates-build-env/linux@sha256:3111399a4047eeb3a02b7a90e478d715f38a8c6669b5c4b49d30a17385265909" "sleep" "infinity", kill_on_drop: false }`
[INFO] [stdout] 818da161bc0171b8c983a1550019bd1a6b89663371534a27f118a02176af6f15
[INFO] running `Command { std: "docker" "start" "818da161bc0171b8c983a1550019bd1a6b89663371534a27f118a02176af6f15", kill_on_drop: false }`
[INFO] running `Command { std: "docker" "inspect" "818da161bc0171b8c983a1550019bd1a6b89663371534a27f118a02176af6f15", kill_on_drop: false }`
[INFO] running `Command { std: "docker" "exec" "-e" "SOURCE_DIR=/opt/rustwide/workdir" "-e" "CARGO_HOME=/opt/rustwide/cargo-home" "-e" "RUSTUP_HOME=/opt/rustwide/rustup-home" "-e" "CARGO_TARGET_DIR=/opt/rustwide/target" "-w" "/opt/rustwide/workdir" "--user" "0:0" "818da161bc0171b8c983a1550019bd1a6b89663371534a27f118a02176af6f15" "/opt/rustwide/cargo-home/bin/cargo" "+1.100.0-beta.1" "metadata" "--no-deps" "--format-version=1", kill_on_drop: false }`
[INFO] running `Command { std: "docker" "inspect" "818da161bc0171b8c983a1550019bd1a6b89663371534a27f118a02176af6f15", kill_on_drop: false }`
[INFO] running `Command { std: "docker" "exec" "-e" "SOURCE_DIR=/opt/rustwide/workdir" "-e" "CARGO_HOME=/opt/rustwide/cargo-home" "-e" "RUSTUP_HOME=/opt/rustwide/rustup-home" "-e" "CARGO_TARGET_DIR=/opt/rustwide/target" "-e" "CARGO_INCREMENTAL=0" "-e" "RUST_BACKTRACE=full" "-e" "RUSTFLAGS=--cap-lints=warn" "-e" "RUSTDOCFLAGS=--cap-lints=warn" "-w" "/opt/rustwide/workdir" "--user" "0:0" "818da161bc0171b8c983a1550019bd1a6b89663371534a27f118a02176af6f15" "/opt/rustwide/cargo-home/bin/cargo" "+1.100.0-beta.1" "build" "--frozen" "--message-format=json", kill_on_drop: false }`
[INFO] [stderr]    Compiling quote v1.0.44
[INFO] [stderr]    Compiling libc v0.2.189
[INFO] [stderr]    Compiling serde_core v1.0.228
[INFO] [stderr]    Compiling getrandom v0.4.1
[INFO] [stderr]    Compiling serde v1.0.228
[INFO] [stderr]    Compiling either v1.15.0
[INFO] [stderr]    Compiling crossbeam-epoch v0.9.20
[INFO] [stderr]    Compiling thiserror v2.0.18
[INFO] [stderr]    Compiling anyhow v1.0.104
[INFO] [stderr]    Compiling rayon-core v1.13.0
[INFO] [stderr]    Compiling typenum v1.20.0
[INFO] [stderr]    Compiling syn v2.0.117
[INFO] [stderr]    Compiling cfg_aliases v0.2.2
[INFO] [stderr]    Compiling foldhash v0.2.0
[INFO] [stderr]    Compiling simd-adler32 v0.3.8
[INFO] [stderr]    Compiling crossbeam-deque v0.8.6
[INFO] [stderr]    Compiling hashbrown v0.17.1
[INFO] [stderr]    Compiling miniz_oxide v0.8.9
[INFO] [stderr]    Compiling hybrid-array v0.4.12
[INFO] [stderr]    Compiling nix v0.31.3
[INFO] [stderr]    Compiling jobserver v0.1.35
[INFO] [stderr]    Compiling cc v1.4.0
[INFO] [stderr]    Compiling itertools v0.14.0
[INFO] [stderr]    Compiling once_cell v1.21.3
[INFO] [stderr]    Compiling twox-hash v2.1.2
[INFO] [stderr]    Compiling zlib-rs v0.6.6
[INFO] [stderr]    Compiling stable_deref_trait v1.2.1
[INFO] [stderr]    Compiling unicode-segmentation v1.12.0
[INFO] [stderr]    Compiling paste v1.0.15
[INFO] [stderr]    Compiling zstd-safe v7.2.4
[INFO] [stderr]    Compiling bitflags v2.13.1
[INFO] [stderr]    Compiling cpp_demangle v0.4.5
[INFO] [stderr]    Compiling regex-syntax v0.8.11
[INFO] [stderr]    Compiling convert_case v0.10.0
[INFO] [stderr]    Compiling uuid v1.24.0
[INFO] [stderr]    Compiling memmap2 v0.9.11
[INFO] [stderr]    Compiling indexmap v2.14.0
[INFO] [stderr]    Compiling ruzstd v0.9.0
[INFO] [stderr]    Compiling debugid v0.8.0
[INFO] [stderr]    Compiling tracing-core v0.1.36
[INFO] [stderr]    Compiling block-buffer v0.12.0
[INFO] [stderr]    Compiling crypto-common v0.2.1
[INFO] [stderr]    Compiling zstd-sys v2.0.16+zstd.1.5.7
[INFO] [stderr]    Compiling blake3 v1.8.5
[INFO] [stderr]    Compiling regex-automata v0.4.16
[INFO] [stderr]    Compiling bytes v1.11.1
[INFO] [stderr]    Compiling symbolic-demangle v13.9.0
[INFO] [stderr]    Compiling pin-project-lite v0.2.16
[INFO] [stderr]    Compiling zerocopy v0.8.55
[INFO] [stderr]    Compiling unicode-xid v0.2.6
[INFO] [stderr]    Compiling sharded-slab v0.1.7
[INFO] [stderr]    Compiling tracing v0.1.44
[INFO] [stderr]    Compiling matchers v0.2.0
[INFO] [stderr]    Compiling rand v0.10.2
[INFO] [stderr]    Compiling libwild v0.10.0
[INFO] [stderr]    Compiling flate2 v1.1.9
[INFO] [stderr]    Compiling digest v0.11.3
[INFO] [stderr]    Compiling object v0.40.0
[INFO] [stderr]    Compiling symbolic-common v13.9.0
[INFO] [stderr]    Compiling thiserror-impl v2.0.18
[INFO] [stderr]    Compiling serde_derive v1.0.228
[INFO] [stderr]    Compiling prost-derive v0.14.3
[INFO] [stderr]    Compiling derive_more-impl v2.1.1
[INFO] [stderr]    Compiling prost v0.14.3
[INFO] [stderr]    Compiling zerocopy-derive v0.8.55
[INFO] [stderr]    Compiling cobs v0.3.0
[INFO] [stderr]    Compiling strum_macros v0.28.0
[INFO] [stderr]    Compiling perf-event-open-sys v4.0.0
[INFO] [stderr]    Compiling thread_local v1.1.10
[INFO] [stderr]    Compiling unsafe-libyaml v0.2.11
[INFO] [stderr]    Compiling itoa v1.0.17
[INFO] [stderr]    Compiling constant_time_eq v0.4.2
[INFO] [stderr]    Compiling nu-ansi-term v0.50.3
[INFO] [stderr]    Compiling bumpalo v3.20.2
[INFO] [stderr]    Compiling rustc-demangle v0.1.27
[INFO] [stderr]    Compiling arrayvec v0.7.6
[INFO] [stderr]    Compiling leb128 v0.2.7
[INFO] [stderr]    Compiling sharded-vec-writer v0.4.0
[INFO] [stderr]    Compiling arrayref v0.3.9
[INFO] [stderr]    Compiling ryu v1.0.23
[INFO] [stderr]    Compiling leb128fmt v0.1.0
[INFO] [stderr]    Compiling sharded-offset-map v0.3.0
[INFO] [stderr]    Compiling wasm-encoder v0.255.0
[INFO] [stderr]    Compiling strum v0.28.0
[INFO] [stderr]    Compiling bumpalo-herd v0.1.3
[INFO] [stderr]    Compiling tracing-subscriber v0.3.23
[INFO] [stderr]    Compiling derive_more v2.1.1
[INFO] [stderr]    Compiling perf-event v0.4.8
[INFO] [stderr]    Compiling perfetto-recorder v0.3.3
[INFO] [stderr]    Compiling postcard v1.1.3
[INFO] [stderr]    Compiling linker-utils v0.10.0
[INFO] [stderr]    Compiling serde_yaml v0.9.34+deprecated
[INFO] [stderr]    Compiling linker-layout v0.10.0
[INFO] [stderr]    Compiling linker-trace v0.10.0
[INFO] [stderr]    Compiling sha2 v0.11.0
[INFO] [stderr]    Compiling rayon v1.12.0
[INFO] [stderr]    Compiling wasmparser v0.255.0
[INFO] [stderr]    Compiling winnow v1.0.4
[INFO] [stderr]    Compiling gimli v0.34.0
[INFO] [stderr]    Compiling itertools v0.15.0
[INFO] [stderr]    Compiling crossbeam-queue v0.3.13
[INFO] [stderr]    Compiling libloading v0.9.0
[INFO] [stderr]    Compiling bytesize v2.4.2
[INFO] [stderr]    Compiling wild-linker v0.10.0 (/opt/rustwide/workdir)
[INFO] [stderr]    Compiling colored v3.1.1
[INFO] [stderr]    Compiling atomic-take v1.1.0
[INFO] [stderr]    Compiling colosseum v0.2.2
[INFO] [stderr]    Compiling glob v0.3.4
[INFO] [stderr]    Compiling hex v0.4.3
[INFO] [stderr]    Compiling zstd v0.13.3
[INFO] [stderr]     Finished `dev` profile [unoptimized + debuginfo] target(s) in 2m 01s
[INFO] running `Command { std: "docker" "inspect" "818da161bc0171b8c983a1550019bd1a6b89663371534a27f118a02176af6f15", kill_on_drop: false }`
[INFO] running `Command { std: "docker" "exec" "-e" "SOURCE_DIR=/opt/rustwide/workdir" "-e" "CARGO_HOME=/opt/rustwide/cargo-home" "-e" "RUSTUP_HOME=/opt/rustwide/rustup-home" "-e" "CARGO_TARGET_DIR=/opt/rustwide/target" "-e" "CARGO_INCREMENTAL=0" "-e" "RUST_BACKTRACE=full" "-e" "RUSTFLAGS=--cap-lints=warn" "-e" "RUSTDOCFLAGS=--cap-lints=warn" "-w" "/opt/rustwide/workdir" "--user" "0:0" "818da161bc0171b8c983a1550019bd1a6b89663371534a27f118a02176af6f15" "/opt/rustwide/cargo-home/bin/cargo" "+1.100.0-beta.1" "test" "--frozen" "--no-run" "--message-format=json", kill_on_drop: false }`
[INFO] [stderr]    Compiling syn v2.0.117
[INFO] [stderr]    Compiling bitflags v2.13.1
[INFO] [stderr]    Compiling nix v0.31.3
[INFO] [stderr]    Compiling regex-automata v0.4.16
[INFO] [stderr]    Compiling colorchoice v1.0.4
[INFO] [stderr]    Compiling anstyle-parse v0.2.7
[INFO] [stderr]    Compiling autocfg v1.5.0
[INFO] [stderr]    Compiling clap_lex v1.0.0
[INFO] [stderr]    Compiling thiserror v1.0.69
[INFO] [stderr]    Compiling anstream v0.6.21
[INFO] [stderr]    Compiling wasmparser v0.255.0
[INFO] [stderr]    Compiling minimal-lexical v0.2.1
[INFO] [stderr]    Compiling wild-linker v0.10.0 (/opt/rustwide/workdir)
[INFO] [stderr]    Compiling rustix v1.1.4
[INFO] [stderr]    Compiling clap_builder v4.5.60
[INFO] [stderr]    Compiling num-traits v0.2.19
[INFO] [stderr]    Compiling nom v7.1.3
[INFO] [stderr]    Compiling anstream v1.0.0
[INFO] [stderr]    Compiling toml_parser v1.1.2+spec-1.1.0
[INFO] [stderr]    Compiling toml_datetime v1.1.1+spec-1.1.0
[INFO] [stderr]    Compiling serde_spanned v1.1.1
[INFO] [stderr]    Compiling escape8259 v0.5.3
[INFO] [stderr]    Compiling log v0.4.29
[INFO] [stderr]    Compiling fastrand v2.3.0
[INFO] [stderr]    Compiling toml v1.1.3+spec-1.1.0
[INFO] [stderr]    Compiling os_info v3.15.0
[INFO] [stderr]    Compiling tempfile v3.27.0
[INFO] [stderr]    Compiling wait-timeout v0.2.1
[INFO] [stderr]    Compiling matchers v0.2.0
[INFO] [stderr]    Compiling tracing-subscriber v0.3.23
[INFO] [stderr]    Compiling regex v1.13.1
[INFO] [stderr]    Compiling which v8.0.5
[INFO] [stderr]    Compiling ar v0.9.0
[INFO] [stderr]    Compiling diff v0.1.13
[INFO] [stderr]    Compiling serde_derive v1.0.228
[INFO] [stderr]    Compiling thiserror-impl v2.0.18
[INFO] [stderr]    Compiling prost-derive v0.14.3
[INFO] [stderr]    Compiling derive_more-impl v2.1.1
[INFO] [stderr]    Compiling strum_macros v0.28.0
[INFO] [stderr]    Compiling zerocopy-derive v0.8.55
[INFO] [stderr]    Compiling thiserror-impl v1.0.69
[INFO] [stderr]    Compiling thiserror v2.0.18
[INFO] [stderr]    Compiling cobs v0.3.0
[INFO] [stderr]    Compiling clap_derive v4.5.55
[INFO] [stderr]    Compiling remain v0.2.15
[INFO] [stderr]    Compiling derive_more v2.1.1
[INFO] [stderr]    Compiling prost v0.14.3
[INFO] [stderr]    Compiling zerocopy v0.8.55
[INFO] [stderr]    Compiling strum v0.28.0
[INFO] [stderr]    Compiling perfetto-recorder v0.3.3
[INFO] [stderr]    Compiling clap v4.5.60
[INFO] [stderr]    Compiling libtest-mimic v0.8.2
[INFO] [stderr]    Compiling serde v1.0.228
[INFO] [stderr]    Compiling postcard v1.1.3
[INFO] [stderr]    Compiling serde_yaml v0.9.34+deprecated
[INFO] [stderr]    Compiling serde-keyvalue v0.1.0
[INFO] [stderr]    Compiling linker-layout v0.10.0
[INFO] [stderr]    Compiling linker-trace v0.10.0
[INFO] [stderr]    Compiling libwild v0.10.0
[INFO] [stdout] error[E0433]: cannot find module or crate `linker_diff` in this scope
[INFO] [stdout]     --> tests/integration_tests.rs:6204:9
[INFO] [stdout]      |
[INFO] [stdout] 6204 |         linker_diff::ColourMode::Never
[INFO] [stdout]      |         ^^^^^^^^^^^ use of unresolved module or unlinked crate `linker_diff`
[INFO] [stdout]      |
[INFO] [stdout]      = help: if you wanted to use a crate named `linker_diff`, use `cargo add linker_diff` to add it to your `Cargo.toml`
[INFO] [stdout] 
[INFO] [stdout] 
[INFO] [stdout] error[E0433]: cannot find module or crate `linker_diff` in this scope
[INFO] [stdout]     --> tests/integration_tests.rs:6206:9
[INFO] [stdout]      |
[INFO] [stdout] 6206 |         linker_diff::ColourMode::Always
[INFO] [stdout]      |         ^^^^^^^^^^^ use of unresolved module or unlinked crate `linker_diff`
[INFO] [stdout]      |
[INFO] [stdout]      = help: if you wanted to use a crate named `linker_diff`, use `cargo add linker_diff` to add it to your `Cargo.toml`
[INFO] [stdout] 
[INFO] [stdout] 
[INFO] [stdout] error[E0433]: cannot find module or crate `linker_diff` in this scope
[INFO] [stdout]     --> tests/integration_tests.rs:6229:5
[INFO] [stdout]      |
[INFO] [stdout] 6229 |     linker_diff::Report::from_config(diff_config.clone())
[INFO] [stdout]      |     ^^^^^^^^^^^ use of unresolved module or unlinked crate `linker_diff`
[INFO] [stdout]      |
[INFO] [stdout]      = help: if you wanted to use a crate named `linker_diff`, use `cargo add linker_diff` to add it to your `Cargo.toml`
[INFO] [stdout] 
[INFO] [stdout] 
[INFO] [stdout] error[E0433]: cannot find module or crate `linker_layout` in this scope
[INFO] [stdout]     --> tests/integration_tests.rs:4960:22
[INFO] [stdout]      |
[INFO] [stdout] 4960 |         let layout = linker_layout::Layout::from_bytes(&layout_bytes)
[INFO] [stdout]      |                      ^^^^^^^^^^^^^ use of unresolved module or unlinked crate `linker_layout`
[INFO] [stdout]      |
[INFO] [stdout]      = help: if you wanted to use a crate named `linker_layout`, use `cargo add linker_layout` to add it to your `Cargo.toml`
[INFO] [stdout] help: consider importing this struct
[INFO] [stdout]      |
[INFO] [stdout]  322 + use std::alloc::Layout;
[INFO] [stdout]      |
[INFO] [stdout] help: if you import `Layout`, refer to it directly
[INFO] [stdout]      |
[INFO] [stdout] 4960 -         let layout = linker_layout::Layout::from_bytes(&layout_bytes)
[INFO] [stdout] 4960 +         let layout = Layout::from_bytes(&layout_bytes)
[INFO] [stdout]      |
[INFO] [stdout] 
[INFO] [stdout] 
[INFO] [stdout] error[E0433]: cannot find module or crate `linker_diff` in this scope
[INFO] [stdout]     --> tests/integration_tests.rs:6202:27
[INFO] [stdout]      |
[INFO] [stdout] 6202 |     let mut diff_config = linker_diff::Config::default();
[INFO] [stdout]      |                           ^^^^^^^^^^^ use of unresolved module or unlinked crate `linker_diff`
[INFO] [stdout]      |
[INFO] [stdout]      = help: if you wanted to use a crate named `linker_diff`, use `cargo add linker_diff` to add it to your `Cargo.toml`
[INFO] [stdout] note: struct `crate::external_tests::mold_tests::Config` exists but is inaccessible
[INFO] [stdout]     --> tests/external_tests/mold_tests.rs:23:1
[INFO] [stdout]      |
[INFO] [stdout]   23 | struct Config {
[INFO] [stdout]      | ^^^^^^^^^^^^^ not accessible
[INFO] [stdout] 
[INFO] [stdout] 
[INFO] [stdout] error[E0433]: cannot find module or crate `linker_layout` in this scope
[INFO] [stdout]     --> tests/integration_tests.rs:4952:27
[INFO] [stdout]      |
[INFO] [stdout] 4952 |         let layout_path = linker_layout::layout_path(binary_path);
[INFO] [stdout]      |                           ^^^^^^^^^^^^^ use of unresolved module or unlinked crate `linker_layout`
[INFO] [stdout]      |
[INFO] [stdout]      = help: if you wanted to use a crate named `linker_layout`, use `cargo add linker_layout` to add it to your `Cargo.toml`
[INFO] [stdout] 
[INFO] [stdout] 
[INFO] [stdout] error[E0433]: cannot find module or crate `linker_diff` in this scope
[INFO] [stdout]     --> tests/integration_tests.rs:6228:69
[INFO] [stdout]      |
[INFO] [stdout] 6228 | fn produce_diff_report(diff_config: &linker_diff::Config) -> Result<linker_diff::Report> {
[INFO] [stdout]      |                                                                     ^^^^^^^^^^^ use of unresolved module or unlinked crate `linker_diff`
[INFO] [stdout]      |
[INFO] [stdout]      = help: if you wanted to use a crate named `linker_diff`, use `cargo add linker_diff` to add it to your `Cargo.toml`
[INFO] [stdout] 
[INFO] [stdout] 
[INFO] [stdout] error[E0433]: cannot find module or crate `linker_diff` in this scope
[INFO] [stdout]     --> tests/integration_tests.rs:6082:30
[INFO] [stdout]      |
[INFO] [stdout] 6082 | fn normalise_report(report: &linker_diff::Report) -> String {
[INFO] [stdout]      |                              ^^^^^^^^^^^ use of unresolved module or unlinked crate `linker_diff`
[INFO] [stdout]      |
[INFO] [stdout]      = help: if you wanted to use a crate named `linker_diff`, use `cargo add linker_diff` to add it to your `Cargo.toml`
[INFO] [stdout] 
[INFO] [stdout] 
[INFO] [stdout] error[E0433]: cannot find module or crate `linker_diff` in this scope
[INFO] [stdout]     --> tests/integration_tests.rs:6178:46
[INFO] [stdout]      |
[INFO] [stdout] 6178 | fn diff_files(config: &Config, diff_config: &linker_diff::Config) -> Result {
[INFO] [stdout]      |                                              ^^^^^^^^^^^ use of unresolved module or unlinked crate `linker_diff`
[INFO] [stdout]      |
[INFO] [stdout]      = help: if you wanted to use a crate named `linker_diff`, use `cargo add linker_diff` to add it to your `Cargo.toml`
[INFO] [stdout] 
[INFO] [stdout] 
[INFO] [stdout] error[E0433]: cannot find module or crate `linker_diff` in this scope
[INFO] [stdout]     --> tests/integration_tests.rs:6201:71
[INFO] [stdout]      |
[INFO] [stdout] 6201 | fn create_diff_config(config: &Config, files: Vec<PathBuf>) -> Result<linker_diff::Config> {
[INFO] [stdout]      |                                                                       ^^^^^^^^^^^ use of unresolved module or unlinked crate `linker_diff`
[INFO] [stdout]      |
[INFO] [stdout]      = help: if you wanted to use a crate named `linker_diff`, use `cargo add linker_diff` to add it to your `Cargo.toml`
[INFO] [stdout] 
[INFO] [stdout] 
[INFO] [stdout] error[E0433]: cannot find module or crate `linker_diff` in this scope
[INFO] [stdout]     --> tests/integration_tests.rs:6228:38
[INFO] [stdout]      |
[INFO] [stdout] 6228 | fn produce_diff_report(diff_config: &linker_diff::Config) -> Result<linker_diff::Report> {
[INFO] [stdout]      |                                      ^^^^^^^^^^^ use of unresolved module or unlinked crate `linker_diff`
[INFO] [stdout]      |
[INFO] [stdout]      = help: if you wanted to use a crate named `linker_diff`, use `cargo add linker_diff` to add it to your `Cargo.toml`
[INFO] [stdout] 
[INFO] [stdout] 
[INFO] [stdout] For more information about this error, try `rustc --explain E0433`.
[INFO] [stdout] 
[INFO] [stderr] error: could not compile `wild-linker` (test "integration_tests") due to 11 previous errors
[INFO] [stderr] warning: build failed, waiting for other jobs to finish...
[INFO] running `Command { std: "docker" "inspect" "818da161bc0171b8c983a1550019bd1a6b89663371534a27f118a02176af6f15", kill_on_drop: false }`
[INFO] running `Command { std: "docker" "rm" "-f" "818da161bc0171b8c983a1550019bd1a6b89663371534a27f118a02176af6f15", kill_on_drop: false }`
[INFO] [stdout] 818da161bc0171b8c983a1550019bd1a6b89663371534a27f118a02176af6f15
