[INFO] fetching crate whatbpm 1.0.2...
[INFO] testing whatbpm-1.0.2 against 1.100.0-beta.1 for beta-1.100-2
[INFO] extracting crate whatbpm 1.0.2 into /workspace/builds/worker-4-tc2/source
[INFO] started tweaking crates.io crate whatbpm 1.0.2
[INFO] finished tweaking crates.io crate whatbpm 1.0.2
[INFO] tweaked toml for crates.io crate whatbpm 1.0.2 written to /workspace/builds/worker-4-tc2/source/Cargo.toml
[INFO] validating manifest of crates.io crate whatbpm 1.0.2 on toolchain 1.100.0-beta.1
[INFO] running `Command { std: CARGO_HOME="/workspace/cargo-home" RUSTUP_HOME="/workspace/rustup-home" "/workspace/cargo-home/bin/cargo" "+1.100.0-beta.1" "metadata" "--manifest-path" "Cargo.toml" "--no-deps", kill_on_drop: false }`
[INFO] crate crates.io crate whatbpm 1.0.2 already has a lockfile, it will not be regenerated
[INFO] running `Command { std: CARGO_HOME="/workspace/cargo-home" RUSTUP_HOME="/workspace/rustup-home" "/workspace/cargo-home/bin/cargo" "+1.100.0-beta.1" "fetch" "--manifest-path" "Cargo.toml", kill_on_drop: false }`
[INFO] [stderr]     Blocking waiting for file lock on package cache
[INFO] running `Command { std: "docker" "create" "-v" "/var/lib/crater-agent-workspace/builds/worker-4-tc2/source:/opt/rustwide/workdir:ro,Z" "-v" "/var/lib/crater-agent-workspace/builds/worker-4-tc2/target:/opt/rustwide/target:rw,Z" "-v" "/var/lib/crater-agent-workspace/cargo-home:/opt/rustwide/cargo-home:ro,Z" "-v" "/var/lib/crater-agent-workspace/rustup-home:/opt/rustwide/rustup-home:ro,Z" "-m" "1610612736" "--network" "none" "ghcr.io/rust-lang/crates-build-env/linux@sha256:3111399a4047eeb3a02b7a90e478d715f38a8c6669b5c4b49d30a17385265909" "sleep" "infinity", kill_on_drop: false }`
[INFO] [stdout] 6bab533508e88ad57e98ea9842e352b631863b7a003b7bb467c526e9134e2cf3
[INFO] running `Command { std: "docker" "start" "6bab533508e88ad57e98ea9842e352b631863b7a003b7bb467c526e9134e2cf3", kill_on_drop: false }`
[INFO] running `Command { std: "docker" "inspect" "6bab533508e88ad57e98ea9842e352b631863b7a003b7bb467c526e9134e2cf3", kill_on_drop: false }`
[INFO] running `Command { std: "docker" "exec" "-e" "SOURCE_DIR=/opt/rustwide/workdir" "-e" "CARGO_HOME=/opt/rustwide/cargo-home" "-e" "RUSTUP_HOME=/opt/rustwide/rustup-home" "-e" "CARGO_TARGET_DIR=/opt/rustwide/target" "-w" "/opt/rustwide/workdir" "--user" "0:0" "6bab533508e88ad57e98ea9842e352b631863b7a003b7bb467c526e9134e2cf3" "/opt/rustwide/cargo-home/bin/cargo" "+1.100.0-beta.1" "metadata" "--no-deps" "--format-version=1", kill_on_drop: false }`
[INFO] running `Command { std: "docker" "inspect" "6bab533508e88ad57e98ea9842e352b631863b7a003b7bb467c526e9134e2cf3", kill_on_drop: false }`
[INFO] running `Command { std: "docker" "exec" "-e" "SOURCE_DIR=/opt/rustwide/workdir" "-e" "CARGO_HOME=/opt/rustwide/cargo-home" "-e" "RUSTUP_HOME=/opt/rustwide/rustup-home" "-e" "CARGO_TARGET_DIR=/opt/rustwide/target" "-e" "CARGO_INCREMENTAL=0" "-e" "RUST_BACKTRACE=full" "-e" "RUSTFLAGS=--cap-lints=warn" "-e" "RUSTDOCFLAGS=--cap-lints=warn" "-w" "/opt/rustwide/workdir" "--user" "0:0" "6bab533508e88ad57e98ea9842e352b631863b7a003b7bb467c526e9134e2cf3" "/opt/rustwide/cargo-home/bin/cargo" "+1.100.0-beta.1" "build" "--frozen" "--message-format=json", kill_on_drop: false }`
[INFO] [stderr]    Compiling proc-macro2 v1.0.47
[INFO] [stderr]    Compiling quote v1.0.21
[INFO] [stderr]    Compiling syn v1.0.105
[INFO] [stderr]    Compiling libc v0.2.138
[INFO] [stderr]    Compiling siphasher v0.3.10
[INFO] [stderr]    Compiling ppv-lite86 v0.2.17
[INFO] [stderr]    Compiling once_cell v1.16.0
[INFO] [stderr]    Compiling serde_derive v1.0.150
[INFO] [stderr]    Compiling cc v1.0.78
[INFO] [stderr]    Compiling serde v1.0.150
[INFO] [stderr]    Compiling pkg-config v0.3.26
[INFO] [stderr]    Compiling smallvec v1.10.0
[INFO] [stderr]    Compiling uncased v0.9.7
[INFO] [stderr]    Compiling futures-core v0.3.25
[INFO] [stderr]    Compiling bytes v1.3.0
[INFO] [stderr]    Compiling tokio v1.23.0
[INFO] [stderr]    Compiling num-traits v0.2.15
[INFO] [stderr]    Compiling futures-task v0.3.25
[INFO] [stderr]    Compiling regex-syntax v0.6.28
[INFO] [stderr]    Compiling proc-macro-hack v0.5.19
[INFO] [stderr]    Compiling phf_shared v0.10.0
[INFO] [stderr]    Compiling phf_shared v0.8.0
[INFO] [stderr]    Compiling phf_shared v0.11.1
[INFO] [stderr]    Compiling io-lifetimes v1.0.3
[INFO] [stderr]    Compiling tracing-core v0.1.30
[INFO] [stderr]    Compiling aho-corasick v0.7.20
[INFO] [stderr]    Compiling num-integer v0.1.45
[INFO] [stderr]    Compiling ucd-trie v0.1.5
[INFO] [stderr]    Compiling futures-util v0.3.25
[INFO] [stderr]    Compiling openssl v0.10.44
[INFO] [stderr]    Compiling serde_json v1.0.89
[INFO] [stderr]    Compiling rustix v0.36.5
[INFO] [stderr]    Compiling new_debug_unreachable v1.0.4
[INFO] [stderr]    Compiling tracing v0.1.37
[INFO] [stderr]    Compiling walkdir v2.3.2
[INFO] [stderr]    Compiling http v0.2.8
[INFO] [stderr]    Compiling getrandom v0.2.8
[INFO] [stderr]    Compiling getrandom v0.1.16
[INFO] [stderr]    Compiling phf v0.11.1
[INFO] [stderr]    Compiling rand_core v0.6.4
[INFO] [stderr]    Compiling crc32fast v1.3.2
[INFO] [stderr]    Compiling futures-sink v0.3.25
[INFO] [stderr]    Compiling rand_core v0.5.1
[INFO] [stderr]    Compiling linux-raw-sys v0.1.4
[INFO] [stderr]    Compiling precomputed-hash v0.1.1
[INFO] [stderr]    Compiling futures-channel v0.3.25
[INFO] [stderr]    Compiling rand_chacha v0.3.1
[INFO] [stderr]    Compiling tinyvec_macros v0.1.0
[INFO] [stderr]    Compiling mac v0.1.1
[INFO] [stderr]    Compiling crossbeam-utils v0.8.14
[INFO] [stderr]    Compiling futf v0.1.5
[INFO] [stderr]    Compiling tinyvec v1.6.0
[INFO] [stderr]    Compiling rand_chacha v0.2.2
[INFO] [stderr]    Compiling rand_pcg v0.2.1
[INFO] [stderr]    Compiling openssl-sys v0.9.79
[INFO] [stderr]    Compiling onig_sys v69.8.1
[INFO] [stderr]    Compiling rand v0.8.5
[INFO] [stderr]    Compiling proc-macro-error-attr v1.0.4
[INFO] [stderr]    Compiling rand v0.7.3
[INFO] [stderr]    Compiling regex v1.7.0
[INFO] [stderr]    Compiling indexmap v1.9.2
[INFO] [stderr]    Compiling bstr v0.2.17
[INFO] [stderr]    Compiling native-tls v0.2.11
[INFO] [stderr]    Compiling adler v1.0.2
[INFO] [stderr]    Compiling dtoa v0.4.8
[INFO] [stderr]    Compiling iana-time-zone v0.1.53
[INFO] [stderr]    Compiling parking_lot_core v0.9.5
[INFO] [stderr]    Compiling signal-hook-registry v1.4.0
[INFO] [stderr] warning: onig_sys@69.8.1: oniguruma/src/regparse.c: In function 'onig_st_init_strend_table_with_size':
[INFO] [stderr] warning: onig_sys@69.8.1: oniguruma/src/regparse.c:588:5: error: initialization of 'int (*)(void)' from incompatible pointer type 'int (*)(st_str_end_key *, st_str_end_key *)' [-Wincompatible-pointer-types]
[INFO] [stderr] warning: onig_sys@69.8.1:   588 |     str_end_cmp,
[INFO] [stderr] warning: onig_sys@69.8.1:       |     ^~~~~~~~~~~
[INFO] [stderr] warning: onig_sys@69.8.1: oniguruma/src/regparse.c:588:5: note: (near initialization for 'hashType.compare')
[INFO] [stderr] warning: onig_sys@69.8.1: oniguruma/src/regparse.c:550:1: note: 'str_end_cmp' declared here
[INFO] [stderr] warning: onig_sys@69.8.1:   550 | str_end_cmp(st_str_end_key* x, st_str_end_key* y)
[INFO] [stderr] warning: onig_sys@69.8.1:       | ^~~~~~~~~~~
[INFO] [stderr] warning: onig_sys@69.8.1: oniguruma/src/regparse.c:589:5: error: initialization of 'int (*)(void)' from incompatible pointer type 'int (*)(st_str_end_key *)' [-Wincompatible-pointer-types]
[INFO] [stderr] warning: onig_sys@69.8.1:   589 |     str_end_hash,
[INFO] [stderr] warning: onig_sys@69.8.1:       |     ^~~~~~~~~~~~
[INFO] [stderr] warning: onig_sys@69.8.1: oniguruma/src/regparse.c:589:5: note: (near initialization for 'hashType.hash')
[INFO] [stderr] warning: onig_sys@69.8.1: oniguruma/src/regparse.c:571:1: note: 'str_end_hash' declared here
[INFO] [stderr] warning: onig_sys@69.8.1:   571 | str_end_hash(st_str_end_key* x)
[INFO] [stderr] warning: onig_sys@69.8.1:       | ^~~~~~~~~~~~
[INFO] [stderr] warning: onig_sys@69.8.1: oniguruma/src/regparse.c: In function 'onig_st_init_callout_name_table_with_size':
[INFO] [stderr] warning: onig_sys@69.8.1: oniguruma/src/regparse.c:678:5: error: initialization of 'int (*)(void)' from incompatible pointer type 'int (*)(st_callout_name_key *, st_callout_name_key *)' [-Wincompatible-pointer-types]
[INFO] [stderr] warning: onig_sys@69.8.1:   678 |     callout_name_table_cmp,
[INFO] [stderr] warning: onig_sys@69.8.1:       |     ^~~~~~~~~~~~~~~~~~~~~~
[INFO] [stderr] warning: onig_sys@69.8.1: oniguruma/src/regparse.c:678:5: note: (near initialization for 'hashType.compare')
[INFO] [stderr] warning: onig_sys@69.8.1: oniguruma/src/regparse.c:637:1: note: 'callout_name_table_cmp' declared here
[INFO] [stderr] warning: onig_sys@69.8.1:   637 | callout_name_table_cmp(st_callout_name_key* x, st_callout_name_key* y)
[INFO] [stderr] warning: onig_sys@69.8.1:       | ^~~~~~~~~~~~~~~~~~~~~~
[INFO] [stderr] warning: onig_sys@69.8.1: oniguruma/src/regparse.c:679:5: error: initialization of 'int (*)(void)' from incompatible pointer type 'int (*)(st_callout_name_key *)' [-Wincompatible-pointer-types]
[INFO] [stderr] warning: onig_sys@69.8.1:   679 |     callout_name_table_hash,
[INFO] [stderr] warning: onig_sys@69.8.1:       |     ^~~~~~~~~~~~~~~~~~~~~~~
[INFO] [stderr] warning: onig_sys@69.8.1: oniguruma/src/regparse.c:679:5: note: (near initialization for 'hashType.hash')
[INFO] [stderr] warning: onig_sys@69.8.1: oniguruma/src/regparse.c:660:1: note: 'callout_name_table_hash' declared here
[INFO] [stderr] warning: onig_sys@69.8.1:   660 | callout_name_table_hash(st_callout_name_key* x)
[INFO] [stderr] warning: onig_sys@69.8.1:       | ^~~~~~~~~~~~~~~~~~~~~~~
[INFO] [stderr] warning: onig_sys@69.8.1: oniguruma/src/regparse.c: In function 'names_clear':
[INFO] [stderr] warning: onig_sys@69.8.1: oniguruma/src/regparse.c:804:24: error: passing argument 2 of 'onig_st_foreach' from incompatible pointer type [-Wincompatible-pointer-types]
[INFO] [stderr] warning: onig_sys@69.8.1:   804 |     onig_st_foreach(t, i_free_name_entry, 0);
[INFO] [stderr] warning: onig_sys@69.8.1:       |                        ^~~~~~~~~~~~~~~~~
[INFO] [stderr] warning: onig_sys@69.8.1:       |                        |
[INFO] [stderr] warning: onig_sys@69.8.1:       |                        int (*)(OnigUChar *, NameEntry *, void *) {aka int (*)(unsigned char *, NameEntry *, void *)}
[INFO] [stderr] warning: onig_sys@69.8.1: In file included from oniguruma/src/regparse.c:37:
[INFO] [stderr] warning: onig_sys@69.8.1: oniguruma/src/st.h:55:31: note: expected 'int (*)(void)' but argument is of type 'int (*)(OnigUChar *, NameEntry *, void *)' {aka 'int (*)(unsigned char *, NameEntry *, void *)'}
[INFO] [stderr] warning: onig_sys@69.8.1:    55 | int st_foreach _((st_table *, int (*)(ANYARGS), st_data_t));
[INFO] [stderr] warning: onig_sys@69.8.1:       |                               ^~~~~~~~~~~~~~~~
[INFO] [stderr] warning: onig_sys@69.8.1: oniguruma/src/st.h:35:18: note: in definition of macro '_'
[INFO] [stderr] warning: onig_sys@69.8.1:    35 | # define _(args) args
[INFO] [stderr] warning: onig_sys@69.8.1:       |                  ^~~~
[INFO] [stderr] warning: onig_sys@69.8.1: oniguruma/src/regparse.c:789:1: note: 'i_free_name_entry' declared here
[INFO] [stderr] warning: onig_sys@69.8.1:   789 | i_free_name_entry(UChar* key, NameEntry* e, void* arg ARG_UNUSED)
[INFO] [stderr] warning: onig_sys@69.8.1:       | ^~~~~~~~~~~~~~~~~
[INFO] [stderr] warning: onig_sys@69.8.1: oniguruma/src/regparse.c: In function 'onig_foreach_name':
[INFO] [stderr] warning: onig_sys@69.8.1: oniguruma/src/regparse.c:873:24: error: passing argument 2 of 'onig_st_foreach' from incompatible pointer type [-Wincompatible-pointer-types]
[INFO] [stderr] warning: onig_sys@69.8.1:   873 |     onig_st_foreach(t, i_names, (HashDataType )&narg);
[INFO] [stderr] warning: onig_sys@69.8.1:       |                        ^~~~~~~
[INFO] [stderr] warning: onig_sys@69.8.1:       |                        |
[INFO] [stderr] warning: onig_sys@69.8.1:       |                        int (*)(OnigUChar *, NameEntry *, INamesArg *) {aka int (*)(unsigned char *, NameEntry *, INamesArg *)}
[INFO] [stderr] warning: onig_sys@69.8.1: oniguruma/src/st.h:55:31: note: expected 'int (*)(void)' but argument is of type 'int (*)(OnigUChar *, NameEntry *, INamesArg *)' {aka 'int (*)(unsigned char *, NameEntry *, INamesArg *)'}
[INFO] [stderr] warning: onig_sys@69.8.1:    55 | int st_foreach _((st_table *, int (*)(ANYARGS), st_data_t));
[INFO] [stderr] warning: onig_sys@69.8.1:       |                               ^~~~~~~~~~~~~~~~
[INFO] [stderr] warning: onig_sys@69.8.1: oniguruma/src/st.h:35:18: note: in definition of macro '_'
[INFO] [stderr] warning: onig_sys@69.8.1:    35 | # define _(args) args
[INFO] [stderr] warning: onig_sys@69.8.1:       |                  ^~~~
[INFO] [stderr] warning: onig_sys@69.8.1: oniguruma/src/regparse.c:846:1: note: 'i_names' declared here
[INFO] [stderr] warning: onig_sys@69.8.1:   846 | i_names(UChar* key ARG_UNUSED, NameEntry* e, INamesArg* arg)
[INFO] [stderr] warning: onig_sys@69.8.1:       | ^~~~~~~
[INFO] [stderr] warning: onig_sys@69.8.1: oniguruma/src/regparse.c: In function 'onig_renumber_name_table':
[INFO] [stderr] warning: onig_sys@69.8.1: oniguruma/src/regparse.c:901:24: error: passing argument 2 of 'onig_st_foreach' from incompatible pointer type [-Wincompatible-pointer-types]
[INFO] [stderr] warning: onig_sys@69.8.1:   901 |     onig_st_foreach(t, i_renumber_name, (HashDataType )map);
[INFO] [stderr] warning: onig_sys@69.8.1:       |                        ^~~~~~~~~~~~~~~
[INFO] [stderr] warning: onig_sys@69.8.1:       |                        |
[INFO] [stderr] warning: onig_sys@69.8.1:       |                        int (*)(OnigUChar *, NameEntry *, GroupNumMap *) {aka int (*)(unsigned char *, NameEntry *, GroupNumMap *)}
[INFO] [stderr] warning: onig_sys@69.8.1: oniguruma/src/st.h:55:31: note: expected 'int (*)(void)' but argument is of type 'int (*)(OnigUChar *, NameEntry *, GroupNumMap *)' {aka 'int (*)(unsigned char *, NameEntry *, GroupNumMap *)'}
[INFO] [stderr] warning: onig_sys@69.8.1:    55 | int st_foreach _((st_table *, int (*)(ANYARGS), st_data_t));
[INFO] [stderr] warning: onig_sys@69.8.1:       |                               ^~~~~~~~~~~~~~~~
[INFO] [stderr] warning: onig_sys@69.8.1: oniguruma/src/st.h:35:18: note: in definition of macro '_'
[INFO] [stderr] warning: onig_sys@69.8.1:    35 | # define _(args) args
[INFO] [stderr] warning: onig_sys@69.8.1:       |                  ^~~~
[INFO] [stderr] warning: onig_sys@69.8.1: oniguruma/src/regparse.c:879:1: note: 'i_renumber_name' declared here
[INFO] [stderr] warning: onig_sys@69.8.1:   879 | i_renumber_name(UChar* key ARG_UNUSED, NameEntry* e, GroupNumMap* map)
[INFO] [stderr] warning: onig_sys@69.8.1:       | ^~~~~~~~~~~~~~~
[INFO] [stderr] warning: onig_sys@69.8.1: oniguruma/src/regparse.c: In function 'callout_name_table_clear':
[INFO] [stderr] warning: onig_sys@69.8.1: oniguruma/src/regparse.c:1386:24: error: passing argument 2 of 'onig_st_foreach' from incompatible pointer type [-Wincompatible-pointer-types]
[INFO] [stderr] warning: onig_sys@69.8.1:  1386 |     onig_st_foreach(t, i_free_callout_name_entry, 0);
[INFO] [stderr] warning: onig_sys@69.8.1:       |                        ^~~~~~~~~~~~~~~~~~~~~~~~~
[INFO] [stderr] warning: onig_sys@69.8.1:       |                        |
[INFO] [stderr] warning: onig_sys@69.8.1:       |                        int (*)(st_callout_name_key *, CalloutNameEntry *, void *)
[INFO] [stderr] warning: onig_sys@69.8.1: oniguruma/src/st.h:55:31: note: expected 'int (*)(void)' but argument is of type 'int (*)(st_callout_name_key *, CalloutNameEntry *, void *)'
[INFO] [stderr] warning: onig_sys@69.8.1:    55 | int st_foreach _((st_table *, int (*)(ANYARGS), st_data_t));
[INFO] [stderr] warning: onig_sys@69.8.1:       |                               ^~~~~~~~~~~~~~~~
[INFO] [stderr] warning: onig_sys@69.8.1: oniguruma/src/st.h:35:18: note: in definition of macro '_'
[INFO] [stderr] warning: onig_sys@69.8.1:    35 | # define _(args) args
[INFO] [stderr] warning: onig_sys@69.8.1:       |                  ^~~~
[INFO] [stderr] warning: onig_sys@69.8.1: oniguruma/src/regparse.c:1370:1: note: 'i_free_callout_name_entry' declared here
[INFO] [stderr] warning: onig_sys@69.8.1:  1370 | i_free_callout_name_entry(st_callout_name_key* key, CalloutNameEntry* e,
[INFO] [stderr] warning: onig_sys@69.8.1:       | ^~~~~~~~~~~~~~~~~~~~~~~~~
[INFO] [stderr] warning: onig_sys@69.8.1: oniguruma/src/regparse.c: In function 'setup_ext_callout_list_values':
[INFO] [stderr] warning: onig_sys@69.8.1: oniguruma/src/regparse.c:1884:56: error: passing argument 2 of 'onig_st_foreach' from incompatible pointer type [-Wincompatible-pointer-types]
[INFO] [stderr] warning: onig_sys@69.8.1:  1884 |     onig_st_foreach((CalloutTagTable *)ext->tag_table, i_callout_callout_list_set,
[INFO] [stderr] warning: onig_sys@69.8.1:       |                                                        ^~~~~~~~~~~~~~~~~~~~~~~~~~
[INFO] [stderr] warning: onig_sys@69.8.1:       |                                                        |
[INFO] [stderr] warning: onig_sys@69.8.1:       |                                                        int (*)(OnigUChar *, CalloutTagVal,  void *) {aka int (*)(unsigned char *, long int,  void *)}
[INFO] [stderr] warning: onig_sys@69.8.1: oniguruma/src/st.h:55:31: note: expected 'int (*)(void)' but argument is of type 'int (*)(OnigUChar *, CalloutTagVal,  void *)' {aka 'int (*)(unsigned char *, long int,  void *)'}
[INFO] [stderr] warning: onig_sys@69.8.1:    55 | int st_foreach _((st_table *, int (*)(ANYARGS), st_data_t));
[INFO] [stderr] warning: onig_sys@69.8.1:       |                               ^~~~~~~~~~~~~~~~
[INFO] [stderr] warning: onig_sys@69.8.1: oniguruma/src/st.h:35:18: note: in definition of macro '_'
[INFO] [stderr] warning: onig_sys@69.8.1:    35 | # define _(args) args
[INFO] [stderr] warning: onig_sys@69.8.1:       |                  ^~~~
[INFO] [stderr] warning: onig_sys@69.8.1: oniguruma/src/regparse.c:1866:1: note: 'i_callout_callout_list_set' declared here
[INFO] [stderr] warning: onig_sys@69.8.1:  1866 | i_callout_callout_list_set(UChar* key, CalloutTagVal e, void* arg)
[INFO] [stderr] warning: onig_sys@69.8.1:       | ^~~~~~~~~~~~~~~~~~~~~~~~~~
[INFO] [stderr] warning: onig_sys@69.8.1: oniguruma/src/regparse.c: In function 'callout_tag_table_clear':
[INFO] [stderr] warning: onig_sys@69.8.1: oniguruma/src/regparse.c:1932:24: error: passing argument 2 of 'onig_st_foreach' from incompatible pointer type [-Wincompatible-pointer-types]
[INFO] [stderr] warning: onig_sys@69.8.1:  1932 |     onig_st_foreach(t, i_free_callout_tag_entry, 0);
[INFO] [stderr] warning: onig_sys@69.8.1:       |                        ^~~~~~~~~~~~~~~~~~~~~~~~
[INFO] [stderr] warning: onig_sys@69.8.1:       |                        |
[INFO] [stderr] warning: onig_sys@69.8.1:       |                        int (*)(OnigUChar *, CalloutTagVal,  void *) {aka int (*)(unsigned char *, long int,  void *)}
[INFO] [stderr] warning: onig_sys@69.8.1: oniguruma/src/st.h:55:31: note: expected 'int (*)(void)' but argument is of type 'int (*)(OnigUChar *, CalloutTagVal,  void *)' {aka 'int (*)(unsigned char *, long int,  void *)'}
[INFO] [stderr] warning: onig_sys@69.8.1:    55 | int st_foreach _((st_table *, int (*)(ANYARGS), st_data_t));
[INFO] [stderr] warning: onig_sys@69.8.1:       |                               ^~~~~~~~~~~~~~~~
[INFO] [stderr] warning: onig_sys@69.8.1: oniguruma/src/st.h:35:18: note: in definition of macro '_'
[INFO] [stderr] warning: onig_sys@69.8.1:    35 | # define _(args) args
[INFO] [stderr] warning: onig_sys@69.8.1:       |                  ^~~~
[INFO] [stderr] warning: onig_sys@69.8.1: oniguruma/src/regparse.c:1922:1: note: 'i_free_callout_tag_entry' declared here
[INFO] [stderr] warning: onig_sys@69.8.1:  1922 | i_free_callout_tag_entry(UChar* key, CalloutTagVal e, void* arg ARG_UNUSED)
[INFO] [stderr] warning: onig_sys@69.8.1:       | ^~~~~~~~~~~~~~~~~~~~~~~~
[INFO] [stderr] error: failed to run custom build command for `onig_sys v69.8.1`
[INFO] [stderr] note: To improve backtraces for build dependencies, set the CARGO_PROFILE_DEV_BUILD_OVERRIDE_DEBUG=true environment variable to enable debug information generation.
[INFO] [stderr] 
[INFO] [stderr] Caused by:
[INFO] [stderr]   process didn't exit successfully: `/opt/rustwide/target/debug/build/onig_sys/46c76cffce1f620a/out/build_script_build` (exit status: 1)
[INFO] [stderr]   --- stdout
[INFO] [stderr]   cargo:rerun-if-env-changed=RUSTONIG_DYNAMIC_LIBONIG
[INFO] [stderr]   cargo:rerun-if-env-changed=RUSTONIG_STATIC_LIBONIG
[INFO] [stderr]   cargo:rerun-if-env-changed=RUSTONIG_SYSTEM_LIBONIG
[INFO] [stderr]   TARGET = Some("x86_64-unknown-linux-gnu")
[INFO] [stderr]   OPT_LEVEL = Some("0")
[INFO] [stderr]   HOST = Some("x86_64-unknown-linux-gnu")
[INFO] [stderr]   cargo:rerun-if-env-changed=CC_x86_64-unknown-linux-gnu
[INFO] [stderr]   CC_x86_64-unknown-linux-gnu = None
[INFO] [stderr]   cargo:rerun-if-env-changed=CC_x86_64_unknown_linux_gnu
[INFO] [stderr]   CC_x86_64_unknown_linux_gnu = None
[INFO] [stderr]   cargo:rerun-if-env-changed=HOST_CC
[INFO] [stderr]   HOST_CC = None
[INFO] [stderr]   cargo:rerun-if-env-changed=CC
[INFO] [stderr]   CC = None
[INFO] [stderr]   cargo:rerun-if-env-changed=CFLAGS_x86_64-unknown-linux-gnu
[INFO] [stderr]   CFLAGS_x86_64-unknown-linux-gnu = None
[INFO] [stderr]   cargo:rerun-if-env-changed=CFLAGS_x86_64_unknown_linux_gnu
[INFO] [stderr]   CFLAGS_x86_64_unknown_linux_gnu = None
[INFO] [stderr]   cargo:rerun-if-env-changed=HOST_CFLAGS
[INFO] [stderr]   HOST_CFLAGS = None
[INFO] [stderr]   cargo:rerun-if-env-changed=CFLAGS
[INFO] [stderr]   CFLAGS = None
[INFO] [stderr]   cargo:rerun-if-env-changed=CRATE_CC_NO_DEFAULTS
[INFO] [stderr]   CRATE_CC_NO_DEFAULTS = None
[INFO] [stderr]   DEBUG = Some("true")
[INFO] [stderr]   CARGO_CFG_TARGET_FEATURE = Some("fxsr,sse,sse2")
[INFO] [stderr]   running: "cc" "-O0" "-ffunction-sections" "-fdata-sections" "-fPIC" "-gdwarf-4" "-fno-omit-frame-pointer" "-m64" "-I" "/opt/rustwide/target/debug/build/onig_sys/743d00e3247b3d1d/out" "-I" "oniguruma/src" "-DHAVE_UNISTD_H=1" "-DHAVE_SYS_TYPES_H=1" "-DHAVE_SYS_TIME_H=1" "-o" "/opt/rustwide/target/debug/build/onig_sys/743d00e3247b3d1d/out/oniguruma/src/regexec.o" "-c" "oniguruma/src/regexec.c"
[INFO] [stderr]   exit status: 0
[INFO] [stderr]   running: "cc" "-O0" "-ffunction-sections" "-fdata-sections" "-fPIC" "-gdwarf-4" "-fno-omit-frame-pointer" "-m64" "-I" "/opt/rustwide/target/debug/build/onig_sys/743d00e3247b3d1d/out" "-I" "oniguruma/src" "-DHAVE_UNISTD_H=1" "-DHAVE_SYS_TYPES_H=1" "-DHAVE_SYS_TIME_H=1" "-o" "/opt/rustwide/target/debug/build/onig_sys/743d00e3247b3d1d/out/oniguruma/src/regerror.o" "-c" "oniguruma/src/regerror.c"
[INFO] [stderr]   exit status: 0
[INFO] [stderr]   running: "cc" "-O0" "-ffunction-sections" "-fdata-sections" "-fPIC" "-gdwarf-4" "-fno-omit-frame-pointer" "-m64" "-I" "/opt/rustwide/target/debug/build/onig_sys/743d00e3247b3d1d/out" "-I" "oniguruma/src" "-DHAVE_UNISTD_H=1" "-DHAVE_SYS_TYPES_H=1" "-DHAVE_SYS_TIME_H=1" "-o" "/opt/rustwide/target/debug/build/onig_sys/743d00e3247b3d1d/out/oniguruma/src/regparse.o" "-c" "oniguruma/src/regparse.c"
[INFO] [stderr]   cargo:warning=oniguruma/src/regparse.c: In function 'onig_st_init_strend_table_with_size':
[INFO] [stderr]   cargo:warning=oniguruma/src/regparse.c:588:5: error: initialization of 'int (*)(void)' from incompatible pointer type 'int (*)(st_str_end_key *, st_str_end_key *)' [-Wincompatible-pointer-types]
[INFO] [stderr]   cargo:warning=  588 |     str_end_cmp,
[INFO] [stderr]   cargo:warning=      |     ^~~~~~~~~~~
[INFO] [stderr]   cargo:warning=oniguruma/src/regparse.c:588:5: note: (near initialization for 'hashType.compare')
[INFO] [stderr]   cargo:warning=oniguruma/src/regparse.c:550:1: note: 'str_end_cmp' declared here
[INFO] [stderr]   cargo:warning=  550 | str_end_cmp(st_str_end_key* x, st_str_end_key* y)
[INFO] [stderr]   cargo:warning=      | ^~~~~~~~~~~
[INFO] [stderr]   cargo:warning=oniguruma/src/regparse.c:589:5: error: initialization of 'int (*)(void)' from incompatible pointer type 'int (*)(st_str_end_key *)' [-Wincompatible-pointer-types]
[INFO] [stderr]   cargo:warning=  589 |     str_end_hash,
[INFO] [stderr]   cargo:warning=      |     ^~~~~~~~~~~~
[INFO] [stderr]   cargo:warning=oniguruma/src/regparse.c:589:5: note: (near initialization for 'hashType.hash')
[INFO] [stderr]   cargo:warning=oniguruma/src/regparse.c:571:1: note: 'str_end_hash' declared here
[INFO] [stderr]   cargo:warning=  571 | str_end_hash(st_str_end_key* x)
[INFO] [stderr]   cargo:warning=      | ^~~~~~~~~~~~
[INFO] [stderr]   cargo:warning=oniguruma/src/regparse.c: In function 'onig_st_init_callout_name_table_with_size':
[INFO] [stderr]   cargo:warning=oniguruma/src/regparse.c:678:5: error: initialization of 'int (*)(void)' from incompatible pointer type 'int (*)(st_callout_name_key *, st_callout_name_key *)' [-Wincompatible-pointer-types]
[INFO] [stderr]   cargo:warning=  678 |     callout_name_table_cmp,
[INFO] [stderr]   cargo:warning=      |     ^~~~~~~~~~~~~~~~~~~~~~
[INFO] [stderr]   cargo:warning=oniguruma/src/regparse.c:678:5: note: (near initialization for 'hashType.compare')
[INFO] [stderr]   cargo:warning=oniguruma/src/regparse.c:637:1: note: 'callout_name_table_cmp' declared here
[INFO] [stderr]   cargo:warning=  637 | callout_name_table_cmp(st_callout_name_key* x, st_callout_name_key* y)
[INFO] [stderr]   cargo:warning=      | ^~~~~~~~~~~~~~~~~~~~~~
[INFO] [stderr]   cargo:warning=oniguruma/src/regparse.c:679:5: error: initialization of 'int (*)(void)' from incompatible pointer type 'int (*)(st_callout_name_key *)' [-Wincompatible-pointer-types]
[INFO] [stderr]   cargo:warning=  679 |     callout_name_table_hash,
[INFO] [stderr]   cargo:warning=      |     ^~~~~~~~~~~~~~~~~~~~~~~
[INFO] [stderr]   cargo:warning=oniguruma/src/regparse.c:679:5: note: (near initialization for 'hashType.hash')
[INFO] [stderr]   cargo:warning=oniguruma/src/regparse.c:660:1: note: 'callout_name_table_hash' declared here
[INFO] [stderr]   cargo:warning=  660 | callout_name_table_hash(st_callout_name_key* x)
[INFO] [stderr]   cargo:warning=      | ^~~~~~~~~~~~~~~~~~~~~~~
[INFO] [stderr]   cargo:warning=oniguruma/src/regparse.c: In function 'names_clear':
[INFO] [stderr]   cargo:warning=oniguruma/src/regparse.c:804:24: error: passing argument 2 of 'onig_st_foreach' from incompatible pointer type [-Wincompatible-pointer-types]
[INFO] [stderr]   cargo:warning=  804 |     onig_st_foreach(t, i_free_name_entry, 0);
[INFO] [stderr]   cargo:warning=      |                        ^~~~~~~~~~~~~~~~~
[INFO] [stderr]   cargo:warning=      |                        |
[INFO] [stderr]   cargo:warning=      |                        int (*)(OnigUChar *, NameEntry *, void *) {aka int (*)(unsigned char *, NameEntry *, void *)}
[INFO] [stderr]   cargo:warning=In file included from oniguruma/src/regparse.c:37:
[INFO] [stderr]   cargo:warning=oniguruma/src/st.h:55:31: note: expected 'int (*)(void)' but argument is of type 'int (*)(OnigUChar *, NameEntry *, void *)' {aka 'int (*)(unsigned char *, NameEntry *, void *)'}
[INFO] [stderr]   cargo:warning=   55 | int st_foreach _((st_table *, int (*)(ANYARGS), st_data_t));
[INFO] [stderr]   cargo:warning=      |                               ^~~~~~~~~~~~~~~~
[INFO] [stderr]   cargo:warning=oniguruma/src/st.h:35:18: note: in definition of macro '_'
[INFO] [stderr]   cargo:warning=   35 | # define _(args) args
[INFO] [stderr]   cargo:warning=      |                  ^~~~
[INFO] [stderr]   cargo:warning=oniguruma/src/regparse.c:789:1: note: 'i_free_name_entry' declared here
[INFO] [stderr]   cargo:warning=  789 | i_free_name_entry(UChar* key, NameEntry* e, void* arg ARG_UNUSED)
[INFO] [stderr]   cargo:warning=      | ^~~~~~~~~~~~~~~~~
[INFO] [stderr]   cargo:warning=oniguruma/src/regparse.c: In function 'onig_foreach_name':
[INFO] [stderr]   cargo:warning=oniguruma/src/regparse.c:873:24: error: passing argument 2 of 'onig_st_foreach' from incompatible pointer type [-Wincompatible-pointer-types]
[INFO] [stderr]   cargo:warning=  873 |     onig_st_foreach(t, i_names, (HashDataType )&narg);
[INFO] [stderr]   cargo:warning=      |                        ^~~~~~~
[INFO] [stderr]   cargo:warning=      |                        |
[INFO] [stderr]   cargo:warning=      |                        int (*)(OnigUChar *, NameEntry *, INamesArg *) {aka int (*)(unsigned char *, NameEntry *, INamesArg *)}
[INFO] [stderr]   cargo:warning=oniguruma/src/st.h:55:31: note: expected 'int (*)(void)' but argument is of type 'int (*)(OnigUChar *, NameEntry *, INamesArg *)' {aka 'int (*)(unsigned char *, NameEntry *, INamesArg *)'}
[INFO] [stderr]   cargo:warning=   55 | int st_foreach _((st_table *, int (*)(ANYARGS), st_data_t));
[INFO] [stderr]   cargo:warning=      |                               ^~~~~~~~~~~~~~~~
[INFO] [stderr]   cargo:warning=oniguruma/src/st.h:35:18: note: in definition of macro '_'
[INFO] [stderr]   cargo:warning=   35 | # define _(args) args
[INFO] [stderr]   cargo:warning=      |                  ^~~~
[INFO] [stderr]   cargo:warning=oniguruma/src/regparse.c:846:1: note: 'i_names' declared here
[INFO] [stderr]   cargo:warning=  846 | i_names(UChar* key ARG_UNUSED, NameEntry* e, INamesArg* arg)
[INFO] [stderr]   cargo:warning=      | ^~~~~~~
[INFO] [stderr]   cargo:warning=oniguruma/src/regparse.c: In function 'onig_renumber_name_table':
[INFO] [stderr]   cargo:warning=oniguruma/src/regparse.c:901:24: error: passing argument 2 of 'onig_st_foreach' from incompatible pointer type [-Wincompatible-pointer-types]
[INFO] [stderr]   cargo:warning=  901 |     onig_st_foreach(t, i_renumber_name, (HashDataType )map);
[INFO] [stderr]   cargo:warning=      |                        ^~~~~~~~~~~~~~~
[INFO] [stderr]   cargo:warning=      |                        |
[INFO] [stderr]   cargo:warning=      |                        int (*)(OnigUChar *, NameEntry *, GroupNumMap *) {aka int (*)(unsigned char *, NameEntry *, GroupNumMap *)}
[INFO] [stderr]   cargo:warning=oniguruma/src/st.h:55:31: note: expected 'int (*)(void)' but argument is of type 'int (*)(OnigUChar *, NameEntry *, GroupNumMap *)' {aka 'int (*)(unsigned char *, NameEntry *, GroupNumMap *)'}
[INFO] [stderr]   cargo:warning=   55 | int st_foreach _((st_table *, int (*)(ANYARGS), st_data_t));
[INFO] [stderr]   cargo:warning=      |                               ^~~~~~~~~~~~~~~~
[INFO] [stderr]   cargo:warning=oniguruma/src/st.h:35:18: note: in definition of macro '_'
[INFO] [stderr]   cargo:warning=   35 | # define _(args) args
[INFO] [stderr]   cargo:warning=      |                  ^~~~
[INFO] [stderr]   cargo:warning=oniguruma/src/regparse.c:879:1: note: 'i_renumber_name' declared here
[INFO] [stderr]   cargo:warning=  879 | i_renumber_name(UChar* key ARG_UNUSED, NameEntry* e, GroupNumMap* map)
[INFO] [stderr]   cargo:warning=      | ^~~~~~~~~~~~~~~
[INFO] [stderr]   cargo:warning=oniguruma/src/regparse.c: In function 'callout_name_table_clear':
[INFO] [stderr]   cargo:warning=oniguruma/src/regparse.c:1386:24: error: passing argument 2 of 'onig_st_foreach' from incompatible pointer type [-Wincompatible-pointer-types]
[INFO] [stderr]   cargo:warning= 1386 |     onig_st_foreach(t, i_free_callout_name_entry, 0);
[INFO] [stderr]   cargo:warning=      |                        ^~~~~~~~~~~~~~~~~~~~~~~~~
[INFO] [stderr]   cargo:warning=      |                        |
[INFO] [stderr]   cargo:warning=      |                        int (*)(st_callout_name_key *, CalloutNameEntry *, void *)
[INFO] [stderr]   cargo:warning=oniguruma/src/st.h:55:31: note: expected 'int (*)(void)' but argument is of type 'int (*)(st_callout_name_key *, CalloutNameEntry *, void *)'
[INFO] [stderr]   cargo:warning=   55 | int st_foreach _((st_table *, int (*)(ANYARGS), st_data_t));
[INFO] [stderr]   cargo:warning=      |                               ^~~~~~~~~~~~~~~~
[INFO] [stderr]   cargo:warning=oniguruma/src/st.h:35:18: note: in definition of macro '_'
[INFO] [stderr]   cargo:warning=   35 | # define _(args) args
[INFO] [stderr]   cargo:warning=      |                  ^~~~
[INFO] [stderr]   cargo:warning=oniguruma/src/regparse.c:1370:1: note: 'i_free_callout_name_entry' declared here
[INFO] [stderr]   cargo:warning= 1370 | i_free_callout_name_entry(st_callout_name_key* key, CalloutNameEntry* e,
[INFO] [stderr]   cargo:warning=      | ^~~~~~~~~~~~~~~~~~~~~~~~~
[INFO] [stderr]   cargo:warning=oniguruma/src/regparse.c: In function 'setup_ext_callout_list_values':
[INFO] [stderr]   cargo:warning=oniguruma/src/regparse.c:1884:56: error: passing argument 2 of 'onig_st_foreach' from incompatible pointer type [-Wincompatible-pointer-types]
[INFO] [stderr]   cargo:warning= 1884 |     onig_st_foreach((CalloutTagTable *)ext->tag_table, i_callout_callout_list_set,
[INFO] [stderr]   cargo:warning=      |                                                        ^~~~~~~~~~~~~~~~~~~~~~~~~~
[INFO] [stderr]   cargo:warning=      |                                                        |
[INFO] [stderr]   cargo:warning=      |                                                        int (*)(OnigUChar *, CalloutTagVal,  void *) {aka int (*)(unsigned char *, long int,  void *)}
[INFO] [stderr]   cargo:warning=oniguruma/src/st.h:55:31: note: expected 'int (*)(void)' but argument is of type 'int (*)(OnigUChar *, CalloutTagVal,  void *)' {aka 'int (*)(unsigned char *, long int,  void *)'}
[INFO] [stderr]   cargo:warning=   55 | int st_foreach _((st_table *, int (*)(ANYARGS), st_data_t));
[INFO] [stderr]   cargo:warning=      |                               ^~~~~~~~~~~~~~~~
[INFO] [stderr]   cargo:warning=oniguruma/src/st.h:35:18: note: in definition of macro '_'
[INFO] [stderr]   cargo:warning=   35 | # define _(args) args
[INFO] [stderr]   cargo:warning=      |                  ^~~~
[INFO] [stderr]   cargo:warning=oniguruma/src/regparse.c:1866:1: note: 'i_callout_callout_list_set' declared here
[INFO] [stderr]   cargo:warning= 1866 | i_callout_callout_list_set(UChar* key, CalloutTagVal e, void* arg)
[INFO] [stderr]   cargo:warning=      | ^~~~~~~~~~~~~~~~~~~~~~~~~~
[INFO] [stderr]   cargo:warning=oniguruma/src/regparse.c: In function 'callout_tag_table_clear':
[INFO] [stderr]   cargo:warning=oniguruma/src/regparse.c:1932:24: error: passing argument 2 of 'onig_st_foreach' from incompatible pointer type [-Wincompatible-pointer-types]
[INFO] [stderr]   cargo:warning= 1932 |     onig_st_foreach(t, i_free_callout_tag_entry, 0);
[INFO] [stderr]   cargo:warning=      |                        ^~~~~~~~~~~~~~~~~~~~~~~~
[INFO] [stderr]   cargo:warning=      |                        |
[INFO] [stderr]   cargo:warning=      |                        int (*)(OnigUChar *, CalloutTagVal,  void *) {aka int (*)(unsigned char *, long int,  void *)}
[INFO] [stderr]   cargo:warning=oniguruma/src/st.h:55:31: note: expected 'int (*)(void)' but argument is of type 'int (*)(OnigUChar *, CalloutTagVal,  void *)' {aka 'int (*)(unsigned char *, long int,  void *)'}
[INFO] [stderr]   cargo:warning=   55 | int st_foreach _((st_table *, int (*)(ANYARGS), st_data_t));
[INFO] [stderr]   cargo:warning=      |                               ^~~~~~~~~~~~~~~~
[INFO] [stderr]   cargo:warning=oniguruma/src/st.h:35:18: note: in definition of macro '_'
[INFO] [stderr]   cargo:warning=   35 | # define _(args) args
[INFO] [stderr]   cargo:warning=      |                  ^~~~
[INFO] [stderr]   cargo:warning=oniguruma/src/regparse.c:1922:1: note: 'i_free_callout_tag_entry' declared here
[INFO] [stderr]   cargo:warning= 1922 | i_free_callout_tag_entry(UChar* key, CalloutTagVal e, void* arg ARG_UNUSED)
[INFO] [stderr]   cargo:warning=      | ^~~~~~~~~~~~~~~~~~~~~~~~
[INFO] [stderr]   exit status: 1
[INFO] [stderr] 
[INFO] [stderr]   --- stderr
[INFO] [stderr] 
[INFO] [stderr] 
[INFO] [stderr]   error occurred: Command "cc" "-O0" "-ffunction-sections" "-fdata-sections" "-fPIC" "-gdwarf-4" "-fno-omit-frame-pointer" "-m64" "-I" "/opt/rustwide/target/debug/build/onig_sys/743d00e3247b3d1d/out" "-I" "oniguruma/src" "-DHAVE_UNISTD_H=1" "-DHAVE_SYS_TYPES_H=1" "-DHAVE_SYS_TIME_H=1" "-o" "/opt/rustwide/target/debug/build/onig_sys/743d00e3247b3d1d/out/oniguruma/src/regparse.o" "-c" "oniguruma/src/regparse.c" with args "cc" did not execute successfully (status code exit status: 1).
[INFO] [stderr] 
[INFO] [stderr] 
[INFO] [stderr] warning: build failed, waiting for other jobs to finish...
[INFO] running `Command { std: "docker" "inspect" "6bab533508e88ad57e98ea9842e352b631863b7a003b7bb467c526e9134e2cf3", kill_on_drop: false }`
[INFO] running `Command { std: "docker" "rm" "-f" "6bab533508e88ad57e98ea9842e352b631863b7a003b7bb467c526e9134e2cf3", kill_on_drop: false }`
[INFO] [stdout] 6bab533508e88ad57e98ea9842e352b631863b7a003b7bb467c526e9134e2cf3
