[INFO] fetching crate wfp 0.2.0...
[INFO] testing wfp-0.2.0 against 1.100.0-beta.1 for beta-1.100-2
[INFO] extracting crate wfp 0.2.0 into /workspace/builds/worker-1-tc2/source
[INFO] started tweaking crates.io crate wfp 0.2.0
[INFO] removed 0 missing examples
[INFO] removed 0 missing tests
[INFO] finished tweaking crates.io crate wfp 0.2.0
[INFO] tweaked toml for crates.io crate wfp 0.2.0 written to /workspace/builds/worker-1-tc2/source/Cargo.toml
[INFO] validating manifest of crates.io crate wfp 0.2.0 on toolchain 1.100.0-beta.1
[INFO] running `Command { std: CARGO_HOME="/workspace/cargo-home" RUSTUP_HOME="/workspace/rustup-home" "/workspace/cargo-home/bin/cargo" "+1.100.0-beta.1" "metadata" "--manifest-path" "Cargo.toml" "--no-deps", kill_on_drop: false }`
[INFO] crate crates.io crate wfp 0.2.0 already has a lockfile, it will not be regenerated
[INFO] running `Command { std: CARGO_HOME="/workspace/cargo-home" RUSTUP_HOME="/workspace/rustup-home" "/workspace/cargo-home/bin/cargo" "+1.100.0-beta.1" "fetch" "--manifest-path" "Cargo.toml", kill_on_drop: false }`
[INFO] running `Command { std: "docker" "create" "-v" "/var/lib/crater-agent-workspace/builds/worker-1-tc2/source:/opt/rustwide/workdir:ro,Z" "-v" "/var/lib/crater-agent-workspace/builds/worker-1-tc2/target:/opt/rustwide/target:rw,Z" "-v" "/var/lib/crater-agent-workspace/cargo-home:/opt/rustwide/cargo-home:ro,Z" "-v" "/var/lib/crater-agent-workspace/rustup-home:/opt/rustwide/rustup-home:ro,Z" "-m" "1610612736" "--network" "none" "ghcr.io/rust-lang/crates-build-env/linux@sha256:3111399a4047eeb3a02b7a90e478d715f38a8c6669b5c4b49d30a17385265909" "sleep" "infinity", kill_on_drop: false }`
[INFO] [stdout] 83d4b782e921aedb1a68f15aa483c9207fc191598ced95ad5b39a6f4abff172b
[INFO] running `Command { std: "docker" "start" "83d4b782e921aedb1a68f15aa483c9207fc191598ced95ad5b39a6f4abff172b", kill_on_drop: false }`
[INFO] running `Command { std: "docker" "inspect" "83d4b782e921aedb1a68f15aa483c9207fc191598ced95ad5b39a6f4abff172b", kill_on_drop: false }`
[INFO] running `Command { std: "docker" "exec" "-e" "SOURCE_DIR=/opt/rustwide/workdir" "-e" "CARGO_HOME=/opt/rustwide/cargo-home" "-e" "RUSTUP_HOME=/opt/rustwide/rustup-home" "-e" "CARGO_TARGET_DIR=/opt/rustwide/target" "-w" "/opt/rustwide/workdir" "--user" "0:0" "83d4b782e921aedb1a68f15aa483c9207fc191598ced95ad5b39a6f4abff172b" "/opt/rustwide/cargo-home/bin/cargo" "+1.100.0-beta.1" "metadata" "--no-deps" "--format-version=1", kill_on_drop: false }`
[INFO] running `Command { std: "docker" "inspect" "83d4b782e921aedb1a68f15aa483c9207fc191598ced95ad5b39a6f4abff172b", kill_on_drop: false }`
[INFO] running `Command { std: "docker" "exec" "-e" "SOURCE_DIR=/opt/rustwide/workdir" "-e" "CARGO_HOME=/opt/rustwide/cargo-home" "-e" "RUSTUP_HOME=/opt/rustwide/rustup-home" "-e" "CARGO_TARGET_DIR=/opt/rustwide/target" "-e" "CARGO_INCREMENTAL=0" "-e" "RUST_BACKTRACE=full" "-e" "RUSTFLAGS=--cap-lints=warn" "-e" "RUSTDOCFLAGS=--cap-lints=warn" "-w" "/opt/rustwide/workdir" "--user" "0:0" "83d4b782e921aedb1a68f15aa483c9207fc191598ced95ad5b39a6f4abff172b" "/opt/rustwide/cargo-home/bin/cargo" "+1.100.0-beta.1" "build" "--frozen" "--message-format=json", kill_on_drop: false }`
[INFO] [stderr]    Compiling windows-link v0.2.1
[INFO] [stderr]    Compiling log v0.4.27
[INFO] [stderr]    Compiling windows-sys v0.61.2
[INFO] [stderr]    Compiling wfp v0.2.0 (/opt/rustwide/workdir)
[INFO] [stderr] warning: unused dependency `log`
[INFO] [stderr]  --> Cargo.toml:1:15
[INFO] [stderr]   |
[INFO] [stderr] 1 | [dependencies.log]
[INFO] [stderr]   |               ^^^^
[INFO] [stderr]   |
[INFO] [stderr]   = note: `cargo::unused_dependencies` is set to `warn` by default
[INFO] [stderr] help: consider removing the dependency on `log`
[INFO] [stderr] warning: unused dependency `windows-sys`
[INFO] [stderr]  --> Cargo.toml:4:15
[INFO] [stderr]   |
[INFO] [stderr] 4 | [dependencies.windows-sys]
[INFO] [stderr]   |               ^^^^^^^^^^^^
[INFO] [stderr]   |
[INFO] [stderr] help: consider removing the dependency on `windows-sys`
[INFO] [stderr] warning: `wfp` (manifest) generated 2 warnings
[INFO] [stderr]     Finished `dev` profile [unoptimized + debuginfo] target(s) in 2.60s
[INFO] running `Command { std: "docker" "inspect" "83d4b782e921aedb1a68f15aa483c9207fc191598ced95ad5b39a6f4abff172b", kill_on_drop: false }`
[INFO] running `Command { std: "docker" "exec" "-e" "SOURCE_DIR=/opt/rustwide/workdir" "-e" "CARGO_HOME=/opt/rustwide/cargo-home" "-e" "RUSTUP_HOME=/opt/rustwide/rustup-home" "-e" "CARGO_TARGET_DIR=/opt/rustwide/target" "-e" "CARGO_INCREMENTAL=0" "-e" "RUST_BACKTRACE=full" "-e" "RUSTFLAGS=--cap-lints=warn" "-e" "RUSTDOCFLAGS=--cap-lints=warn" "-w" "/opt/rustwide/workdir" "--user" "0:0" "83d4b782e921aedb1a68f15aa483c9207fc191598ced95ad5b39a6f4abff172b" "/opt/rustwide/cargo-home/bin/cargo" "+1.100.0-beta.1" "test" "--frozen" "--no-run" "--message-format=json", kill_on_drop: false }`
[INFO] [stderr]    Compiling wfp v0.2.0 (/opt/rustwide/workdir)
[INFO] [stdout] error[E0432]: unresolved imports `wfp::ActionType`, `wfp::FilterBuilder`, `wfp::FilterEngineBuilder`, `wfp::Layer`, `wfp::SubLayerBuilder`, `wfp::Transaction`
[INFO] [stdout]   --> examples/basic_usage.rs:10:11
[INFO] [stdout]    |
[INFO] [stdout] 10 | use wfp::{ActionType, FilterBuilder, FilterEngineBuilder, Layer, SubLayerBuilder, Transaction};
[INFO] [stdout]    |           ^^^^^^^^^^  ^^^^^^^^^^^^^  ^^^^^^^^^^^^^^^^^^^  ^^^^^  ^^^^^^^^^^^^^^^  ^^^^^^^^^^^ no `Transaction` in the root
[INFO] [stdout]    |           |           |              |                    |      |
[INFO] [stdout]    |           |           |              |                    |      no `SubLayerBuilder` in the root
[INFO] [stdout]    |           |           |              |                    no `Layer` in the root
[INFO] [stdout]    |           |           |              no `FilterEngineBuilder` in the root
[INFO] [stdout]    |           |           no `FilterBuilder` in the root
[INFO] [stdout]    |           no `ActionType` in the root
[INFO] [stdout] 
[INFO] [stdout] 
[INFO] [stdout] For more information about this error, try `rustc --explain E0432`.
[INFO] [stdout] 
[INFO] [stderr] error: could not compile `wfp` (example "basic_usage") due to 1 previous error
[INFO] [stderr] warning: build failed, waiting for other jobs to finish...
[INFO] [stdout] error[E0425]: cannot find type `GUID` in this scope
[INFO] [stdout]   --> tests/integration.rs:15:19
[INFO] [stdout]    |
[INFO] [stdout] 15 | fn guid_eq(left: &GUID, right: &GUID) -> bool {
[INFO] [stdout]    |                   ^^^^ not found in this scope
[INFO] [stdout] 
[INFO] [stdout] 
[INFO] [stdout] error[E0425]: cannot find type `GUID` in this scope
[INFO] [stdout]   --> tests/integration.rs:15:33
[INFO] [stdout]    |
[INFO] [stdout] 15 | fn guid_eq(left: &GUID, right: &GUID) -> bool {
[INFO] [stdout]    |                                 ^^^^ not found in this scope
[INFO] [stdout] 
[INFO] [stdout] 
[INFO] [stdout] warning: unused import: `wfp::*`
[INFO] [stdout]  --> tests/integration.rs:7:5
[INFO] [stdout]   |
[INFO] [stdout] 7 | use wfp::*;
[INFO] [stdout]   |     ^^^^^^
[INFO] [stdout]   |
[INFO] [stdout]   = note: `#[warn(unused_imports)]` (part of `#[warn(unused)]`) on by default
[INFO] [stdout] 
[INFO] [stdout] 
[INFO] [stdout] error[E0433]: cannot find type `FilterEngineBuilder` in this scope
[INFO] [stdout]   --> tests/integration.rs:25:22
[INFO] [stdout]    |
[INFO] [stdout] 25 |     let mut engine = FilterEngineBuilder::default()
[INFO] [stdout]    |                      ^^^^^^^^^^^^^^^^^^^ use of undeclared type `FilterEngineBuilder`
[INFO] [stdout] 
[INFO] [stdout] 
[INFO] [stdout] error[E0433]: cannot find type `Transaction` in this scope
[INFO] [stdout]   --> tests/integration.rs:30:23
[INFO] [stdout]    |
[INFO] [stdout] 30 |     let transaction = Transaction::new(&mut engine).expect("Should be able to create transaction");
[INFO] [stdout]    |                       ^^^^^^^^^^^ use of undeclared type `Transaction`
[INFO] [stdout] 
[INFO] [stdout] 
[INFO] [stdout] error[E0433]: cannot find type `GUID` in this scope
[INFO] [stdout]   --> tests/integration.rs:33:21
[INFO] [stdout]    |
[INFO] [stdout] 33 |     let test_guid = GUID::from_u128(0x12345678_1234_5678_9abc_def012345678);
[INFO] [stdout]    |                     ^^^^ use of undeclared type `GUID`
[INFO] [stdout] 
[INFO] [stdout] 
[INFO] [stdout] error[E0433]: cannot find type `SubLayerBuilder` in this scope
[INFO] [stdout]   --> tests/integration.rs:35:5
[INFO] [stdout]    |
[INFO] [stdout] 35 |     SubLayerBuilder::default()
[INFO] [stdout]    |     ^^^^^^^^^^^^^^^ use of undeclared type `SubLayerBuilder`
[INFO] [stdout] 
[INFO] [stdout] 
[INFO] [stdout] error[E0433]: cannot find type `PortConditionBuilder` in this scope
[INFO] [stdout]   --> tests/integration.rs:44:26
[INFO] [stdout]    |
[INFO] [stdout] 44 |     let http_condition = PortConditionBuilder::remote().equal(80).build();
[INFO] [stdout]    |                          ^^^^^^^^^^^^^^^^^^^^ use of undeclared type `PortConditionBuilder`
[INFO] [stdout] 
[INFO] [stdout] 
[INFO] [stdout] error[E0433]: cannot find type `PortConditionBuilder` in this scope
[INFO] [stdout]   --> tests/integration.rs:45:27
[INFO] [stdout]    |
[INFO] [stdout] 45 |     let https_condition = PortConditionBuilder::remote().equal(443).build();
[INFO] [stdout]    |                           ^^^^^^^^^^^^^^^^^^^^ use of undeclared type `PortConditionBuilder`
[INFO] [stdout] 
[INFO] [stdout] 
[INFO] [stdout] error[E0433]: cannot find type `ProtocolConditionBuilder` in this scope
[INFO] [stdout]   --> tests/integration.rs:46:25
[INFO] [stdout]    |
[INFO] [stdout] 46 |     let tcp_condition = ProtocolConditionBuilder::tcp().build();
[INFO] [stdout]    |                         ^^^^^^^^^^^^^^^^^^^^^^^^ use of undeclared type `ProtocolConditionBuilder`
[INFO] [stdout] 
[INFO] [stdout] 
[INFO] [stdout] error[E0433]: cannot find type `FilterBuilder` in this scope
[INFO] [stdout]   --> tests/integration.rs:49:5
[INFO] [stdout]    |
[INFO] [stdout] 49 |     FilterBuilder::default()
[INFO] [stdout]    |     ^^^^^^^^^^^^^ use of undeclared type `FilterBuilder`
[INFO] [stdout] 
[INFO] [stdout] 
[INFO] [stdout] error[E0433]: cannot find type `ActionType` in this scope
[INFO] [stdout]   --> tests/integration.rs:52:17
[INFO] [stdout]    |
[INFO] [stdout] 52 |         .action(ActionType::Block)
[INFO] [stdout]    |                 ^^^^^^^^^^ use of undeclared type `ActionType`
[INFO] [stdout] 
[INFO] [stdout] 
[INFO] [stdout] error[E0433]: cannot find type `Layer` in this scope
[INFO] [stdout]   --> tests/integration.rs:53:16
[INFO] [stdout]    |
[INFO] [stdout] 53 |         .layer(Layer::ConnectV4)
[INFO] [stdout]    |                ^^^^^ use of undeclared type `Layer`
[INFO] [stdout] 
[INFO] [stdout] 
[INFO] [stdout] error[E0433]: cannot find type `FilterBuilder` in this scope
[INFO] [stdout]   --> tests/integration.rs:61:5
[INFO] [stdout]    |
[INFO] [stdout] 61 |     FilterBuilder::default()
[INFO] [stdout]    |     ^^^^^^^^^^^^^ use of undeclared type `FilterBuilder`
[INFO] [stdout] 
[INFO] [stdout] 
[INFO] [stdout] error[E0433]: cannot find type `ActionType` in this scope
[INFO] [stdout]   --> tests/integration.rs:64:17
[INFO] [stdout]    |
[INFO] [stdout] 64 |         .action(ActionType::Permit)
[INFO] [stdout]    |                 ^^^^^^^^^^ use of undeclared type `ActionType`
[INFO] [stdout] 
[INFO] [stdout] 
[INFO] [stdout] error[E0433]: cannot find type `Layer` in this scope
[INFO] [stdout]   --> tests/integration.rs:65:16
[INFO] [stdout]    |
[INFO] [stdout] 65 |         .layer(Layer::ConnectV4)
[INFO] [stdout]    |                ^^^^^ use of undeclared type `Layer`
[INFO] [stdout] 
[INFO] [stdout] 
[INFO] [stdout] error[E0433]: cannot find type `FilterWeight` in this scope
[INFO] [stdout]   --> tests/integration.rs:69:17
[INFO] [stdout]    |
[INFO] [stdout] 69 |         .weight(FilterWeight::Exact(12345))
[INFO] [stdout]    |                 ^^^^^^^^^^^^ use of undeclared type `FilterWeight`
[INFO] [stdout] 
[INFO] [stdout] 
[INFO] [stdout] error[E0433]: cannot find type `FilterEngineBuilder` in this scope
[INFO] [stdout]   --> tests/integration.rs:81:22
[INFO] [stdout]    |
[INFO] [stdout] 81 |     let mut engine = FilterEngineBuilder::default()
[INFO] [stdout]    |                      ^^^^^^^^^^^^^^^^^^^ use of undeclared type `FilterEngineBuilder`
[INFO] [stdout] 
[INFO] [stdout] 
[INFO] [stdout] error[E0433]: cannot find type `GUID` in this scope
[INFO] [stdout]   --> tests/integration.rs:86:30
[INFO] [stdout]    |
[INFO] [stdout] 86 |     let test_provider_guid = GUID::from_u128(0x0e0e0e0e_1111_2222_3333_444455556666);
[INFO] [stdout]    |                              ^^^^ use of undeclared type `GUID`
[INFO] [stdout] 
[INFO] [stdout] 
[INFO] [stdout] error[E0433]: cannot find type `GUID` in this scope
[INFO] [stdout]   --> tests/integration.rs:87:21
[INFO] [stdout]    |
[INFO] [stdout] 87 |     let test_guid = GUID::from_u128(0x0e0e0e0e_1234_5678_9abc_def012345678);
[INFO] [stdout]    |                     ^^^^ use of undeclared type `GUID`
[INFO] [stdout] 
[INFO] [stdout] 
[INFO] [stdout] error[E0433]: cannot find type `Transaction` in this scope
[INFO] [stdout]   --> tests/integration.rs:89:23
[INFO] [stdout]    |
[INFO] [stdout] 89 |     let transaction = Transaction::new(&mut engine).expect("Should be able to create transaction");
[INFO] [stdout]    |                       ^^^^^^^^^^^ use of undeclared type `Transaction`
[INFO] [stdout] 
[INFO] [stdout] 
[INFO] [stdout] error[E0433]: cannot find type `ProviderBuilder` in this scope
[INFO] [stdout]   --> tests/integration.rs:91:5
[INFO] [stdout]    |
[INFO] [stdout] 91 |     ProviderBuilder::default()
[INFO] [stdout]    |     ^^^^^^^^^^^^^^^ use of undeclared type `ProviderBuilder`
[INFO] [stdout] 
[INFO] [stdout] 
[INFO] [stdout] error[E0433]: cannot find type `SubLayerBuilder` in this scope
[INFO] [stdout]   --> tests/integration.rs:98:5
[INFO] [stdout]    |
[INFO] [stdout] 98 |     SubLayerBuilder::default()
[INFO] [stdout]    |     ^^^^^^^^^^^^^^^ use of undeclared type `SubLayerBuilder`
[INFO] [stdout] 
[INFO] [stdout] 
[INFO] [stdout] error[E0433]: cannot find type `Transaction` in this scope
[INFO] [stdout]    --> tests/integration.rs:111:23
[INFO] [stdout]     |
[INFO] [stdout] 111 |     let transaction = Transaction::new(&mut engine).expect("Should be able to create transaction");
[INFO] [stdout]     |                       ^^^^^^^^^^^ use of undeclared type `Transaction`
[INFO] [stdout] 
[INFO] [stdout] 
[INFO] [stdout] error[E0433]: cannot find type `SubLayerEnumerator` in this scope
[INFO] [stdout]    --> tests/integration.rs:114:9
[INFO] [stdout]     |
[INFO] [stdout] 114 |         SubLayerEnumerator::new(&transaction).expect("Should be able to enumerate sublayers");
[INFO] [stdout]     |         ^^^^^^^^^^^^^^^^^^ use of undeclared type `SubLayerEnumerator`
[INFO] [stdout] 
[INFO] [stdout] 
[INFO] [stdout] error[E0433]: cannot find type `FilterEngineBuilder` in this scope
[INFO] [stdout]    --> tests/integration.rs:160:22
[INFO] [stdout]     |
[INFO] [stdout] 160 |     let mut engine = FilterEngineBuilder::default()
[INFO] [stdout]     |                      ^^^^^^^^^^^^^^^^^^^ use of undeclared type `FilterEngineBuilder`
[INFO] [stdout] 
[INFO] [stdout] 
[INFO] [stdout] error[E0433]: cannot find type `GUID` in this scope
[INFO] [stdout]    --> tests/integration.rs:165:30
[INFO] [stdout]     |
[INFO] [stdout] 165 |     let test_provider_guid = GUID::from_u128(0x0f0f0f0f_1111_2222_3333_444455556666);
[INFO] [stdout]     |                              ^^^^ use of undeclared type `GUID`
[INFO] [stdout] 
[INFO] [stdout] 
[INFO] [stdout] error[E0433]: cannot find type `GUID` in this scope
[INFO] [stdout]    --> tests/integration.rs:166:30
[INFO] [stdout]     |
[INFO] [stdout] 166 |     let test_sublayer_guid = GUID::from_u128(0x0f0f0f0f_1234_5678_9abc_def012345678);
[INFO] [stdout]     |                              ^^^^ use of undeclared type `GUID`
[INFO] [stdout] 
[INFO] [stdout] 
[INFO] [stdout] error[E0433]: cannot find type `Transaction` in this scope
[INFO] [stdout]    --> tests/integration.rs:168:23
[INFO] [stdout]     |
[INFO] [stdout] 168 |     let transaction = Transaction::new(&mut engine).expect("Should be able to create transaction");
[INFO] [stdout]     |                       ^^^^^^^^^^^ use of undeclared type `Transaction`
[INFO] [stdout] 
[INFO] [stdout] 
[INFO] [stdout] error[E0433]: cannot find type `ProviderBuilder` in this scope
[INFO] [stdout]    --> tests/integration.rs:170:5
[INFO] [stdout]     |
[INFO] [stdout] 170 |     ProviderBuilder::default()
[INFO] [stdout]     |     ^^^^^^^^^^^^^^^ use of undeclared type `ProviderBuilder`
[INFO] [stdout] 
[INFO] [stdout] 
[INFO] [stdout] error[E0433]: cannot find type `SubLayerBuilder` in this scope
[INFO] [stdout]    --> tests/integration.rs:177:5
[INFO] [stdout]     |
[INFO] [stdout] 177 |     SubLayerBuilder::default()
[INFO] [stdout]     |     ^^^^^^^^^^^^^^^ use of undeclared type `SubLayerBuilder`
[INFO] [stdout] 
[INFO] [stdout] 
[INFO] [stdout] error[E0433]: cannot find type `FilterBuilder` in this scope
[INFO] [stdout]    --> tests/integration.rs:187:9
[INFO] [stdout]     |
[INFO] [stdout] 187 |         FilterBuilder::default()
[INFO] [stdout]     |         ^^^^^^^^^^^^^ use of undeclared type `FilterBuilder`
[INFO] [stdout] 
[INFO] [stdout] 
[INFO] [stdout] error[E0433]: cannot find type `ActionType` in this scope
[INFO] [stdout]    --> tests/integration.rs:190:21
[INFO] [stdout]     |
[INFO] [stdout] 190 |             .action(ActionType::Block)
[INFO] [stdout]     |                     ^^^^^^^^^^ use of undeclared type `ActionType`
[INFO] [stdout] 
[INFO] [stdout] 
[INFO] [stdout] error[E0433]: cannot find type `Layer` in this scope
[INFO] [stdout]    --> tests/integration.rs:191:20
[INFO] [stdout]     |
[INFO] [stdout] 191 |             .layer(Layer::ConnectV4)
[INFO] [stdout]     |                    ^^^^^ use of undeclared type `Layer`
[INFO] [stdout] 
[INFO] [stdout] 
[INFO] [stdout] error[E0433]: cannot find type `PortConditionBuilder` in this scope
[INFO] [stdout]    --> tests/integration.rs:193:17
[INFO] [stdout]     |
[INFO] [stdout] 193 |                 PortConditionBuilder::remote()
[INFO] [stdout]     |                 ^^^^^^^^^^^^^^^^^^^^ use of undeclared type `PortConditionBuilder`
[INFO] [stdout] 
[INFO] [stdout] 
[INFO] [stdout] error[E0433]: cannot find type `Transaction` in this scope
[INFO] [stdout]    --> tests/integration.rs:207:23
[INFO] [stdout]     |
[INFO] [stdout] 207 |     let transaction = Transaction::new(&mut engine).expect("Should be able to create transaction");
[INFO] [stdout]     |                       ^^^^^^^^^^^ use of undeclared type `Transaction`
[INFO] [stdout] 
[INFO] [stdout] 
[INFO] [stdout] error[E0433]: cannot find type `FilterEnumerator` in this scope
[INFO] [stdout]    --> tests/integration.rs:210:9
[INFO] [stdout]     |
[INFO] [stdout] 210 |         FilterEnumerator::new(&transaction).expect("Should be able to enumerate filters");
[INFO] [stdout]     |         ^^^^^^^^^^^^^^^^ use of undeclared type `FilterEnumerator`
[INFO] [stdout] 
[INFO] [stdout] 
[INFO] [stdout] error[E0433]: cannot find type `FilterEngineBuilder` in this scope
[INFO] [stdout]    --> tests/integration.rs:253:22
[INFO] [stdout]     |
[INFO] [stdout] 253 |     let mut engine = FilterEngineBuilder::default()
[INFO] [stdout]     |                      ^^^^^^^^^^^^^^^^^^^ use of undeclared type `FilterEngineBuilder`
[INFO] [stdout] 
[INFO] [stdout] 
[INFO] [stdout] error[E0433]: cannot find type `Transaction` in this scope
[INFO] [stdout]    --> tests/integration.rs:258:23
[INFO] [stdout]     |
[INFO] [stdout] 258 |     let transaction = Transaction::new(&mut engine).expect("Should be able to create transaction");
[INFO] [stdout]     |                       ^^^^^^^^^^^ use of undeclared type `Transaction`
[INFO] [stdout] 
[INFO] [stdout] 
[INFO] [stdout] error[E0433]: cannot find type `GUID` in this scope
[INFO] [stdout]    --> tests/integration.rs:260:30
[INFO] [stdout]     |
[INFO] [stdout] 260 |     let test_provider_guid = GUID::from_u128(0xdeadbeef_1111_2222_3333_444455556666);
[INFO] [stdout]     |                              ^^^^ use of undeclared type `GUID`
[INFO] [stdout] 
[INFO] [stdout] 
[INFO] [stdout] error[E0433]: cannot find type `GUID` in this scope
[INFO] [stdout]    --> tests/integration.rs:261:30
[INFO] [stdout]     |
[INFO] [stdout] 261 |     let test_sublayer_guid = GUID::from_u128(0xdeadbeef_aaaa_bbbb_cccc_ddddeeeeffff);
[INFO] [stdout]     |                              ^^^^ use of undeclared type `GUID`
[INFO] [stdout] 
[INFO] [stdout] 
[INFO] [stdout] error[E0433]: cannot find type `GUID` in this scope
[INFO] [stdout]    --> tests/integration.rs:262:28
[INFO] [stdout]     |
[INFO] [stdout] 262 |     let test_filter_guid = GUID::from_u128(0xdeadbeef_1234_5678_9abc_def012345678);
[INFO] [stdout]     |                            ^^^^ use of undeclared type `GUID`
[INFO] [stdout] 
[INFO] [stdout] 
[INFO] [stdout] error[E0433]: cannot find type `ProviderBuilder` in this scope
[INFO] [stdout]    --> tests/integration.rs:264:5
[INFO] [stdout]     |
[INFO] [stdout] 264 |     ProviderBuilder::default()
[INFO] [stdout]     |     ^^^^^^^^^^^^^^^ use of undeclared type `ProviderBuilder`
[INFO] [stdout] 
[INFO] [stdout] 
[INFO] [stdout] error[E0433]: cannot find type `SubLayerBuilder` in this scope
[INFO] [stdout]    --> tests/integration.rs:271:5
[INFO] [stdout]     |
[INFO] [stdout] 271 |     SubLayerBuilder::default()
[INFO] [stdout]     |     ^^^^^^^^^^^^^^^ use of undeclared type `SubLayerBuilder`
[INFO] [stdout] 
[INFO] [stdout] 
[INFO] [stdout] error[E0433]: cannot find type `FilterBuilder` in this scope
[INFO] [stdout]    --> tests/integration.rs:280:5
[INFO] [stdout]     |
[INFO] [stdout] 280 |     FilterBuilder::default()
[INFO] [stdout]     |     ^^^^^^^^^^^^^ use of undeclared type `FilterBuilder`
[INFO] [stdout] 
[INFO] [stdout] 
[INFO] [stdout] error[E0433]: cannot find type `ActionType` in this scope
[INFO] [stdout]    --> tests/integration.rs:283:17
[INFO] [stdout]     |
[INFO] [stdout] 283 |         .action(ActionType::Block)
[INFO] [stdout]     |                 ^^^^^^^^^^ use of undeclared type `ActionType`
[INFO] [stdout] 
[INFO] [stdout] 
[INFO] [stdout] error[E0433]: cannot find type `Layer` in this scope
[INFO] [stdout]    --> tests/integration.rs:284:16
[INFO] [stdout]     |
[INFO] [stdout] 284 |         .layer(Layer::ConnectV4)
[INFO] [stdout]     |                ^^^^^ use of undeclared type `Layer`
[INFO] [stdout] 
[INFO] [stdout] 
[INFO] [stdout] error[E0433]: cannot find type `FilterEngineBuilder` in this scope
[INFO] [stdout]    --> tests/integration.rs:299:22
[INFO] [stdout]     |
[INFO] [stdout] 299 |     let mut engine = FilterEngineBuilder::default()
[INFO] [stdout]     |                      ^^^^^^^^^^^^^^^^^^^ use of undeclared type `FilterEngineBuilder`
[INFO] [stdout] 
[INFO] [stdout] 
[INFO] [stdout] error[E0433]: cannot find type `Transaction` in this scope
[INFO] [stdout]    --> tests/integration.rs:304:23
[INFO] [stdout]     |
[INFO] [stdout] 304 |     let transaction = Transaction::new(&mut engine).expect("Should be able to create transaction");
[INFO] [stdout]     |                       ^^^^^^^^^^^ use of undeclared type `Transaction`
[INFO] [stdout] 
[INFO] [stdout] 
[INFO] [stdout] error[E0433]: cannot find type `GUID` in this scope
[INFO] [stdout]    --> tests/integration.rs:306:21
[INFO] [stdout]     |
[INFO] [stdout] 306 |     let test_guid = GUID::from_u128(0xaabbccdd_1234_5678_9abc_def012345678);
[INFO] [stdout]     |                     ^^^^ use of undeclared type `GUID`
[INFO] [stdout] 
[INFO] [stdout] 
[INFO] [stdout] error[E0433]: cannot find type `SubLayerBuilder` in this scope
[INFO] [stdout]    --> tests/integration.rs:308:5
[INFO] [stdout]     |
[INFO] [stdout] 308 |     SubLayerBuilder::default()
[INFO] [stdout]     |     ^^^^^^^^^^^^^^^ use of undeclared type `SubLayerBuilder`
[INFO] [stdout] 
[INFO] [stdout] 
[INFO] [stdout] error[E0433]: cannot find type `AppIdConditionBuilder` in this scope
[INFO] [stdout]    --> tests/integration.rs:317:22
[INFO] [stdout]     |
[INFO] [stdout] 317 |     let bad_result = AppIdConditionBuilder::default().equal(r"C:\nonexistent\fake.exe");
[INFO] [stdout]     |                      ^^^^^^^^^^^^^^^^^^^^^ use of undeclared type `AppIdConditionBuilder`
[INFO] [stdout] 
[INFO] [stdout] 
[INFO] [stdout] error[E0433]: cannot find type `AppIdConditionBuilder` in this scope
[INFO] [stdout]    --> tests/integration.rs:324:25
[INFO] [stdout]     |
[INFO] [stdout] 324 |     let app_condition = AppIdConditionBuilder::default()
[INFO] [stdout]     |                         ^^^^^^^^^^^^^^^^^^^^^ use of undeclared type `AppIdConditionBuilder`
[INFO] [stdout] 
[INFO] [stdout] 
[INFO] [stdout] error[E0433]: cannot find type `FilterBuilder` in this scope
[INFO] [stdout]    --> tests/integration.rs:328:5
[INFO] [stdout]     |
[INFO] [stdout] 328 |     FilterBuilder::default()
[INFO] [stdout]     |     ^^^^^^^^^^^^^ use of undeclared type `FilterBuilder`
[INFO] [stdout] 
[INFO] [stdout] 
[INFO] [stdout] error[E0433]: cannot find type `ActionType` in this scope
[INFO] [stdout]    --> tests/integration.rs:331:17
[INFO] [stdout]     |
[INFO] [stdout] 331 |         .action(ActionType::Block)
[INFO] [stdout]     |                 ^^^^^^^^^^ use of undeclared type `ActionType`
[INFO] [stdout] 
[INFO] [stdout] 
[INFO] [stdout] error[E0433]: cannot find type `Layer` in this scope
[INFO] [stdout]    --> tests/integration.rs:332:16
[INFO] [stdout]     |
[INFO] [stdout] 332 |         .layer(Layer::ConnectV4)
[INFO] [stdout]     |                ^^^^^ use of undeclared type `Layer`
[INFO] [stdout] 
[INFO] [stdout] 
[INFO] [stdout] error[E0433]: cannot find type `WeightRange` in this scope
[INFO] [stdout]    --> tests/integration.rs:335:17
[INFO] [stdout]     |
[INFO] [stdout] 335 |         .weight(WeightRange::try_from(15).unwrap())
[INFO] [stdout]     |                 ^^^^^^^^^^^ use of undeclared type `WeightRange`
[INFO] [stdout] 
[INFO] [stdout] 
[INFO] [stdout] error[E0433]: cannot find type `FilterEngineBuilder` in this scope
[INFO] [stdout]    --> tests/integration.rs:347:22
[INFO] [stdout]     |
[INFO] [stdout] 347 |     let mut engine = FilterEngineBuilder::default()
[INFO] [stdout]     |                      ^^^^^^^^^^^^^^^^^^^ use of undeclared type `FilterEngineBuilder`
[INFO] [stdout] 
[INFO] [stdout] 
[INFO] [stdout] error[E0433]: cannot find type `Transaction` in this scope
[INFO] [stdout]    --> tests/integration.rs:352:23
[INFO] [stdout]     |
[INFO] [stdout] 352 |     let transaction = Transaction::new(&mut engine).expect("Should be able to create transaction");
[INFO] [stdout]     |                       ^^^^^^^^^^^ use of undeclared type `Transaction`
[INFO] [stdout] 
[INFO] [stdout] 
[INFO] [stdout] error[E0433]: cannot find type `GUID` in this scope
[INFO] [stdout]    --> tests/integration.rs:354:21
[INFO] [stdout]     |
[INFO] [stdout] 354 |     let test_guid = GUID::from_u128(0xfeed1234_5678_9abc_def0_123456789abc);
[INFO] [stdout]     |                     ^^^^ use of undeclared type `GUID`
[INFO] [stdout] 
[INFO] [stdout] 
[INFO] [stdout] error[E0433]: cannot find type `SubLayerBuilder` in this scope
[INFO] [stdout]    --> tests/integration.rs:356:5
[INFO] [stdout]     |
[INFO] [stdout] 356 |     SubLayerBuilder::default()
[INFO] [stdout]     |     ^^^^^^^^^^^^^^^ use of undeclared type `SubLayerBuilder`
[INFO] [stdout] 
[INFO] [stdout] 
[INFO] [stdout] error[E0433]: cannot find type `FilterBuilder` in this scope
[INFO] [stdout]    --> tests/integration.rs:374:9
[INFO] [stdout]     |
[INFO] [stdout] 374 |         FilterBuilder::default()
[INFO] [stdout]     |         ^^^^^^^^^^^^^ use of undeclared type `FilterBuilder`
[INFO] [stdout] 
[INFO] [stdout] 
[INFO] [stdout] error[E0433]: cannot find type `ActionType` in this scope
[INFO] [stdout]    --> tests/integration.rs:377:21
[INFO] [stdout]     |
[INFO] [stdout] 377 |             .action(ActionType::Permit)
[INFO] [stdout]     |                     ^^^^^^^^^^ use of undeclared type `ActionType`
[INFO] [stdout] 
[INFO] [stdout] 
[INFO] [stdout] error[E0433]: cannot find type `Layer` in this scope
[INFO] [stdout]    --> tests/integration.rs:378:20
[INFO] [stdout]     |
[INFO] [stdout] 378 |             .layer(Layer::ConnectV6)
[INFO] [stdout]     |                    ^^^^^ use of undeclared type `Layer`
[INFO] [stdout] 
[INFO] [stdout] 
[INFO] [stdout] error[E0433]: cannot find type `ProtocolConditionBuilder` in this scope
[INFO] [stdout]    --> tests/integration.rs:379:24
[INFO] [stdout]     |
[INFO] [stdout] 379 |             .condition(ProtocolConditionBuilder::icmpv6().build())
[INFO] [stdout]     |                        ^^^^^^^^^^^^^^^^^^^^^^^^ use of undeclared type `ProtocolConditionBuilder`
[INFO] [stdout] 
[INFO] [stdout] 
[INFO] [stdout] error[E0433]: cannot find type `IcmpConditionBuilder` in this scope
[INFO] [stdout]    --> tests/integration.rs:380:24
[INFO] [stdout]     |
[INFO] [stdout] 380 |             .condition(IcmpConditionBuilder::r#type().equal(t).build())
[INFO] [stdout]     |                        ^^^^^^^^^^^^^^^^^^^^ use of undeclared type `IcmpConditionBuilder`
[INFO] [stdout] 
[INFO] [stdout] 
[INFO] [stdout] error[E0433]: cannot find type `IcmpConditionBuilder` in this scope
[INFO] [stdout]    --> tests/integration.rs:381:24
[INFO] [stdout]     |
[INFO] [stdout] 381 |             .condition(IcmpConditionBuilder::code().equal(0).build())
[INFO] [stdout]     |                        ^^^^^^^^^^^^^^^^^^^^ use of undeclared type `IcmpConditionBuilder`
[INFO] [stdout] 
[INFO] [stdout] 
[INFO] [stdout] error[E0433]: cannot find type `FilterBuilder` in this scope
[INFO] [stdout]    --> tests/integration.rs:388:9
[INFO] [stdout]     |
[INFO] [stdout] 388 |         FilterBuilder::default()
[INFO] [stdout]     |         ^^^^^^^^^^^^^ use of undeclared type `FilterBuilder`
[INFO] [stdout] 
[INFO] [stdout] 
[INFO] [stdout] error[E0433]: cannot find type `ActionType` in this scope
[INFO] [stdout]    --> tests/integration.rs:391:21
[INFO] [stdout]     |
[INFO] [stdout] 391 |             .action(ActionType::Permit)
[INFO] [stdout]     |                     ^^^^^^^^^^ use of undeclared type `ActionType`
[INFO] [stdout] 
[INFO] [stdout] 
[INFO] [stdout] error[E0433]: cannot find type `Layer` in this scope
[INFO] [stdout]    --> tests/integration.rs:392:20
[INFO] [stdout]     |
[INFO] [stdout] 392 |             .layer(Layer::AcceptV6)
[INFO] [stdout]     |                    ^^^^^ use of undeclared type `Layer`
[INFO] [stdout] 
[INFO] [stdout] 
[INFO] [stdout] error[E0433]: cannot find type `ProtocolConditionBuilder` in this scope
[INFO] [stdout]    --> tests/integration.rs:393:24
[INFO] [stdout]     |
[INFO] [stdout] 393 |             .condition(ProtocolConditionBuilder::icmpv6().build())
[INFO] [stdout]     |                        ^^^^^^^^^^^^^^^^^^^^^^^^ use of undeclared type `ProtocolConditionBuilder`
[INFO] [stdout] 
[INFO] [stdout] 
[INFO] [stdout] error[E0433]: cannot find type `IcmpConditionBuilder` in this scope
[INFO] [stdout]    --> tests/integration.rs:394:24
[INFO] [stdout]     |
[INFO] [stdout] 394 |             .condition(IcmpConditionBuilder::r#type().equal(t).build())
[INFO] [stdout]     |                        ^^^^^^^^^^^^^^^^^^^^ use of undeclared type `IcmpConditionBuilder`
[INFO] [stdout] 
[INFO] [stdout] 
[INFO] [stdout] error[E0433]: cannot find type `IcmpConditionBuilder` in this scope
[INFO] [stdout]    --> tests/integration.rs:395:24
[INFO] [stdout]     |
[INFO] [stdout] 395 |             .condition(IcmpConditionBuilder::code().equal(0).build())
[INFO] [stdout]     |                        ^^^^^^^^^^^^^^^^^^^^ use of undeclared type `IcmpConditionBuilder`
[INFO] [stdout] 
[INFO] [stdout] 
[INFO] [stdout] error[E0433]: cannot find type `FilterEngineBuilder` in this scope
[INFO] [stdout]    --> tests/integration.rs:409:22
[INFO] [stdout]     |
[INFO] [stdout] 409 |     let mut engine = FilterEngineBuilder::default()
[INFO] [stdout]     |                      ^^^^^^^^^^^^^^^^^^^ use of undeclared type `FilterEngineBuilder`
[INFO] [stdout] 
[INFO] [stdout] 
[INFO] [stdout] error[E0433]: cannot find type `Transaction` in this scope
[INFO] [stdout]    --> tests/integration.rs:414:23
[INFO] [stdout]     |
[INFO] [stdout] 414 |     let transaction = Transaction::new(&mut engine).expect("Should be able to create transaction");
[INFO] [stdout]     |                       ^^^^^^^^^^^ use of undeclared type `Transaction`
[INFO] [stdout] 
[INFO] [stdout] 
[INFO] [stdout] error[E0433]: cannot find type `GUID` in this scope
[INFO] [stdout]    --> tests/integration.rs:416:21
[INFO] [stdout]     |
[INFO] [stdout] 416 |     let test_guid = GUID::from_u128(0xbbccddee_2345_6789_abcd_ef0123456789);
[INFO] [stdout]     |                     ^^^^ use of undeclared type `GUID`
[INFO] [stdout] 
[INFO] [stdout] 
[INFO] [stdout] error[E0433]: cannot find type `SubLayerBuilder` in this scope
[INFO] [stdout]    --> tests/integration.rs:418:5
[INFO] [stdout]     |
[INFO] [stdout] 418 |     SubLayerBuilder::default()
[INFO] [stdout]     |     ^^^^^^^^^^^^^^^ use of undeclared type `SubLayerBuilder`
[INFO] [stdout] 
[INFO] [stdout] 
[INFO] [stdout] error[E0433]: cannot find type `InterfaceConditionBuilder` in this scope
[INFO] [stdout]    --> tests/integration.rs:427:22
[INFO] [stdout]     |
[INFO] [stdout] 427 |     let bad_result = InterfaceConditionBuilder::local().alias("definitely-not-an-interface-xyz");
[INFO] [stdout]     |                      ^^^^^^^^^^^^^^^^^^^^^^^^^ use of undeclared type `InterfaceConditionBuilder`
[INFO] [stdout] 
[INFO] [stdout] 
[INFO] [stdout] error[E0433]: cannot find type `InterfaceConditionBuilder` in this scope
[INFO] [stdout]    --> tests/integration.rs:434:27
[INFO] [stdout]     |
[INFO] [stdout] 434 |     let iface_condition = InterfaceConditionBuilder::local()
[INFO] [stdout]     |                           ^^^^^^^^^^^^^^^^^^^^^^^^^ use of undeclared type `InterfaceConditionBuilder`
[INFO] [stdout] 
[INFO] [stdout] 
[INFO] [stdout] error[E0433]: cannot find type `FilterBuilder` in this scope
[INFO] [stdout]    --> tests/integration.rs:438:5
[INFO] [stdout]     |
[INFO] [stdout] 438 |     FilterBuilder::default()
[INFO] [stdout]     |     ^^^^^^^^^^^^^ use of undeclared type `FilterBuilder`
[INFO] [stdout] 
[INFO] [stdout] 
[INFO] [stdout] error[E0433]: cannot find type `ActionType` in this scope
[INFO] [stdout]    --> tests/integration.rs:441:17
[INFO] [stdout]     |
[INFO] [stdout] 441 |         .action(ActionType::Permit)
[INFO] [stdout]     |                 ^^^^^^^^^^ use of undeclared type `ActionType`
[INFO] [stdout] 
[INFO] [stdout] 
[INFO] [stdout] error[E0433]: cannot find type `Layer` in this scope
[INFO] [stdout]    --> tests/integration.rs:442:16
[INFO] [stdout]     |
[INFO] [stdout] 442 |         .layer(Layer::ConnectV4)
[INFO] [stdout]     |                ^^^^^ use of undeclared type `Layer`
[INFO] [stdout] 
[INFO] [stdout] 
[INFO] [stdout] error[E0433]: cannot find type `FilterEngineBuilder` in this scope
[INFO] [stdout]    --> tests/integration.rs:456:22
[INFO] [stdout]     |
[INFO] [stdout] 456 |     let mut engine = FilterEngineBuilder::default()
[INFO] [stdout]     |                      ^^^^^^^^^^^^^^^^^^^ use of undeclared type `FilterEngineBuilder`
[INFO] [stdout] 
[INFO] [stdout] 
[INFO] [stdout] error[E0433]: cannot find type `Transaction` in this scope
[INFO] [stdout]    --> tests/integration.rs:461:23
[INFO] [stdout]     |
[INFO] [stdout] 461 |     let transaction = Transaction::new(&mut engine).expect("Should be able to create transaction");
[INFO] [stdout]     |                       ^^^^^^^^^^^ use of undeclared type `Transaction`
[INFO] [stdout] 
[INFO] [stdout] 
[INFO] [stdout] error[E0433]: cannot find type `GUID` in this scope
[INFO] [stdout]    --> tests/integration.rs:463:21
[INFO] [stdout]     |
[INFO] [stdout] 463 |     let test_guid = GUID::from_u128(0xbbccddee_1234_5678_9abc_def012345678);
[INFO] [stdout]     |                     ^^^^ use of undeclared type `GUID`
[INFO] [stdout] 
[INFO] [stdout] 
[INFO] [stdout] error[E0433]: cannot find type `SubLayerBuilder` in this scope
[INFO] [stdout]    --> tests/integration.rs:465:5
[INFO] [stdout]     |
[INFO] [stdout] 465 |     SubLayerBuilder::default()
[INFO] [stdout]     |     ^^^^^^^^^^^^^^^ use of undeclared type `SubLayerBuilder`
[INFO] [stdout] 
[INFO] [stdout] 
[INFO] [stdout] error[E0433]: cannot find type `FilterBuilder` in this scope
[INFO] [stdout]    --> tests/integration.rs:473:5
[INFO] [stdout]     |
[INFO] [stdout] 473 |     FilterBuilder::default()
[INFO] [stdout]     |     ^^^^^^^^^^^^^ use of undeclared type `FilterBuilder`
[INFO] [stdout] 
[INFO] [stdout] 
[INFO] [stdout] error[E0433]: cannot find type `ActionType` in this scope
[INFO] [stdout]    --> tests/integration.rs:476:17
[INFO] [stdout]     |
[INFO] [stdout] 476 |         .action(ActionType::Permit)
[INFO] [stdout]     |                 ^^^^^^^^^^ use of undeclared type `ActionType`
[INFO] [stdout] 
[INFO] [stdout] 
[INFO] [stdout] error[E0433]: cannot find type `Layer` in this scope
[INFO] [stdout]    --> tests/integration.rs:477:16
[INFO] [stdout]     |
[INFO] [stdout] 477 |         .layer(Layer::ConnectV4)
[INFO] [stdout]     |                ^^^^^ use of undeclared type `Layer`
[INFO] [stdout] 
[INFO] [stdout] 
[INFO] [stdout] error[E0433]: cannot find type `IpAddressConditionBuilder` in this scope
[INFO] [stdout]    --> tests/integration.rs:479:13
[INFO] [stdout]     |
[INFO] [stdout] 479 |             IpAddressConditionBuilder::remote()
[INFO] [stdout]     |             ^^^^^^^^^^^^^^^^^^^^^^^^^ use of undeclared type `IpAddressConditionBuilder`
[INFO] [stdout] 
[INFO] [stdout] 
[INFO] [stdout] error[E0433]: cannot find type `FilterBuilder` in this scope
[INFO] [stdout]    --> tests/integration.rs:487:5
[INFO] [stdout]     |
[INFO] [stdout] 487 |     FilterBuilder::default()
[INFO] [stdout]     |     ^^^^^^^^^^^^^ use of undeclared type `FilterBuilder`
[INFO] [stdout] 
[INFO] [stdout] 
[INFO] [stderr] error: could not compile `wfp` (test "integration") due to 93 previous errors; 1 warning emitted
[INFO] [stdout] error[E0433]: cannot find type `ActionType` in this scope
[INFO] [stdout]    --> tests/integration.rs:490:17
[INFO] [stdout]     |
[INFO] [stdout] 490 |         .action(ActionType::Permit)
[INFO] [stdout]     |                 ^^^^^^^^^^ use of undeclared type `ActionType`
[INFO] [stdout] 
[INFO] [stdout] 
[INFO] [stderr] warning: unused dependency `log`
[INFO] [stdout] error[E0433]: cannot find type `Layer` in this scope
[INFO] [stdout]    --> tests/integration.rs:491:16
[INFO] [stdout]     |
[INFO] [stdout] 491 |         .layer(Layer::ConnectV6)
[INFO] [stdout]     |                ^^^^^ use of undeclared type `Layer`
[INFO] [stdout] 
[INFO] [stdout] 
[INFO] [stderr]  --> Cargo.toml:1:15
[INFO] [stdout] error[E0433]: cannot find type `IpAddressConditionBuilder` in this scope
[INFO] [stdout]    --> tests/integration.rs:493:13
[INFO] [stdout]     |
[INFO] [stdout] 493 |             IpAddressConditionBuilder::remote()
[INFO] [stdout]     |             ^^^^^^^^^^^^^^^^^^^^^^^^^ use of undeclared type `IpAddressConditionBuilder`
[INFO] [stdout] 
[INFO] [stdout] 
[INFO] [stderr]   |
[INFO] [stdout] Some errors have detailed explanations: E0425, E0433.
[INFO] [stdout] 
[INFO] [stderr] 1 | [dependencies.log]
[INFO] [stdout] For more information about an error, try `rustc --explain E0425`.
[INFO] [stdout] 
[INFO] [stderr]   |               ^^^^
[INFO] [stderr]   |
[INFO] [stderr]   = note: `cargo::unused_dependencies` is set to `warn` by default
[INFO] [stderr] help: consider removing the dependency on `log`
[INFO] [stderr] warning: unused dependency `windows-sys`
[INFO] [stderr]  --> Cargo.toml:4:15
[INFO] [stderr]   |
[INFO] [stderr] 4 | [dependencies.windows-sys]
[INFO] [stderr]   |               ^^^^^^^^^^^^
[INFO] [stderr]   |
[INFO] [stderr] help: consider removing the dependency on `windows-sys`
[INFO] [stderr] warning: `wfp` (manifest) generated 2 warnings
[INFO] running `Command { std: "docker" "inspect" "83d4b782e921aedb1a68f15aa483c9207fc191598ced95ad5b39a6f4abff172b", kill_on_drop: false }`
[INFO] running `Command { std: "docker" "rm" "-f" "83d4b782e921aedb1a68f15aa483c9207fc191598ced95ad5b39a6f4abff172b", kill_on_drop: false }`
[INFO] [stdout] 83d4b782e921aedb1a68f15aa483c9207fc191598ced95ad5b39a6f4abff172b
