[INFO] fetching crate wesl-quote 0.5.0...
[INFO] testing wesl-quote-0.5.0 against 1.99.0-beta.8 for beta-1.100-2
[INFO] extracting crate wesl-quote 0.5.0 into /workspace/builds/worker-5-tc1/source
[INFO] started tweaking crates.io crate wesl-quote 0.5.0
[INFO] removed 0 missing tests
[INFO] finished tweaking crates.io crate wesl-quote 0.5.0
[INFO] tweaked toml for crates.io crate wesl-quote 0.5.0 written to /workspace/builds/worker-5-tc1/source/Cargo.toml
[INFO] validating manifest of crates.io crate wesl-quote 0.5.0 on toolchain 1.99.0-beta.8
[INFO] running `Command { std: CARGO_HOME="/workspace/cargo-home" RUSTUP_HOME="/workspace/rustup-home" "/workspace/cargo-home/bin/cargo" "+1.99.0-beta.8" "metadata" "--manifest-path" "Cargo.toml" "--no-deps", kill_on_drop: false }`
[INFO] crate crates.io crate wesl-quote 0.5.0 already has a lockfile, it will not be regenerated
[INFO] running `Command { std: CARGO_HOME="/workspace/cargo-home" RUSTUP_HOME="/workspace/rustup-home" "/workspace/cargo-home/bin/cargo" "+1.99.0-beta.8" "fetch" "--manifest-path" "Cargo.toml", kill_on_drop: false }`
[INFO] [stderr]     Updating crates.io index
[INFO] [stderr]  Downloading crates ...
[INFO] [stderr]   Downloaded either v1.17.0
[INFO] [stderr]   Downloaded tokrepr-derive v0.1.0
[INFO] [stderr]   Downloaded wgsl-types v0.5.0
[INFO] [stderr]   Downloaded tokrepr v0.1.1
[INFO] [stderr]   Downloaded token_stream_flatten v0.1.0
[INFO] [stderr]   Downloaded logos-derive v0.16.1
[INFO] [stderr]   Downloaded convert_case v0.10.0
[INFO] [stderr]   Downloaded logos v0.16.1
[INFO] [stderr]   Downloaded lexical v7.0.5
[INFO] [stderr]   Downloaded lalrpop-util v0.23.1
[INFO] [stderr]   Downloaded annotate-snippets v0.12.16
[INFO] [stderr]   Downloaded wgsl-parse v0.5.0
[INFO] [stderr]   Downloaded logos-codegen v0.16.1
[INFO] [stderr]   Downloaded zerocopy-derive v0.8.55
[INFO] [stderr]   Downloaded itertools v0.15.0
[INFO] [stderr]   Downloaded zerocopy v0.8.55
[INFO] [stderr]   Downloaded syn v3.0.4
[INFO] [stderr]   Downloaded regex-automata v0.4.16
[INFO] running `Command { std: "docker" "create" "-v" "/var/lib/crater-agent-workspace/builds/worker-5-tc1/source:/opt/rustwide/workdir:ro,Z" "-v" "/var/lib/crater-agent-workspace/builds/worker-5-tc1/target:/opt/rustwide/target:rw,Z" "-v" "/var/lib/crater-agent-workspace/cargo-home:/opt/rustwide/cargo-home:ro,Z" "-v" "/var/lib/crater-agent-workspace/rustup-home:/opt/rustwide/rustup-home:ro,Z" "-m" "1610612736" "--network" "none" "ghcr.io/rust-lang/crates-build-env/linux@sha256:3111399a4047eeb3a02b7a90e478d715f38a8c6669b5c4b49d30a17385265909" "sleep" "infinity", kill_on_drop: false }`
[INFO] [stdout] 6cd43cea91da3dc20b96f70c3b724e4027e1a51671bb6ac479c1b8624898c686
[INFO] running `Command { std: "docker" "start" "6cd43cea91da3dc20b96f70c3b724e4027e1a51671bb6ac479c1b8624898c686", kill_on_drop: false }`
[INFO] running `Command { std: "docker" "inspect" "6cd43cea91da3dc20b96f70c3b724e4027e1a51671bb6ac479c1b8624898c686", kill_on_drop: false }`
[INFO] running `Command { std: "docker" "exec" "-e" "SOURCE_DIR=/opt/rustwide/workdir" "-e" "CARGO_HOME=/opt/rustwide/cargo-home" "-e" "RUSTUP_HOME=/opt/rustwide/rustup-home" "-e" "CARGO_TARGET_DIR=/opt/rustwide/target" "-w" "/opt/rustwide/workdir" "--user" "0:0" "6cd43cea91da3dc20b96f70c3b724e4027e1a51671bb6ac479c1b8624898c686" "/opt/rustwide/cargo-home/bin/cargo" "+1.99.0-beta.8" "metadata" "--no-deps" "--format-version=1", kill_on_drop: false }`
[INFO] running `Command { std: "docker" "inspect" "6cd43cea91da3dc20b96f70c3b724e4027e1a51671bb6ac479c1b8624898c686", kill_on_drop: false }`
[INFO] running `Command { std: "docker" "exec" "-e" "SOURCE_DIR=/opt/rustwide/workdir" "-e" "CARGO_HOME=/opt/rustwide/cargo-home" "-e" "RUSTUP_HOME=/opt/rustwide/rustup-home" "-e" "CARGO_TARGET_DIR=/opt/rustwide/target" "-e" "CARGO_INCREMENTAL=0" "-e" "RUST_BACKTRACE=full" "-e" "RUSTFLAGS=--cap-lints=warn" "-e" "RUSTDOCFLAGS=--cap-lints=warn" "-w" "/opt/rustwide/workdir" "--user" "0:0" "6cd43cea91da3dc20b96f70c3b724e4027e1a51671bb6ac479c1b8624898c686" "/opt/rustwide/cargo-home/bin/cargo" "+1.99.0-beta.8" "build" "--frozen" "--message-format=json", kill_on_drop: false }`
[INFO] [stderr]    Compiling proc-macro2 v1.0.107
[INFO] [stderr]    Compiling quote v1.0.47
[INFO] [stderr]    Compiling lexical-util v1.0.7
[INFO] [stderr]    Compiling memchr v2.8.3
[INFO] [stderr]    Compiling either v1.17.0
[INFO] [stderr]    Compiling autocfg v1.5.1
[INFO] [stderr]    Compiling regex-syntax v0.8.11
[INFO] [stderr]    Compiling libm v0.2.16
[INFO] [stderr]    Compiling zerocopy v0.8.55
[INFO] [stderr]    Compiling itertools v0.14.0
[INFO] [stderr]    Compiling num-traits v0.2.19
[INFO] [stderr]    Compiling unicode-segmentation v1.13.3
[INFO] [stderr]    Compiling fnv v1.0.7
[INFO] [stderr]    Compiling lalrpop-util v0.23.1
[INFO] [stderr]    Compiling aho-corasick v1.1.4
[INFO] [stderr]    Compiling convert_case v0.10.0
[INFO] [stderr]    Compiling syn v2.0.119
[INFO] [stderr]    Compiling syn v3.0.4
[INFO] [stderr]    Compiling cfg-if v1.0.4
[INFO] [stderr]    Compiling thiserror v2.0.20
[INFO] [stderr]    Compiling lexical-write-integer v1.0.6
[INFO] [stderr]    Compiling lexical-parse-integer v1.0.6
[INFO] [stderr]    Compiling lexical-write-float v1.0.6
[INFO] [stderr]    Compiling lexical-parse-float v1.0.6
[INFO] [stderr]    Compiling itertools v0.15.0
[INFO] [stderr]    Compiling lexical-core v1.0.6
[INFO] [stderr]    Compiling unicode-width v0.2.2
[INFO] [stderr]    Compiling regex-automata v0.4.16
[INFO] [stderr]    Compiling anstyle v1.0.14
[INFO] [stderr]    Compiling lexical v7.0.5
[INFO] [stderr]    Compiling proc-macro-error-attr2 v2.0.0
[INFO] [stderr]    Compiling annotate-snippets v0.12.16
[INFO] [stderr]    Compiling token_stream_flatten v0.1.0
[INFO] [stderr]    Compiling thiserror-impl v2.0.20
[INFO] [stderr]    Compiling proc-macro-error2 v2.0.1
[INFO] [stderr]    Compiling zerocopy-derive v0.8.55
[INFO] [stderr]    Compiling tokrepr-derive v0.1.0
[INFO] [stderr]    Compiling derive_more-impl v2.1.1
[INFO] [stderr]    Compiling tokrepr v0.1.1
[INFO] [stderr]    Compiling logos-codegen v0.16.1
[INFO] [stderr]    Compiling derive_more v2.1.1
[INFO] [stderr]    Compiling logos-derive v0.16.1
[INFO] [stderr]    Compiling logos v0.16.1
[INFO] [stderr]    Compiling half v2.7.1
[INFO] [stderr]    Compiling wgsl-types v0.5.0
[INFO] [stderr]    Compiling wgsl-parse v0.5.0
[INFO] [stderr]    Compiling wesl-quote v0.5.0 (/opt/rustwide/workdir)
[INFO] [stderr]     Finished `dev` profile [unoptimized + debuginfo] target(s) in 1m 00s
[INFO] [stderr] warning: the following packages contain code that will be rejected by a future version of Rust: proc-macro-error2 v2.0.1
[INFO] [stderr] note: to see what the problems were, use the option `--future-incompat-report`, or run `cargo report future-incompatibilities --id 1`
[INFO] running `Command { std: "docker" "inspect" "6cd43cea91da3dc20b96f70c3b724e4027e1a51671bb6ac479c1b8624898c686", kill_on_drop: false }`
[INFO] running `Command { std: "docker" "exec" "-e" "SOURCE_DIR=/opt/rustwide/workdir" "-e" "CARGO_HOME=/opt/rustwide/cargo-home" "-e" "RUSTUP_HOME=/opt/rustwide/rustup-home" "-e" "CARGO_TARGET_DIR=/opt/rustwide/target" "-e" "CARGO_INCREMENTAL=0" "-e" "RUST_BACKTRACE=full" "-e" "RUSTFLAGS=--cap-lints=warn" "-e" "RUSTDOCFLAGS=--cap-lints=warn" "-w" "/opt/rustwide/workdir" "--user" "0:0" "6cd43cea91da3dc20b96f70c3b724e4027e1a51671bb6ac479c1b8624898c686" "/opt/rustwide/cargo-home/bin/cargo" "+1.99.0-beta.8" "test" "--frozen" "--no-run" "--message-format=json", kill_on_drop: false }`
[INFO] [stderr]    Compiling proc-macro2 v1.0.107
[INFO] [stderr]    Compiling unicode-ident v1.0.24
[INFO] [stderr]    Compiling lexical-util v1.0.7
[INFO] [stderr]    Compiling either v1.17.0
[INFO] [stderr]    Compiling quote v1.0.47
[INFO] [stderr]    Compiling libm v0.2.16
[INFO] [stderr]    Compiling zerocopy v0.8.55
[INFO] [stderr]    Compiling num-traits v0.2.19
[INFO] [stderr]    Compiling lalrpop-util v0.23.1
[INFO] [stderr]    Compiling thiserror v2.0.20
[INFO] [stderr]    Compiling anstyle v1.0.14
[INFO] [stderr]    Compiling unicode-width v0.2.2
[INFO] [stderr]    Compiling memchr v2.8.3
[INFO] [stderr]    Compiling itertools v0.14.0
[INFO] [stderr]    Compiling itertools v0.15.0
[INFO] [stderr]    Compiling regex-syntax v0.8.11
[INFO] [stderr]    Compiling annotate-snippets v0.12.16
[INFO] [stderr]    Compiling lexical-write-integer v1.0.6
[INFO] [stderr]    Compiling syn v2.0.119
[INFO] [stderr]    Compiling lexical-parse-integer v1.0.6
[INFO] [stderr]    Compiling lexical-write-float v1.0.6
[INFO] [stderr]    Compiling lexical-parse-float v1.0.6
[INFO] [stderr]    Compiling syn v3.0.4
[INFO] [stderr]    Compiling lexical-core v1.0.6
[INFO] [stderr]    Compiling proc-macro-error-attr2 v2.0.0
[INFO] [stderr]    Compiling aho-corasick v1.1.4
[INFO] [stderr]    Compiling token_stream_flatten v0.1.0
[INFO] [stderr]    Compiling lexical v7.0.5
[INFO] [stderr]    Compiling proc-macro-error2 v2.0.1
[INFO] [stderr]    Compiling regex-automata v0.4.16
[INFO] [stderr]    Compiling thiserror-impl v2.0.20
[INFO] [stderr]    Compiling logos-codegen v0.16.1
[INFO] [stderr]    Compiling zerocopy-derive v0.8.55
[INFO] [stderr]    Compiling tokrepr-derive v0.1.0
[INFO] [stderr]    Compiling derive_more-impl v2.1.1
[INFO] [stderr]    Compiling tokrepr v0.1.1
[INFO] [stderr]    Compiling logos-derive v0.16.1
[INFO] [stderr]    Compiling logos v0.16.1
[INFO] [stderr]    Compiling derive_more v2.1.1
[INFO] [stderr]    Compiling half v2.7.1
[INFO] [stderr]    Compiling wgsl-types v0.5.0
[INFO] [stderr]    Compiling wgsl-parse v0.5.0
[INFO] [stderr]    Compiling wesl-quote v0.5.0 (/opt/rustwide/workdir)
[INFO] [stdout] error[E0433]: cannot find module or crate `wesl` in this scope
[INFO] [stdout]  --> tests/interpolation.rs:1:5
[INFO] [stdout]   |
[INFO] [stdout] 1 | use wesl::syntax::*;
[INFO] [stdout]   |     ^^^^ use of unresolved module or unlinked crate `wesl`
[INFO] [stdout]   |
[INFO] [stdout]   = help: if you wanted to use a crate named `wesl`, use `cargo add wesl` to add it to your `Cargo.toml`
[INFO] [stdout] 
[INFO] [stdout] 
[INFO] [stdout] error[E0422]: cannot find struct, variant or union type `TranslationUnit` in this scope
[INFO] [stdout]   --> tests/interpolation.rs:10:16
[INFO] [stdout]    |
[INFO] [stdout] 10 |       let wgsl = quote_module! {
[INFO] [stdout]    |  ________________^
[INFO] [stdout] 11 | |         #decl@inject_struct
[INFO] [stdout] 12 | |         #decl@inject_func
[INFO] [stdout] 13 | |         fn foo() {
[INFO] [stdout] ...  |
[INFO] [stdout] 17 | |     };
[INFO] [stdout]    | |_____^ not found in this scope
[INFO] [stdout]    |
[INFO] [stdout]    = note: this error originates in the macro `quote_module` (in Nightly builds, run with -Z macro-backtrace for more info)
[INFO] [stdout] 
[INFO] [stdout] 
[INFO] [stdout] error[E0422]: cannot find struct, variant or union type `Span` in this scope
[INFO] [stdout]   --> tests/interpolation.rs:10:16
[INFO] [stdout]    |
[INFO] [stdout] 10 |       let wgsl = quote_module! {
[INFO] [stdout]    |  ________________^
[INFO] [stdout] 11 | |         #decl@inject_struct
[INFO] [stdout] 12 | |         #decl@inject_func
[INFO] [stdout] 13 | |         fn foo() {
[INFO] [stdout] ...  |
[INFO] [stdout] 17 | |     };
[INFO] [stdout]    | |_____^ not found in this scope
[INFO] [stdout]    |
[INFO] [stdout]    = note: this error originates in the macro `quote_module` (in Nightly builds, run with -Z macro-backtrace for more info)
[INFO] [stdout] 
[INFO] [stdout] 
[INFO] [stdout] error[E0422]: cannot find struct, variant or union type `Function` in this scope
[INFO] [stdout]   --> tests/interpolation.rs:10:16
[INFO] [stdout]    |
[INFO] [stdout] 10 |       let wgsl = quote_module! {
[INFO] [stdout]    |  ________________^
[INFO] [stdout] 11 | |         #decl@inject_struct
[INFO] [stdout] 12 | |         #decl@inject_func
[INFO] [stdout] 13 | |         fn foo() {
[INFO] [stdout] ...  |
[INFO] [stdout] 17 | |     };
[INFO] [stdout]    | |_____^ not found in this scope
[INFO] [stdout]    |
[INFO] [stdout]    = note: this error originates in the macro `quote_module` (in Nightly builds, run with -Z macro-backtrace for more info)
[INFO] [stdout] 
[INFO] [stdout] 
[INFO] [stdout] error[E0422]: cannot find struct, variant or union type `CompoundStatement` in this scope
[INFO] [stdout]   --> tests/interpolation.rs:10:16
[INFO] [stdout]    |
[INFO] [stdout] 10 |       let wgsl = quote_module! {
[INFO] [stdout]    |  ________________^
[INFO] [stdout] 11 | |         #decl@inject_struct
[INFO] [stdout] 12 | |         #decl@inject_func
[INFO] [stdout] 13 | |         fn foo() {
[INFO] [stdout] ...  |
[INFO] [stdout] 17 | |     };
[INFO] [stdout]    | |_____^ not found in this scope
[INFO] [stdout]    |
[INFO] [stdout]    = note: this error originates in the macro `quote_module` (in Nightly builds, run with -Z macro-backtrace for more info)
[INFO] [stdout] 
[INFO] [stdout] 
[INFO] [stdout] error[E0422]: cannot find struct, variant or union type `Declaration` in this scope
[INFO] [stdout]   --> tests/interpolation.rs:10:16
[INFO] [stdout]    |
[INFO] [stdout] 10 |       let wgsl = quote_module! {
[INFO] [stdout]    |  ________________^
[INFO] [stdout] 11 | |         #decl@inject_struct
[INFO] [stdout] 12 | |         #decl@inject_func
[INFO] [stdout] 13 | |         fn foo() {
[INFO] [stdout] ...  |
[INFO] [stdout] 17 | |     };
[INFO] [stdout]    | |_____^ not found in this scope
[INFO] [stdout]    |
[INFO] [stdout]    = note: this error originates in the macro `quote_module` (in Nightly builds, run with -Z macro-backtrace for more info)
[INFO] [stdout] 
[INFO] [stdout] 
[INFO] [stdout] error[E0422]: cannot find struct, variant or union type `TypeExpression` in this scope
[INFO] [stdout]   --> tests/interpolation.rs:10:16
[INFO] [stdout]    |
[INFO] [stdout] 10 |       let wgsl = quote_module! {
[INFO] [stdout]    |  ________________^
[INFO] [stdout] 11 | |         #decl@inject_struct
[INFO] [stdout] 12 | |         #decl@inject_func
[INFO] [stdout] 13 | |         fn foo() {
[INFO] [stdout] ...  |
[INFO] [stdout] 17 | |     };
[INFO] [stdout]    | |_____^ not found in this scope
[INFO] [stdout]    |
[INFO] [stdout]    = note: this error originates in the macro `quote_module` (in Nightly builds, run with -Z macro-backtrace for more info)
[INFO] [stdout] 
[INFO] [stdout] 
[INFO] [stdout] error[E0422]: cannot find struct, variant or union type `TranslationUnit` in this scope
[INFO] [stdout]   --> tests/interpolation.rs:65:16
[INFO] [stdout]    |
[INFO] [stdout] 65 |       let wgsl = quote_module! {
[INFO] [stdout]    |  ________________^
[INFO] [stdout] 66 | |         struct S { field: #ty }
[INFO] [stdout] 67 | |     };
[INFO] [stdout]    | |_____^ not found in this scope
[INFO] [stdout]    |
[INFO] [stdout]    = note: this error originates in the macro `quote_module` (in Nightly builds, run with -Z macro-backtrace for more info)
[INFO] [stdout] 
[INFO] [stdout] 
[INFO] [stdout] error[E0422]: cannot find struct, variant or union type `Struct` in this scope
[INFO] [stdout]   --> tests/interpolation.rs:65:16
[INFO] [stdout]    |
[INFO] [stdout] 65 |       let wgsl = quote_module! {
[INFO] [stdout]    |  ________________^
[INFO] [stdout] 66 | |         struct S { field: #ty }
[INFO] [stdout] 67 | |     };
[INFO] [stdout]    | |_____^ not found in this scope
[INFO] [stdout]    |
[INFO] [stdout]    = note: this error originates in the macro `quote_module` (in Nightly builds, run with -Z macro-backtrace for more info)
[INFO] [stdout] 
[INFO] [stdout] 
[INFO] [stdout] error[E0422]: cannot find struct, variant or union type `StructMember` in this scope
[INFO] [stdout]   --> tests/interpolation.rs:65:16
[INFO] [stdout]    |
[INFO] [stdout] 65 |       let wgsl = quote_module! {
[INFO] [stdout]    |  ________________^
[INFO] [stdout] 66 | |         struct S { field: #ty }
[INFO] [stdout] 67 | |     };
[INFO] [stdout]    | |_____^ not found in this scope
[INFO] [stdout]    |
[INFO] [stdout]    = note: this error originates in the macro `quote_module` (in Nightly builds, run with -Z macro-backtrace for more info)
[INFO] [stdout] 
[INFO] [stdout] 
[INFO] [stdout] error[E0422]: cannot find struct, variant or union type `TypeExpression` in this scope
[INFO] [stdout]   --> tests/interpolation.rs:65:16
[INFO] [stdout]    |
[INFO] [stdout] 65 |       let wgsl = quote_module! {
[INFO] [stdout]    |  ________________^
[INFO] [stdout] 66 | |         struct S { field: #ty }
[INFO] [stdout] 67 | |     };
[INFO] [stdout]    | |_____^ not found in this scope
[INFO] [stdout]    |
[INFO] [stdout]    = note: this error originates in the macro `quote_module` (in Nightly builds, run with -Z macro-backtrace for more info)
[INFO] [stdout] 
[INFO] [stdout] 
[INFO] [stdout] error[E0422]: cannot find struct, variant or union type `Span` in this scope
[INFO] [stdout]   --> tests/interpolation.rs:65:16
[INFO] [stdout]    |
[INFO] [stdout] 65 |       let wgsl = quote_module! {
[INFO] [stdout]    |  ________________^
[INFO] [stdout] 66 | |         struct S { field: #ty }
[INFO] [stdout] 67 | |     };
[INFO] [stdout]    | |_____^ not found in this scope
[INFO] [stdout]    |
[INFO] [stdout]    = note: this error originates in the macro `quote_module` (in Nightly builds, run with -Z macro-backtrace for more info)
[INFO] [stdout] 
[INFO] [stdout] 
[INFO] [stdout] error[E0422]: cannot find struct, variant or union type `StructMember` in this scope
[INFO] [stdout]   --> tests/interpolation.rs:73:22
[INFO] [stdout]    |
[INFO] [stdout] 73 |     let inject_mem = StructMember {
[INFO] [stdout]    |                      ^^^^^^^^^^^^ not found in this scope
[INFO] [stdout] 
[INFO] [stdout] 
[INFO] [stdout] error[E0422]: cannot find struct, variant or union type `CustomAttribute` in this scope
[INFO] [stdout]   --> tests/interpolation.rs:78:41
[INFO] [stdout]    |
[INFO] [stdout] 78 |     let inject_attr = Attribute::Custom(CustomAttribute {
[INFO] [stdout]    |                                         ^^^^^^^^^^^^^^^ not found in this scope
[INFO] [stdout] 
[INFO] [stdout] 
[INFO] [stdout] error[E0422]: cannot find struct, variant or union type `TranslationUnit` in this scope
[INFO] [stdout]   --> tests/interpolation.rs:83:16
[INFO] [stdout]    |
[INFO] [stdout] 83 |       let wgsl = quote_module! {
[INFO] [stdout]    |  ________________^
[INFO] [stdout] 84 | |         struct S {
[INFO] [stdout] 85 | |             #mem@inject_mem,
[INFO] [stdout] 86 | |             other: f32,
[INFO] [stdout] ...  |
[INFO] [stdout] 89 | |         fn foo() {}
[INFO] [stdout] 90 | |     };
[INFO] [stdout]    | |_____^ not found in this scope
[INFO] [stdout]    |
[INFO] [stdout]    = note: this error originates in the macro `quote_module` (in Nightly builds, run with -Z macro-backtrace for more info)
[INFO] [stdout] 
[INFO] [stdout] 
[INFO] [stdout] error[E0422]: cannot find struct, variant or union type `Struct` in this scope
[INFO] [stdout]   --> tests/interpolation.rs:83:16
[INFO] [stdout]    |
[INFO] [stdout] 83 |       let wgsl = quote_module! {
[INFO] [stdout]    |  ________________^
[INFO] [stdout] 84 | |         struct S {
[INFO] [stdout] 85 | |             #mem@inject_mem,
[INFO] [stdout] 86 | |             other: f32,
[INFO] [stdout] ...  |
[INFO] [stdout] 89 | |         fn foo() {}
[INFO] [stdout] 90 | |     };
[INFO] [stdout]    | |_____^ not found in this scope
[INFO] [stdout]    |
[INFO] [stdout]    = note: this error originates in the macro `quote_module` (in Nightly builds, run with -Z macro-backtrace for more info)
[INFO] [stdout] 
[INFO] [stdout] 
[INFO] [stdout] error[E0422]: cannot find struct, variant or union type `Span` in this scope
[INFO] [stdout]   --> tests/interpolation.rs:83:16
[INFO] [stdout]    |
[INFO] [stdout] 83 |       let wgsl = quote_module! {
[INFO] [stdout]    |  ________________^
[INFO] [stdout] 84 | |         struct S {
[INFO] [stdout] 85 | |             #mem@inject_mem,
[INFO] [stdout] 86 | |             other: f32,
[INFO] [stdout] ...  |
[INFO] [stdout] 89 | |         fn foo() {}
[INFO] [stdout] 90 | |     };
[INFO] [stdout]    | |_____^ not found in this scope
[INFO] [stdout]    |
[INFO] [stdout]    = note: this error originates in the macro `quote_module` (in Nightly builds, run with -Z macro-backtrace for more info)
[INFO] [stdout] 
[INFO] [stdout] 
[INFO] [stdout] error[E0422]: cannot find struct, variant or union type `StructMember` in this scope
[INFO] [stdout]   --> tests/interpolation.rs:83:16
[INFO] [stdout]    |
[INFO] [stdout] 83 |       let wgsl = quote_module! {
[INFO] [stdout]    |  ________________^
[INFO] [stdout] 84 | |         struct S {
[INFO] [stdout] 85 | |             #mem@inject_mem,
[INFO] [stdout] 86 | |             other: f32,
[INFO] [stdout] ...  |
[INFO] [stdout] 89 | |         fn foo() {}
[INFO] [stdout] 90 | |     };
[INFO] [stdout]    | |_____^ not found in this scope
[INFO] [stdout]    |
[INFO] [stdout]    = note: this error originates in the macro `quote_module` (in Nightly builds, run with -Z macro-backtrace for more info)
[INFO] [stdout] 
[INFO] [stdout] 
[INFO] [stdout] error[E0422]: cannot find struct, variant or union type `TypeExpression` in this scope
[INFO] [stdout]   --> tests/interpolation.rs:83:16
[INFO] [stdout]    |
[INFO] [stdout] 83 |       let wgsl = quote_module! {
[INFO] [stdout]    |  ________________^
[INFO] [stdout] 84 | |         struct S {
[INFO] [stdout] 85 | |             #mem@inject_mem,
[INFO] [stdout] 86 | |             other: f32,
[INFO] [stdout] ...  |
[INFO] [stdout] 89 | |         fn foo() {}
[INFO] [stdout] 90 | |     };
[INFO] [stdout]    | |_____^ not found in this scope
[INFO] [stdout]    |
[INFO] [stdout]    = note: this error originates in the macro `quote_module` (in Nightly builds, run with -Z macro-backtrace for more info)
[INFO] [stdout] 
[INFO] [stdout] 
[INFO] [stdout] error[E0422]: cannot find struct, variant or union type `Function` in this scope
[INFO] [stdout]   --> tests/interpolation.rs:83:16
[INFO] [stdout]    |
[INFO] [stdout] 83 |       let wgsl = quote_module! {
[INFO] [stdout]    |  ________________^
[INFO] [stdout] 84 | |         struct S {
[INFO] [stdout] 85 | |             #mem@inject_mem,
[INFO] [stdout] 86 | |             other: f32,
[INFO] [stdout] ...  |
[INFO] [stdout] 89 | |         fn foo() {}
[INFO] [stdout] 90 | |     };
[INFO] [stdout]    | |_____^ not found in this scope
[INFO] [stdout]    |
[INFO] [stdout]    = note: this error originates in the macro `quote_module` (in Nightly builds, run with -Z macro-backtrace for more info)
[INFO] [stdout] 
[INFO] [stdout] 
[INFO] [stdout] error[E0422]: cannot find struct, variant or union type `CompoundStatement` in this scope
[INFO] [stdout]   --> tests/interpolation.rs:83:16
[INFO] [stdout]    |
[INFO] [stdout] 83 |       let wgsl = quote_module! {
[INFO] [stdout]    |  ________________^
[INFO] [stdout] 84 | |         struct S {
[INFO] [stdout] 85 | |             #mem@inject_mem,
[INFO] [stdout] 86 | |             other: f32,
[INFO] [stdout] ...  |
[INFO] [stdout] 89 | |         fn foo() {}
[INFO] [stdout] 90 | |     };
[INFO] [stdout]    | |_____^ not found in this scope
[INFO] [stdout]    |
[INFO] [stdout]    = note: this error originates in the macro `quote_module` (in Nightly builds, run with -Z macro-backtrace for more info)
[INFO] [stdout] 
[INFO] [stdout] 
[INFO] [stdout] error[E0433]: cannot find type `Struct` in this scope
[INFO] [stdout]  --> tests/interpolation.rs:6:25
[INFO] [stdout]   |
[INFO] [stdout] 6 |     let inject_struct = Struct::new(Ident::new("mystruct".to_string()));
[INFO] [stdout]   |                         ^^^^^^ use of undeclared type `Struct`
[INFO] [stdout] 
[INFO] [stdout] 
[INFO] [stdout] error[E0433]: cannot find type `Ident` in this scope
[INFO] [stdout]  --> tests/interpolation.rs:6:37
[INFO] [stdout]   |
[INFO] [stdout] 6 |     let inject_struct = Struct::new(Ident::new("mystruct".to_string()));
[INFO] [stdout]   |                                     ^^^^^ use of undeclared type `Ident`
[INFO] [stdout] 
[INFO] [stdout] 
[INFO] [stdout] error[E0433]: cannot find type `Function` in this scope
[INFO] [stdout]  --> tests/interpolation.rs:7:23
[INFO] [stdout]   |
[INFO] [stdout] 7 |     let inject_func = Function::new(Ident::new("myfunc".to_string()));
[INFO] [stdout]   |                       ^^^^^^^^ use of undeclared type `Function`
[INFO] [stdout] 
[INFO] [stdout] 
[INFO] [stdout] error[E0433]: cannot find type `Ident` in this scope
[INFO] [stdout]  --> tests/interpolation.rs:7:37
[INFO] [stdout]   |
[INFO] [stdout] 7 |     let inject_func = Function::new(Ident::new("myfunc".to_string()));
[INFO] [stdout]   |                                     ^^^^^ use of undeclared type `Ident`
[INFO] [stdout] 
[INFO] [stdout] 
[INFO] [stdout] error[E0433]: cannot find type `Statement` in this scope
[INFO] [stdout]  --> tests/interpolation.rs:8:23
[INFO] [stdout]   |
[INFO] [stdout] 8 |     let inject_stmt = Statement::Void;
[INFO] [stdout]   |                       ^^^^^^^^^ use of undeclared type `Statement`
[INFO] [stdout] 
[INFO] [stdout] 
[INFO] [stdout] error[E0433]: cannot find type `Spanned` in this scope
[INFO] [stdout]   --> tests/interpolation.rs:10:16
[INFO] [stdout]    |
[INFO] [stdout] 10 |       let wgsl = quote_module! {
[INFO] [stdout]    |  ________________^
[INFO] [stdout] 11 | |         #decl@inject_struct
[INFO] [stdout] 12 | |         #decl@inject_func
[INFO] [stdout] 13 | |         fn foo() {
[INFO] [stdout] ...  |
[INFO] [stdout] 17 | |     };
[INFO] [stdout]    | |_____^ use of undeclared type `Spanned`
[INFO] [stdout]    |
[INFO] [stdout]    = note: this error originates in the macro `quote_module` (in Nightly builds, run with -Z macro-backtrace for more info)
[INFO] [stdout] 
[INFO] [stdout] 
[INFO] [stdout] error[E0433]: cannot find type `Statement` in this scope
[INFO] [stdout]   --> tests/interpolation.rs:46:48
[INFO] [stdout]    |
[INFO] [stdout] 46 |     assert_eq!(foo.body.statements[0].node(), &Statement::Void);
[INFO] [stdout]    |                                                ^^^^^^^^^ use of undeclared type `Statement`
[INFO] [stdout] 
[INFO] [stdout] 
[INFO] [stdout] error[E0433]: cannot find type `Expression` in this scope
[INFO] [stdout]   --> tests/interpolation.rs:55:18
[INFO] [stdout]    |
[INFO] [stdout] 55 |                 &Expression::Literal(LiteralExpression::F32(1.0))
[INFO] [stdout]    |                  ^^^^^^^^^^ use of undeclared type `Expression`
[INFO] [stdout] 
[INFO] [stdout] 
[INFO] [stdout] error[E0433]: cannot find type `LiteralExpression` in this scope
[INFO] [stdout]   --> tests/interpolation.rs:55:38
[INFO] [stdout]    |
[INFO] [stdout] 55 |                 &Expression::Literal(LiteralExpression::F32(1.0))
[INFO] [stdout]    |                                      ^^^^^^^^^^^^^^^^^ use of undeclared type `LiteralExpression`
[INFO] [stdout] 
[INFO] [stdout] 
[INFO] [stdout] error[E0433]: cannot find type `Ident` in this scope
[INFO] [stdout]   --> tests/interpolation.rs:64:14
[INFO] [stdout]    |
[INFO] [stdout] 64 |     let ty = Ident::new("u32".to_string());
[INFO] [stdout]    |              ^^^^^ use of undeclared type `Ident`
[INFO] [stdout] 
[INFO] [stdout] 
[INFO] [stdout] error[E0433]: cannot find type `Ident` in this scope
[INFO] [stdout]   --> tests/interpolation.rs:65:16
[INFO] [stdout]    |
[INFO] [stdout] 65 |       let wgsl = quote_module! {
[INFO] [stdout]    |  ________________^
[INFO] [stdout] 66 | |         struct S { field: #ty }
[INFO] [stdout] 67 | |     };
[INFO] [stdout]    | |_____^ use of undeclared type `Ident`
[INFO] [stdout]    |
[INFO] [stdout]    = note: this error originates in the macro `quote_module` (in Nightly builds, run with -Z macro-backtrace for more info)
[INFO] [stdout] 
[INFO] [stdout] 
[INFO] [stdout] error[E0433]: cannot find type `Ident` in this scope
[INFO] [stdout]   --> tests/interpolation.rs:75:16
[INFO] [stdout]    |
[INFO] [stdout] 75 |         ident: Ident::new("injected_field".to_string()),
[INFO] [stdout]    |                ^^^^^ use of undeclared type `Ident`
[INFO] [stdout] 
[INFO] [stdout] 
[INFO] [stdout] error[E0433]: cannot find type `TypeExpression` in this scope
[INFO] [stdout]   --> tests/interpolation.rs:76:13
[INFO] [stdout]    |
[INFO] [stdout] 76 |         ty: TypeExpression::from(Ident::new("u32".to_string())),
[INFO] [stdout]    |             ^^^^^^^^^^^^^^ use of undeclared type `TypeExpression`
[INFO] [stdout] 
[INFO] [stdout] 
[INFO] [stdout] error[E0433]: cannot find type `Ident` in this scope
[INFO] [stdout]   --> tests/interpolation.rs:76:34
[INFO] [stdout]    |
[INFO] [stdout] 76 |         ty: TypeExpression::from(Ident::new("u32".to_string())),
[INFO] [stdout]    |                                  ^^^^^ use of undeclared type `Ident`
[INFO] [stdout] 
[INFO] [stdout] 
[INFO] [stdout] error[E0433]: cannot find type `Attribute` in this scope
[INFO] [stdout]   --> tests/interpolation.rs:78:23
[INFO] [stdout]    |
[INFO] [stdout] 78 |     let inject_attr = Attribute::Custom(CustomAttribute {
[INFO] [stdout]    |                       ^^^^^^^^^ use of undeclared type `Attribute`
[INFO] [stdout] 
[INFO] [stdout] 
[INFO] [stdout] error[E0433]: cannot find type `Ident` in this scope
[INFO] [stdout]   --> tests/interpolation.rs:83:16
[INFO] [stdout]    |
[INFO] [stdout] 83 |       let wgsl = quote_module! {
[INFO] [stdout]    |  ________________^
[INFO] [stdout] 84 | |         struct S {
[INFO] [stdout] 85 | |             #mem@inject_mem,
[INFO] [stdout] 86 | |             other: f32,
[INFO] [stdout] ...  |
[INFO] [stdout] 89 | |         fn foo() {}
[INFO] [stdout] 90 | |     };
[INFO] [stdout]    | |_____^ use of undeclared type `Ident`
[INFO] [stdout]    |
[INFO] [stdout]    = note: this error originates in the macro `quote_module` (in Nightly builds, run with -Z macro-backtrace for more info)
[INFO] [stdout] 
[INFO] [stdout] 
[INFO] [stderr] error: could not compile `wesl-quote` (test "interpolation") due to 44 previous errors
[INFO] [stdout] error[E0433]: cannot find type `Attribute` in this scope
[INFO] [stdout]    --> tests/interpolation.rs:111:9
[INFO] [stdout]     |
[INFO] [stdout] 111 |         Attribute::Custom(a) => assert_eq!(a.name, "myattr"),
[INFO] [stdout]     |         ^^^^^^^^^ use of undeclared type `Attribute`
[INFO] [stdout] 
[INFO] [stdout] 
[INFO] [stdout] error[E0433]: cannot find type `GlobalDeclaration` in this scope
[INFO] [stdout]    --> tests/interpolation.rs:106:13
[INFO] [stdout]     |
[INFO] [stdout] 106 |             GlobalDeclaration::Function(f) => Some(f),
[INFO] [stdout]     |             ^^^^^^^^^^^^^^^^^ use of undeclared type `GlobalDeclaration`
[INFO] [stdout] 
[INFO] [stdout] 
[INFO] [stdout] error[E0433]: cannot find type `GlobalDeclaration` in this scope
[INFO] [stdout]   --> tests/interpolation.rs:96:13
[INFO] [stdout]    |
[INFO] [stdout] 96 |             GlobalDeclaration::Struct(s) => Some(s),
[INFO] [stdout]    |             ^^^^^^^^^^^^^^^^^ use of undeclared type `GlobalDeclaration`
[INFO] [stdout] 
[INFO] [stdout] 
[INFO] [stdout] error[E0433]: cannot find type `GlobalDeclaration` in this scope
[INFO] [stdout]   --> tests/interpolation.rs:27:13
[INFO] [stdout]    |
[INFO] [stdout] 27 |             GlobalDeclaration::Function(f) => Some(f.ident.to_string()),
[INFO] [stdout]    |             ^^^^^^^^^^^^^^^^^ use of undeclared type `GlobalDeclaration`
[INFO] [stdout] 
[INFO] [stdout] 
[INFO] [stdout] error[E0433]: cannot find type `GlobalDeclaration` in this scope
[INFO] [stdout]   --> tests/interpolation.rs:40:13
[INFO] [stdout]    |
[INFO] [stdout] 40 |             GlobalDeclaration::Function(f) if f.ident.to_string() == "foo" => Some(f),
[INFO] [stdout]    |             ^^^^^^^^^^^^^^^^^ use of undeclared type `GlobalDeclaration`
[INFO] [stdout] 
[INFO] [stdout] 
[INFO] [stdout] error[E0433]: cannot find type `Statement` in this scope
[INFO] [stdout]   --> tests/interpolation.rs:50:9
[INFO] [stdout]    |
[INFO] [stdout] 50 |         Statement::Declaration(decl) => {
[INFO] [stdout]    |         ^^^^^^^^^ use of undeclared type `Statement`
[INFO] [stdout] 
[INFO] [stdout] 
[INFO] [stdout] error[E0433]: cannot find type `GlobalDeclaration` in this scope
[INFO] [stdout]   --> tests/interpolation.rs:26:13
[INFO] [stdout]    |
[INFO] [stdout] 26 |             GlobalDeclaration::Struct(s) => Some(s.ident.to_string()),
[INFO] [stdout]    |             ^^^^^^^^^^^^^^^^^ use of undeclared type `GlobalDeclaration`
[INFO] [stdout] 
[INFO] [stdout] 
[INFO] [stdout] Some errors have detailed explanations: E0422, E0433.
[INFO] [stdout] 
[INFO] [stdout] For more information about an error, try `rustc --explain E0422`.
[INFO] [stdout] 
[INFO] running `Command { std: "docker" "inspect" "6cd43cea91da3dc20b96f70c3b724e4027e1a51671bb6ac479c1b8624898c686", kill_on_drop: false }`
[INFO] running `Command { std: "docker" "rm" "-f" "6cd43cea91da3dc20b96f70c3b724e4027e1a51671bb6ac479c1b8624898c686", kill_on_drop: false }`
[INFO] [stdout] 6cd43cea91da3dc20b96f70c3b724e4027e1a51671bb6ac479c1b8624898c686
