[INFO] fetching crate wenlan-mcp 0.18.14...
[INFO] testing wenlan-mcp-0.18.14 against 1.99.0-beta.8 for beta-1.100-2
[INFO] extracting crate wenlan-mcp 0.18.14 into /workspace/builds/worker-4-tc1/source
[INFO] started tweaking crates.io crate wenlan-mcp 0.18.14
[INFO] removed 0 missing examples
[INFO] removed 0 missing tests
[INFO] finished tweaking crates.io crate wenlan-mcp 0.18.14
[INFO] tweaked toml for crates.io crate wenlan-mcp 0.18.14 written to /workspace/builds/worker-4-tc1/source/Cargo.toml
[INFO] validating manifest of crates.io crate wenlan-mcp 0.18.14 on toolchain 1.99.0-beta.8
[INFO] running `Command { std: CARGO_HOME="/workspace/cargo-home" RUSTUP_HOME="/workspace/rustup-home" "/workspace/cargo-home/bin/cargo" "+1.99.0-beta.8" "metadata" "--manifest-path" "Cargo.toml" "--no-deps", kill_on_drop: false }`
[INFO] crate crates.io crate wenlan-mcp 0.18.14 already has a lockfile, it will not be regenerated
[INFO] running `Command { std: CARGO_HOME="/workspace/cargo-home" RUSTUP_HOME="/workspace/rustup-home" "/workspace/cargo-home/bin/cargo" "+1.99.0-beta.8" "fetch" "--manifest-path" "Cargo.toml", kill_on_drop: false }`
[INFO] [stderr]     Blocking waiting for file lock on package cache
[INFO] [stderr]     Updating crates.io index
[INFO] [stderr]     Blocking waiting for file lock on package cache
[INFO] [stderr]  Downloading crates ...
[INFO] [stderr]   Downloaded percent-encoding v2.3.2
[INFO] [stderr]   Downloaded idna_adapter v1.2.1
[INFO] [stderr]   Downloaded zerofrom-derive v0.1.7
[INFO] [stderr]   Downloaded form_urlencoded v1.2.2
[INFO] [stderr]   Downloaded quote v1.0.45
[INFO] [stderr]   Downloaded tempfile v3.27.0
[INFO] [stderr]   Downloaded hyper-rustls v0.27.7
[INFO] [stderr]   Downloaded potential_utf v0.1.5
[INFO] [stderr]   Downloaded futures-core v0.3.32
[INFO] [stderr]   Downloaded lru-slab v0.1.2
[INFO] [stderr]   Downloaded futures-macro v0.3.32
[INFO] [stderr]   Downloaded assert-json-diff v2.0.2
[INFO] [stderr]   Downloaded portpicker v0.1.1
[INFO] [stderr]   Downloaded utf8_iter v1.0.4
[INFO] [stderr]   Downloaded errno v0.3.14
[INFO] [stderr]   Downloaded tokio-macros v2.7.0
[INFO] [stderr]   Downloaded rand v0.8.8
[INFO] [stderr]   Downloaded anstyle-wincon v3.0.11
[INFO] [stderr]   Downloaded dirs v6.0.0
[INFO] [stderr]   Downloaded option-ext v0.2.0
[INFO] [stderr]   Downloaded wasm-bindgen-shared v0.2.117
[INFO] [stderr]   Downloaded anstyle v1.0.14
[INFO] [stderr]   Downloaded tower-service v0.3.3
[INFO] [stderr]   Downloaded want v0.3.1
[INFO] [stderr]   Downloaded try-lock v0.2.5
[INFO] [stderr]   Downloaded equivalent v1.0.2
[INFO] [stderr]   Downloaded once_cell_polyfill v1.70.2
[INFO] [stderr]   Downloaded clap_lex v1.1.0
[INFO] [stderr]   Downloaded is_terminal_polyfill v1.70.2
[INFO] [stderr]   Downloaded colorchoice v1.0.5
[INFO] [stderr]   Downloaded anstyle-query v1.1.5
[INFO] [stderr]   Downloaded fnv v1.0.7
[INFO] [stderr]   Downloaded futures-io v0.3.32
[INFO] [stderr]   Downloaded num_cpus v1.17.0
[INFO] [stderr]   Downloaded matchers v0.2.0
[INFO] [stderr]   Downloaded sync_wrapper v1.0.2
[INFO] [stderr]   Downloaded dirs-sys v0.5.0
[INFO] [stderr]   Downloaded libredox v0.1.16
[INFO] [stderr]   Downloaded axum-core v0.5.6
[INFO] [stderr]   Downloaded zerofrom v0.1.7
[INFO] [stderr]   Downloaded yoke-derive v0.8.2
[INFO] [stderr]   Downloaded stable_deref_trait v1.2.1
[INFO] [stderr]   Downloaded valuable v0.1.1
[INFO] [stderr]   Downloaded ipnet v2.12.0
[INFO] [stderr]   Downloaded http-body v1.0.1
[INFO] [stderr]   Downloaded futures-sink v0.3.32
[INFO] [stderr]   Downloaded futures-task v0.3.32
[INFO] [stderr]   Downloaded http-body-util v0.1.3
[INFO] [stderr]   Downloaded hermit-abi v0.5.2
[INFO] [stderr]   Downloaded lazy_static v1.5.0
[INFO] [stderr]   Downloaded tower-layer v0.3.3
[INFO] [stderr]   Downloaded wasm-bindgen-macro v0.2.117
[INFO] [stderr]   Downloaded mime v0.3.17
[INFO] [stderr]   Downloaded wiremock v0.6.5
[INFO] [stderr]   Downloaded windows-strings v0.5.1
[INFO] [stderr]   Downloaded anstream v1.0.0
[INFO] [stderr]   Downloaded atomic-waker v1.1.2
[INFO] [stderr]   Downloaded synstructure v0.13.2
[INFO] [stderr]   Downloaded writeable v0.6.3
[INFO] [stderr]   Downloaded futures-executor v0.3.32
[INFO] [stderr]   Downloaded deadpool-runtime v0.1.4
[INFO] [stderr]   Downloaded thread_local v1.1.9
[INFO] [stderr]   Downloaded nu-ansi-term v0.50.3
[INFO] [stderr]   Downloaded thiserror v2.0.18
[INFO] [stderr]   Downloaded thiserror-impl v2.0.18
[INFO] [stderr]   Downloaded unicode-xid v0.2.6
[INFO] [stderr]   Downloaded id-arena v2.3.0
[INFO] [stderr]   Downloaded heck v0.5.0
[INFO] [stderr]   Downloaded fastrand v2.4.1
[INFO] [stderr]   Downloaded subtle v2.6.1
[INFO] [stderr]   Downloaded serde_derive_internals v0.29.1
[INFO] [stderr]   Downloaded ref-cast-impl v1.0.25
[INFO] [stderr]   Downloaded windows-interface v0.59.3
[INFO] [stderr]   Downloaded strsim v0.11.1
[INFO] [stderr]   Downloaded redox_users v0.5.2
[INFO] [stderr]   Downloaded clap_derive v4.6.0
[INFO] [stderr]   Downloaded utf8parse v0.2.2
[INFO] [stderr]   Downloaded anstyle-parse v1.0.0
[INFO] [stderr]   Downloaded serde_path_to_error v0.1.20
[INFO] [stderr]   Downloaded matchit v0.8.4
[INFO] [stderr]   Downloaded zerovec-derive v0.11.3
[INFO] [stderr]   Downloaded displaydoc v0.2.5
[INFO] [stderr]   Downloaded tinystr v0.8.3
[INFO] [stderr]   Downloaded signal-hook-registry v1.4.8
[INFO] [stderr]   Downloaded tracing-attributes v0.1.31
[INFO] [stderr]   Downloaded httparse v1.10.1
[INFO] [stderr]   Downloaded futures-channel v0.3.32
[INFO] [stderr]   Downloaded wasm-bindgen v0.2.117
[INFO] [stderr]   Downloaded wit-bindgen-rust-macro v0.51.0
[INFO] [stderr]   Downloaded windows-implement v0.60.2
[INFO] [stderr]   Downloaded android_system_properties v0.1.5
[INFO] [stderr]   Downloaded serde_urlencoded v0.7.1
[INFO] [stderr]   Downloaded url v2.5.8
[INFO] [stderr]   Downloaded smallvec v1.15.1
[INFO] [stderr]   Downloaded icu_properties v2.2.0
[INFO] [stderr]   Downloaded litemap v0.8.2
[INFO] [stderr]   Downloaded tracing-core v0.1.36
[INFO] [stderr]   Downloaded tracing-log v0.2.0
[INFO] [stderr]   Downloaded find-msvc-tools v0.1.9
[INFO] [stderr]   Downloaded bumpalo v3.20.2
[INFO] [stderr]   Downloaded schemars_derive v1.2.1
[INFO] [stderr]   Downloaded ref-cast v1.0.25
[INFO] [stderr]   Downloaded windows-core v0.62.2
[INFO] [stderr]   Downloaded windows-result v0.4.1
[INFO] [stderr]   Downloaded iana-time-zone-haiku v0.1.2
[INFO] [stderr]   Downloaded core-foundation-sys v0.8.7
[INFO] [stderr]   Downloaded darling v0.23.0
[INFO] [stderr]   Downloaded darling_macro v0.23.0
[INFO] [stderr]   Downloaded sse-stream v0.2.3
[INFO] [stderr]   Downloaded rand v0.10.1
[INFO] [stderr]   Downloaded pastey v0.2.2
[INFO] [stderr]   Downloaded async-trait v0.1.89
[INFO] [stderr]   Downloaded clap v4.6.0
[INFO] [stderr]   Downloaded wasm-metadata v0.244.0
[INFO] [stderr]   Downloaded leb128fmt v0.1.0
[INFO] [stderr]   Downloaded dyn-clone v1.0.20
[INFO] [stderr]   Downloaded rmcp-macros v1.5.0
[INFO] [stderr]   Downloaded iana-time-zone v0.1.65
[INFO] [stderr]   Downloaded bitflags v2.13.1
[INFO] [stderr]   Downloaded deadpool v0.12.3
[INFO] [stderr]   Downloaded anyhow v1.0.102
[INFO] [stderr]   Downloaded sharded-slab v0.1.7
[INFO] [stderr]   Downloaded foldhash v0.1.5
[INFO] [stderr]   Downloaded cc v1.2.59
[INFO] [stderr]   Downloaded shlex v1.3.0
[INFO] [stderr]   Downloaded ident_case v1.0.1
[INFO] [stderr]   Downloaded chacha20 v0.10.0
[INFO] [stderr]   Downloaded quinn-udp v0.5.14
[INFO] [stderr]   Downloaded zerocopy-derive v0.8.48
[INFO] [stderr]   Downloaded yoke v0.8.2
[INFO] [stderr]   Downloaded icu_provider v2.2.0
[INFO] [stderr]   Downloaded icu_normalizer v2.2.0
[INFO] [stderr]   Downloaded icu_normalizer_data v2.2.0
[INFO] [stderr]   Downloaded socket2 v0.6.3
[INFO] [stderr]   Downloaded memchr v2.8.0
[INFO] [stderr]   Downloaded log v0.4.29
[INFO] [stderr]   Downloaded base64 v0.22.1
[INFO] [stderr]   Downloaded futures v0.3.32
[INFO] [stderr]   Downloaded getrandom v0.4.2
[INFO] [stderr]   Downloaded wasm-bindgen-macro-support v0.2.117
[INFO] [stderr]   Downloaded rustversion v1.0.22
[INFO] [stderr]   Downloaded wit-bindgen-rust v0.51.0
[INFO] [stderr]   Downloaded semver v1.0.28
[INFO] [stderr]   Downloaded wit-bindgen-core v0.51.0
[INFO] [stderr]   Downloaded prettyplease v0.2.37
[INFO] [stderr]   Downloaded rand_core v0.10.1
[INFO] [stderr]   Downloaded r-efi v6.0.0
[INFO] [stderr]   Downloaded num-traits v0.2.19
[INFO] [stderr]   Downloaded autocfg v1.5.0
[INFO] [stderr]   Downloaded darling_core v0.23.0
[INFO] [stderr]   Downloaded uuid v1.23.0
[INFO] [stderr]   Downloaded cpufeatures v0.3.0
[INFO] [stderr]   Downloaded rustc-hash v2.1.2
[INFO] [stderr]   Downloaded tinyvec_macros v0.1.1
[INFO] [stderr]   Downloaded rand_pcg v0.10.2
[INFO] [stderr]   Downloaded clap_builder v4.6.0
[INFO] [stderr]   Downloaded icu_locale_core v2.2.0
[INFO] [stderr]   Downloaded icu_collections v2.2.0
[INFO] [stderr]   Downloaded bytes v1.11.1
[INFO] [stderr]   Downloaded http v1.4.0
[INFO] [stderr]   Downloaded wit-bindgen v0.51.0
[INFO] [stderr]   Downloaded js-sys v0.3.94
[INFO] [stderr]   Downloaded schemars v1.2.1
[INFO] [stderr]   Downloaded tokio-stream v0.1.18
[INFO] [stderr]   Downloaded reqwest v0.12.28
[INFO] [stderr]   Downloaded rustls-pki-types v1.14.0
[INFO] [stderr]   Downloaded web-time v1.1.0
[INFO] [stderr]   Downloaded wasm-bindgen-futures v0.4.67
[INFO] [stderr]   Downloaded tokio-rustls v0.26.4
[INFO] [stderr]   Downloaded untrusted v0.9.0
[INFO] [stderr]   Downloaded cfg_aliases v0.2.1
[INFO] [stderr]   Downloaded zerotrie v0.2.4
[INFO] [stderr]   Downloaded mio v1.2.0
[INFO] [stderr]   Downloaded hyper-util v0.1.20
[INFO] [stderr]   Downloaded indexmap v2.14.0
[INFO] [stderr]   Downloaded tower v0.5.3
[INFO] [stderr]   Downloaded wasip3 v0.4.0+wasi-0.3.0-rc-2026-01-06
[INFO] [stderr]   Downloaded zeroize v1.8.2
[INFO] [stderr]   Downloaded rustls-webpki v0.103.15
[INFO] [stderr]   Downloaded hashbrown v0.17.0
[INFO] [stderr]   Downloaded wenlan-types v0.18.14
[INFO] [stderr]   Downloaded tower-http v0.6.8
[INFO] [stderr]   Downloaded hashbrown v0.15.5
[INFO] [stderr]   Downloaded wasip2 v1.0.2+wasi-0.2.9
[INFO] [stderr]   Downloaded ryu v1.0.23
[INFO] [stderr]   Downloaded tinyvec v1.11.0
[INFO] [stderr]   Downloaded axum v0.8.8
[INFO] [stderr]   Downloaded idna v1.1.0
[INFO] [stderr]   Downloaded zerovec v0.11.6
[INFO] [stderr]   Downloaded regex v1.12.3
[INFO] [stderr]   Downloaded hyper v1.9.0
[INFO] [stderr]   Downloaded tokio-util v0.7.18
[INFO] [stderr]   Downloaded futures-util v0.3.32
[INFO] [stderr]   Downloaded iri-string v0.7.12
[INFO] [stderr]   Downloaded wasm-encoder v0.244.0
[INFO] [stderr]   Downloaded serde_json v1.0.149
[INFO] [stderr]   Downloaded aho-corasick v1.1.4
[INFO] [stderr]   Downloaded h2 v0.4.19
[INFO] [stderr]   Downloaded wit-parser v0.244.0
[INFO] [stderr]   Downloaded quinn v0.11.9
[INFO] [stderr]   Downloaded windows-targets v0.53.5
[INFO] [stderr]   Downloaded icu_properties_data v2.2.0
[INFO] [stderr]   Downloaded tracing-subscriber v0.3.23
[INFO] [stderr]   Downloaded syn v2.0.117
[INFO] [stderr]   Downloaded webpki-roots v1.0.6
[INFO] [stderr]   Downloaded zerocopy v0.8.48
[INFO] [stderr]   Downloaded wit-component v0.244.0
[INFO] [stderr]   Downloaded chrono v0.4.44
[INFO] [stderr]   Downloaded wasmparser v0.244.0
[INFO] [stderr]   Downloaded rmcp v1.5.0
[INFO] [stderr]   Downloaded quinn-proto v0.11.17
[INFO] [stderr]   Downloaded regex-syntax v0.8.10
[INFO] [stderr]   Downloaded rustix v1.1.4
[INFO] [stderr]   Downloaded tracing v0.1.44
[INFO] [stderr]   Downloaded rustls v0.23.37
[INFO] [stderr]   Downloaded regex-automata v0.4.14
[INFO] [stderr]   Downloaded web-sys v0.3.94
[INFO] [stderr]   Downloaded libc v0.2.184
[INFO] [stderr]   Downloaded windows_aarch64_gnullvm v0.53.1
[INFO] [stderr]   Downloaded tokio v1.51.1
[INFO] [stderr]   Downloaded windows_aarch64_msvc v0.53.1
[INFO] [stderr]   Downloaded windows_x86_64_gnullvm v0.53.1
[INFO] [stderr]   Downloaded windows_x86_64_msvc v0.53.1
[INFO] [stderr]   Downloaded windows_x86_64_gnu v0.53.1
[INFO] [stderr]   Downloaded windows_i686_gnullvm v0.53.1
[INFO] [stderr]   Downloaded windows_i686_gnu v0.53.1
[INFO] [stderr]   Downloaded windows_i686_msvc v0.53.1
[INFO] [stderr]   Downloaded ring v0.17.14
[INFO] [stderr]   Downloaded windows-sys v0.52.0
[INFO] [stderr]   Downloaded windows-sys v0.61.2
[INFO] [stderr]   Downloaded linux-raw-sys v0.12.1
[INFO] [stderr]   Downloaded windows-sys v0.60.2
[INFO] running `Command { std: "docker" "create" "-v" "/var/lib/crater-agent-workspace/builds/worker-4-tc1/source:/opt/rustwide/workdir:ro,Z" "-v" "/var/lib/crater-agent-workspace/builds/worker-4-tc1/target:/opt/rustwide/target:rw,Z" "-v" "/var/lib/crater-agent-workspace/cargo-home:/opt/rustwide/cargo-home:ro,Z" "-v" "/var/lib/crater-agent-workspace/rustup-home:/opt/rustwide/rustup-home:ro,Z" "-m" "1610612736" "--network" "none" "ghcr.io/rust-lang/crates-build-env/linux@sha256:3111399a4047eeb3a02b7a90e478d715f38a8c6669b5c4b49d30a17385265909" "sleep" "infinity", kill_on_drop: false }`
[INFO] [stdout] e97ddfe676fae673ca391321f71c762ca1120c9d0bc462baf30a8aaef82b8c79
[INFO] running `Command { std: "docker" "start" "e97ddfe676fae673ca391321f71c762ca1120c9d0bc462baf30a8aaef82b8c79", kill_on_drop: false }`
[INFO] running `Command { std: "docker" "inspect" "e97ddfe676fae673ca391321f71c762ca1120c9d0bc462baf30a8aaef82b8c79", kill_on_drop: false }`
[INFO] running `Command { std: "docker" "exec" "-e" "SOURCE_DIR=/opt/rustwide/workdir" "-e" "CARGO_HOME=/opt/rustwide/cargo-home" "-e" "RUSTUP_HOME=/opt/rustwide/rustup-home" "-e" "CARGO_TARGET_DIR=/opt/rustwide/target" "-w" "/opt/rustwide/workdir" "--user" "0:0" "e97ddfe676fae673ca391321f71c762ca1120c9d0bc462baf30a8aaef82b8c79" "/opt/rustwide/cargo-home/bin/cargo" "+1.99.0-beta.8" "metadata" "--no-deps" "--format-version=1", kill_on_drop: false }`
[INFO] running `Command { std: "docker" "inspect" "e97ddfe676fae673ca391321f71c762ca1120c9d0bc462baf30a8aaef82b8c79", kill_on_drop: false }`
[INFO] running `Command { std: "docker" "exec" "-e" "SOURCE_DIR=/opt/rustwide/workdir" "-e" "CARGO_HOME=/opt/rustwide/cargo-home" "-e" "RUSTUP_HOME=/opt/rustwide/rustup-home" "-e" "CARGO_TARGET_DIR=/opt/rustwide/target" "-e" "CARGO_INCREMENTAL=0" "-e" "RUST_BACKTRACE=full" "-e" "RUSTFLAGS=--cap-lints=warn" "-e" "RUSTDOCFLAGS=--cap-lints=warn" "-w" "/opt/rustwide/workdir" "--user" "0:0" "e97ddfe676fae673ca391321f71c762ca1120c9d0bc462baf30a8aaef82b8c79" "/opt/rustwide/cargo-home/bin/cargo" "+1.99.0-beta.8" "build" "--frozen" "--message-format=json", kill_on_drop: false }`
[INFO] [stderr]    Compiling proc-macro2 v1.0.106
[INFO] [stderr]    Compiling unicode-ident v1.0.24
[INFO] [stderr]    Compiling quote v1.0.45
[INFO] [stderr]    Compiling libc v0.2.184
[INFO] [stderr]    Compiling cfg-if v1.0.4
[INFO] [stderr]    Compiling pin-project-lite v0.2.17
[INFO] [stderr]    Compiling smallvec v1.15.1
[INFO] [stderr]    Compiling itoa v1.0.18
[INFO] [stderr]    Compiling futures-core v0.3.32
[INFO] [stderr]    Compiling bytes v1.11.1
[INFO] [stderr]    Compiling parking_lot_core v0.9.12
[INFO] [stderr]    Compiling memchr v2.8.0
[INFO] [stderr]    Compiling scopeguard v1.2.0
[INFO] [stderr]    Compiling once_cell v1.21.4
[INFO] [stderr]    Compiling stable_deref_trait v1.2.1
[INFO] [stderr]    Compiling futures-sink v0.3.32
[INFO] [stderr]    Compiling serde_core v1.0.228
[INFO] [stderr]    Compiling log v0.4.29
[INFO] [stderr]    Compiling futures-task v0.3.32
[INFO] [stderr]    Compiling lock_api v0.4.14
[INFO] [stderr]    Compiling slab v0.4.12
[INFO] [stderr]    Compiling futures-channel v0.3.32
[INFO] [stderr]    Compiling futures-io v0.3.32
[INFO] [stderr]    Compiling find-msvc-tools v0.1.9
[INFO] [stderr]    Compiling zmij v1.0.21
[INFO] [stderr]    Compiling shlex v1.3.0
[INFO] [stderr]    Compiling serde v1.0.228
[INFO] [stderr]    Compiling writeable v0.6.3
[INFO] [stderr]    Compiling litemap v0.8.2
[INFO] [stderr]    Compiling tower-service v0.3.3
[INFO] [stderr]    Compiling icu_properties_data v2.2.0
[INFO] [stderr]    Compiling tracing-core v0.1.36
[INFO] [stderr]    Compiling utf8_iter v1.0.4
[INFO] [stderr]    Compiling percent-encoding v2.3.2
[INFO] [stderr]    Compiling strsim v0.11.1
[INFO] [stderr]    Compiling cc v1.2.59
[INFO] [stderr]    Compiling zeroize v1.8.2
[INFO] [stderr]    Compiling httparse v1.10.1
[INFO] [stderr]    Compiling serde_json v1.0.149
[INFO] [stderr]    Compiling icu_normalizer_data v2.2.0
[INFO] [stderr]    Compiling autocfg v1.5.0
[INFO] [stderr]    Compiling try-lock v0.2.5
[INFO] [stderr]    Compiling rustls-pki-types v1.14.0
[INFO] [stderr]    Compiling untrusted v0.9.0
[INFO] [stderr]    Compiling want v0.3.1
[INFO] [stderr]    Compiling sync_wrapper v1.0.2
[INFO] [stderr]    Compiling httpdate v1.0.3
[INFO] [stderr]    Compiling tower-layer v0.3.3
[INFO] [stderr]    Compiling getrandom v0.4.2
[INFO] [stderr]    Compiling ident_case v1.0.1
[INFO] [stderr]    Compiling http v1.4.0
[INFO] [stderr]    Compiling base64 v0.22.1
[INFO] [stderr]    Compiling rustls v0.23.37
[INFO] [stderr]    Compiling num-traits v0.2.19
[INFO] [stderr]    Compiling atomic-waker v1.1.2
[INFO] [stderr]    Compiling rand_core v0.10.1
[INFO] [stderr]    Compiling form_urlencoded v1.2.2
[INFO] [stderr]    Compiling ref-cast v1.0.25
[INFO] [stderr]    Compiling ipnet v2.12.0
[INFO] [stderr]    Compiling subtle v2.6.1
[INFO] [stderr]    Compiling syn v2.0.117
[INFO] [stderr]    Compiling utf8parse v0.2.2
[INFO] [stderr]    Compiling ryu v1.0.23
[INFO] [stderr]    Compiling is_terminal_polyfill v1.70.2
[INFO] [stderr]    Compiling iana-time-zone v0.1.65
[INFO] [stderr]    Compiling anstyle-parse v1.0.0
[INFO] [stderr]    Compiling regex-syntax v0.8.10
[INFO] [stderr]    Compiling colorchoice v1.0.5
[INFO] [stderr]    Compiling errno v0.3.14
[INFO] [stderr]    Compiling mio v1.2.0
[INFO] [stderr]    Compiling socket2 v0.6.3
[INFO] [stderr]    Compiling getrandom v0.2.17
[INFO] [stderr]    Compiling signal-hook-registry v1.4.8
[INFO] [stderr]    Compiling parking_lot v0.12.5
[INFO] [stderr]    Compiling anstyle-query v1.1.5
[INFO] [stderr]    Compiling anyhow v1.0.102
[INFO] [stderr]    Compiling cpufeatures v0.3.0
[INFO] [stderr]    Compiling thiserror v2.0.18
[INFO] [stderr]    Compiling anstyle v1.0.14
[INFO] [stderr]    Compiling chacha20 v0.10.0
[INFO] [stderr]    Compiling ring v0.17.14
[INFO] [stderr]    Compiling webpki-roots v1.0.6
[INFO] [stderr]    Compiling rmcp v1.5.0
[INFO] [stderr]    Compiling mime v0.3.17
[INFO] [stderr]    Compiling dyn-clone v1.0.20
[INFO] [stderr]    Compiling clap_lex v1.1.0
[INFO] [stderr]    Compiling iri-string v0.7.12
[INFO] [stderr]    Compiling option-ext v0.2.0
[INFO] [stderr]    Compiling lazy_static v1.5.0
[INFO] [stderr]    Compiling anstream v1.0.0
[INFO] [stderr]    Compiling heck v0.5.0
[INFO] [stderr]    Compiling bitflags v2.13.1
[INFO] [stderr]    Compiling sharded-slab v0.1.7
[INFO] [stderr]    Compiling http-body v1.0.1
[INFO] [stderr]    Compiling http-body-util v0.1.3
[INFO] [stderr]    Compiling clap_builder v4.6.0
[INFO] [stderr]    Compiling dirs-sys v0.5.0
[INFO] [stderr]    Compiling rand v0.10.1
[INFO] [stderr]    Compiling uuid v1.23.0
[INFO] [stderr]    Compiling tracing-log v0.2.0
[INFO] [stderr]    Compiling thread_local v1.1.9
[INFO] [stderr]    Compiling matchit v0.8.4
[INFO] [stderr]    Compiling pastey v0.2.2
[INFO] [stderr]    Compiling regex-automata v0.4.14
[INFO] [stderr]    Compiling nu-ansi-term v0.50.3
[INFO] [stderr]    Compiling dirs v6.0.0
[INFO] [stderr]    Compiling semver v1.0.28
[INFO] [stderr]    Compiling serde_path_to_error v0.1.20
[INFO] [stderr]    Compiling synstructure v0.13.2
[INFO] [stderr]    Compiling darling_core v0.23.0
[INFO] [stderr]    Compiling serde_derive_internals v0.29.1
[INFO] [stderr]    Compiling tokio-macros v2.7.0
[INFO] [stderr]    Compiling zerovec-derive v0.11.3
[INFO] [stderr]    Compiling displaydoc v0.2.5
[INFO] [stderr]    Compiling futures-macro v0.3.32
[INFO] [stderr]    Compiling tracing-attributes v0.1.31
[INFO] [stderr]    Compiling serde_derive v1.0.228
[INFO] [stderr]    Compiling ref-cast-impl v1.0.25
[INFO] [stderr]    Compiling thiserror-impl v2.0.18
[INFO] [stderr]    Compiling async-trait v0.1.89
[INFO] [stderr]    Compiling clap_derive v4.6.0
[INFO] [stderr]    Compiling zerofrom-derive v0.1.7
[INFO] [stderr]    Compiling yoke-derive v0.8.2
[INFO] [stderr]    Compiling tokio v1.51.1
[INFO] [stderr]    Compiling futures-util v0.3.32
[INFO] [stderr]    Compiling rustls-webpki v0.103.15
[INFO] [stderr]    Compiling schemars_derive v1.2.1
[INFO] [stderr]    Compiling matchers v0.2.0
[INFO] [stderr]    Compiling zerofrom v0.1.7
[INFO] [stderr]    Compiling tracing v0.1.44
[INFO] [stderr]    Compiling yoke v0.8.2
[INFO] [stderr]    Compiling zerovec v0.11.6
[INFO] [stderr]    Compiling zerotrie v0.2.4
[INFO] [stderr]    Compiling axum-core v0.5.6
[INFO] [stderr]    Compiling tracing-subscriber v0.3.23
[INFO] [stderr]    Compiling clap v4.6.0
[INFO] [stderr]    Compiling darling_macro v0.23.0
[INFO] [stderr]    Compiling tinystr v0.8.3
[INFO] [stderr]    Compiling potential_utf v0.1.5
[INFO] [stderr]    Compiling icu_collections v2.2.0
[INFO] [stderr]    Compiling darling v0.23.0
[INFO] [stderr]    Compiling rmcp-macros v1.5.0
[INFO] [stderr]    Compiling icu_locale_core v2.2.0
[INFO] [stderr]    Compiling serde_urlencoded v0.7.1
[INFO] [stderr]    Compiling chrono v0.4.44
[INFO] [stderr]    Compiling wenlan-types v0.18.14
[INFO] [stderr]    Compiling icu_provider v2.2.0
[INFO] [stderr]    Compiling icu_normalizer v2.2.0
[INFO] [stderr]    Compiling icu_properties v2.2.0
[INFO] [stderr]    Compiling futures-executor v0.3.32
[INFO] [stderr]    Compiling sse-stream v0.2.3
[INFO] [stderr]    Compiling futures v0.3.32
[INFO] [stderr]    Compiling schemars v1.2.1
[INFO] [stderr]    Compiling idna_adapter v1.2.1
[INFO] [stderr]    Compiling hyper v1.9.0
[INFO] [stderr]    Compiling tower v0.5.3
[INFO] [stderr]    Compiling tokio-rustls v0.26.4
[INFO] [stderr]    Compiling tokio-stream v0.1.18
[INFO] [stderr]    Compiling tokio-util v0.7.18
[INFO] [stderr]    Compiling idna v1.1.0
[INFO] [stderr]    Compiling url v2.5.8
[INFO] [stderr]    Compiling tower-http v0.6.8
[INFO] [stderr]    Compiling hyper-util v0.1.20
[INFO] [stderr]    Compiling hyper-rustls v0.27.7
[INFO] [stderr]    Compiling axum v0.8.8
[INFO] [stderr]    Compiling reqwest v0.12.28
[INFO] [stderr]    Compiling wenlan-mcp v0.18.14 (/opt/rustwide/workdir)
[INFO] [stderr]     Finished `dev` profile [unoptimized + debuginfo] target(s) in 1m 29s
[INFO] running `Command { std: "docker" "inspect" "e97ddfe676fae673ca391321f71c762ca1120c9d0bc462baf30a8aaef82b8c79", kill_on_drop: false }`
[INFO] running `Command { std: "docker" "exec" "-e" "SOURCE_DIR=/opt/rustwide/workdir" "-e" "CARGO_HOME=/opt/rustwide/cargo-home" "-e" "RUSTUP_HOME=/opt/rustwide/rustup-home" "-e" "CARGO_TARGET_DIR=/opt/rustwide/target" "-e" "CARGO_INCREMENTAL=0" "-e" "RUST_BACKTRACE=full" "-e" "RUSTFLAGS=--cap-lints=warn" "-e" "RUSTDOCFLAGS=--cap-lints=warn" "-w" "/opt/rustwide/workdir" "--user" "0:0" "e97ddfe676fae673ca391321f71c762ca1120c9d0bc462baf30a8aaef82b8c79" "/opt/rustwide/cargo-home/bin/cargo" "+1.99.0-beta.8" "test" "--frozen" "--no-run" "--message-format=json", kill_on_drop: false }`
[INFO] [stderr]    Compiling slab v0.4.12
[INFO] [stderr]    Compiling getrandom v0.2.17
[INFO] [stderr]    Compiling equivalent v1.0.2
[INFO] [stderr]    Compiling hashbrown v0.17.0
[INFO] [stderr]    Compiling tokio-util v0.7.18
[INFO] [stderr]    Compiling fnv v1.0.7
[INFO] [stderr]    Compiling aho-corasick v1.1.4
[INFO] [stderr]    Compiling regex-syntax v0.8.10
[INFO] [stderr]    Compiling bitflags v2.13.1
[INFO] [stderr]    Compiling zerocopy v0.8.48
[INFO] [stderr]    Compiling rustix v1.1.4
[INFO] [stderr]    Compiling num_cpus v1.17.0
[INFO] [stderr]    Compiling linux-raw-sys v0.12.1
[INFO] [stderr]    Compiling deadpool-runtime v0.1.4
[INFO] [stderr]    Compiling assert-json-diff v2.0.2
[INFO] [stderr]    Compiling fastrand v2.4.1
[INFO] [stderr]    Compiling ring v0.17.14
[INFO] [stderr]    Compiling futures-util v0.3.32
[INFO] [stderr]    Compiling rand_core v0.6.4
[INFO] [stderr]    Compiling deadpool v0.12.3
[INFO] [stderr]    Compiling indexmap v2.14.0
[INFO] [stderr]    Compiling h2 v0.4.19
[INFO] [stderr]    Compiling rustls-webpki v0.103.15
[INFO] [stderr]    Compiling rustls v0.23.37
[INFO] [stderr]    Compiling regex-automata v0.4.14
[INFO] [stderr]    Compiling tempfile v3.27.0
[INFO] [stderr]    Compiling tower v0.5.3
[INFO] [stderr]    Compiling futures-executor v0.3.32
[INFO] [stderr]    Compiling sse-stream v0.2.3
[INFO] [stderr]    Compiling futures v0.3.32
[INFO] [stderr]    Compiling rmcp v1.5.0
[INFO] [stderr]    Compiling tower-http v0.6.8
[INFO] [stderr]    Compiling ppv-lite86 v0.2.21
[INFO] [stderr]    Compiling rand_chacha v0.3.1
[INFO] [stderr]    Compiling rand v0.8.8
[INFO] [stderr]    Compiling matchers v0.2.0
[INFO] [stderr]    Compiling regex v1.12.3
[INFO] [stderr]    Compiling tracing-subscriber v0.3.23
[INFO] [stderr]    Compiling portpicker v0.1.1
[INFO] [stderr]    Compiling hyper v1.9.0
[INFO] [stderr]    Compiling tokio-rustls v0.26.4
[INFO] [stderr]    Compiling hyper-util v0.1.20
[INFO] [stderr]    Compiling hyper-rustls v0.27.7
[INFO] [stderr]    Compiling axum v0.8.8
[INFO] [stderr]    Compiling wiremock v0.6.5
[INFO] [stderr]    Compiling reqwest v0.12.28
[INFO] [stderr]    Compiling wenlan-mcp v0.18.14 (/opt/rustwide/workdir)
[INFO] [stdout] error[E0433]: cannot find module or crate `wenlan_core` in this scope
[INFO] [stdout]   --> tests/real_router.rs:15:5
[INFO] [stdout]    |
[INFO] [stdout] 15 | use wenlan_core::{db::MemoryDB, NoopEmitter};
[INFO] [stdout]    |     ^^^^^^^^^^^ use of unresolved module or unlinked crate `wenlan_core`
[INFO] [stdout]    |
[INFO] [stdout]    = help: if you wanted to use a crate named `wenlan_core`, use `cargo add wenlan_core` to add it to your `Cargo.toml`
[INFO] [stdout] 
[INFO] [stdout] 
[INFO] [stdout] error[E0432]: unresolved import `wenlan_core`
[INFO] [stdout]   --> tests/real_router.rs:15:5
[INFO] [stdout]    |
[INFO] [stdout] 15 | use wenlan_core::{db::MemoryDB, NoopEmitter};
[INFO] [stdout]    |     ^^^^^^^^^^^ use of unresolved module or unlinked crate `wenlan_core`
[INFO] [stdout]    |
[INFO] [stdout]    = help: if you wanted to use a crate named `wenlan_core`, use `cargo add wenlan_core` to add it to your `Cargo.toml`
[INFO] [stdout] 
[INFO] [stdout] 
[INFO] [stdout] error[E0433]: cannot find module or crate `wenlan_core` in this scope
[INFO] [stdout]  --> examples/support/reviewer_seed.rs:5:5
[INFO] [stdout]   |
[INFO] [stdout] 5 | use wenlan_core::{
[INFO] [stdout]   |     ^^^^^^^^^^^ use of unresolved module or unlinked crate `wenlan_core`
[INFO] [stdout]   |
[INFO] [stdout]   = help: if you wanted to use a crate named `wenlan_core`, use `cargo add wenlan_core` to add it to your `Cargo.toml`
[INFO] [stdout] 
[INFO] [stdout] 
[INFO] [stdout] error[E0433]: cannot find module or crate `wenlan_core` in this scope
[INFO] [stdout]  --> examples/seed_reviewer_library.rs:7:5
[INFO] [stdout]   |
[INFO] [stdout] 7 | use wenlan_core::{db::MemoryDB, NoopEmitter};
[INFO] [stdout]   |     ^^^^^^^^^^^ use of unresolved module or unlinked crate `wenlan_core`
[INFO] [stdout]   |
[INFO] [stdout]   = help: if you wanted to use a crate named `wenlan_core`, use `cargo add wenlan_core` to add it to your `Cargo.toml`
[INFO] [stdout] 
[INFO] [stdout] 
[INFO] [stdout] error[E0433]: cannot find module or crate `wenlan_core` in this scope
[INFO] [stdout]  --> tests/reviewer_real_backend.rs:9:5
[INFO] [stdout]   |
[INFO] [stdout] 9 | use wenlan_core::{db::MemoryDB, NoopEmitter};
[INFO] [stdout]   |     ^^^^^^^^^^^ use of unresolved module or unlinked crate `wenlan_core`
[INFO] [stdout]   |
[INFO] [stdout]   = help: if you wanted to use a crate named `wenlan_core`, use `cargo add wenlan_core` to add it to your `Cargo.toml`
[INFO] [stdout] 
[INFO] [stdout] 
[INFO] [stdout] error[E0433]: cannot find module or crate `wenlan_server` in this scope
[INFO] [stdout]   --> tests/reviewer_real_backend.rs:14:5
[INFO] [stdout]    |
[INFO] [stdout] 14 | use wenlan_server::{router::build_router, state::ServerState};
[INFO] [stdout]    |     ^^^^^^^^^^^^^ use of unresolved module or unlinked crate `wenlan_server`
[INFO] [stdout]    |
[INFO] [stdout]    = help: if you wanted to use a crate named `wenlan_server`, use `cargo add wenlan_server` to add it to your `Cargo.toml`
[INFO] [stdout] 
[INFO] [stdout] 
[INFO] [stdout] error[E0433]: cannot find module or crate `wenlan_core` in this scope
[INFO] [stdout]  --> tests/../examples/support/reviewer_seed.rs:5:5
[INFO] [stdout]   |
[INFO] [stdout] 5 | use wenlan_core::{
[INFO] [stdout]   |     ^^^^^^^^^^^ use of unresolved module or unlinked crate `wenlan_core`
[INFO] [stdout]   |
[INFO] [stdout]   = help: if you wanted to use a crate named `wenlan_core`, use `cargo add wenlan_core` to add it to your `Cargo.toml`
[INFO] [stdout] 
[INFO] [stdout] 
[INFO] [stdout] error[E0432]: unresolved import `wenlan_core`
[INFO] [stdout]  --> tests/reviewer_real_backend.rs:9:5
[INFO] [stdout]   |
[INFO] [stdout] 9 | use wenlan_core::{db::MemoryDB, NoopEmitter};
[INFO] [stdout]   |     ^^^^^^^^^^^ use of unresolved module or unlinked crate `wenlan_core`
[INFO] [stdout]   |
[INFO] [stdout]   = help: if you wanted to use a crate named `wenlan_core`, use `cargo add wenlan_core` to add it to your `Cargo.toml`
[INFO] [stdout] 
[INFO] [stdout] 
[INFO] [stdout] error[E0432]: unresolved import `wenlan_core`
[INFO] [stdout]  --> examples/seed_reviewer_library.rs:7:5
[INFO] [stdout]   |
[INFO] [stdout] 7 | use wenlan_core::{db::MemoryDB, NoopEmitter};
[INFO] [stdout]   |     ^^^^^^^^^^^ use of unresolved module or unlinked crate `wenlan_core`
[INFO] [stdout]   |
[INFO] [stdout]   = help: if you wanted to use a crate named `wenlan_core`, use `cargo add wenlan_core` to add it to your `Cargo.toml`
[INFO] [stdout] 
[INFO] [stdout] 
[INFO] [stdout] error[E0433]: cannot find module or crate `wenlan_server` in this scope
[INFO] [stdout]   --> tests/real_router.rs:33:38
[INFO] [stdout]    |
[INFO] [stdout] 33 |     let state = Arc::new(RwLock::new(wenlan_server::state::ServerState {
[INFO] [stdout]    |                                      ^^^^^^^^^^^^^ use of unresolved module or unlinked crate `wenlan_server`
[INFO] [stdout]    |
[INFO] [stdout]    = help: if you wanted to use a crate named `wenlan_server`, use `cargo add wenlan_server` to add it to your `Cargo.toml`
[INFO] [stdout] 
[INFO] [stdout] 
[INFO] [stdout] error[E0433]: cannot find module or crate `wenlan_server` in this scope
[INFO] [stdout]   --> tests/real_router.rs:35:11
[INFO] [stdout]    |
[INFO] [stdout] 35 |         ..wenlan_server::state::ServerState::default()
[INFO] [stdout]    |           ^^^^^^^^^^^^^ use of unresolved module or unlinked crate `wenlan_server`
[INFO] [stdout]    |
[INFO] [stdout]    = help: if you wanted to use a crate named `wenlan_server`, use `cargo add wenlan_server` to add it to your `Cargo.toml`
[INFO] [stdout] 
[INFO] [stdout] 
[INFO] [stdout] error[E0433]: cannot find module or crate `wenlan_core` in this scope
[INFO] [stdout]   --> examples/seed_reviewer_library.rs:47:18
[INFO] [stdout]    |
[INFO] [stdout] 47 |     let config = wenlan_core::config::Config {
[INFO] [stdout]    |                  ^^^^^^^^^^^ use of unresolved module or unlinked crate `wenlan_core`
[INFO] [stdout]    |
[INFO] [stdout]    = help: if you wanted to use a crate named `wenlan_core`, use `cargo add wenlan_core` to add it to your `Cargo.toml`
[INFO] [stdout] 
[INFO] [stdout] 
[INFO] [stdout] error[E0433]: cannot find module or crate `wenlan_server` in this scope
[INFO] [stdout]   --> tests/real_router.rs:37:18
[INFO] [stdout]    |
[INFO] [stdout] 37 |     let router = wenlan_server::router::build_router(state);
[INFO] [stdout]    |                  ^^^^^^^^^^^^^ use of unresolved module or unlinked crate `wenlan_server`
[INFO] [stdout]    |
[INFO] [stdout]    = help: if you wanted to use a crate named `wenlan_server`, use `cargo add wenlan_server` to add it to your `Cargo.toml`
[INFO] [stdout] 
[INFO] [stdout] 
[INFO] [stdout] Some errors have detailed explanations: E0432, E0433.
[INFO] [stdout] 
[INFO] [stdout] For more information about an error, try `rustc --explain E0432`.
[INFO] [stdout] 
[INFO] [stderr] error: could not compile `wenlan-mcp` (example "seed_reviewer_library") due to 4 previous errors
[INFO] [stderr] warning: build failed, waiting for other jobs to finish...
[INFO] [stdout] error[E0277]: the size for values of type `str` cannot be known at compilation time
[INFO] [stdout]    --> tests/real_router.rs:128:10
[INFO] [stdout]     |
[INFO] [stdout] 128 |     let (base_url, db) = boot_test_server().await;
[INFO] [stdout]     |          ^^^^^^^^ doesn't have a size known at compile-time
[INFO] [stdout]     |
[INFO] [stdout]     = help: the trait `Sized` is not implemented for `str`
[INFO] [stdout]     = note: all local variables must have a statically known size
[INFO] [stdout] 
[INFO] [stdout] 
[INFO] [stdout] error[E0277]: the size for values of type `str` cannot be known at compilation time
[INFO] [stdout]    --> tests/real_router.rs:152:10
[INFO] [stdout]     |
[INFO] [stdout] 152 |     let (base_url, db) = boot_test_server().await;
[INFO] [stdout]     |          ^^^^^^^^ doesn't have a size known at compile-time
[INFO] [stdout]     |
[INFO] [stdout]     = help: the trait `Sized` is not implemented for `str`
[INFO] [stdout]     = note: all local variables must have a statically known size
[INFO] [stdout] 
[INFO] [stdout] 
[INFO] [stdout] Some errors have detailed explanations: E0277, E0432, E0433.
[INFO] [stdout] 
[INFO] [stdout] For more information about an error, try `rustc --explain E0277`.
[INFO] [stdout] 
[INFO] [stderr] error: could not compile `wenlan-mcp` (test "real_router") due to 7 previous errors
[INFO] [stdout] Some errors have detailed explanations: E0432, E0433.
[INFO] [stdout] 
[INFO] [stdout] For more information about an error, try `rustc --explain E0432`.
[INFO] [stdout] 
[INFO] [stderr] error: could not compile `wenlan-mcp` (test "reviewer_real_backend") due to 4 previous errors
[INFO] [stderr] error: could not compile `wenlan-mcp` (test "serve_integration")
[INFO] [stderr] 
[INFO] [stderr] Caused by:
[INFO] [stderr]   process didn't exit successfully: `/opt/rustwide/rustup-home/toolchains/1.99.0-beta.8-x86_64-unknown-linux-gnu/bin/rustc --crate-name serve_integration --edition=2021 tests/serve_integration.rs --error-format=json --json=diagnostic-rendered-ansi,artifacts,future-incompat --emit=dep-info,link -C embed-bitcode=no -C debuginfo=2 --test --check-cfg 'cfg(docsrs,test)' --check-cfg 'cfg(feature, values())' -C metadata=5205b87f02fe3610 -C extra-filename=-692c9fed16d49f91 --out-dir /opt/rustwide/target/debug/deps -L dependency=/opt/rustwide/target/debug/deps --extern anyhow=/opt/rustwide/target/debug/deps/libanyhow-9e4c44ac98d8e4ea.rlib --extern axum=/opt/rustwide/target/debug/deps/libaxum-fb4642b65759bcad.rlib --extern base64=/opt/rustwide/target/debug/deps/libbase64-32787b0325ea6df8.rlib --extern clap=/opt/rustwide/target/debug/deps/libclap-062038b8ff1b5a44.rlib --extern dirs=/opt/rustwide/target/debug/deps/libdirs-5b3a3b914f1ec0a9.rlib --extern http=/opt/rustwide/target/debug/deps/libhttp-563f2cb150350555.rlib --extern portpicker=/opt/rustwide/target/debug/deps/libportpicker-9c5115546fdd0b53.rlib --extern rand=/opt/rustwide/target/debug/deps/librand-f2b4bf53e0700c6d.rlib --extern reqwest=/opt/rustwide/target/debug/deps/libreqwest-71891d217f7f25c6.rlib --extern rmcp=/opt/rustwide/target/debug/deps/librmcp-6f35ab7b90aec922.rlib --extern rmcp_macros=/opt/rustwide/target/debug/deps/librmcp_macros-3a40d6c37e542341.so --extern schemars=/opt/rustwide/target/debug/deps/libschemars-1bc83e2a7cde46fb.rlib --extern semver=/opt/rustwide/target/debug/deps/libsemver-f2ab12e28ce3f339.rlib --extern serde=/opt/rustwide/target/debug/deps/libserde-870ee391e4f6e8f9.rlib --extern serde_json=/opt/rustwide/target/debug/deps/libserde_json-008a1e5b6f67fe23.rlib --extern subtle=/opt/rustwide/target/debug/deps/libsubtle-9600f7efd1e82d97.rlib --extern tempfile=/opt/rustwide/target/debug/deps/libtempfile-5ea4598503f27edc.rlib --extern thiserror=/opt/rustwide/target/debug/deps/libthiserror-5e90adc18491a337.rlib --extern tokio=/opt/rustwide/target/debug/deps/libtokio-cc30e873ce4955e4.rlib --extern tower_http=/opt/rustwide/target/debug/deps/libtower_http-da4c1fc89323ef4f.rlib --extern tracing=/opt/rustwide/target/debug/deps/libtracing-4cef0f2badfdb422.rlib --extern tracing_subscriber=/opt/rustwide/target/debug/deps/libtracing_subscriber-603b24982feae101.rlib --extern wenlan_mcp=/opt/rustwide/target/debug/deps/libwenlan_mcp-de4abff18a9dd3b4.rlib --extern wenlan_types=/opt/rustwide/target/debug/deps/libwenlan_types-7b35e1c99c66fa49.rlib --extern wiremock=/opt/rustwide/target/debug/deps/libwiremock-354b35d2036d937a.rlib --cap-lints=warn -L native=/opt/rustwide/target/debug/build/ring-9edf261ae5eb6e8e/out` (signal: 9, SIGKILL: kill)
[INFO] [stderr] error: could not compile `wenlan-mcp` (test "discovery_compat")
[INFO] [stderr] 
[INFO] [stderr] Caused by:
[INFO] [stderr]   process didn't exit successfully: `/opt/rustwide/rustup-home/toolchains/1.99.0-beta.8-x86_64-unknown-linux-gnu/bin/rustc --crate-name discovery_compat --edition=2021 tests/discovery_compat.rs --error-format=json --json=diagnostic-rendered-ansi,artifacts,future-incompat --emit=dep-info,link -C embed-bitcode=no -C debuginfo=2 --test --check-cfg 'cfg(docsrs,test)' --check-cfg 'cfg(feature, values())' -C metadata=781b118f59690047 -C extra-filename=-d619fbaa8a814508 --out-dir /opt/rustwide/target/debug/deps -L dependency=/opt/rustwide/target/debug/deps --extern anyhow=/opt/rustwide/target/debug/deps/libanyhow-9e4c44ac98d8e4ea.rlib --extern axum=/opt/rustwide/target/debug/deps/libaxum-fb4642b65759bcad.rlib --extern base64=/opt/rustwide/target/debug/deps/libbase64-32787b0325ea6df8.rlib --extern clap=/opt/rustwide/target/debug/deps/libclap-062038b8ff1b5a44.rlib --extern dirs=/opt/rustwide/target/debug/deps/libdirs-5b3a3b914f1ec0a9.rlib --extern http=/opt/rustwide/target/debug/deps/libhttp-563f2cb150350555.rlib --extern portpicker=/opt/rustwide/target/debug/deps/libportpicker-9c5115546fdd0b53.rlib --extern rand=/opt/rustwide/target/debug/deps/librand-f2b4bf53e0700c6d.rlib --extern reqwest=/opt/rustwide/target/debug/deps/libreqwest-71891d217f7f25c6.rlib --extern rmcp=/opt/rustwide/target/debug/deps/librmcp-6f35ab7b90aec922.rlib --extern rmcp_macros=/opt/rustwide/target/debug/deps/librmcp_macros-3a40d6c37e542341.so --extern schemars=/opt/rustwide/target/debug/deps/libschemars-1bc83e2a7cde46fb.rlib --extern semver=/opt/rustwide/target/debug/deps/libsemver-f2ab12e28ce3f339.rlib --extern serde=/opt/rustwide/target/debug/deps/libserde-870ee391e4f6e8f9.rlib --extern serde_json=/opt/rustwide/target/debug/deps/libserde_json-008a1e5b6f67fe23.rlib --extern subtle=/opt/rustwide/target/debug/deps/libsubtle-9600f7efd1e82d97.rlib --extern tempfile=/opt/rustwide/target/debug/deps/libtempfile-5ea4598503f27edc.rlib --extern thiserror=/opt/rustwide/target/debug/deps/libthiserror-5e90adc18491a337.rlib --extern tokio=/opt/rustwide/target/debug/deps/libtokio-cc30e873ce4955e4.rlib --extern tower_http=/opt/rustwide/target/debug/deps/libtower_http-da4c1fc89323ef4f.rlib --extern tracing=/opt/rustwide/target/debug/deps/libtracing-4cef0f2badfdb422.rlib --extern tracing_subscriber=/opt/rustwide/target/debug/deps/libtracing_subscriber-603b24982feae101.rlib --extern wenlan_mcp=/opt/rustwide/target/debug/deps/libwenlan_mcp-de4abff18a9dd3b4.rlib --extern wenlan_types=/opt/rustwide/target/debug/deps/libwenlan_types-7b35e1c99c66fa49.rlib --extern wiremock=/opt/rustwide/target/debug/deps/libwiremock-354b35d2036d937a.rlib --cap-lints=warn -L native=/opt/rustwide/target/debug/build/ring-9edf261ae5eb6e8e/out` (signal: 9, SIGKILL: kill)
[INFO] [stderr] error: could not compile `wenlan-mcp` (lib test)
[INFO] [stderr] 
[INFO] [stderr] Caused by:
[INFO] [stderr]   process didn't exit successfully: `/opt/rustwide/rustup-home/toolchains/1.99.0-beta.8-x86_64-unknown-linux-gnu/bin/rustc --crate-name wenlan_mcp --edition=2021 src/lib.rs --error-format=json --json=diagnostic-rendered-ansi,artifacts,future-incompat --emit=dep-info,link -C embed-bitcode=no -C debuginfo=2 --test --check-cfg 'cfg(docsrs,test)' --check-cfg 'cfg(feature, values())' -C metadata=d3f6c8345a4f922e -C extra-filename=-6123f9178c98aaf8 --out-dir /opt/rustwide/target/debug/deps -L dependency=/opt/rustwide/target/debug/deps --extern anyhow=/opt/rustwide/target/debug/deps/libanyhow-9e4c44ac98d8e4ea.rlib --extern axum=/opt/rustwide/target/debug/deps/libaxum-fb4642b65759bcad.rlib --extern base64=/opt/rustwide/target/debug/deps/libbase64-32787b0325ea6df8.rlib --extern clap=/opt/rustwide/target/debug/deps/libclap-062038b8ff1b5a44.rlib --extern dirs=/opt/rustwide/target/debug/deps/libdirs-5b3a3b914f1ec0a9.rlib --extern http=/opt/rustwide/target/debug/deps/libhttp-563f2cb150350555.rlib --extern portpicker=/opt/rustwide/target/debug/deps/libportpicker-9c5115546fdd0b53.rlib --extern rand=/opt/rustwide/target/debug/deps/librand-f2b4bf53e0700c6d.rlib --extern reqwest=/opt/rustwide/target/debug/deps/libreqwest-71891d217f7f25c6.rlib --extern rmcp=/opt/rustwide/target/debug/deps/librmcp-6f35ab7b90aec922.rlib --extern rmcp_macros=/opt/rustwide/target/debug/deps/librmcp_macros-3a40d6c37e542341.so --extern schemars=/opt/rustwide/target/debug/deps/libschemars-1bc83e2a7cde46fb.rlib --extern semver=/opt/rustwide/target/debug/deps/libsemver-f2ab12e28ce3f339.rlib --extern serde=/opt/rustwide/target/debug/deps/libserde-870ee391e4f6e8f9.rlib --extern serde_json=/opt/rustwide/target/debug/deps/libserde_json-008a1e5b6f67fe23.rlib --extern subtle=/opt/rustwide/target/debug/deps/libsubtle-9600f7efd1e82d97.rlib --extern tempfile=/opt/rustwide/target/debug/deps/libtempfile-5ea4598503f27edc.rlib --extern thiserror=/opt/rustwide/target/debug/deps/libthiserror-5e90adc18491a337.rlib --extern tokio=/opt/rustwide/target/debug/deps/libtokio-cc30e873ce4955e4.rlib --extern tower_http=/opt/rustwide/target/debug/deps/libtower_http-da4c1fc89323ef4f.rlib --extern tracing=/opt/rustwide/target/debug/deps/libtracing-4cef0f2badfdb422.rlib --extern tracing_subscriber=/opt/rustwide/target/debug/deps/libtracing_subscriber-603b24982feae101.rlib --extern wenlan_types=/opt/rustwide/target/debug/deps/libwenlan_types-7b35e1c99c66fa49.rlib --extern wiremock=/opt/rustwide/target/debug/deps/libwiremock-354b35d2036d937a.rlib --cap-lints=warn -L native=/opt/rustwide/target/debug/build/ring-9edf261ae5eb6e8e/out` (signal: 9, SIGKILL: kill)
[INFO] [stdout] error: linking with `cc` failed: exit status: 1
[INFO] [stdout]   |
[INFO] [stdout]   = note:  "cc" "-m64" "/opt/rustwide/target/debug/deps/rustclGdZ3e/symbols.o" "<11 object files omitted>" "-Wl,--as-needed" "-Wl,-Bstatic" "<sysroot>/lib/rustlib/x86_64-unknown-linux-gnu/lib/{libtest-*,libgetopts-*,librustc_std_workspace_std-*}.rlib" "/opt/rustwide/target/debug/deps/{libwiremock-354b35d2036d937a,libdeadpool-adfdba3671826b07,libnum_cpus-ac259b892f04e249,liblazy_static-3674be3f4245d19b,libdeadpool_runtime-6f57829d3c306cb7,libregex-1342197ac76a7579,libregex_automata-e4e8d49138828df4,libaho_corasick-fa94425a423a79cf,libregex_syntax-6d6ee545e2ffad72,libassert_json_diff-c639242e94476e5c,libwenlan_mcp-de4abff18a9dd3b4,libdirs-5b3a3b914f1ec0a9,libdirs_sys-0c8a00e1e5b55f14,liboption_ext-61303ef911796993,libclap-062038b8ff1b5a44,libclap_builder-33897930e618d2bd,libstrsim-4d1ed08a123238dc,libanstream-14b271bd294f0187,libanstyle_query-635080b1d6343734,libis_terminal_polyfill-3ca4268cb2568267,libcolorchoice-33c0bd1745dd5ace,libanstyle_parse-88399b635fc44f8e,libutf8parse-92d0158219063202,libclap_lex-2acbcd0288e51058,libanstyle-9beaeb754742faae,librand-f2b4bf53e0700c6d,libchacha20-a3a076498fcc249b,libcpufeatures-6c1f78f4142e3013,librmcp-6f35ab7b90aec922,libuuid-99ca0869e95e08b8,libgetrandom-5962fd9c7e4199f5,librand_core-8437d288e8d1265c,libsse_stream-db3bccb036db4e14,libtokio_stream-c169d67e93016be7,libthiserror-5e90adc18491a337,libfutures-de6e887256efe489,libfutures_executor-78273afa9cf5e203,libaxum-fb4642b65759bcad,libserde_path_to_error-a6c00397e8b8ef20,libmatchit-9aa922efa503b546,libaxum_core-d6067736b2ba01c2,libmime-0188e0814ca7ddbf,libsemver-f2ab12e28ce3f339,libwenlan_types-7b35e1c99c66fa49,libanyhow-9e4c44ac98d8e4ea,libschemars-1bc83e2a7cde46fb,libdyn_clone-319e7691ef78165b,libref_cast-b706dde3ea1204b4,libchrono-595f0cc12244ed9f,libiana_time_zone-bcd81aefedc374a6,libnum_traits-3a2b08a4728dfda7,libreqwest-71891d217f7f25c6,libserde_urlencoded-88280b8ace99cd9e,libryu-1f4f40e4352371e5,libhyper_rustls-b849a9d7fff75b52,libwebpki_roots-d9cc86348a7593ab,libtokio_rustls-f9dff7b81b9a7d04,librustls-525045a11bea95f8,libwebpki-ebac4a47c08dfa13,libring-27db32fcb83ef376,libgetrandom-e020da05eaf79aec,libuntrusted-b2f816886faf2178,librustls_pki_types-a1ff9279e609de76,libzeroize-7f213bea776ca5b6,libserde_json-008a1e5b6f67fe23,libzmij-ef63f1da73704b4c,libserde-870ee391e4f6e8f9,libserde_core-46542aab222bf259,libtower_http-da4c1fc89323ef4f,libbitflags-7039d3929d603d58,libiri_string-9568090a19df0016,libtower-026b5deba3f4a8b8,libtower_layer-d908dd771b239ecd,libhyper_util-5b14cf4d26323c50,libbase64-32787b0325ea6df8,libipnet-61ca7a5e1c2863d4,libtower_service-3fb88d28c2218805,libhyper-767acdd7011b700f,libwant-7a6260b9c50f1479,libtry_lock-8fa2f6971035be84,libhttparse-8c9b827b8f345444,libh2-2935871d073e3bf1,libtracing-4cef0f2badfdb422,libtracing_core-d26029c784af5925,libonce_cell-b5bdc597ed9676b3,libindexmap-0d7f2c48190e6f4d,libequivalent-6a754676e6af62ae,libhashbrown-6b92ca17a46d4c7a,libfnv-79e2cbfbe03dcd16,libtokio_util-af8a0fff5a95120d,libatomic_waker-06950c8c08d2b8fa,libhttpdate-331798cefc82cc7e,libfutures_util-eb78ac1c55973e72,libmemchr-5cfa70d22cb32987,libfutures_io-a8805bd12b2ab705,libslab-0582d648e59ab406,libfutures_channel-04b287164a72dbf0,libfutures_sink-3971bde37bb30e19,libfutures_task-36f327cfab86eddc,libtokio-cc30e873ce4955e4,libsignal_hook_registry-82934c0b8de84392,liberrno-55a6aecf5b377c05,libsocket2-9b7ca64215ada2ab,libmio-848bb71055774065,libparking_lot-7bec6f8429b54bf1,libparking_lot_core-0302617a03f84137,liblibc-3394320f0eefe0b4,libcfg_if-83060ec5685761ae,liblock_api-16d46fed645f7bff,libscopeguard-7ec2214574194454,libhttp_body_util-ed5fbd1db1f6d6fc,libpin_project_lite-0a15d51c77964692,libhttp_body-8d8f9f8398f09fa7,liblog-b262261d47bd2eba,liburl-20242b664c8191a8,libidna-41e8d20eab341d2d,libidna_adapter-f9ea0d61176aeaa5,libicu_properties-cd9c34beb0f6ffdf,libicu_properties_data-e6cf238fc98dd59d,libicu_normalizer-0cba3e741660dff0,libsmallvec-bc3128fdd57228fc,libicu_normalizer_data-8fea05bee0bb4e49,libicu_collections-99010f6d88cb0fa2,libutf8_iter-51566bbad89f3a68,libpotential_utf-dfc67b58ecdfe49f,libicu_provider-68c7489fa78adb03,libicu_locale_core-2440c9245e1ce3af,libtinystr-4cce420f599efd20,liblitemap-dc288f07f8f61193,libwriteable-48b3e52227924bb5,libzerovec-ca67d97079b95e44,libzerotrie-0c901af276a1f5ce,libyoke-a73bb16c30c8666f,libstable_deref_trait-63cbf3f3d3f94e56,libzerofrom-3c4bc0c4c9717ce1,libform_urlencoded-58b0f0edb59b40d2,libpercent_encoding-fa055ecaa1e57cfa,libhttp-563f2cb150350555,libitoa-5de11b3b23bfe572,libbytes-2ed9460101f17bbf,libsync_wrapper-6bdfbc29c4269203,libfutures_core-1121ff913ed87f93,libsubtle-9600f7efd1e82d97}.rlib" "<sysroot>/lib/rustlib/x86_64-unknown-linux-gnu/lib/{libstd-*,libpanic_unwind-*,libobject-*,libmemchr-*,libaddr2line-*,libgimli-*,libcfg_if-*,librustc_demangle-*,libstd_detect-*,libhashbrown-*,librustc_std_workspace_alloc-*,libminiz_oxide-*,libadler2-*,libunwind-*,liblibc-*,librustc_std_workspace_core-*,liballoc-*,libcore-*,libcompiler_builtins-*}.rlib" "-Wl,-Bdynamic" "-lgcc_s" "-lutil" "-lrt" "-lpthread" "-lm" "-ldl" "-lc" "-L" "/opt/rustwide/target/debug/deps/rustclGdZ3e/raw-dylibs" "-B<sysroot>/lib/rustlib/x86_64-unknown-linux-gnu/bin/gcc-ld" "-fuse-ld=lld" "-Wl,--eh-frame-hdr" "-Wl,-z,noexecstack" "-L" "/opt/rustwide/target/debug/build/ring-9edf261ae5eb6e8e/out" "-L" "<sysroot>/lib/rustlib/x86_64-unknown-linux-gnu/lib" "-o" "/opt/rustwide/target/debug/deps/lint_e2e-e0c5fd246331389b" "-Wl,--gc-sections" "-pie" "-Wl,-z,relro,-z,now" "-nodefaultlibs"
[INFO] [stdout]   = note: some arguments are omitted. use `--verbose` to show all linker arguments
[INFO] [stdout]   = note: collect2: fatal error: ld terminated with signal 9 [Killed]
[INFO] [stdout]           compilation terminated.
[INFO] [stdout]           
[INFO] [stdout] 
[INFO] [stdout] 
[INFO] [stderr] error: could not compile `wenlan-mcp` (test "lint_e2e") due to 1 previous error
[INFO] running `Command { std: "docker" "inspect" "e97ddfe676fae673ca391321f71c762ca1120c9d0bc462baf30a8aaef82b8c79", kill_on_drop: false }`
[INFO] running `Command { std: "docker" "rm" "-f" "e97ddfe676fae673ca391321f71c762ca1120c9d0bc462baf30a8aaef82b8c79", kill_on_drop: false }`
[INFO] [stdout] e97ddfe676fae673ca391321f71c762ca1120c9d0bc462baf30a8aaef82b8c79
