[INFO] fetching crate webview2 0.1.4...
[INFO] testing webview2-0.1.4 against 1.99.0-beta.8 for beta-1.100-2
[INFO] extracting crate webview2 0.1.4 into /workspace/builds/worker-5-tc1/source
[INFO] started tweaking crates.io crate webview2 0.1.4
[INFO] finished tweaking crates.io crate webview2 0.1.4
[INFO] tweaked toml for crates.io crate webview2 0.1.4 written to /workspace/builds/worker-5-tc1/source/Cargo.toml
[INFO] validating manifest of crates.io crate webview2 0.1.4 on toolchain 1.99.0-beta.8
[INFO] running `Command { std: CARGO_HOME="/workspace/cargo-home" RUSTUP_HOME="/workspace/rustup-home" "/workspace/cargo-home/bin/cargo" "+1.99.0-beta.8" "metadata" "--manifest-path" "Cargo.toml" "--no-deps", kill_on_drop: false }`
[INFO] crate crates.io crate webview2 0.1.4 already has a lockfile, it will not be regenerated
[INFO] running `Command { std: CARGO_HOME="/workspace/cargo-home" RUSTUP_HOME="/workspace/rustup-home" "/workspace/cargo-home/bin/cargo" "+1.99.0-beta.8" "fetch" "--manifest-path" "Cargo.toml", kill_on_drop: false }`
[INFO] [stderr]     Blocking waiting for file lock on package cache
[INFO] [stderr]     Updating crates.io index
[INFO] [stderr]     Blocking waiting for file lock on package cache
[INFO] [stderr]  Downloading crates ...
[INFO] [stderr]   Downloaded x11-dl v2.18.5
[INFO] [stderr]   Downloaded winit v0.24.0
[INFO] [stderr]   Downloaded wayland-sys v0.28.5
[INFO] [stderr]   Downloaded xml-rs v0.8.3
[INFO] [stderr]   Downloaded wayland-commons v0.28.5
[INFO] [stderr]   Downloaded proc-macro2 v1.0.24
[INFO] [stderr]   Downloaded wayland-scanner v0.28.5
[INFO] [stderr]   Downloaded once_cell v1.3.1
[INFO] [stderr]   Downloaded wayland-client v0.28.5
[INFO] [stderr]   Downloaded wayland-cursor v0.28.5
[INFO] [stderr]   Downloaded xcursor v0.3.3
[INFO] [stderr]   Downloaded wayland-protocols v0.28.5
[INFO] [stderr]   Downloaded nom v6.1.2
[INFO] [stderr]   Downloaded xdg v2.2.0
[INFO] [stderr]   Downloaded ab_glyph_rasterizer v0.1.4
[INFO] [stderr]   Downloaded ttf-parser v0.6.2
[INFO] [stderr]   Downloaded rusttype v0.9.2
[INFO] [stderr]   Downloaded owned_ttf_parser v0.6.0
[INFO] [stderr]   Downloaded raw-window-handle v0.3.3
[INFO] [stderr]   Downloaded parking_lot v0.11.1
[INFO] [stderr]   Downloaded parking_lot_core v0.8.3
[INFO] [stderr]   Downloaded lock_api v0.4.4
[INFO] [stderr]   Downloaded redox_syscall v0.2.8
[INFO] [stderr]   Downloaded syn v1.0.46
[INFO] [stderr]   Downloaded ndk-glue v0.2.1
[INFO] [stderr]   Downloaded ndk-sys v0.2.1
[INFO] [stderr]   Downloaded ndk v0.2.1
[INFO] [stderr]   Downloaded num_enum_derive v0.4.3
[INFO] [stderr]   Downloaded num_enum v0.4.3
[INFO] [stderr]   Downloaded core-graphics v0.22.2
[INFO] [stderr]   Downloaded cocoa v0.24.0
[INFO] [stderr]   Downloaded widestring v0.5.0
[INFO] [stderr]   Downloaded com v0.2.0
[INFO] [stderr]   Downloaded com_macros_support v0.2.0
[INFO] [stderr]   Downloaded com_macros v0.2.0
[INFO] [stderr]   Downloaded webview2-sys v0.1.1
[INFO] [stderr]   Downloaded stretch v0.3.2
[INFO] [stderr]   Downloaded muldiv v0.2.1
[INFO] [stderr]   Downloaded libm v0.1.4
[INFO] [stderr]   Downloaded native-windows-gui v1.0.11
[INFO] running `Command { std: "docker" "create" "-v" "/var/lib/crater-agent-workspace/builds/worker-5-tc1/source:/opt/rustwide/workdir:ro,Z" "-v" "/var/lib/crater-agent-workspace/builds/worker-5-tc1/target:/opt/rustwide/target:rw,Z" "-v" "/var/lib/crater-agent-workspace/cargo-home:/opt/rustwide/cargo-home:ro,Z" "-v" "/var/lib/crater-agent-workspace/rustup-home:/opt/rustwide/rustup-home:ro,Z" "-m" "1610612736" "--network" "none" "ghcr.io/rust-lang/crates-build-env/linux@sha256:3111399a4047eeb3a02b7a90e478d715f38a8c6669b5c4b49d30a17385265909" "sleep" "infinity", kill_on_drop: false }`
[INFO] [stdout] 188aff30a8a29eb9b95dbf54677f7910478f57f74a9b2cf11cc6e53a4259e84e
[INFO] running `Command { std: "docker" "start" "188aff30a8a29eb9b95dbf54677f7910478f57f74a9b2cf11cc6e53a4259e84e", kill_on_drop: false }`
[INFO] running `Command { std: "docker" "inspect" "188aff30a8a29eb9b95dbf54677f7910478f57f74a9b2cf11cc6e53a4259e84e", kill_on_drop: false }`
[INFO] running `Command { std: "docker" "exec" "-e" "SOURCE_DIR=/opt/rustwide/workdir" "-e" "CARGO_HOME=/opt/rustwide/cargo-home" "-e" "RUSTUP_HOME=/opt/rustwide/rustup-home" "-e" "CARGO_TARGET_DIR=/opt/rustwide/target" "-w" "/opt/rustwide/workdir" "--user" "0:0" "188aff30a8a29eb9b95dbf54677f7910478f57f74a9b2cf11cc6e53a4259e84e" "/opt/rustwide/cargo-home/bin/cargo" "+1.99.0-beta.8" "metadata" "--no-deps" "--format-version=1", kill_on_drop: false }`
[INFO] running `Command { std: "docker" "inspect" "188aff30a8a29eb9b95dbf54677f7910478f57f74a9b2cf11cc6e53a4259e84e", kill_on_drop: false }`
[INFO] running `Command { std: "docker" "exec" "-e" "SOURCE_DIR=/opt/rustwide/workdir" "-e" "CARGO_HOME=/opt/rustwide/cargo-home" "-e" "RUSTUP_HOME=/opt/rustwide/rustup-home" "-e" "CARGO_TARGET_DIR=/opt/rustwide/target" "-e" "CARGO_INCREMENTAL=0" "-e" "RUST_BACKTRACE=full" "-e" "RUSTFLAGS=--cap-lints=warn" "-e" "RUSTDOCFLAGS=--cap-lints=warn" "-w" "/opt/rustwide/workdir" "--user" "0:0" "188aff30a8a29eb9b95dbf54677f7910478f57f74a9b2cf11cc6e53a4259e84e" "/opt/rustwide/cargo-home/bin/cargo" "+1.99.0-beta.8" "build" "--frozen" "--message-format=json", kill_on_drop: false }`
[INFO] [stderr]    Compiling proc-macro2 v1.0.24
[INFO] [stderr]    Compiling unicode-xid v0.2.0
[INFO] [stderr]    Compiling syn v1.0.46
[INFO] [stderr]    Compiling winapi v0.3.9
[INFO] [stderr]    Compiling webview2-sys v0.1.1
[INFO] [stderr]    Compiling widestring v0.5.0
[INFO] [stderr]    Compiling once_cell v1.3.1
[INFO] [stderr]    Compiling quote v1.0.9
[INFO] [stderr]    Compiling com_macros_support v0.2.0
[INFO] [stderr]    Compiling com_macros v0.2.0
[INFO] [stderr]    Compiling com v0.2.0
[INFO] [stdout] error[E0570]: "stdcall" is not a supported ABI for the current target
[INFO] [stdout]   --> /opt/rustwide/cargo-home/registry/src/index.crates.io-1949cf8c6b5b557f/com-0.2.0/src/interfaces/iclass_factory.rs:12:1
[INFO] [stdout]    |
[INFO] [stdout] 12 | #[com_interface("00000001-0000-0000-c000-000000000046")]
[INFO] [stdout]    | ^^^^^^^^^^^^^^^^^^^^^^^^^^^^^^^^^^^^^^^^^^^^^^^^^^^^^^^^
[INFO] [stdout]    |
[INFO] [stdout]    = help: if you need `extern "stdcall"` on win32 and `extern "C"` everywhere else, use `extern "system"`
[INFO] [stdout]    = note: this error originates in the attribute macro `com_interface` (in Nightly builds, run with -Z macro-backtrace for more info)
[INFO] [stdout] 
[INFO] [stdout] 
[INFO] [stdout] error[E0570]: "stdcall" is not a supported ABI for the current target
[INFO] [stdout]   --> /opt/rustwide/cargo-home/registry/src/index.crates.io-1949cf8c6b5b557f/com-0.2.0/src/interfaces/iclass_factory.rs:12:1
[INFO] [stdout]    |
[INFO] [stdout] 12 | #[com_interface("00000001-0000-0000-c000-000000000046")]
[INFO] [stdout]    | ^^^^^^^^^^^^^^^^^^^^^^^^^^^^^^^^^^^^^^^^^^^^^^^^^^^^^^^^
[INFO] [stdout]    |
[INFO] [stdout]    = help: if you need `extern "stdcall"` on win32 and `extern "C"` everywhere else, use `extern "system"`
[INFO] [stdout]    = note: this error originates in the macro `iclass_factory_gen_vtable` (in Nightly builds, run with -Z macro-backtrace for more info)
[INFO] [stdout] 
[INFO] [stdout] 
[INFO] [stdout] error[E0570]: "stdcall" is not a supported ABI for the current target
[INFO] [stdout]  --> /opt/rustwide/cargo-home/registry/src/index.crates.io-1949cf8c6b5b557f/com-0.2.0/src/interfaces/iunknown.rs:8:1
[INFO] [stdout]   |
[INFO] [stdout] 8 | #[com_interface("00000000-0000-0000-C000-000000000046")]
[INFO] [stdout]   | ^^^^^^^^^^^^^^^^^^^^^^^^^^^^^^^^^^^^^^^^^^^^^^^^^^^^^^^^
[INFO] [stdout]   |
[INFO] [stdout]   = help: if you need `extern "stdcall"` on win32 and `extern "C"` everywhere else, use `extern "system"`
[INFO] [stdout]   = note: this error originates in the attribute macro `com_interface` (in Nightly builds, run with -Z macro-backtrace for more info)
[INFO] [stdout] 
[INFO] [stdout] 
[INFO] [stdout] error[E0570]: "stdcall" is not a supported ABI for the current target
[INFO] [stdout]  --> /opt/rustwide/cargo-home/registry/src/index.crates.io-1949cf8c6b5b557f/com-0.2.0/src/interfaces/iunknown.rs:8:1
[INFO] [stdout]   |
[INFO] [stdout] 8 | #[com_interface("00000000-0000-0000-C000-000000000046")]
[INFO] [stdout]   | ^^^^^^^^^^^^^^^^^^^^^^^^^^^^^^^^^^^^^^^^^^^^^^^^^^^^^^^^
[INFO] [stdout]   |
[INFO] [stdout]   = help: if you need `extern "stdcall"` on win32 and `extern "C"` everywhere else, use `extern "system"`
[INFO] [stdout]   = note: this error originates in the macro `iunknown_gen_vtable` (in Nightly builds, run with -Z macro-backtrace for more info)
[INFO] [stdout] 
[INFO] [stdout] 
[INFO] [stdout] For more information about this error, try `rustc --explain E0570`.
[INFO] [stdout] 
[INFO] [stderr] error: could not compile `com` (lib) due to 4 previous errors
[INFO] running `Command { std: "docker" "inspect" "188aff30a8a29eb9b95dbf54677f7910478f57f74a9b2cf11cc6e53a4259e84e", kill_on_drop: false }`
[INFO] running `Command { std: "docker" "rm" "-f" "188aff30a8a29eb9b95dbf54677f7910478f57f74a9b2cf11cc6e53a4259e84e", kill_on_drop: false }`
[INFO] [stdout] 188aff30a8a29eb9b95dbf54677f7910478f57f74a9b2cf11cc6e53a4259e84e
