[INFO] fetching crate webtrans-wasm 0.6.0...
[INFO] testing webtrans-wasm-0.6.0 against 1.99.0-beta.8 for beta-1.100-2
[INFO] extracting crate webtrans-wasm 0.6.0 into /workspace/builds/worker-3-tc1/source
[INFO] started tweaking crates.io crate webtrans-wasm 0.6.0
[INFO] finished tweaking crates.io crate webtrans-wasm 0.6.0
[INFO] tweaked toml for crates.io crate webtrans-wasm 0.6.0 written to /workspace/builds/worker-3-tc1/source/Cargo.toml
[INFO] validating manifest of crates.io crate webtrans-wasm 0.6.0 on toolchain 1.99.0-beta.8
[INFO] running `Command { std: CARGO_HOME="/workspace/cargo-home" RUSTUP_HOME="/workspace/rustup-home" "/workspace/cargo-home/bin/cargo" "+1.99.0-beta.8" "metadata" "--manifest-path" "Cargo.toml" "--no-deps", kill_on_drop: false }`
[INFO] crate crates.io crate webtrans-wasm 0.6.0 already has a lockfile, it will not be regenerated
[INFO] running `Command { std: CARGO_HOME="/workspace/cargo-home" RUSTUP_HOME="/workspace/rustup-home" "/workspace/cargo-home/bin/cargo" "+1.99.0-beta.8" "fetch" "--manifest-path" "Cargo.toml", kill_on_drop: false }`
[INFO] [stderr]     Updating crates.io index
[INFO] [stderr]  Downloading crates ...
[INFO] [stderr]   Downloaded wasm-bindgen-test-shared v0.2.114
[INFO] [stderr]   Downloaded web-streams v0.1.3
[INFO] [stderr]   Downloaded wasm-bindgen-test v0.3.64
[INFO] [stderr]   Downloaded wasm-bindgen-test-macro v0.3.64
[INFO] [stderr]   Downloaded webtrans-trait v0.6.0
[INFO] running `Command { std: "docker" "create" "-v" "/var/lib/crater-agent-workspace/builds/worker-3-tc1/source:/opt/rustwide/workdir:ro,Z" "-v" "/var/lib/crater-agent-workspace/builds/worker-3-tc1/target:/opt/rustwide/target:rw,Z" "-v" "/var/lib/crater-agent-workspace/cargo-home:/opt/rustwide/cargo-home:ro,Z" "-v" "/var/lib/crater-agent-workspace/rustup-home:/opt/rustwide/rustup-home:ro,Z" "-m" "1610612736" "--network" "none" "ghcr.io/rust-lang/crates-build-env/linux@sha256:3111399a4047eeb3a02b7a90e478d715f38a8c6669b5c4b49d30a17385265909" "sleep" "infinity", kill_on_drop: false }`
[INFO] [stdout] 8461c5bff0e78bd0274aa680af4792b30b4cd378f1f6fa1f15591a062e665860
[INFO] running `Command { std: "docker" "start" "8461c5bff0e78bd0274aa680af4792b30b4cd378f1f6fa1f15591a062e665860", kill_on_drop: false }`
[INFO] running `Command { std: "docker" "inspect" "8461c5bff0e78bd0274aa680af4792b30b4cd378f1f6fa1f15591a062e665860", kill_on_drop: false }`
[INFO] running `Command { std: "docker" "exec" "-e" "SOURCE_DIR=/opt/rustwide/workdir" "-e" "CARGO_HOME=/opt/rustwide/cargo-home" "-e" "RUSTUP_HOME=/opt/rustwide/rustup-home" "-e" "CARGO_TARGET_DIR=/opt/rustwide/target" "-w" "/opt/rustwide/workdir" "--user" "0:0" "8461c5bff0e78bd0274aa680af4792b30b4cd378f1f6fa1f15591a062e665860" "/opt/rustwide/cargo-home/bin/cargo" "+1.99.0-beta.8" "metadata" "--no-deps" "--format-version=1", kill_on_drop: false }`
[INFO] running `Command { std: "docker" "inspect" "8461c5bff0e78bd0274aa680af4792b30b4cd378f1f6fa1f15591a062e665860", kill_on_drop: false }`
[INFO] running `Command { std: "docker" "exec" "-e" "SOURCE_DIR=/opt/rustwide/workdir" "-e" "CARGO_HOME=/opt/rustwide/cargo-home" "-e" "RUSTUP_HOME=/opt/rustwide/rustup-home" "-e" "CARGO_TARGET_DIR=/opt/rustwide/target" "-e" "CARGO_INCREMENTAL=0" "-e" "RUST_BACKTRACE=full" "-e" "RUSTFLAGS=--cap-lints=warn" "-e" "RUSTDOCFLAGS=--cap-lints=warn" "-w" "/opt/rustwide/workdir" "--user" "0:0" "8461c5bff0e78bd0274aa680af4792b30b4cd378f1f6fa1f15591a062e665860" "/opt/rustwide/cargo-home/bin/cargo" "+1.99.0-beta.8" "build" "--frozen" "--message-format=json", kill_on_drop: false }`
[INFO] [stderr]    Compiling quote v1.0.44
[INFO] [stderr]    Compiling wasm-bindgen-shared v0.2.114
[INFO] [stderr]    Compiling bumpalo v3.20.2
[INFO] [stderr]    Compiling once_cell v1.21.3
[INFO] [stderr]    Compiling webtrans-trait v0.6.0
[INFO] [stderr]    Compiling wasm-bindgen v0.2.114
[INFO] [stderr]    Compiling syn v2.0.117
[INFO] [stderr]    Compiling synstructure v0.13.2
[INFO] [stderr]    Compiling wasm-bindgen-macro-support v0.2.114
[INFO] [stderr]    Compiling zerofrom-derive v0.1.6
[INFO] [stderr]    Compiling yoke-derive v0.8.1
[INFO] [stderr]    Compiling zerovec-derive v0.11.2
[INFO] [stderr]    Compiling displaydoc v0.2.5
[INFO] [stderr]    Compiling futures-macro v0.3.32
[INFO] [stderr]    Compiling thiserror-impl v2.0.18
[INFO] [stderr]    Compiling futures-util v0.3.32
[INFO] [stderr]    Compiling zerofrom v0.1.6
[INFO] [stderr]    Compiling yoke v0.8.1
[INFO] [stderr]    Compiling zerotrie v0.2.3
[INFO] [stderr]    Compiling zerovec v0.11.5
[INFO] [stderr]    Compiling thiserror v2.0.18
[INFO] [stderr]    Compiling tinystr v0.8.2
[INFO] [stderr]    Compiling potential_utf v0.1.4
[INFO] [stderr]    Compiling icu_collections v2.1.1
[INFO] [stderr]    Compiling icu_locale_core v2.1.1
[INFO] [stderr]    Compiling wasm-bindgen-macro v0.2.114
[INFO] [stderr]    Compiling icu_provider v2.1.1
[INFO] [stderr]    Compiling icu_normalizer v2.1.1
[INFO] [stderr]    Compiling icu_properties v2.1.2
[INFO] [stderr]    Compiling futures-executor v0.3.32
[INFO] [stderr]    Compiling futures v0.3.32
[INFO] [stderr]    Compiling js-sys v0.3.91
[INFO] [stderr]    Compiling idna_adapter v1.2.1
[INFO] [stderr]    Compiling idna v1.1.0
[INFO] [stderr]    Compiling url v2.5.8
[INFO] [stderr]    Compiling wasm-bindgen-futures v0.4.64
[INFO] [stderr]    Compiling web-sys v0.3.91
[INFO] [stderr]    Compiling web-streams v0.1.3
[INFO] [stderr]    Compiling webtrans-wasm v0.6.0 (/opt/rustwide/workdir)
[INFO] [stdout] error[E0432]: unresolved imports `web_sys::WebTransport`, `web_sys::WebTransportHash`, `web_sys::WebTransportOptions`
[INFO] [stdout]  --> src/client.rs:4:15
[INFO] [stdout]   |
[INFO] [stdout] 4 | use web_sys::{WebTransport, WebTransportHash, WebTransportOptions};
[INFO] [stdout]   |               ^^^^^^^^^^^^  ^^^^^^^^^^^^^^^^  ^^^^^^^^^^^^^^^^^^^ no `WebTransportOptions` in the root
[INFO] [stdout]   |               |             |
[INFO] [stdout]   |               |             no `WebTransportHash` in the root
[INFO] [stdout]   |               no `WebTransport` in the root
[INFO] [stdout] 
[INFO] [stdout] 
[INFO] [stdout] error[E0432]: unresolved import `web_sys::WebTransportCongestionControl`
[INFO] [stdout]  --> src/client.rs:8:9
[INFO] [stdout]   |
[INFO] [stdout] 8 | pub use web_sys::WebTransportCongestionControl as CongestionControl;
[INFO] [stdout]   |         ^^^^^^^^^-----------------------------^^^^^^^^^^^^^^^^^^^^^
[INFO] [stdout]   |                  |
[INFO] [stdout]   |                  no `WebTransportCongestionControl` in the root
[INFO] [stdout] 
[INFO] [stdout] 
[INFO] [stdout] error[E0432]: unresolved import `web_sys::WebTransportReceiveStream`
[INFO] [stdout]   --> src/recv.rs:10:5
[INFO] [stdout]    |
[INFO] [stdout] 10 | use web_sys::WebTransportReceiveStream;
[INFO] [stdout]    |     ^^^^^^^^^-------------------------
[INFO] [stdout]    |              |
[INFO] [stdout]    |              no `WebTransportReceiveStream` in the root
[INFO] [stdout] 
[INFO] [stdout] 
[INFO] [stdout] error[E0432]: unresolved import `web_sys::WebTransportSendStream`
[INFO] [stdout]  --> src/send.rs:9:5
[INFO] [stdout]   |
[INFO] [stdout] 9 | use web_sys::WebTransportSendStream;
[INFO] [stdout]   |     ^^^^^^^^^----------------------
[INFO] [stdout]   |              |
[INFO] [stdout]   |              no `WebTransportSendStream` in the root
[INFO] [stdout] 
[INFO] [stdout] 
[INFO] [stdout] error[E0432]: unresolved imports `web_sys::WebTransport`, `web_sys::WebTransportBidirectionalStream`, `web_sys::WebTransportCloseInfo`, `web_sys::WebTransportReceiveStream`, `web_sys::WebTransportSendStream`
[INFO] [stdout]   --> src/session.rs:10:5
[INFO] [stdout]    |
[INFO] [stdout] 10 |     WebTransport, WebTransportBidirectionalStream, WebTransportCloseInfo,
[INFO] [stdout]    |     ^^^^^^^^^^^^  ^^^^^^^^^^^^^^^^^^^^^^^^^^^^^^^  ^^^^^^^^^^^^^^^^^^^^^ no `WebTransportCloseInfo` in the root
[INFO] [stdout]    |     |             |
[INFO] [stdout]    |     |             no `WebTransportBidirectionalStream` in the root
[INFO] [stdout]    |     no `WebTransport` in the root
[INFO] [stdout] 11 |     WebTransportReceiveStream, WebTransportSendStream,
[INFO] [stdout]    |     ^^^^^^^^^^^^^^^^^^^^^^^^^  ^^^^^^^^^^^^^^^^^^^^^^ no `WebTransportSendStream` in the root
[INFO] [stdout]    |     |
[INFO] [stdout]    |     no `WebTransportReceiveStream` in the root
[INFO] [stdout] 
[INFO] [stdout] 
[INFO] [stdout] error[E0433]: cannot find `WebTransportErrorSource` in `web_sys`
[INFO] [stdout]   --> src/error.rs:44:26
[INFO] [stdout]    |
[INFO] [stdout] 44 |                 web_sys::WebTransportErrorSource::Stream => Error::Stream(e),
[INFO] [stdout]    |                          ^^^^^^^^^^^^^^^^^^^^^^^ could not find `WebTransportErrorSource` in `web_sys`
[INFO] [stdout] 
[INFO] [stdout] 
[INFO] [stdout] error[E0433]: cannot find `WebTransportErrorSource` in `web_sys`
[INFO] [stdout]   --> src/error.rs:45:26
[INFO] [stdout]    |
[INFO] [stdout] 45 |                 web_sys::WebTransportErrorSource::Session => Error::Session(e),
[INFO] [stdout]    |                          ^^^^^^^^^^^^^^^^^^^^^^^ could not find `WebTransportErrorSource` in `web_sys`
[INFO] [stdout] 
[INFO] [stdout] 
[INFO] [stdout] error[E0425]: cannot find type `WebTransportError` in crate `web_sys`
[INFO] [stdout]   --> src/error.rs:16:22
[INFO] [stdout]    |
[INFO] [stdout] 16 |     Session(web_sys::WebTransportError),
[INFO] [stdout]    |                      ^^^^^^^^^^^^^^^^^ not found in `web_sys`
[INFO] [stdout] 
[INFO] [stdout] 
[INFO] [stdout] error[E0425]: cannot find type `WebTransportError` in crate `web_sys`
[INFO] [stdout]   --> src/error.rs:19:21
[INFO] [stdout]    |
[INFO] [stdout] 19 |     Stream(web_sys::WebTransportError),
[INFO] [stdout]    |                     ^^^^^^^^^^^^^^^^^ not found in `web_sys`
[INFO] [stdout] 
[INFO] [stdout] 
[INFO] [stdout] error[E0425]: cannot find type `WebTransportError` in crate `web_sys`
[INFO] [stdout]   --> src/error.rs:42:47
[INFO] [stdout]    |
[INFO] [stdout] 42 |         if let Some(e) = v.dyn_ref::<web_sys::WebTransportError>().cloned() {
[INFO] [stdout]    |                                               ^^^^^^^^^^^^^^^^^ not found in `web_sys`
[INFO] [stdout] 
[INFO] [stdout] 
[INFO] [stdout] Some errors have detailed explanations: E0425, E0432, E0433.
[INFO] [stdout] 
[INFO] [stdout] For more information about an error, try `rustc --explain E0425`.
[INFO] [stdout] 
[INFO] [stderr] error: could not compile `webtrans-wasm` (lib) due to 10 previous errors
[INFO] running `Command { std: "docker" "inspect" "8461c5bff0e78bd0274aa680af4792b30b4cd378f1f6fa1f15591a062e665860", kill_on_drop: false }`
[INFO] running `Command { std: "docker" "rm" "-f" "8461c5bff0e78bd0274aa680af4792b30b4cd378f1f6fa1f15591a062e665860", kill_on_drop: false }`
[INFO] [stdout] 8461c5bff0e78bd0274aa680af4792b30b4cd378f1f6fa1f15591a062e665860
