[INFO] fetching crate webpage_quality_analyzer 1.0.2...
[INFO] testing webpage_quality_analyzer-1.0.2 against 1.99.0-beta.8 for beta-1.100-2
[INFO] extracting crate webpage_quality_analyzer 1.0.2 into /workspace/builds/worker-5-tc1/source
[INFO] started tweaking crates.io crate webpage_quality_analyzer 1.0.2
[INFO] removed 0 missing examples
[INFO] removed 0 missing tests
[INFO] finished tweaking crates.io crate webpage_quality_analyzer 1.0.2
[INFO] tweaked toml for crates.io crate webpage_quality_analyzer 1.0.2 written to /workspace/builds/worker-5-tc1/source/Cargo.toml
[INFO] validating manifest of crates.io crate webpage_quality_analyzer 1.0.2 on toolchain 1.99.0-beta.8
[INFO] running `Command { std: CARGO_HOME="/workspace/cargo-home" RUSTUP_HOME="/workspace/rustup-home" "/workspace/cargo-home/bin/cargo" "+1.99.0-beta.8" "metadata" "--manifest-path" "Cargo.toml" "--no-deps", kill_on_drop: false }`
[INFO] crate crates.io crate webpage_quality_analyzer 1.0.2 already has a lockfile, it will not be regenerated
[INFO] running `Command { std: CARGO_HOME="/workspace/cargo-home" RUSTUP_HOME="/workspace/rustup-home" "/workspace/cargo-home/bin/cargo" "+1.99.0-beta.8" "fetch" "--manifest-path" "Cargo.toml", kill_on_drop: false }`
[INFO] [stderr]     Updating crates.io index
[INFO] [stderr]  Downloading crates ...
[INFO] [stderr]   Downloaded wasi v0.14.3+wasi-0.2.4
[INFO] [stderr]   Downloaded wasm-bindgen-test-macro v0.3.50
[INFO] [stderr]   Downloaded tokio-test v0.4.4
[INFO] [stderr]   Downloaded wasm-bindgen-test v0.3.50
[INFO] [stderr]   Downloaded winapi-util v0.1.10
[INFO] [stderr]   Downloaded find-msvc-tools v0.1.0
[INFO] [stderr]   Downloaded servo_arc v0.3.0
[INFO] [stderr]   Downloaded mac v0.1.1
[INFO] [stderr]   Downloaded futf v0.1.5
[INFO] [stderr]   Downloaded wit-bindgen v0.45.0
[INFO] [stderr]   Downloaded minicov v0.3.7
[INFO] [stderr]   Downloaded scraper v0.18.1
[INFO] [stderr]   Downloaded tl v0.7.8
[INFO] [stderr]   Downloaded tempfile v3.21.0
[INFO] [stderr]   Downloaded phf_codegen v0.10.0
[INFO] [stderr]   Downloaded phf v0.10.1
[INFO] [stderr]   Downloaded tendril v0.4.3
[INFO] [stderr]   Downloaded phf_shared v0.10.0
[INFO] [stderr]   Downloaded ego-tree v0.6.3
[INFO] [stderr]   Downloaded whatlang v0.16.4
[INFO] [stderr]   Downloaded cc v1.2.35
[INFO] [stderr]   Downloaded selectors v0.25.0
[INFO] [stderr]   Downloaded phf_generator v0.10.0
[INFO] [stderr]   Downloaded fxhash v0.2.1
[INFO] [stderr]   Downloaded string_cache_codegen v0.5.4
[INFO] [stderr]   Downloaded indexmap v2.11.0
[INFO] [stderr]   Downloaded dtoa v1.0.10
[INFO] [stderr]   Downloaded string_cache v0.8.9
[INFO] [stderr]   Downloaded io-uring v0.7.10
[INFO] [stderr]   Downloaded derive_more v0.99.20
[INFO] [stderr]   Downloaded cssparser v0.31.2
[INFO] [stderr]   Downloaded markup5ever v0.11.0
[INFO] [stderr]   Downloaded html5ever v0.26.0
[INFO] [stderr]   Downloaded openssl-sys v0.9.109
[INFO] [stderr]   Downloaded openssl v0.10.73
[INFO] [stderr]   Downloaded unindent v0.2.4
[INFO] [stderr]   Downloaded pyo3-macros v0.21.2
[INFO] [stderr]   Downloaded pyo3-build-config v0.21.2
[INFO] [stderr]   Downloaded libc v0.2.175
[INFO] [stderr]   Downloaded regex v1.11.2
[INFO] [stderr]   Downloaded readability v0.3.0
[INFO] [stderr]   Downloaded xml5ever v0.17.0
[INFO] [stderr]   Downloaded markup5ever_rcdom v0.2.0
[INFO] [stderr]   Downloaded target-lexicon v0.12.16
[INFO] [stderr]   Downloaded pyo3-macros-backend v0.21.2
[INFO] [stderr]   Downloaded pyo3-ffi v0.21.2
[INFO] [stderr]   Downloaded rayon-cond v0.1.0
[INFO] [stderr]   Downloaded pyo3 v0.21.2
[INFO] [stderr]   Downloaded indoc v2.0.6
[INFO] [stderr]   Downloaded itertools v0.8.2
[INFO] [stderr]   Downloaded onig v6.5.1
[INFO] [stderr]   Downloaded regex-syntax v0.8.6
[INFO] [stderr]   Downloaded srx v0.1.4
[INFO] [stderr]   Downloaded fs-err v2.11.0
[INFO] [stderr]   Downloaded markup5ever v0.12.1
[INFO] [stderr]   Downloaded nlprule v0.6.4
[INFO] [stderr]   Downloaded similar v2.7.0
[INFO] [stderr]   Downloaded regex-automata v0.4.10
[INFO] [stderr]   Downloaded half v1.8.3
[INFO] [stderr]   Downloaded html5ever v0.27.0
[INFO] [stderr]   Downloaded insta v1.43.1
[INFO] [stderr]   Downloaded html2text v0.12.6
[INFO] [stderr]   Downloaded onig_sys v69.9.1
[INFO] [stderr]   Downloaded anstream v0.6.20
[INFO] [stderr]   Downloaded unicode-width v0.1.13
[INFO] [stderr]   Downloaded clap v4.5.47
[INFO] [stderr]   Downloaded clap_builder v4.5.47
[INFO] [stderr]   Downloaded chrono v0.4.41
[INFO] [stderr]   Downloaded windows-interface v0.59.1
[INFO] [stderr]   Downloaded windows-implement v0.60.0
[INFO] [stderr]   Downloaded iana-time-zone v0.1.63
[INFO] [stderr]   Downloaded half v2.6.0
[INFO] running `Command { std: "docker" "create" "-v" "/var/lib/crater-agent-workspace/builds/worker-5-tc1/source:/opt/rustwide/workdir:ro,Z" "-v" "/var/lib/crater-agent-workspace/builds/worker-5-tc1/target:/opt/rustwide/target:rw,Z" "-v" "/var/lib/crater-agent-workspace/cargo-home:/opt/rustwide/cargo-home:ro,Z" "-v" "/var/lib/crater-agent-workspace/rustup-home:/opt/rustwide/rustup-home:ro,Z" "-m" "1610612736" "--network" "none" "ghcr.io/rust-lang/crates-build-env/linux@sha256:3111399a4047eeb3a02b7a90e478d715f38a8c6669b5c4b49d30a17385265909" "sleep" "infinity", kill_on_drop: false }`
[INFO] [stdout] ffbaf7505097c90163d661807c12cdb4a75f5c9d6d5603dd9b5d402413b85772
[INFO] running `Command { std: "docker" "start" "ffbaf7505097c90163d661807c12cdb4a75f5c9d6d5603dd9b5d402413b85772", kill_on_drop: false }`
[INFO] running `Command { std: "docker" "inspect" "ffbaf7505097c90163d661807c12cdb4a75f5c9d6d5603dd9b5d402413b85772", kill_on_drop: false }`
[INFO] running `Command { std: "docker" "exec" "-e" "SOURCE_DIR=/opt/rustwide/workdir" "-e" "CARGO_HOME=/opt/rustwide/cargo-home" "-e" "RUSTUP_HOME=/opt/rustwide/rustup-home" "-e" "CARGO_TARGET_DIR=/opt/rustwide/target" "-w" "/opt/rustwide/workdir" "--user" "0:0" "ffbaf7505097c90163d661807c12cdb4a75f5c9d6d5603dd9b5d402413b85772" "/opt/rustwide/cargo-home/bin/cargo" "+1.99.0-beta.8" "metadata" "--no-deps" "--format-version=1", kill_on_drop: false }`
[INFO] running `Command { std: "docker" "inspect" "ffbaf7505097c90163d661807c12cdb4a75f5c9d6d5603dd9b5d402413b85772", kill_on_drop: false }`
[INFO] running `Command { std: "docker" "exec" "-e" "SOURCE_DIR=/opt/rustwide/workdir" "-e" "CARGO_HOME=/opt/rustwide/cargo-home" "-e" "RUSTUP_HOME=/opt/rustwide/rustup-home" "-e" "CARGO_TARGET_DIR=/opt/rustwide/target" "-e" "CARGO_INCREMENTAL=0" "-e" "RUST_BACKTRACE=full" "-e" "RUSTFLAGS=--cap-lints=warn" "-e" "RUSTDOCFLAGS=--cap-lints=warn" "-w" "/opt/rustwide/workdir" "--user" "0:0" "ffbaf7505097c90163d661807c12cdb4a75f5c9d6d5603dd9b5d402413b85772" "/opt/rustwide/cargo-home/bin/cargo" "+1.99.0-beta.8" "build" "--frozen" "--message-format=json", kill_on_drop: false }`
[INFO] [stderr]    Compiling unicode-ident v1.0.18
[INFO] [stderr]    Compiling cfg-if v1.0.3
[INFO] [stderr]    Compiling libc v0.2.175
[INFO] [stderr]    Compiling zerocopy v0.8.26
[INFO] [stderr]    Compiling serde v1.0.219
[INFO] [stderr]    Compiling siphasher v1.0.1
[INFO] [stderr]    Compiling memchr v2.7.5
[INFO] [stderr]    Compiling log v0.4.27
[INFO] [stderr]    Compiling lock_api v0.4.13
[INFO] [stderr]    Compiling find-msvc-tools v0.1.0
[INFO] [stderr]    Compiling siphasher v0.3.11
[INFO] [stderr]    Compiling new_debug_unreachable v1.0.6
[INFO] [stderr]    Compiling mac v0.1.1
[INFO] [stderr]    Compiling utf-8 v0.7.6
[INFO] [stderr]    Compiling hashbrown v0.15.5
[INFO] [stderr]    Compiling proc-macro2 v1.0.101
[INFO] [stderr]    Compiling cc v1.2.35
[INFO] [stderr]    Compiling futf v0.1.5
[INFO] [stderr]    Compiling precomputed-hash v0.1.1
[INFO] [stderr]    Compiling futures-task v0.3.31
[INFO] [stderr]    Compiling tendril v0.4.3
[INFO] [stderr]    Compiling phf_shared v0.11.3
[INFO] [stderr]    Compiling syn v1.0.109
[INFO] [stderr]    Compiling openssl v0.10.73
[INFO] [stderr]    Compiling phf_shared v0.10.0
[INFO] [stderr]    Compiling tracing v0.1.41
[INFO] [stderr]    Compiling serde_json v1.0.143
[INFO] [stderr]    Compiling phf v0.11.3
[INFO] [stderr]    Compiling num-traits v0.2.19
[INFO] [stderr]    Compiling aho-corasick v1.1.3
[INFO] [stderr]    Compiling regex-syntax v0.8.6
[INFO] [stderr]    Compiling phf v0.10.1
[INFO] [stderr]    Compiling encoding_rs v0.8.35
[INFO] [stderr]    Compiling winnow v0.7.13
[INFO] [stderr]    Compiling iana-time-zone v0.1.63
[INFO] [stderr]    Compiling unicode-width v0.1.13
[INFO] [stderr]    Compiling indexmap v2.11.0
[INFO] [stderr]    Compiling unsafe-libyaml v0.2.11
[INFO] [stderr]    Compiling tl v0.7.8
[INFO] [stderr]    Compiling quote v1.0.40
[INFO] [stderr]    Compiling syn v2.0.106
[INFO] [stderr]    Compiling getrandom v0.2.16
[INFO] [stderr]    Compiling parking_lot_core v0.9.11
[INFO] [stderr]    Compiling mio v1.0.4
[INFO] [stderr]    Compiling socket2 v0.6.0
[INFO] [stderr]    Compiling signal-hook-registry v1.4.6
[INFO] [stderr]    Compiling rand_core v0.6.4
[INFO] [stderr]    Compiling socket2 v0.5.10
[INFO] [stderr]    Compiling parking_lot v0.12.4
[INFO] [stderr]    Compiling openssl-sys v0.9.109
[INFO] [stderr]    Compiling native-tls v0.2.14
[INFO] [stderr]    Compiling ppv-lite86 v0.2.21
[INFO] [stderr]    Compiling regex-automata v0.4.10
[INFO] [stderr]    Compiling rand_chacha v0.3.1
[INFO] [stderr]    Compiling rand v0.8.5
[INFO] [stderr]    Compiling phf_generator v0.11.3
[INFO] [stderr]    Compiling phf_generator v0.10.0
[INFO] [stderr]    Compiling phf_codegen v0.10.0
[INFO] [stderr]    Compiling string_cache_codegen v0.5.4
[INFO] [stderr]    Compiling phf_codegen v0.11.3
[INFO] [stderr]    Compiling markup5ever v0.11.0
[INFO] [stderr]    Compiling markup5ever v0.12.1
[INFO] [stderr]    Compiling synstructure v0.13.2
[INFO] [stderr]    Compiling serde_derive v1.0.219
[INFO] [stderr]    Compiling zerofrom-derive v0.1.6
[INFO] [stderr]    Compiling yoke-derive v0.8.0
[INFO] [stderr]    Compiling zerovec-derive v0.11.1
[INFO] [stderr]    Compiling displaydoc v0.2.5
[INFO] [stderr]    Compiling tokio-macros v2.5.0
[INFO] [stderr]    Compiling futures-macro v0.3.31
[INFO] [stderr]    Compiling openssl-macros v0.1.1
[INFO] [stderr]    Compiling html5ever v0.27.0
[INFO] [stderr]    Compiling thiserror-impl v1.0.69
[INFO] [stderr]    Compiling regex v1.11.2
[INFO] [stderr]    Compiling tokio v1.47.1
[INFO] [stderr]    Compiling html5ever v0.26.0
[INFO] [stderr]    Compiling zerofrom v0.1.6
[INFO] [stderr]    Compiling futures-util v0.3.31
[INFO] [stderr]    Compiling yoke v0.8.0
[INFO] [stderr]    Compiling zerovec v0.11.4
[INFO] [stderr]    Compiling zerotrie v0.2.2
[INFO] [stderr]    Compiling thiserror v1.0.69
[INFO] [stderr]    Compiling tinystr v0.8.1
[INFO] [stderr]    Compiling potential_utf v0.1.3
[INFO] [stderr]    Compiling icu_collections v2.0.0
[INFO] [stderr]    Compiling icu_locale_core v2.0.0
[INFO] [stderr]    Compiling icu_provider v2.0.0
[INFO] [stderr]    Compiling icu_properties v2.0.1
[INFO] [stderr]    Compiling icu_normalizer v2.0.0
[INFO] [stderr]    Compiling futures-executor v0.3.31
[INFO] [stderr]    Compiling futures v0.3.31
[INFO] [stderr]    Compiling idna_adapter v1.2.1
[INFO] [stderr]    Compiling idna v1.1.0
[INFO] [stderr]    Compiling tokio-util v0.7.16
[INFO] [stderr]    Compiling tokio-native-tls v0.3.1
[INFO] [stderr]    Compiling h2 v0.3.27
[INFO] [stderr]    Compiling string_cache v0.8.9
[INFO] [stderr]    Compiling serde_urlencoded v0.7.1
[INFO] [stderr]    Compiling toml_datetime v0.6.11
[INFO] [stderr]    Compiling serde_spanned v0.6.9
[INFO] [stderr]    Compiling url v2.5.7
[INFO] [stderr]    Compiling chrono v0.4.41
[INFO] [stderr]    Compiling serde_yaml v0.9.34+deprecated
[INFO] [stderr]    Compiling toml_edit v0.22.27
[INFO] [stderr]    Compiling xml5ever v0.17.0
[INFO] [stderr]    Compiling html2text v0.12.6
[INFO] [stderr]    Compiling markup5ever_rcdom v0.2.0
[INFO] [stderr]    Compiling toml v0.8.23
[INFO] [stderr]    Compiling hyper v0.14.32
[INFO] [stderr]    Compiling hyper-tls v0.5.0
[INFO] [stderr]    Compiling reqwest v0.11.27
[INFO] [stderr]    Compiling readability v0.3.0
[INFO] [stderr]    Compiling webpage_quality_analyzer v1.0.2 (/opt/rustwide/workdir)
[INFO] [stdout] warning: ambiguous glob re-exports
[INFO] [stdout]   --> src/config/mod.rs:12:9
[INFO] [stdout]    |
[INFO] [stdout] 12 | pub use config_models::*;
[INFO] [stdout]    |         ^^^^^^^^^^^^^^^^ the name `ValidationError` in the type namespace is first re-exported here
[INFO] [stdout] ...
[INFO] [stdout] 16 | pub use profile_validator::*;
[INFO] [stdout]    |         -------------------- but the name `ValidationError` in the type namespace is also re-exported here
[INFO] [stdout]    |
[INFO] [stdout]    = note: `#[warn(ambiguous_glob_reexports)]` on by default
[INFO] [stdout] 
[INFO] [stdout] 
[INFO] [stdout] warning: ambiguous glob re-exports
[INFO] [stdout]   --> src/config/mod.rs:12:9
[INFO] [stdout]    |
[INFO] [stdout] 12 | pub use config_models::*;
[INFO] [stdout]    |         ^^^^^^^^^^^^^^^^ the name `QualityBandConfig` in the type namespace is first re-exported here
[INFO] [stdout] 13 | pub use enhanced_models::*;
[INFO] [stdout]    |         ------------------ but the name `QualityBandConfig` in the type namespace is also re-exported here
[INFO] [stdout] 
[INFO] [stdout] 
[INFO] [stdout] warning: ambiguous glob re-exports
[INFO] [stdout]   --> src/config/mod.rs:13:9
[INFO] [stdout]    |
[INFO] [stdout] 12 | pub use config_models::*;
[INFO] [stdout]    |         ---------------- but the name `ProfileConfig` in the type namespace is also re-exported here
[INFO] [stdout] 13 | pub use enhanced_models::*;
[INFO] [stdout]    |         ^^^^^^^^^^^^^^^^^^ the name `ProfileConfig` in the type namespace is first re-exported here
[INFO] [stdout] 
[INFO] [stdout] 
[INFO] [stdout] warning: unused variable: `url`
[INFO] [stdout]    --> src/analysis/metrics.rs:321:5
[INFO] [stdout]     |
[INFO] [stdout] 321 |     url: &str,
[INFO] [stdout]     |     ^^^ help: if this is intentional, prefix it with an underscore: `_url`
[INFO] [stdout]     |
[INFO] [stdout]     = note: `#[warn(unused_variables)]` (part of `#[warn(unused)]`) on by default
[INFO] [stdout] 
[INFO] [stdout] 
[INFO] [stdout] warning: value assigned to `compliance_percentage` is never read
[INFO] [stdout]    --> src/scoring/content_validator.rs:290:46
[INFO] [stdout]     |
[INFO] [stdout] 290 |         let mut compliance_percentage: f32 = 100.0;
[INFO] [stdout]     |                                              ^^^^^ this value is reassigned later and never used
[INFO] [stdout] ...
[INFO] [stdout] 351 |             compliance_percentage = 100.0;
[INFO] [stdout]     |             ----------------------------- `compliance_percentage` is overwritten here before the previous value is read
[INFO] [stdout]     |
[INFO] [stdout]     = note: `#[warn(unused_assignments)]` (part of `#[warn(unused)]`) on by default
[INFO] [stdout] 
[INFO] [stdout] 
[INFO] [stdout] warning: value assigned to `recommendation` is never read
[INFO] [stdout]    --> src/scoring/content_validator.rs:291:34
[INFO] [stdout]     |
[INFO] [stdout] 291 |         let mut recommendation = String::new();
[INFO] [stdout]     |                                  ^^^^^^^^^^^^^ this value is reassigned later and never used
[INFO] [stdout] ...
[INFO] [stdout] 352 |             recommendation = RECOMMENDATION_WORD_COUNT_OPTIMAL.to_string();
[INFO] [stdout]     |             -------------- `recommendation` is overwritten here before the previous value is read
[INFO] [stdout] 
[INFO] [stdout] 
[INFO] [stdout] warning: method `validate_thresholds` is never used
[INFO] [stdout]    --> src/config/profile_modifier.rs:396:8
[INFO] [stdout]     |
[INFO] [stdout]  55 | impl ProfileModifier {
[INFO] [stdout]     | -------------------- method in this implementation
[INFO] [stdout] ...
[INFO] [stdout] 396 |     fn validate_thresholds(&self, thresholds: &ThresholdSet) -> ModifierResult<()> {
[INFO] [stdout]     |        ^^^^^^^^^^^^^^^^^^^
[INFO] [stdout]     |
[INFO] [stdout]     = note: `#[warn(dead_code)]` (part of `#[warn(unused)]`) on by default
[INFO] [stdout] 
[INFO] [stdout] 
[INFO] [stdout] warning: multiple associated functions are never used
[INFO] [stdout]    --> src/config/templates.rs:463:8
[INFO] [stdout]     |
[INFO] [stdout]  21 | impl ProfileTemplates {
[INFO] [stdout]     | --------------------- associated functions in this implementation
[INFO] [stdout] ...
[INFO] [stdout] 463 |     fn create_content_article_overrides() -> HashMap<String, MetricOverride> {
[INFO] [stdout]     |        ^^^^^^^^^^^^^^^^^^^^^^^^^^^^^^^^
[INFO] [stdout] ...
[INFO] [stdout] 517 |     fn create_news_overrides() -> HashMap<String, MetricOverride> {
[INFO] [stdout]     |        ^^^^^^^^^^^^^^^^^^^^^
[INFO] [stdout] ...
[INFO] [stdout] 540 |     fn create_product_overrides() -> HashMap<String, MetricOverride> {
[INFO] [stdout]     |        ^^^^^^^^^^^^^^^^^^^^^^^^
[INFO] [stdout] ...
[INFO] [stdout] 587 |     fn create_content_article_penalties() -> PenaltyConfig {
[INFO] [stdout]     |        ^^^^^^^^^^^^^^^^^^^^^^^^^^^^^^^^
[INFO] [stdout] ...
[INFO] [stdout] 591 |     fn create_content_article_bonuses() -> BonusConfig {
[INFO] [stdout]     |        ^^^^^^^^^^^^^^^^^^^^^^^^^^^^^^
[INFO] [stdout] ...
[INFO] [stdout] 595 |     fn create_news_penalties() -> PenaltyConfig {
[INFO] [stdout]     |        ^^^^^^^^^^^^^^^^^^^^^
[INFO] [stdout] ...
[INFO] [stdout] 599 |     fn create_news_bonuses() -> BonusConfig {
[INFO] [stdout]     |        ^^^^^^^^^^^^^^^^^^^
[INFO] [stdout] ...
[INFO] [stdout] 603 |     fn create_product_penalties() -> PenaltyConfig {
[INFO] [stdout]     |        ^^^^^^^^^^^^^^^^^^^^^^^^
[INFO] [stdout] ...
[INFO] [stdout] 607 |     fn create_product_bonuses() -> BonusConfig {
[INFO] [stdout]     |        ^^^^^^^^^^^^^^^^^^^^^^
[INFO] [stdout] 
[INFO] [stdout] 
[INFO] [stdout] warning: function `create_enhanced_metrics` is never used
[INFO] [stdout]    --> src/metrics/definitions.rs:307:4
[INFO] [stdout]     |
[INFO] [stdout] 307 | fn create_enhanced_metrics() -> Vec<MetricDefinition> {
[INFO] [stdout]     |    ^^^^^^^^^^^^^^^^^^^^^^^
[INFO] [stdout] 
[INFO] [stdout] 
[INFO] [stderr]     Finished `dev` profile [unoptimized + debuginfo] target(s) in 1m 12s
[INFO] running `Command { std: "docker" "inspect" "ffbaf7505097c90163d661807c12cdb4a75f5c9d6d5603dd9b5d402413b85772", kill_on_drop: false }`
[INFO] running `Command { std: "docker" "exec" "-e" "SOURCE_DIR=/opt/rustwide/workdir" "-e" "CARGO_HOME=/opt/rustwide/cargo-home" "-e" "RUSTUP_HOME=/opt/rustwide/rustup-home" "-e" "CARGO_TARGET_DIR=/opt/rustwide/target" "-e" "CARGO_INCREMENTAL=0" "-e" "RUST_BACKTRACE=full" "-e" "RUSTFLAGS=--cap-lints=warn" "-e" "RUSTDOCFLAGS=--cap-lints=warn" "-w" "/opt/rustwide/workdir" "--user" "0:0" "ffbaf7505097c90163d661807c12cdb4a75f5c9d6d5603dd9b5d402413b85772" "/opt/rustwide/cargo-home/bin/cargo" "+1.99.0-beta.8" "test" "--frozen" "--no-run" "--message-format=json", kill_on_drop: false }`
[INFO] [stderr]    Compiling syn v2.0.106
[INFO] [stderr]    Compiling serde v1.0.219
[INFO] [stderr]    Compiling wasm-bindgen-shared v0.2.100
[INFO] [stderr]    Compiling bumpalo v3.19.0
[INFO] [stderr]    Compiling wasm-bindgen v0.2.100
[INFO] [stderr]    Compiling crossbeam-epoch v0.9.18
[INFO] [stderr]    Compiling rayon-core v1.13.0
[INFO] [stderr]    Compiling half v2.6.0
[INFO] [stderr]    Compiling ciborium-io v0.2.2
[INFO] [stderr]    Compiling rustix v1.0.8
[INFO] [stderr]    Compiling anstyle v1.0.11
[INFO] [stderr]    Compiling getrandom v0.3.3
[INFO] [stderr]    Compiling clap_lex v0.7.5
[INFO] [stderr]    Compiling plotters-backend v0.3.7
[INFO] [stderr]    Compiling cast v0.3.0
[INFO] [stderr]    Compiling same-file v1.0.6
[INFO] [stderr]    Compiling linux-raw-sys v0.9.4
[INFO] [stderr]    Compiling criterion-plot v0.5.0
[INFO] [stderr]    Compiling plotters-svg v0.3.7
[INFO] [stderr]    Compiling ciborium-ll v0.2.2
[INFO] [stderr]    Compiling walkdir v2.5.0
[INFO] [stderr]    Compiling console v0.15.11
[INFO] [stderr]    Compiling is-terminal v0.4.16
[INFO] [stderr]    Compiling anes v0.1.6
[INFO] [stderr]    Compiling oorandom v11.1.5
[INFO] [stderr]    Compiling clap_builder v4.5.47
[INFO] [stderr]    Compiling crossbeam-deque v0.8.6
[INFO] [stderr]    Compiling similar v2.7.0
[INFO] [stderr]    Compiling plotters v0.3.7
[INFO] [stderr]    Compiling rayon v1.11.0
[INFO] [stderr]    Compiling insta v1.43.1
[INFO] [stderr]    Compiling clap v4.5.47
[INFO] [stderr]    Compiling tempfile v3.21.0
[INFO] [stderr]    Compiling synstructure v0.13.2
[INFO] [stderr]    Compiling wasm-bindgen-backend v0.2.100
[INFO] [stderr]    Compiling serde_derive v1.0.219
[INFO] [stderr]    Compiling zerovec-derive v0.11.1
[INFO] [stderr]    Compiling displaydoc v0.2.5
[INFO] [stderr]    Compiling tokio-macros v2.5.0
[INFO] [stderr]    Compiling futures-macro v0.3.31
[INFO] [stderr]    Compiling openssl-macros v0.1.1
[INFO] [stderr]    Compiling html5ever v0.27.0
[INFO] [stderr]    Compiling thiserror-impl v1.0.69
[INFO] [stderr]    Compiling async-stream-impl v0.3.6
[INFO] [stderr]    Compiling wasm-bindgen-test-macro v0.3.50
[INFO] [stderr]    Compiling openssl v0.10.73
[INFO] [stderr]    Compiling zerofrom-derive v0.1.6
[INFO] [stderr]    Compiling yoke-derive v0.8.0
[INFO] [stderr]    Compiling async-stream v0.3.6
[INFO] [stderr]    Compiling tokio v1.47.1
[INFO] [stderr]    Compiling futures-util v0.3.31
[INFO] [stderr]    Compiling wasm-bindgen-macro-support v0.2.100
[INFO] [stderr]    Compiling zerofrom v0.1.6
[INFO] [stderr]    Compiling yoke v0.8.0
[INFO] [stderr]    Compiling zerovec v0.11.4
[INFO] [stderr]    Compiling zerotrie v0.2.2
[INFO] [stderr]    Compiling thiserror v1.0.69
[INFO] [stderr]    Compiling wasm-bindgen-macro v0.2.100
[INFO] [stderr]    Compiling tinystr v0.8.1
[INFO] [stderr]    Compiling potential_utf v0.1.3
[INFO] [stderr]    Compiling icu_locale_core v2.0.0
[INFO] [stderr]    Compiling icu_collections v2.0.0
[INFO] [stderr]    Compiling js-sys v0.3.77
[INFO] [stderr]    Compiling futures-executor v0.3.31
[INFO] [stderr]    Compiling icu_provider v2.0.0
[INFO] [stderr]    Compiling native-tls v0.2.14
[INFO] [stderr]    Compiling futures v0.3.31
[INFO] [stderr]    Compiling icu_properties v2.0.1
[INFO] [stderr]    Compiling icu_normalizer v2.0.0
[INFO] [stderr]    Compiling wasm-bindgen-futures v0.4.50
[INFO] [stderr]    Compiling idna_adapter v1.2.1
[INFO] [stderr]    Compiling wasm-bindgen-test v0.3.50
[INFO] [stderr]    Compiling idna v1.1.0
[INFO] [stderr]    Compiling string_cache v0.8.9
[INFO] [stderr]    Compiling serde_json v1.0.143
[INFO] [stderr]    Compiling toml_datetime v0.6.11
[INFO] [stderr]    Compiling serde_spanned v0.6.9
[INFO] [stderr]    Compiling url v2.5.7
[INFO] [stderr]    Compiling serde_urlencoded v0.7.1
[INFO] [stderr]    Compiling ciborium v0.2.2
[INFO] [stderr]    Compiling chrono v0.4.41
[INFO] [stderr]    Compiling serde_yaml v0.9.34+deprecated
[INFO] [stderr]    Compiling markup5ever v0.11.0
[INFO] [stderr]    Compiling markup5ever v0.12.1
[INFO] [stderr]    Compiling toml_edit v0.22.27
[INFO] [stderr]    Compiling tokio-util v0.7.16
[INFO] [stderr]    Compiling tokio-native-tls v0.3.1
[INFO] [stderr]    Compiling tokio-stream v0.1.17
[INFO] [stderr]    Compiling xml5ever v0.17.0
[INFO] [stderr]    Compiling html5ever v0.26.0
[INFO] [stderr]    Compiling tinytemplate v1.2.1
[INFO] [stderr]    Compiling criterion v0.5.1
[INFO] [stderr]    Compiling tokio-test v0.4.4
[INFO] [stderr]    Compiling h2 v0.3.27
[INFO] [stderr]    Compiling html2text v0.12.6
[INFO] [stderr]    Compiling markup5ever_rcdom v0.2.0
[INFO] [stderr]    Compiling toml v0.8.23
[INFO] [stderr]    Compiling hyper v0.14.32
[INFO] [stderr]    Compiling hyper-tls v0.5.0
[INFO] [stderr]    Compiling reqwest v0.11.27
[INFO] [stderr]    Compiling readability v0.3.0
[INFO] [stderr]    Compiling webpage_quality_analyzer v1.0.2 (/opt/rustwide/workdir)
[INFO] [stdout] warning: ambiguous glob re-exports
[INFO] [stdout]   --> src/config/mod.rs:12:9
[INFO] [stdout]    |
[INFO] [stdout] 12 | pub use config_models::*;
[INFO] [stdout]    |         ^^^^^^^^^^^^^^^^ the name `ValidationError` in the type namespace is first re-exported here
[INFO] [stdout] ...
[INFO] [stdout] 16 | pub use profile_validator::*;
[INFO] [stdout]    |         -------------------- but the name `ValidationError` in the type namespace is also re-exported here
[INFO] [stdout]    |
[INFO] [stdout]    = note: `#[warn(ambiguous_glob_reexports)]` on by default
[INFO] [stdout] 
[INFO] [stdout] 
[INFO] [stdout] warning: ambiguous glob re-exports
[INFO] [stdout]   --> src/config/mod.rs:12:9
[INFO] [stdout]    |
[INFO] [stdout] 12 | pub use config_models::*;
[INFO] [stdout]    |         ^^^^^^^^^^^^^^^^ the name `QualityBandConfig` in the type namespace is first re-exported here
[INFO] [stdout] 13 | pub use enhanced_models::*;
[INFO] [stdout]    |         ------------------ but the name `QualityBandConfig` in the type namespace is also re-exported here
[INFO] [stdout] 
[INFO] [stdout] 
[INFO] [stdout] warning: ambiguous glob re-exports
[INFO] [stdout]   --> src/config/mod.rs:13:9
[INFO] [stdout]    |
[INFO] [stdout] 12 | pub use config_models::*;
[INFO] [stdout]    |         ---------------- but the name `ProfileConfig` in the type namespace is also re-exported here
[INFO] [stdout] 13 | pub use enhanced_models::*;
[INFO] [stdout]    |         ^^^^^^^^^^^^^^^^^^ the name `ProfileConfig` in the type namespace is first re-exported here
[INFO] [stdout] 
[INFO] [stdout] 
[INFO] [stdout] warning: ambiguous glob re-exports
[INFO] [stdout]   --> src/config/mod.rs:12:9
[INFO] [stdout]    |
[INFO] [stdout] 12 | pub use config_models::*;
[INFO] [stdout]    |         ^^^^^^^^^^^^^^^^ the name `ValidationError` in the type namespace is first re-exported here
[INFO] [stdout] ...
[INFO] [stdout] 16 | pub use profile_validator::*;
[INFO] [stdout]    |         -------------------- but the name `ValidationError` in the type namespace is also re-exported here
[INFO] [stdout]    |
[INFO] [stdout]    = note: `#[warn(ambiguous_glob_reexports)]` on by default
[INFO] [stdout] 
[INFO] [stdout] 
[INFO] [stdout] warning: ambiguous glob re-exports
[INFO] [stdout]   --> src/config/mod.rs:12:9
[INFO] [stdout]    |
[INFO] [stdout] 12 | pub use config_models::*;
[INFO] [stdout]    |         ^^^^^^^^^^^^^^^^ the name `QualityBandConfig` in the type namespace is first re-exported here
[INFO] [stdout] 13 | pub use enhanced_models::*;
[INFO] [stdout]    |         ------------------ but the name `QualityBandConfig` in the type namespace is also re-exported here
[INFO] [stdout] 
[INFO] [stdout] 
[INFO] [stdout] warning: ambiguous glob re-exports
[INFO] [stdout]   --> src/config/mod.rs:13:9
[INFO] [stdout]    |
[INFO] [stdout] 12 | pub use config_models::*;
[INFO] [stdout]    |         ---------------- but the name `ProfileConfig` in the type namespace is also re-exported here
[INFO] [stdout] 13 | pub use enhanced_models::*;
[INFO] [stdout]    |         ^^^^^^^^^^^^^^^^^^ the name `ProfileConfig` in the type namespace is first re-exported here
[INFO] [stdout] 
[INFO] [stdout] 
[INFO] [stdout] warning: unused variable: `url`
[INFO] [stdout]    --> src/analysis/metrics.rs:321:5
[INFO] [stdout]     |
[INFO] [stdout] 321 |     url: &str,
[INFO] [stdout]     |     ^^^ help: if this is intentional, prefix it with an underscore: `_url`
[INFO] [stdout]     |
[INFO] [stdout]     = note: `#[warn(unused_variables)]` (part of `#[warn(unused)]`) on by default
[INFO] [stdout] 
[INFO] [stdout] 
[INFO] [stdout] warning: unused variable: `url`
[INFO] [stdout]    --> src/analysis/metrics.rs:321:5
[INFO] [stdout]     |
[INFO] [stdout] 321 |     url: &str,
[INFO] [stdout]     |     ^^^ help: if this is intentional, prefix it with an underscore: `_url`
[INFO] [stdout]     |
[INFO] [stdout]     = note: `#[warn(unused_variables)]` (part of `#[warn(unused)]`) on by default
[INFO] [stdout] 
[INFO] [stdout] 
[INFO] [stdout] warning: value assigned to `compliance_percentage` is never read
[INFO] [stdout]    --> src/scoring/content_validator.rs:290:46
[INFO] [stdout]     |
[INFO] [stdout] 290 |         let mut compliance_percentage: f32 = 100.0;
[INFO] [stdout]     |                                              ^^^^^ this value is reassigned later and never used
[INFO] [stdout] ...
[INFO] [stdout] 351 |             compliance_percentage = 100.0;
[INFO] [stdout]     |             ----------------------------- `compliance_percentage` is overwritten here before the previous value is read
[INFO] [stdout]     |
[INFO] [stdout]     = note: `#[warn(unused_assignments)]` (part of `#[warn(unused)]`) on by default
[INFO] [stdout] 
[INFO] [stdout] 
[INFO] [stdout] warning: value assigned to `recommendation` is never read
[INFO] [stdout]    --> src/scoring/content_validator.rs:291:34
[INFO] [stdout]     |
[INFO] [stdout] 291 |         let mut recommendation = String::new();
[INFO] [stdout]     |                                  ^^^^^^^^^^^^^ this value is reassigned later and never used
[INFO] [stdout] ...
[INFO] [stdout] 352 |             recommendation = RECOMMENDATION_WORD_COUNT_OPTIMAL.to_string();
[INFO] [stdout]     |             -------------- `recommendation` is overwritten here before the previous value is read
[INFO] [stdout] 
[INFO] [stdout] 
[INFO] [stdout] warning: method `validate_thresholds` is never used
[INFO] [stdout]    --> src/config/profile_modifier.rs:396:8
[INFO] [stdout]     |
[INFO] [stdout]  55 | impl ProfileModifier {
[INFO] [stdout]     | -------------------- method in this implementation
[INFO] [stdout] ...
[INFO] [stdout] 396 |     fn validate_thresholds(&self, thresholds: &ThresholdSet) -> ModifierResult<()> {
[INFO] [stdout]     |        ^^^^^^^^^^^^^^^^^^^
[INFO] [stdout]     |
[INFO] [stdout]     = note: `#[warn(dead_code)]` (part of `#[warn(unused)]`) on by default
[INFO] [stdout] 
[INFO] [stdout] 
[INFO] [stdout] warning: multiple associated functions are never used
[INFO] [stdout]    --> src/config/templates.rs:463:8
[INFO] [stdout]     |
[INFO] [stdout]  21 | impl ProfileTemplates {
[INFO] [stdout]     | --------------------- associated functions in this implementation
[INFO] [stdout] ...
[INFO] [stdout] 463 |     fn create_content_article_overrides() -> HashMap<String, MetricOverride> {
[INFO] [stdout]     |        ^^^^^^^^^^^^^^^^^^^^^^^^^^^^^^^^
[INFO] [stdout] ...
[INFO] [stdout] 517 |     fn create_news_overrides() -> HashMap<String, MetricOverride> {
[INFO] [stdout]     |        ^^^^^^^^^^^^^^^^^^^^^
[INFO] [stdout] ...
[INFO] [stdout] 540 |     fn create_product_overrides() -> HashMap<String, MetricOverride> {
[INFO] [stdout]     |        ^^^^^^^^^^^^^^^^^^^^^^^^
[INFO] [stdout] ...
[INFO] [stdout] 587 |     fn create_content_article_penalties() -> PenaltyConfig {
[INFO] [stdout]     |        ^^^^^^^^^^^^^^^^^^^^^^^^^^^^^^^^
[INFO] [stdout] ...
[INFO] [stdout] 591 |     fn create_content_article_bonuses() -> BonusConfig {
[INFO] [stdout]     |        ^^^^^^^^^^^^^^^^^^^^^^^^^^^^^^
[INFO] [stdout] ...
[INFO] [stdout] 595 |     fn create_news_penalties() -> PenaltyConfig {
[INFO] [stdout]     |        ^^^^^^^^^^^^^^^^^^^^^
[INFO] [stdout] ...
[INFO] [stdout] 599 |     fn create_news_bonuses() -> BonusConfig {
[INFO] [stdout]     |        ^^^^^^^^^^^^^^^^^^^
[INFO] [stdout] ...
[INFO] [stdout] 603 |     fn create_product_penalties() -> PenaltyConfig {
[INFO] [stdout]     |        ^^^^^^^^^^^^^^^^^^^^^^^^
[INFO] [stdout] ...
[INFO] [stdout] 607 |     fn create_product_bonuses() -> BonusConfig {
[INFO] [stdout]     |        ^^^^^^^^^^^^^^^^^^^^^^
[INFO] [stdout] 
[INFO] [stdout] 
[INFO] [stdout] warning: function `create_enhanced_metrics` is never used
[INFO] [stdout]    --> src/metrics/definitions.rs:307:4
[INFO] [stdout]     |
[INFO] [stdout] 307 | fn create_enhanced_metrics() -> Vec<MetricDefinition> {
[INFO] [stdout]     |    ^^^^^^^^^^^^^^^^^^^^^^^
[INFO] [stdout] 
[INFO] [stdout] 
[INFO] [stdout] warning: value assigned to `compliance_percentage` is never read
[INFO] [stdout]    --> src/scoring/content_validator.rs:290:46
[INFO] [stdout]     |
[INFO] [stdout] 290 |         let mut compliance_percentage: f32 = 100.0;
[INFO] [stdout]     |                                              ^^^^^ this value is reassigned later and never used
[INFO] [stdout] ...
[INFO] [stdout] 351 |             compliance_percentage = 100.0;
[INFO] [stdout]     |             ----------------------------- `compliance_percentage` is overwritten here before the previous value is read
[INFO] [stdout]     |
[INFO] [stdout]     = note: `#[warn(unused_assignments)]` (part of `#[warn(unused)]`) on by default
[INFO] [stdout] 
[INFO] [stdout] 
[INFO] [stdout] warning: value assigned to `recommendation` is never read
[INFO] [stdout]    --> src/scoring/content_validator.rs:291:34
[INFO] [stdout]     |
[INFO] [stdout] 291 |         let mut recommendation = String::new();
[INFO] [stdout]     |                                  ^^^^^^^^^^^^^ this value is reassigned later and never used
[INFO] [stdout] ...
[INFO] [stdout] 352 |             recommendation = RECOMMENDATION_WORD_COUNT_OPTIMAL.to_string();
[INFO] [stdout]     |             -------------- `recommendation` is overwritten here before the previous value is read
[INFO] [stdout] 
[INFO] [stdout] 
[INFO] [stdout] warning: method `validate_thresholds` is never used
[INFO] [stdout]    --> src/config/profile_modifier.rs:396:8
[INFO] [stdout]     |
[INFO] [stdout]  55 | impl ProfileModifier {
[INFO] [stdout]     | -------------------- method in this implementation
[INFO] [stdout] ...
[INFO] [stdout] 396 |     fn validate_thresholds(&self, thresholds: &ThresholdSet) -> ModifierResult<()> {
[INFO] [stdout]     |        ^^^^^^^^^^^^^^^^^^^
[INFO] [stdout]     |
[INFO] [stdout]     = note: `#[warn(dead_code)]` (part of `#[warn(unused)]`) on by default
[INFO] [stdout] 
[INFO] [stdout] 
[INFO] [stdout] warning: multiple associated functions are never used
[INFO] [stdout]    --> src/config/templates.rs:463:8
[INFO] [stdout]     |
[INFO] [stdout]  21 | impl ProfileTemplates {
[INFO] [stdout]     | --------------------- associated functions in this implementation
[INFO] [stdout] ...
[INFO] [stdout] 463 |     fn create_content_article_overrides() -> HashMap<String, MetricOverride> {
[INFO] [stdout]     |        ^^^^^^^^^^^^^^^^^^^^^^^^^^^^^^^^
[INFO] [stdout] ...
[INFO] [stdout] 517 |     fn create_news_overrides() -> HashMap<String, MetricOverride> {
[INFO] [stdout]     |        ^^^^^^^^^^^^^^^^^^^^^
[INFO] [stdout] ...
[INFO] [stdout] 540 |     fn create_product_overrides() -> HashMap<String, MetricOverride> {
[INFO] [stdout]     |        ^^^^^^^^^^^^^^^^^^^^^^^^
[INFO] [stdout] ...
[INFO] [stdout] 587 |     fn create_content_article_penalties() -> PenaltyConfig {
[INFO] [stdout]     |        ^^^^^^^^^^^^^^^^^^^^^^^^^^^^^^^^
[INFO] [stdout] ...
[INFO] [stdout] 591 |     fn create_content_article_bonuses() -> BonusConfig {
[INFO] [stdout]     |        ^^^^^^^^^^^^^^^^^^^^^^^^^^^^^^
[INFO] [stdout] ...
[INFO] [stdout] 595 |     fn create_news_penalties() -> PenaltyConfig {
[INFO] [stdout]     |        ^^^^^^^^^^^^^^^^^^^^^
[INFO] [stdout] ...
[INFO] [stdout] 599 |     fn create_news_bonuses() -> BonusConfig {
[INFO] [stdout]     |        ^^^^^^^^^^^^^^^^^^^
[INFO] [stdout] ...
[INFO] [stdout] 603 |     fn create_product_penalties() -> PenaltyConfig {
[INFO] [stdout]     |        ^^^^^^^^^^^^^^^^^^^^^^^^
[INFO] [stdout] ...
[INFO] [stdout] 607 |     fn create_product_bonuses() -> BonusConfig {
[INFO] [stdout]     |        ^^^^^^^^^^^^^^^^^^^^^^
[INFO] [stdout] 
[INFO] [stdout] 
[INFO] [stdout] warning: function `create_enhanced_metrics` is never used
[INFO] [stdout]    --> src/metrics/definitions.rs:307:4
[INFO] [stdout]     |
[INFO] [stdout] 307 | fn create_enhanced_metrics() -> Vec<MetricDefinition> {
[INFO] [stdout]     |    ^^^^^^^^^^^^^^^^^^^^^^^
[INFO] [stdout] 
[INFO] [stdout] 
[INFO] [stdout] warning: hiding a lifetime that's elided elsewhere is confusing
[INFO] [stdout]     --> src/analysis/metrics.rs:2625:31
[INFO] [stdout]      |
[INFO] [stdout] 2625 |     fn create_test_vdom(html: &str) -> VDom {
[INFO] [stdout]      |                               ^^^^     ^^^^ the same lifetime is hidden here
[INFO] [stdout]      |                               |
[INFO] [stdout]      |                               the lifetime is elided here
[INFO] [stdout]      |
[INFO] [stdout]      = help: the same lifetime is referred to in inconsistent ways, making the signature confusing
[INFO] [stdout]      = note: `#[warn(mismatched_lifetime_syntaxes)]` on by default
[INFO] [stdout] help: use `'_` for type paths
[INFO] [stdout]      |
[INFO] [stdout] 2625 |     fn create_test_vdom(html: &str) -> VDom<'_> {
[INFO] [stdout]      |                                            ++++
[INFO] [stdout] 
[INFO] [stdout] 
[INFO] [stdout] warning: hiding a lifetime that's elided elsewhere is confusing
[INFO] [stdout]    --> src/content_extraction.rs:854:30
[INFO] [stdout]     |
[INFO] [stdout] 854 |     fn create_test_dom(html: &str) -> VDom {
[INFO] [stdout]     |                              ^^^^     ^^^^ the same lifetime is hidden here
[INFO] [stdout]     |                              |
[INFO] [stdout]     |                              the lifetime is elided here
[INFO] [stdout]     |
[INFO] [stdout]     = help: the same lifetime is referred to in inconsistent ways, making the signature confusing
[INFO] [stdout] help: use `'_` for type paths
[INFO] [stdout]     |
[INFO] [stdout] 854 |     fn create_test_dom(html: &str) -> VDom<'_> {
[INFO] [stdout]     |                                           ++++
[INFO] [stdout] 
[INFO] [stdout] 
[INFO] [stdout] warning: unused import: `std::collections::HashMap`
[INFO] [stdout]   --> examples/custom_profile_creation.rs:14:5
[INFO] [stdout]    |
[INFO] [stdout] 14 | use std::collections::HashMap;
[INFO] [stdout]    |     ^^^^^^^^^^^^^^^^^^^^^^^^^
[INFO] [stdout]    |
[INFO] [stdout]    = note: `#[warn(unused_imports)]` (part of `#[warn(unused)]`) on by default
[INFO] [stdout] 
[INFO] [stdout] 
[INFO] [stdout] warning: unused import: `macros::*`
[INFO] [stdout]   --> examples/level3_config_files.rs:13:5
[INFO] [stdout]    |
[INFO] [stdout] 13 | use macros::*;
[INFO] [stdout]    |     ^^^^^^^^^
[INFO] [stdout]    |
[INFO] [stdout]    = note: `#[warn(unused_imports)]` (part of `#[warn(unused)]`) on by default
[INFO] [stdout] 
[INFO] [stdout] 
[INFO] [stdout] warning: unused import: `FieldSelector`
[INFO] [stdout]  --> examples/output_customization_demo.rs:5:46
[INFO] [stdout]   |
[INFO] [stdout] 5 |     async_runtime::DefaultRuntime, Analyzer, FieldSelector, FieldSelectorBuilder,
[INFO] [stdout]   |                                              ^^^^^^^^^^^^^
[INFO] [stdout]   |
[INFO] [stdout]   = note: `#[warn(unused_imports)]` (part of `#[warn(unused)]`) on by default
[INFO] [stdout] 
[INFO] [stdout] 
[INFO] [stdout] warning: unused import: `Analyzer`
[INFO] [stdout]  --> tests/new_profiles_test.rs:1:54
[INFO] [stdout]   |
[INFO] [stdout] 1 | use webpage_quality_analyzer::{analyze_with_profile, Analyzer};
[INFO] [stdout]   |                                                      ^^^^^^^^
[INFO] [stdout]   |
[INFO] [stdout]   = note: `#[warn(unused_imports)]` (part of `#[warn(unused)]`) on by default
[INFO] [stdout] 
[INFO] [stdout] 
[INFO] [stdout] warning: calls to `std::str::from_utf8` with an invalid literal always return an error
[INFO] [stdout]   --> tests/edge_cases_new.rs:24:16
[INFO] [stdout]    |
[INFO] [stdout] 21 |     let bytes: &[u8] = &[0xff, 0xfe, 0xf8];
[INFO] [stdout]    |                         ------------------ the literal was valid UTF-8 up to the 0 bytes
[INFO] [stdout] ...
[INFO] [stdout] 24 |     let html = std::str::from_utf8(bytes);
[INFO] [stdout]    |                ^^^^^^^^^^^^^^^^^^^^^^^^^^
[INFO] [stdout]    |
[INFO] [stdout]    = note: `#[warn(invalid_from_utf8)]` on by default
[INFO] [stdout] 
[INFO] [stdout] 
[INFO] [stderr] error: could not compile `webpage_quality_analyzer` (example "performance_optimization")
[INFO] [stderr] 
[INFO] [stderr] Caused by:
[INFO] [stderr]   process didn't exit successfully: `/opt/rustwide/rustup-home/toolchains/1.99.0-beta.8-x86_64-unknown-linux-gnu/bin/rustc --crate-name performance_optimization --edition=2021 examples/performance_optimization.rs --error-format=json --json=diagnostic-rendered-ansi,artifacts,future-incompat --crate-type bin --emit=dep-info,link -C embed-bitcode=no -C debuginfo=2 --cfg 'feature="async"' --cfg 'feature="default"' --cfg 'feature="futures"' --cfg 'feature="html2text"' --cfg 'feature="readability"' --cfg 'feature="reqwest"' --cfg 'feature="tokio"' --check-cfg 'cfg(docsrs,test)' --check-cfg 'cfg(feature, values("async", "clap", "cli", "console_error_panic_hook", "default", "ffi", "futures", "grammar", "html2text", "js-sys", "linkcheck", "nlp", "nlprule", "pyo3", "python", "readability", "reqwest", "scraper", "scraper-fallback", "serde-wasm-bindgen", "tokio", "unicode-segmentation", "wasm", "wasm-bindgen", "wasm-bindgen-futures", "whatlang"))' -C metadata=ed95b4ff44805ae5 -C extra-filename=-2d48c21a08f48041 --out-dir /opt/rustwide/target/debug/examples -L dependency=/opt/rustwide/target/debug/deps --extern chrono=/opt/rustwide/target/debug/deps/libchrono-b8a9d3fadc5a28a9.rlib --extern criterion=/opt/rustwide/target/debug/deps/libcriterion-21b72aa7e999a652.rlib --extern futures=/opt/rustwide/target/debug/deps/libfutures-591c42e2887d7500.rlib --extern html2text=/opt/rustwide/target/debug/deps/libhtml2text-7ad932b41db71163.rlib --extern insta=/opt/rustwide/target/debug/deps/libinsta-a73f4d1445566bd8.rlib --extern log=/opt/rustwide/target/debug/deps/liblog-9c5892e2c6fd8400.rlib --extern once_cell=/opt/rustwide/target/debug/deps/libonce_cell-e9252a7b5119f3eb.rlib --extern readability=/opt/rustwide/target/debug/deps/libreadability-146579361b8ba15e.rlib --extern regex=/opt/rustwide/target/debug/deps/libregex-e649f835bb98a6b3.rlib --extern reqwest=/opt/rustwide/target/debug/deps/libreqwest-d2a47037727a4c3f.rlib --extern serde=/opt/rustwide/target/debug/deps/libserde-8b41d4e0c407cecc.rlib --extern serde_json=/opt/rustwide/target/debug/deps/libserde_json-516330c9964f3c63.rlib --extern serde_yaml=/opt/rustwide/target/debug/deps/libserde_yaml-5a991d49ffcca6b0.rlib --extern tempfile=/opt/rustwide/target/debug/deps/libtempfile-2e5516bf2deb24dc.rlib --extern thiserror=/opt/rustwide/target/debug/deps/libthiserror-2829d724698467e5.rlib --extern tl=/opt/rustwide/target/debug/deps/libtl-e518ce997b090bf1.rlib --extern tokio=/opt/rustwide/target/debug/deps/libtokio-ba9144ef8efd67b2.rlib --extern tokio_test=/opt/rustwide/target/debug/deps/libtokio_test-e41e522594161391.rlib --extern toml=/opt/rustwide/target/debug/deps/libtoml-eb76cf992609b110.rlib --extern url=/opt/rustwide/target/debug/deps/liburl-68d465c690237e44.rlib --extern wasm_bindgen_test=/opt/rustwide/target/debug/deps/libwasm_bindgen_test-7c443a293bb07d85.rlib --extern webpage_quality_analyzer=/opt/rustwide/target/debug/deps/libwebpage_quality_analyzer.rlib --cap-lints=warn` (signal: 9, SIGKILL: kill)
[INFO] [stderr] warning: build failed, waiting for other jobs to finish...
[INFO] [stderr] error: could not compile `webpage_quality_analyzer` (test "config_tests")
[INFO] [stderr] 
[INFO] [stderr] Caused by:
[INFO] [stderr]   process didn't exit successfully: `/opt/rustwide/rustup-home/toolchains/1.99.0-beta.8-x86_64-unknown-linux-gnu/bin/rustc --crate-name config_tests --edition=2021 tests/config_tests.rs --error-format=json --json=diagnostic-rendered-ansi,artifacts,future-incompat --emit=dep-info,link -C embed-bitcode=no -C debuginfo=2 --test --cfg 'feature="async"' --cfg 'feature="default"' --cfg 'feature="futures"' --cfg 'feature="html2text"' --cfg 'feature="readability"' --cfg 'feature="reqwest"' --cfg 'feature="tokio"' --check-cfg 'cfg(docsrs,test)' --check-cfg 'cfg(feature, values("async", "clap", "cli", "console_error_panic_hook", "default", "ffi", "futures", "grammar", "html2text", "js-sys", "linkcheck", "nlp", "nlprule", "pyo3", "python", "readability", "reqwest", "scraper", "scraper-fallback", "serde-wasm-bindgen", "tokio", "unicode-segmentation", "wasm", "wasm-bindgen", "wasm-bindgen-futures", "whatlang"))' -C metadata=f6f32a8b8779a1d2 -C extra-filename=-92f431438d7cd49d --out-dir /opt/rustwide/target/debug/deps -L dependency=/opt/rustwide/target/debug/deps --extern chrono=/opt/rustwide/target/debug/deps/libchrono-b8a9d3fadc5a28a9.rlib --extern criterion=/opt/rustwide/target/debug/deps/libcriterion-21b72aa7e999a652.rlib --extern futures=/opt/rustwide/target/debug/deps/libfutures-591c42e2887d7500.rlib --extern html2text=/opt/rustwide/target/debug/deps/libhtml2text-7ad932b41db71163.rlib --extern insta=/opt/rustwide/target/debug/deps/libinsta-a73f4d1445566bd8.rlib --extern log=/opt/rustwide/target/debug/deps/liblog-9c5892e2c6fd8400.rlib --extern once_cell=/opt/rustwide/target/debug/deps/libonce_cell-e9252a7b5119f3eb.rlib --extern readability=/opt/rustwide/target/debug/deps/libreadability-146579361b8ba15e.rlib --extern regex=/opt/rustwide/target/debug/deps/libregex-e649f835bb98a6b3.rlib --extern reqwest=/opt/rustwide/target/debug/deps/libreqwest-d2a47037727a4c3f.rlib --extern serde=/opt/rustwide/target/debug/deps/libserde-8b41d4e0c407cecc.rlib --extern serde_json=/opt/rustwide/target/debug/deps/libserde_json-516330c9964f3c63.rlib --extern serde_yaml=/opt/rustwide/target/debug/deps/libserde_yaml-5a991d49ffcca6b0.rlib --extern tempfile=/opt/rustwide/target/debug/deps/libtempfile-2e5516bf2deb24dc.rlib --extern thiserror=/opt/rustwide/target/debug/deps/libthiserror-2829d724698467e5.rlib --extern tl=/opt/rustwide/target/debug/deps/libtl-e518ce997b090bf1.rlib --extern tokio=/opt/rustwide/target/debug/deps/libtokio-ba9144ef8efd67b2.rlib --extern tokio_test=/opt/rustwide/target/debug/deps/libtokio_test-e41e522594161391.rlib --extern toml=/opt/rustwide/target/debug/deps/libtoml-eb76cf992609b110.rlib --extern url=/opt/rustwide/target/debug/deps/liburl-68d465c690237e44.rlib --extern wasm_bindgen_test=/opt/rustwide/target/debug/deps/libwasm_bindgen_test-7c443a293bb07d85.rlib --extern webpage_quality_analyzer=/opt/rustwide/target/debug/deps/libwebpage_quality_analyzer.rlib --cap-lints=warn` (signal: 9, SIGKILL: kill)
[INFO] [stderr] error: could not compile `webpage_quality_analyzer` (test "penalty_bonus_tests")
[INFO] [stderr] 
[INFO] [stderr] Caused by:
[INFO] [stderr]   process didn't exit successfully: `/opt/rustwide/rustup-home/toolchains/1.99.0-beta.8-x86_64-unknown-linux-gnu/bin/rustc --crate-name penalty_bonus_tests --edition=2021 tests/penalty_bonus_tests.rs --error-format=json --json=diagnostic-rendered-ansi,artifacts,future-incompat --emit=dep-info,link -C embed-bitcode=no -C debuginfo=2 --test --cfg 'feature="async"' --cfg 'feature="default"' --cfg 'feature="futures"' --cfg 'feature="html2text"' --cfg 'feature="readability"' --cfg 'feature="reqwest"' --cfg 'feature="tokio"' --check-cfg 'cfg(docsrs,test)' --check-cfg 'cfg(feature, values("async", "clap", "cli", "console_error_panic_hook", "default", "ffi", "futures", "grammar", "html2text", "js-sys", "linkcheck", "nlp", "nlprule", "pyo3", "python", "readability", "reqwest", "scraper", "scraper-fallback", "serde-wasm-bindgen", "tokio", "unicode-segmentation", "wasm", "wasm-bindgen", "wasm-bindgen-futures", "whatlang"))' -C metadata=5c9741509b25bfce -C extra-filename=-2d52014173b61a67 --out-dir /opt/rustwide/target/debug/deps -L dependency=/opt/rustwide/target/debug/deps --extern chrono=/opt/rustwide/target/debug/deps/libchrono-b8a9d3fadc5a28a9.rlib --extern criterion=/opt/rustwide/target/debug/deps/libcriterion-21b72aa7e999a652.rlib --extern futures=/opt/rustwide/target/debug/deps/libfutures-591c42e2887d7500.rlib --extern html2text=/opt/rustwide/target/debug/deps/libhtml2text-7ad932b41db71163.rlib --extern insta=/opt/rustwide/target/debug/deps/libinsta-a73f4d1445566bd8.rlib --extern log=/opt/rustwide/target/debug/deps/liblog-9c5892e2c6fd8400.rlib --extern once_cell=/opt/rustwide/target/debug/deps/libonce_cell-e9252a7b5119f3eb.rlib --extern readability=/opt/rustwide/target/debug/deps/libreadability-146579361b8ba15e.rlib --extern regex=/opt/rustwide/target/debug/deps/libregex-e649f835bb98a6b3.rlib --extern reqwest=/opt/rustwide/target/debug/deps/libreqwest-d2a47037727a4c3f.rlib --extern serde=/opt/rustwide/target/debug/deps/libserde-8b41d4e0c407cecc.rlib --extern serde_json=/opt/rustwide/target/debug/deps/libserde_json-516330c9964f3c63.rlib --extern serde_yaml=/opt/rustwide/target/debug/deps/libserde_yaml-5a991d49ffcca6b0.rlib --extern tempfile=/opt/rustwide/target/debug/deps/libtempfile-2e5516bf2deb24dc.rlib --extern thiserror=/opt/rustwide/target/debug/deps/libthiserror-2829d724698467e5.rlib --extern tl=/opt/rustwide/target/debug/deps/libtl-e518ce997b090bf1.rlib --extern tokio=/opt/rustwide/target/debug/deps/libtokio-ba9144ef8efd67b2.rlib --extern tokio_test=/opt/rustwide/target/debug/deps/libtokio_test-e41e522594161391.rlib --extern toml=/opt/rustwide/target/debug/deps/libtoml-eb76cf992609b110.rlib --extern url=/opt/rustwide/target/debug/deps/liburl-68d465c690237e44.rlib --extern wasm_bindgen_test=/opt/rustwide/target/debug/deps/libwasm_bindgen_test-7c443a293bb07d85.rlib --extern webpage_quality_analyzer=/opt/rustwide/target/debug/deps/libwebpage_quality_analyzer.rlib --cap-lints=warn` (signal: 9, SIGKILL: kill)
[INFO] [stdout] error: linking with `cc` failed: exit status: 1
[INFO] [stdout]   |
[INFO] [stdout]   = note:  "cc" "-m64" "/opt/rustwide/target/debug/deps/rustcH4Ze80/symbols.o" "<3 object files omitted>" "-Wl,--as-needed" "-Wl,-Bstatic" "<sysroot>/lib/rustlib/x86_64-unknown-linux-gnu/lib/{libtest-*,libgetopts-*,librustc_std_workspace_std-*}.rlib" "/opt/rustwide/target/debug/deps/{libwebpage_quality_analyzer,libtoml-eb76cf992609b110,libtoml_edit-04fe7ff5a4bbf6f5,libserde_spanned-8c27dbe50e3a1418,libwinnow-d98b4b6bf9645098,libtoml_write-2c704ffd35684d73,libtoml_datetime-917f0d291af168d1,libserde_yaml-5a991d49ffcca6b0,libunsafe_libyaml-d3127b66fe569cc5,libthiserror-2829d724698467e5,libreadability-146579361b8ba15e,libreqwest-d2a47037727a4c3f,librustls_pemfile-30aaf682314043cb,libhyper_tls-88d3bd26dea17c60,libbase64-13144a1f1e192158,libipnet-a38805d99c19843f,libtokio_native_tls-7f97549bd6182acc,libserde_urlencoded-fd12e7bfb80f5a63,libmime-0188e0814ca7ddbf,libencoding_rs-12137936ea3fe5ee,libnative_tls-b621e62e9dba3863,libopenssl_probe-2c6d21a9709cae46,libopenssl-85039fae0fd9811c,libbitflags-317a5afac3dccb6f,libforeign_types-4fe1886d5d9265b9,libforeign_types_shared-47b443a4583fd949,libopenssl_sys-acede8ce68727958,libhyper-ac334e633fe27457,libwant-7a6260b9c50f1479,libtry_lock-8fa2f6971035be84,libsocket2-11d63e373edd9e38,libhttparse-8c9b827b8f345444,libh2-a67b1508a5a020bf,libindexmap-bd2a1a12f52b9727,libequivalent-6a754676e6af62ae,libhashbrown-646cb50410e39eac,libtokio_util-be86f15e327b5a72,libtower_service-3fb88d28c2218805,libtracing-deb07285d1769c69,libtracing_core-05e1b75a06fc0004,libsync_wrapper-b5d3a794a1e9deea,libhttp_body-32978a92019d505a,libhttp-f7e42874eabb68a3,libfnv-79e2cbfbe03dcd16,liblazy_static-3674be3f4245d19b,libmarkup5ever_rcdom-c3a3c21d45c1bc90,libhtml5ever-7794757bb24a7884,liblog-9c5892e2c6fd8400,libmarkup5ever-8f5c4f7a2e529dbd,libstring_cache-2e87d01908d1fc56,libprecomputed_hash-b8aaee179f87ad21,libphf_shared-fb5536ebcaabcc1e,libsiphasher-03bcd832dc490f0a,libphf-f098cdf71b7c5755,libphf_shared-cceb0c4711d72da1,libsiphasher-6bb0304e8b0d0631,libtendril-486600bfb93d60f1,libutf8-f4341c3c7568480d,libfutf-aa6475a3f02abc9b,libdebug_unreachable-2bce5da2715432ba,libmac-fd2d43da8dd761a5,libregex-e649f835bb98a6b3,libregex_automata-a7c8a41284ac48d5,libaho_corasick-bbfbf5115799d522,libregex_syntax-c1c62fdedc196a6a,libonce_cell-e9252a7b5119f3eb,libserde_json-516330c9964f3c63,libitoa-ef40fa516293a9d3,libryu-a7164637bc4900ee,liburl-68d465c690237e44,libidna-55a96885e07e2b31,libutf8_iter-51566bbad89f3a68,libidna_adapter-03d98484913da591,libicu_properties-74fb0f4cd65ba438,libicu_properties_data-b53d225676b50701,libicu_normalizer-6208f9a481e75c5c,libicu_normalizer_data-ff82f05aef08137e,libicu_collections-83f1917fff53f20e,libpotential_utf-11d30c247e2472f1,libicu_provider-26c1ce45c53e625c,libicu_locale_core-8347c27cb26d81f8,libtinystr-047e62f8ea395a33,liblitemap-76c583890b84c465,libwriteable-240af3fb4837c678,libzerovec-3d8cf8a32cf19d4c,libzerotrie-ef6a1a2dbef93520,libyoke-c4860c407ef64d73,libstable_deref_trait-14e4a70bda35dfe8,libzerofrom-68d1a9a1d351cecc,libform_urlencoded-58b0f0edb59b40d2,libpercent_encoding-fa055ecaa1e57cfa,libtl-e518ce997b090bf1,libtokio-ba9144ef8efd67b2,libsignal_hook_registry-17c9663e761ed448,libsocket2-dae8c76fb575ef44,libbytes-82ad4f0211bdc963,libmio-1003377f0afcccdc,libparking_lot-a224049d5a1de327,libparking_lot_core-e42dac74a692976d,liblibc-1af63e2d88f1975c,libcfg_if-ae1e883b62e8dab7,libsmallvec-3281308869c19c4b,liblock_api-2e9dabb47f2eef10,libscopeguard-7ec2214574194454,libfutures-591c42e2887d7500,libfutures_executor-be0d7d39f0a33685,libfutures_util-93f8e11655369c72,libmemchr-eb753e192a6bbd2d,libfutures_io-59d0071c9258d69f,libslab-5629529544b2a983,libfutures_channel-3bb2db6cecc5bacb,libpin_project_lite-72bf04572caa1c84,libfutures_sink-ae1eb2d060de53a2,libfutures_task-e09ab7898221cb97,libpin_utils-3860774ad9b215b5,libfutures_core-3b920243fce8fec0,libchrono-b8a9d3fadc5a28a9,libiana_time_zone-7ebdf60e360da8b0,libnum_traits-8025aadba3f5277e,libserde-8b41d4e0c407cecc}.rlib" "<sysroot>/lib/rustlib/x86_64-unknown-linux-gnu/lib/{libstd-*,libpanic_unwind-*,libobject-*,libmemchr-*,libaddr2line-*,libgimli-*,libcfg_if-*,librustc_demangle-*,libstd_detect-*,libhashbrown-*,librustc_std_workspace_alloc-*,libminiz_oxide-*,libadler2-*,libunwind-*,liblibc-*,librustc_std_workspace_core-*,liballoc-*,libcore-*,libcompiler_builtins-*}.rlib" "-Wl,-Bdynamic" "-lssl" "-lcrypto" "-lgcc_s" "-lutil" "-lrt" "-lpthread" "-lm" "-ldl" "-lc" "-L" "/opt/rustwide/target/debug/deps/rustcH4Ze80/raw-dylibs" "-B<sysroot>/lib/rustlib/x86_64-unknown-linux-gnu/bin/gcc-ld" "-fuse-ld=lld" "-Wl,--eh-frame-hdr" "-Wl,-z,noexecstack" "-L" "<sysroot>/lib/rustlib/x86_64-unknown-linux-gnu/lib" "-o" "/opt/rustwide/target/debug/deps/new_profiles_test-ac8cfaf1a2a94bb5" "-Wl,--gc-sections" "-pie" "-Wl,-z,relro,-z,now" "-nodefaultlibs"
[INFO] [stdout]   = note: some arguments are omitted. use `--verbose` to show all linker arguments
[INFO] [stdout]   = note: collect2: fatal error: ld terminated with signal 9 [Killed]
[INFO] [stdout]           compilation terminated.
[INFO] [stdout]           
[INFO] [stdout] 
[INFO] [stdout] 
[INFO] [stderr] error: could not compile `webpage_quality_analyzer` (test "new_profiles_test") due to 1 previous error; 1 warning emitted
[INFO] [stdout] error: linking with `cc` failed: exit status: 1
[INFO] [stdout]   |
[INFO] [stdout]   = note:  "cc" "-m64" "/opt/rustwide/target/debug/deps/rustcKaydhn/symbols.o" "<2 object files omitted>" "-Wl,--as-needed" "-Wl,-Bstatic" "<sysroot>/lib/rustlib/x86_64-unknown-linux-gnu/lib/{libtest-*,libgetopts-*,librustc_std_workspace_std-*}.rlib" "/opt/rustwide/target/debug/deps/{libwebpage_quality_analyzer,libtoml-eb76cf992609b110,libtoml_edit-04fe7ff5a4bbf6f5,libserde_spanned-8c27dbe50e3a1418,libwinnow-d98b4b6bf9645098,libtoml_write-2c704ffd35684d73,libtoml_datetime-917f0d291af168d1,libserde_yaml-5a991d49ffcca6b0,libunsafe_libyaml-d3127b66fe569cc5,libthiserror-2829d724698467e5,libreadability-146579361b8ba15e,libreqwest-d2a47037727a4c3f,librustls_pemfile-30aaf682314043cb,libhyper_tls-88d3bd26dea17c60,libbase64-13144a1f1e192158,libipnet-a38805d99c19843f,libtokio_native_tls-7f97549bd6182acc,libserde_urlencoded-fd12e7bfb80f5a63,libmime-0188e0814ca7ddbf,libencoding_rs-12137936ea3fe5ee,libnative_tls-b621e62e9dba3863,libopenssl_probe-2c6d21a9709cae46,libopenssl-85039fae0fd9811c,libbitflags-317a5afac3dccb6f,libforeign_types-4fe1886d5d9265b9,libforeign_types_shared-47b443a4583fd949,libopenssl_sys-acede8ce68727958,libhyper-ac334e633fe27457,libwant-7a6260b9c50f1479,libtry_lock-8fa2f6971035be84,libsocket2-11d63e373edd9e38,libhttparse-8c9b827b8f345444,libh2-a67b1508a5a020bf,libindexmap-bd2a1a12f52b9727,libequivalent-6a754676e6af62ae,libhashbrown-646cb50410e39eac,libtokio_util-be86f15e327b5a72,libtower_service-3fb88d28c2218805,libtracing-deb07285d1769c69,libtracing_core-05e1b75a06fc0004,libsync_wrapper-b5d3a794a1e9deea,libhttp_body-32978a92019d505a,libhttp-f7e42874eabb68a3,libfnv-79e2cbfbe03dcd16,liblazy_static-3674be3f4245d19b,libmarkup5ever_rcdom-c3a3c21d45c1bc90,libhtml5ever-7794757bb24a7884,liblog-9c5892e2c6fd8400,libmarkup5ever-8f5c4f7a2e529dbd,libstring_cache-2e87d01908d1fc56,libprecomputed_hash-b8aaee179f87ad21,libphf_shared-fb5536ebcaabcc1e,libsiphasher-03bcd832dc490f0a,libphf-f098cdf71b7c5755,libphf_shared-cceb0c4711d72da1,libsiphasher-6bb0304e8b0d0631,libtendril-486600bfb93d60f1,libutf8-f4341c3c7568480d,libfutf-aa6475a3f02abc9b,libdebug_unreachable-2bce5da2715432ba,libmac-fd2d43da8dd761a5,libregex-e649f835bb98a6b3,libregex_automata-a7c8a41284ac48d5,libaho_corasick-bbfbf5115799d522,libregex_syntax-c1c62fdedc196a6a,libonce_cell-e9252a7b5119f3eb,libserde_json-516330c9964f3c63,libitoa-ef40fa516293a9d3,libryu-a7164637bc4900ee,liburl-68d465c690237e44,libidna-55a96885e07e2b31,libutf8_iter-51566bbad89f3a68,libidna_adapter-03d98484913da591,libicu_properties-74fb0f4cd65ba438,libicu_properties_data-b53d225676b50701,libicu_normalizer-6208f9a481e75c5c,libicu_normalizer_data-ff82f05aef08137e,libicu_collections-83f1917fff53f20e,libpotential_utf-11d30c247e2472f1,libicu_provider-26c1ce45c53e625c,libicu_locale_core-8347c27cb26d81f8,libtinystr-047e62f8ea395a33,liblitemap-76c583890b84c465,libwriteable-240af3fb4837c678,libzerovec-3d8cf8a32cf19d4c,libzerotrie-ef6a1a2dbef93520,libyoke-c4860c407ef64d73,libstable_deref_trait-14e4a70bda35dfe8,libzerofrom-68d1a9a1d351cecc,libform_urlencoded-58b0f0edb59b40d2,libpercent_encoding-fa055ecaa1e57cfa,libtl-e518ce997b090bf1,libtokio-ba9144ef8efd67b2,libsignal_hook_registry-17c9663e761ed448,libsocket2-dae8c76fb575ef44,libbytes-82ad4f0211bdc963,libmio-1003377f0afcccdc,libparking_lot-a224049d5a1de327,libparking_lot_core-e42dac74a692976d,liblibc-1af63e2d88f1975c,libcfg_if-ae1e883b62e8dab7,libsmallvec-3281308869c19c4b,liblock_api-2e9dabb47f2eef10,libscopeguard-7ec2214574194454,libfutures-591c42e2887d7500,libfutures_executor-be0d7d39f0a33685,libfutures_util-93f8e11655369c72,libmemchr-eb753e192a6bbd2d,libfutures_io-59d0071c9258d69f,libslab-5629529544b2a983,libfutures_channel-3bb2db6cecc5bacb,libpin_project_lite-72bf04572caa1c84,libfutures_sink-ae1eb2d060de53a2,libfutures_task-e09ab7898221cb97,libpin_utils-3860774ad9b215b5,libfutures_core-3b920243fce8fec0,libchrono-b8a9d3fadc5a28a9,libiana_time_zone-7ebdf60e360da8b0,libnum_traits-8025aadba3f5277e,libserde-8b41d4e0c407cecc}.rlib" "<sysroot>/lib/rustlib/x86_64-unknown-linux-gnu/lib/{libstd-*,libpanic_unwind-*,libobject-*,libmemchr-*,libaddr2line-*,libgimli-*,libcfg_if-*,librustc_demangle-*,libstd_detect-*,libhashbrown-*,librustc_std_workspace_alloc-*,libminiz_oxide-*,libadler2-*,libunwind-*,liblibc-*,librustc_std_workspace_core-*,liballoc-*,libcore-*,libcompiler_builtins-*}.rlib" "-Wl,-Bdynamic" "-lssl" "-lcrypto" "-lgcc_s" "-lutil" "-lrt" "-lpthread" "-lm" "-ldl" "-lc" "-L" "/opt/rustwide/target/debug/deps/rustcKaydhn/raw-dylibs" "-B<sysroot>/lib/rustlib/x86_64-unknown-linux-gnu/bin/gcc-ld" "-fuse-ld=lld" "-Wl,--eh-frame-hdr" "-Wl,-z,noexecstack" "-L" "<sysroot>/lib/rustlib/x86_64-unknown-linux-gnu/lib" "-o" "/opt/rustwide/target/debug/deps/score_differentiation_validation-b44c43737e4665be" "-Wl,--gc-sections" "-pie" "-Wl,-z,relro,-z,now" "-nodefaultlibs"
[INFO] [stdout]   = note: some arguments are omitted. use `--verbose` to show all linker arguments
[INFO] [stdout]   = note: collect2: fatal error: ld terminated with signal 9 [Killed]
[INFO] [stdout]           compilation terminated.
[INFO] [stdout]           
[INFO] [stdout] 
[INFO] [stdout] 
[INFO] [stderr] error: could not compile `webpage_quality_analyzer` (test "score_differentiation_validation") due to 1 previous error
[INFO] [stdout] error: linking with `cc` failed: exit status: 1
[INFO] [stdout]   |
[INFO] [stdout]   = note:  "cc" "-m64" "/opt/rustwide/target/debug/deps/rustcTeL1UV/symbols.o" "<3 object files omitted>" "-Wl,--as-needed" "-Wl,-Bstatic" "<sysroot>/lib/rustlib/x86_64-unknown-linux-gnu/lib/{libtest-*,libgetopts-*,librustc_std_workspace_std-*}.rlib" "/opt/rustwide/target/debug/deps/{libwebpage_quality_analyzer,libtoml-eb76cf992609b110,libtoml_edit-04fe7ff5a4bbf6f5,libserde_spanned-8c27dbe50e3a1418,libwinnow-d98b4b6bf9645098,libtoml_write-2c704ffd35684d73,libtoml_datetime-917f0d291af168d1,libserde_yaml-5a991d49ffcca6b0,libunsafe_libyaml-d3127b66fe569cc5,libthiserror-2829d724698467e5,libreadability-146579361b8ba15e,libreqwest-d2a47037727a4c3f,librustls_pemfile-30aaf682314043cb,libhyper_tls-88d3bd26dea17c60,libbase64-13144a1f1e192158,libipnet-a38805d99c19843f,libtokio_native_tls-7f97549bd6182acc,libserde_urlencoded-fd12e7bfb80f5a63,libmime-0188e0814ca7ddbf,libencoding_rs-12137936ea3fe5ee,libnative_tls-b621e62e9dba3863,libopenssl_probe-2c6d21a9709cae46,libopenssl-85039fae0fd9811c,libbitflags-317a5afac3dccb6f,libforeign_types-4fe1886d5d9265b9,libforeign_types_shared-47b443a4583fd949,libopenssl_sys-acede8ce68727958,libhyper-ac334e633fe27457,libwant-7a6260b9c50f1479,libtry_lock-8fa2f6971035be84,libsocket2-11d63e373edd9e38,libhttparse-8c9b827b8f345444,libh2-a67b1508a5a020bf,libindexmap-bd2a1a12f52b9727,libequivalent-6a754676e6af62ae,libhashbrown-646cb50410e39eac,libtokio_util-be86f15e327b5a72,libtower_service-3fb88d28c2218805,libtracing-deb07285d1769c69,libtracing_core-05e1b75a06fc0004,libsync_wrapper-b5d3a794a1e9deea,libhttp_body-32978a92019d505a,libhttp-f7e42874eabb68a3,libfnv-79e2cbfbe03dcd16,liblazy_static-3674be3f4245d19b,libmarkup5ever_rcdom-c3a3c21d45c1bc90,libhtml5ever-7794757bb24a7884,liblog-9c5892e2c6fd8400,libmarkup5ever-8f5c4f7a2e529dbd,libstring_cache-2e87d01908d1fc56,libprecomputed_hash-b8aaee179f87ad21,libphf_shared-fb5536ebcaabcc1e,libsiphasher-03bcd832dc490f0a,libphf-f098cdf71b7c5755,libphf_shared-cceb0c4711d72da1,libsiphasher-6bb0304e8b0d0631,libtendril-486600bfb93d60f1,libutf8-f4341c3c7568480d,libfutf-aa6475a3f02abc9b,libdebug_unreachable-2bce5da2715432ba,libmac-fd2d43da8dd761a5,libregex-e649f835bb98a6b3,libregex_automata-a7c8a41284ac48d5,libaho_corasick-bbfbf5115799d522,libregex_syntax-c1c62fdedc196a6a,libonce_cell-e9252a7b5119f3eb,libserde_json-516330c9964f3c63,libitoa-ef40fa516293a9d3,libryu-a7164637bc4900ee,liburl-68d465c690237e44,libidna-55a96885e07e2b31,libutf8_iter-51566bbad89f3a68,libidna_adapter-03d98484913da591,libicu_properties-74fb0f4cd65ba438,libicu_properties_data-b53d225676b50701,libicu_normalizer-6208f9a481e75c5c,libicu_normalizer_data-ff82f05aef08137e,libicu_collections-83f1917fff53f20e,libpotential_utf-11d30c247e2472f1,libicu_provider-26c1ce45c53e625c,libicu_locale_core-8347c27cb26d81f8,libtinystr-047e62f8ea395a33,liblitemap-76c583890b84c465,libwriteable-240af3fb4837c678,libzerovec-3d8cf8a32cf19d4c,libzerotrie-ef6a1a2dbef93520,libyoke-c4860c407ef64d73,libstable_deref_trait-14e4a70bda35dfe8,libzerofrom-68d1a9a1d351cecc,libform_urlencoded-58b0f0edb59b40d2,libpercent_encoding-fa055ecaa1e57cfa,libtl-e518ce997b090bf1,libtokio-ba9144ef8efd67b2,libsignal_hook_registry-17c9663e761ed448,libsocket2-dae8c76fb575ef44,libbytes-82ad4f0211bdc963,libmio-1003377f0afcccdc,libparking_lot-a224049d5a1de327,libparking_lot_core-e42dac74a692976d,liblibc-1af63e2d88f1975c,libcfg_if-ae1e883b62e8dab7,libsmallvec-3281308869c19c4b,liblock_api-2e9dabb47f2eef10,libscopeguard-7ec2214574194454,libfutures-591c42e2887d7500,libfutures_executor-be0d7d39f0a33685,libfutures_util-93f8e11655369c72,libmemchr-eb753e192a6bbd2d,libfutures_io-59d0071c9258d69f,libslab-5629529544b2a983,libfutures_channel-3bb2db6cecc5bacb,libpin_project_lite-72bf04572caa1c84,libfutures_sink-ae1eb2d060de53a2,libfutures_task-e09ab7898221cb97,libpin_utils-3860774ad9b215b5,libfutures_core-3b920243fce8fec0,libchrono-b8a9d3fadc5a28a9,libiana_time_zone-7ebdf60e360da8b0,libnum_traits-8025aadba3f5277e,libserde-8b41d4e0c407cecc}.rlib" "<sysroot>/lib/rustlib/x86_64-unknown-linux-gnu/lib/{libstd-*,libpanic_unwind-*,libobject-*,libmemchr-*,libaddr2line-*,libgimli-*,libcfg_if-*,librustc_demangle-*,libstd_detect-*,libhashbrown-*,librustc_std_workspace_alloc-*,libminiz_oxide-*,libadler2-*,libunwind-*,liblibc-*,librustc_std_workspace_core-*,liballoc-*,libcore-*,libcompiler_builtins-*}.rlib" "-Wl,-Bdynamic" "-lssl" "-lcrypto" "-lgcc_s" "-lutil" "-lrt" "-lpthread" "-lm" "-ldl" "-lc" "-L" "/opt/rustwide/target/debug/deps/rustcTeL1UV/raw-dylibs" "-B<sysroot>/lib/rustlib/x86_64-unknown-linux-gnu/bin/gcc-ld" "-fuse-ld=lld" "-Wl,--eh-frame-hdr" "-Wl,-z,noexecstack" "-L" "<sysroot>/lib/rustlib/x86_64-unknown-linux-gnu/lib" "-o" "/opt/rustwide/target/debug/deps/edge_cases_new-b248c76058154374" "-Wl,--gc-sections" "-pie" "-Wl,-z,relro,-z,now" "-nodefaultlibs"
[INFO] [stdout]   = note: some arguments are omitted. use `--verbose` to show all linker arguments
[INFO] [stdout]   = note: collect2: fatal error: ld terminated with signal 9 [Killed]
[INFO] [stdout]           compilation terminated.
[INFO] [stdout]           
[INFO] [stdout] 
[INFO] [stdout] 
[INFO] [stderr] error: could not compile `webpage_quality_analyzer` (test "edge_cases_new") due to 1 previous error; 1 warning emitted
[INFO] [stdout] error: linking with `cc` failed: exit status: 1
[INFO] [stdout]   |
[INFO] [stdout]   = note:  "cc" "-m64" "/opt/rustwide/target/debug/deps/rustcb63iG1/symbols.o" "<3 object files omitted>" "-Wl,--as-needed" "-Wl,-Bstatic" "<sysroot>/lib/rustlib/x86_64-unknown-linux-gnu/lib/{libtest-*,libgetopts-*,librustc_std_workspace_std-*}.rlib" "/opt/rustwide/target/debug/deps/{libwebpage_quality_analyzer,libtoml-eb76cf992609b110,libtoml_edit-04fe7ff5a4bbf6f5,libserde_spanned-8c27dbe50e3a1418,libwinnow-d98b4b6bf9645098,libtoml_write-2c704ffd35684d73,libtoml_datetime-917f0d291af168d1,libserde_yaml-5a991d49ffcca6b0,libunsafe_libyaml-d3127b66fe569cc5,libthiserror-2829d724698467e5,libreadability-146579361b8ba15e,libreqwest-d2a47037727a4c3f,librustls_pemfile-30aaf682314043cb,libhyper_tls-88d3bd26dea17c60,libbase64-13144a1f1e192158,libipnet-a38805d99c19843f,libtokio_native_tls-7f97549bd6182acc,libserde_urlencoded-fd12e7bfb80f5a63,libmime-0188e0814ca7ddbf,libencoding_rs-12137936ea3fe5ee,libnative_tls-b621e62e9dba3863,libopenssl_probe-2c6d21a9709cae46,libopenssl-85039fae0fd9811c,libbitflags-317a5afac3dccb6f,libforeign_types-4fe1886d5d9265b9,libforeign_types_shared-47b443a4583fd949,libopenssl_sys-acede8ce68727958,libhyper-ac334e633fe27457,libwant-7a6260b9c50f1479,libtry_lock-8fa2f6971035be84,libsocket2-11d63e373edd9e38,libhttparse-8c9b827b8f345444,libh2-a67b1508a5a020bf,libindexmap-bd2a1a12f52b9727,libequivalent-6a754676e6af62ae,libhashbrown-646cb50410e39eac,libtokio_util-be86f15e327b5a72,libtower_service-3fb88d28c2218805,libtracing-deb07285d1769c69,libtracing_core-05e1b75a06fc0004,libsync_wrapper-b5d3a794a1e9deea,libhttp_body-32978a92019d505a,libhttp-f7e42874eabb68a3,libfnv-79e2cbfbe03dcd16,liblazy_static-3674be3f4245d19b,libmarkup5ever_rcdom-c3a3c21d45c1bc90,libhtml5ever-7794757bb24a7884,liblog-9c5892e2c6fd8400,libmarkup5ever-8f5c4f7a2e529dbd,libstring_cache-2e87d01908d1fc56,libprecomputed_hash-b8aaee179f87ad21,libphf_shared-fb5536ebcaabcc1e,libsiphasher-03bcd832dc490f0a,libphf-f098cdf71b7c5755,libphf_shared-cceb0c4711d72da1,libsiphasher-6bb0304e8b0d0631,libtendril-486600bfb93d60f1,libutf8-f4341c3c7568480d,libfutf-aa6475a3f02abc9b,libdebug_unreachable-2bce5da2715432ba,libmac-fd2d43da8dd761a5,libregex-e649f835bb98a6b3,libregex_automata-a7c8a41284ac48d5,libaho_corasick-bbfbf5115799d522,libregex_syntax-c1c62fdedc196a6a,libonce_cell-e9252a7b5119f3eb,libserde_json-516330c9964f3c63,libitoa-ef40fa516293a9d3,libryu-a7164637bc4900ee,liburl-68d465c690237e44,libidna-55a96885e07e2b31,libutf8_iter-51566bbad89f3a68,libidna_adapter-03d98484913da591,libicu_properties-74fb0f4cd65ba438,libicu_properties_data-b53d225676b50701,libicu_normalizer-6208f9a481e75c5c,libicu_normalizer_data-ff82f05aef08137e,libicu_collections-83f1917fff53f20e,libpotential_utf-11d30c247e2472f1,libicu_provider-26c1ce45c53e625c,libicu_locale_core-8347c27cb26d81f8,libtinystr-047e62f8ea395a33,liblitemap-76c583890b84c465,libwriteable-240af3fb4837c678,libzerovec-3d8cf8a32cf19d4c,libzerotrie-ef6a1a2dbef93520,libyoke-c4860c407ef64d73,libstable_deref_trait-14e4a70bda35dfe8,libzerofrom-68d1a9a1d351cecc,libform_urlencoded-58b0f0edb59b40d2,libpercent_encoding-fa055ecaa1e57cfa,libtl-e518ce997b090bf1,libtokio-ba9144ef8efd67b2,libsignal_hook_registry-17c9663e761ed448,libsocket2-dae8c76fb575ef44,libbytes-82ad4f0211bdc963,libmio-1003377f0afcccdc,libparking_lot-a224049d5a1de327,libparking_lot_core-e42dac74a692976d,liblibc-1af63e2d88f1975c,libcfg_if-ae1e883b62e8dab7,libsmallvec-3281308869c19c4b,liblock_api-2e9dabb47f2eef10,libscopeguard-7ec2214574194454,libfutures-591c42e2887d7500,libfutures_executor-be0d7d39f0a33685,libfutures_util-93f8e11655369c72,libmemchr-eb753e192a6bbd2d,libfutures_io-59d0071c9258d69f,libslab-5629529544b2a983,libfutures_channel-3bb2db6cecc5bacb,libpin_project_lite-72bf04572caa1c84,libfutures_sink-ae1eb2d060de53a2,libfutures_task-e09ab7898221cb97,libpin_utils-3860774ad9b215b5,libfutures_core-3b920243fce8fec0,libchrono-b8a9d3fadc5a28a9,libiana_time_zone-7ebdf60e360da8b0,libnum_traits-8025aadba3f5277e,libserde-8b41d4e0c407cecc}.rlib" "<sysroot>/lib/rustlib/x86_64-unknown-linux-gnu/lib/{libstd-*,libpanic_unwind-*,libobject-*,libmemchr-*,libaddr2line-*,libgimli-*,libcfg_if-*,librustc_demangle-*,libstd_detect-*,libhashbrown-*,librustc_std_workspace_alloc-*,libminiz_oxide-*,libadler2-*,libunwind-*,liblibc-*,librustc_std_workspace_core-*,liballoc-*,libcore-*,libcompiler_builtins-*}.rlib" "-Wl,-Bdynamic" "-lssl" "-lcrypto" "-lgcc_s" "-lutil" "-lrt" "-lpthread" "-lm" "-ldl" "-lc" "-L" "/opt/rustwide/target/debug/deps/rustcb63iG1/raw-dylibs" "-B<sysroot>/lib/rustlib/x86_64-unknown-linux-gnu/bin/gcc-ld" "-fuse-ld=lld" "-Wl,--eh-frame-hdr" "-Wl,-z,noexecstack" "-L" "<sysroot>/lib/rustlib/x86_64-unknown-linux-gnu/lib" "-o" "/opt/rustwide/target/debug/deps/phase5_integration_tests-818b9cadd8f4519b" "-Wl,--gc-sections" "-pie" "-Wl,-z,relro,-z,now" "-nodefaultlibs"
[INFO] [stdout]   = note: some arguments are omitted. use `--verbose` to show all linker arguments
[INFO] [stdout]   = note: collect2: fatal error: ld terminated with signal 9 [Killed]
[INFO] [stdout]           compilation terminated.
[INFO] [stdout]           
[INFO] [stdout] 
[INFO] [stdout] 
[INFO] [stderr] error: could not compile `webpage_quality_analyzer` (test "phase5_integration_tests") due to 1 previous error
[INFO] [stdout] error: linking with `cc` failed: exit status: 1
[INFO] [stdout]   |
[INFO] [stdout]   = note:  "cc" "-m64" "/opt/rustwide/target/debug/deps/rustcjYBc8y/symbols.o" "<3 object files omitted>" "-Wl,--as-needed" "-Wl,-Bstatic" "<sysroot>/lib/rustlib/x86_64-unknown-linux-gnu/lib/{libtest-*,libgetopts-*,librustc_std_workspace_std-*}.rlib" "/opt/rustwide/target/debug/deps/{libwebpage_quality_analyzer,libtoml-eb76cf992609b110,libtoml_edit-04fe7ff5a4bbf6f5,libserde_spanned-8c27dbe50e3a1418,libwinnow-d98b4b6bf9645098,libtoml_write-2c704ffd35684d73,libtoml_datetime-917f0d291af168d1,libserde_yaml-5a991d49ffcca6b0,libunsafe_libyaml-d3127b66fe569cc5,libthiserror-2829d724698467e5,libreadability-146579361b8ba15e,libreqwest-d2a47037727a4c3f,librustls_pemfile-30aaf682314043cb,libhyper_tls-88d3bd26dea17c60,libbase64-13144a1f1e192158,libipnet-a38805d99c19843f,libtokio_native_tls-7f97549bd6182acc,libserde_urlencoded-fd12e7bfb80f5a63,libmime-0188e0814ca7ddbf,libencoding_rs-12137936ea3fe5ee,libnative_tls-b621e62e9dba3863,libopenssl_probe-2c6d21a9709cae46,libopenssl-85039fae0fd9811c,libbitflags-317a5afac3dccb6f,libforeign_types-4fe1886d5d9265b9,libforeign_types_shared-47b443a4583fd949,libopenssl_sys-acede8ce68727958,libhyper-ac334e633fe27457,libwant-7a6260b9c50f1479,libtry_lock-8fa2f6971035be84,libsocket2-11d63e373edd9e38,libhttparse-8c9b827b8f345444,libh2-a67b1508a5a020bf,libindexmap-bd2a1a12f52b9727,libequivalent-6a754676e6af62ae,libhashbrown-646cb50410e39eac,libtokio_util-be86f15e327b5a72,libtower_service-3fb88d28c2218805,libtracing-deb07285d1769c69,libtracing_core-05e1b75a06fc0004,libsync_wrapper-b5d3a794a1e9deea,libhttp_body-32978a92019d505a,libhttp-f7e42874eabb68a3,libfnv-79e2cbfbe03dcd16,liblazy_static-3674be3f4245d19b,libmarkup5ever_rcdom-c3a3c21d45c1bc90,libhtml5ever-7794757bb24a7884,liblog-9c5892e2c6fd8400,libmarkup5ever-8f5c4f7a2e529dbd,libstring_cache-2e87d01908d1fc56,libprecomputed_hash-b8aaee179f87ad21,libphf_shared-fb5536ebcaabcc1e,libsiphasher-03bcd832dc490f0a,libphf-f098cdf71b7c5755,libphf_shared-cceb0c4711d72da1,libsiphasher-6bb0304e8b0d0631,libtendril-486600bfb93d60f1,libutf8-f4341c3c7568480d,libfutf-aa6475a3f02abc9b,libdebug_unreachable-2bce5da2715432ba,libmac-fd2d43da8dd761a5,libregex-e649f835bb98a6b3,libregex_automata-a7c8a41284ac48d5,libaho_corasick-bbfbf5115799d522,libregex_syntax-c1c62fdedc196a6a,libonce_cell-e9252a7b5119f3eb,libserde_json-516330c9964f3c63,libitoa-ef40fa516293a9d3,libryu-a7164637bc4900ee,liburl-68d465c690237e44,libidna-55a96885e07e2b31,libutf8_iter-51566bbad89f3a68,libidna_adapter-03d98484913da591,libicu_properties-74fb0f4cd65ba438,libicu_properties_data-b53d225676b50701,libicu_normalizer-6208f9a481e75c5c,libicu_normalizer_data-ff82f05aef08137e,libicu_collections-83f1917fff53f20e,libpotential_utf-11d30c247e2472f1,libicu_provider-26c1ce45c53e625c,libicu_locale_core-8347c27cb26d81f8,libtinystr-047e62f8ea395a33,liblitemap-76c583890b84c465,libwriteable-240af3fb4837c678,libzerovec-3d8cf8a32cf19d4c,libzerotrie-ef6a1a2dbef93520,libyoke-c4860c407ef64d73,libstable_deref_trait-14e4a70bda35dfe8,libzerofrom-68d1a9a1d351cecc,libform_urlencoded-58b0f0edb59b40d2,libpercent_encoding-fa055ecaa1e57cfa,libtl-e518ce997b090bf1,libtokio-ba9144ef8efd67b2,libsignal_hook_registry-17c9663e761ed448,libsocket2-dae8c76fb575ef44,libbytes-82ad4f0211bdc963,libmio-1003377f0afcccdc,libparking_lot-a224049d5a1de327,libparking_lot_core-e42dac74a692976d,liblibc-1af63e2d88f1975c,libcfg_if-ae1e883b62e8dab7,libsmallvec-3281308869c19c4b,liblock_api-2e9dabb47f2eef10,libscopeguard-7ec2214574194454,libfutures-591c42e2887d7500,libfutures_executor-be0d7d39f0a33685,libfutures_util-93f8e11655369c72,libmemchr-eb753e192a6bbd2d,libfutures_io-59d0071c9258d69f,libslab-5629529544b2a983,libfutures_channel-3bb2db6cecc5bacb,libpin_project_lite-72bf04572caa1c84,libfutures_sink-ae1eb2d060de53a2,libfutures_task-e09ab7898221cb97,libpin_utils-3860774ad9b215b5,libfutures_core-3b920243fce8fec0,libchrono-b8a9d3fadc5a28a9,libiana_time_zone-7ebdf60e360da8b0,libnum_traits-8025aadba3f5277e,libserde-8b41d4e0c407cecc}.rlib" "<sysroot>/lib/rustlib/x86_64-unknown-linux-gnu/lib/{libstd-*,libpanic_unwind-*,libobject-*,libmemchr-*,libaddr2line-*,libgimli-*,libcfg_if-*,librustc_demangle-*,libstd_detect-*,libhashbrown-*,librustc_std_workspace_alloc-*,libminiz_oxide-*,libadler2-*,libunwind-*,liblibc-*,librustc_std_workspace_core-*,liballoc-*,libcore-*,libcompiler_builtins-*}.rlib" "-Wl,-Bdynamic" "-lssl" "-lcrypto" "-lgcc_s" "-lutil" "-lrt" "-lpthread" "-lm" "-ldl" "-lc" "-L" "/opt/rustwide/target/debug/deps/rustcjYBc8y/raw-dylibs" "-B<sysroot>/lib/rustlib/x86_64-unknown-linux-gnu/bin/gcc-ld" "-fuse-ld=lld" "-Wl,--eh-frame-hdr" "-Wl,-z,noexecstack" "-L" "<sysroot>/lib/rustlib/x86_64-unknown-linux-gnu/lib" "-o" "/opt/rustwide/target/debug/deps/integration_tests-158fded78a1a1305" "-Wl,--gc-sections" "-pie" "-Wl,-z,relro,-z,now" "-nodefaultlibs"
[INFO] [stdout]   = note: some arguments are omitted. use `--verbose` to show all linker arguments
[INFO] [stdout]   = note: collect2: fatal error: ld terminated with signal 9 [Killed]
[INFO] [stdout]           compilation terminated.
[INFO] [stdout]           
[INFO] [stdout] 
[INFO] [stdout] 
[INFO] [stderr] error: could not compile `webpage_quality_analyzer` (test "integration_tests") due to 1 previous error
[INFO] running `Command { std: "docker" "inspect" "ffbaf7505097c90163d661807c12cdb4a75f5c9d6d5603dd9b5d402413b85772", kill_on_drop: false }`
[INFO] running `Command { std: "docker" "rm" "-f" "ffbaf7505097c90163d661807c12cdb4a75f5c9d6d5603dd9b5d402413b85772", kill_on_drop: false }`
[INFO] [stdout] ffbaf7505097c90163d661807c12cdb4a75f5c9d6d5603dd9b5d402413b85772
