[INFO] fetching crate weavatrix-seo 0.6.3...
[INFO] testing weavatrix-seo-0.6.3 against 1.99.0-beta.8 for beta-1.100-2
[INFO] extracting crate weavatrix-seo 0.6.3 into /workspace/builds/worker-5-tc1/source
[INFO] started tweaking crates.io crate weavatrix-seo 0.6.3
[INFO] removed 0 missing tests
[INFO] finished tweaking crates.io crate weavatrix-seo 0.6.3
[INFO] tweaked toml for crates.io crate weavatrix-seo 0.6.3 written to /workspace/builds/worker-5-tc1/source/Cargo.toml
[INFO] validating manifest of crates.io crate weavatrix-seo 0.6.3 on toolchain 1.99.0-beta.8
[INFO] running `Command { std: CARGO_HOME="/workspace/cargo-home" RUSTUP_HOME="/workspace/rustup-home" "/workspace/cargo-home/bin/cargo" "+1.99.0-beta.8" "metadata" "--manifest-path" "Cargo.toml" "--no-deps", kill_on_drop: false }`
[INFO] crate crates.io crate weavatrix-seo 0.6.3 already has a lockfile, it will not be regenerated
[INFO] running `Command { std: CARGO_HOME="/workspace/cargo-home" RUSTUP_HOME="/workspace/rustup-home" "/workspace/cargo-home/bin/cargo" "+1.99.0-beta.8" "fetch" "--manifest-path" "Cargo.toml", kill_on_drop: false }`
[INFO] [stderr]     Updating crates.io index
[INFO] [stderr]  Downloading crates ...
[INFO] [stderr]   Downloaded weavatrix-parse v0.3.3
[INFO] [stderr]   Downloaded weavatrix-seo-source v0.6.3
[INFO] [stderr]   Downloaded weavatrix-seo-model v0.6.3
[INFO] [stderr]   Downloaded weavatrix-seo-quality v0.6.3
[INFO] [stderr]   Downloaded weavatrix-seo-gate v0.6.3
[INFO] [stderr]   Downloaded weavatrix-seo-claims v0.6.3
[INFO] [stderr]   Downloaded blazingly-json v0.1.5
[INFO] [stderr]   Downloaded weavatrix-seo-observation v0.6.3
[INFO] [stderr]   Downloaded weavatrix-seo-http v0.6.3
[INFO] [stderr]   Downloaded weavatrix-seo-competitor v0.6.3
[INFO] [stderr]   Downloaded weavatrix-seo-architecture v0.6.3
[INFO] [stderr]   Downloaded weavatrix-seo-programmatic v0.6.3
[INFO] [stderr]   Downloaded weavatrix-seo-crawl v0.6.3
[INFO] [stderr]   Downloaded weavatrix-seo-render v0.6.3
[INFO] [stderr]   Downloaded weavatrix-seo-opportunity v0.6.3
[INFO] [stderr]   Downloaded weavatrix-seo-nextjs v0.6.3
[INFO] [stderr]   Downloaded weavatrix-semantic v0.2.2
[INFO] [stderr]   Downloaded weavatrix-graph v0.6.3
[INFO] [stderr]   Downloaded weavatrix-seo-history v0.6.3
[INFO] [stderr]   Downloaded weavatrix-seo-semantic v0.6.3
[INFO] [stderr]   Downloaded weavatrix-seo-content v0.6.3
[INFO] [stderr]   Downloaded weavatrix-seo-rules v0.6.3
[INFO] running `Command { std: "docker" "create" "-v" "/var/lib/crater-agent-workspace/builds/worker-5-tc1/source:/opt/rustwide/workdir:ro,Z" "-v" "/var/lib/crater-agent-workspace/builds/worker-5-tc1/target:/opt/rustwide/target:rw,Z" "-v" "/var/lib/crater-agent-workspace/cargo-home:/opt/rustwide/cargo-home:ro,Z" "-v" "/var/lib/crater-agent-workspace/rustup-home:/opt/rustwide/rustup-home:ro,Z" "-m" "1610612736" "--network" "none" "ghcr.io/rust-lang/crates-build-env/linux@sha256:3111399a4047eeb3a02b7a90e478d715f38a8c6669b5c4b49d30a17385265909" "sleep" "infinity", kill_on_drop: false }`
[INFO] [stdout] fb718191f64e105af48b713b47e0e496a4b9a23f1cd7f573227e0830bc8f64c2
[INFO] running `Command { std: "docker" "start" "fb718191f64e105af48b713b47e0e496a4b9a23f1cd7f573227e0830bc8f64c2", kill_on_drop: false }`
[INFO] running `Command { std: "docker" "inspect" "fb718191f64e105af48b713b47e0e496a4b9a23f1cd7f573227e0830bc8f64c2", kill_on_drop: false }`
[INFO] running `Command { std: "docker" "exec" "-e" "SOURCE_DIR=/opt/rustwide/workdir" "-e" "CARGO_HOME=/opt/rustwide/cargo-home" "-e" "RUSTUP_HOME=/opt/rustwide/rustup-home" "-e" "CARGO_TARGET_DIR=/opt/rustwide/target" "-w" "/opt/rustwide/workdir" "--user" "0:0" "fb718191f64e105af48b713b47e0e496a4b9a23f1cd7f573227e0830bc8f64c2" "/opt/rustwide/cargo-home/bin/cargo" "+1.99.0-beta.8" "metadata" "--no-deps" "--format-version=1", kill_on_drop: false }`
[INFO] running `Command { std: "docker" "inspect" "fb718191f64e105af48b713b47e0e496a4b9a23f1cd7f573227e0830bc8f64c2", kill_on_drop: false }`
[INFO] running `Command { std: "docker" "exec" "-e" "SOURCE_DIR=/opt/rustwide/workdir" "-e" "CARGO_HOME=/opt/rustwide/cargo-home" "-e" "RUSTUP_HOME=/opt/rustwide/rustup-home" "-e" "CARGO_TARGET_DIR=/opt/rustwide/target" "-e" "CARGO_INCREMENTAL=0" "-e" "RUST_BACKTRACE=full" "-e" "RUSTFLAGS=--cap-lints=warn" "-e" "RUSTDOCFLAGS=--cap-lints=warn" "-w" "/opt/rustwide/workdir" "--user" "0:0" "fb718191f64e105af48b713b47e0e496a4b9a23f1cd7f573227e0830bc8f64c2" "/opt/rustwide/cargo-home/bin/cargo" "+1.99.0-beta.8" "build" "--frozen" "--message-format=json", kill_on_drop: false }`
[INFO] [stderr]    Compiling proc-macro2 v1.0.107
[INFO] [stderr]    Compiling quote v1.0.47
[INFO] [stderr]    Compiling serde_core v1.0.229
[INFO] [stderr]    Compiling serde v1.0.229
[INFO] [stderr]    Compiling find-msvc-tools v0.1.11
[INFO] [stderr]    Compiling lexical-util v1.0.7
[INFO] [stderr]    Compiling zerocopy v0.8.56
[INFO] [stderr]    Compiling zeroize v1.9.0
[INFO] [stderr]    Compiling crc32fast v1.5.1
[INFO] [stderr]    Compiling rustls v0.23.43
[INFO] [stderr]    Compiling ahash v0.8.12
[INFO] [stderr]    Compiling simd-adler32 v0.3.10
[INFO] [stderr]    Compiling weavatrix-parse v0.3.3
[INFO] [stderr]    Compiling getrandom v0.2.17
[INFO] [stderr]    Compiling weavatrix-scan v0.4.6
[INFO] [stderr]    Compiling fallible-streaming-iterator v0.1.9
[INFO] [stderr]    Compiling fallible-iterator v0.3.0
[INFO] [stderr]    Compiling bitflags v2.13.1
[INFO] [stderr]    Compiling cc v1.4.4
[INFO] [stderr]    Compiling rustls-pki-types v1.15.1
[INFO] [stderr]    Compiling smallvec v1.15.2
[INFO] [stderr]    Compiling miniz_oxide v0.8.9
[INFO] [stderr]    Compiling webpki-roots v1.0.9
[INFO] [stderr]    Compiling flate2 v1.1.9
[INFO] [stderr]    Compiling lexical-parse-integer v1.0.6
[INFO] [stderr]    Compiling syn v3.0.4
[INFO] [stderr]    Compiling lexical-parse-float v1.0.6
[INFO] [stderr]    Compiling ring v0.17.14
[INFO] [stderr]    Compiling libsqlite3-sys v0.30.1
[INFO] [stderr]    Compiling lexical-core v1.0.6
[INFO] [stderr]    Compiling hashbrown v0.14.5
[INFO] [stderr]    Compiling serde_derive v1.0.229
[INFO] [stderr]    Compiling hashlink v0.9.1
[INFO] [stderr]    Compiling rustls-webpki v0.103.15
[INFO] [stderr]    Compiling weavatrix-seo-model v0.6.3
[INFO] [stderr]    Compiling blazingly-json v0.1.5
[INFO] [stderr]    Compiling weavatrix-graph v0.6.3
[INFO] [stderr]    Compiling weavatrix-seo-architecture v0.6.3
[INFO] [stderr]    Compiling weavatrix-seo-source v0.6.3
[INFO] [stderr]    Compiling weavatrix-seo-content v0.6.3
[INFO] [stderr]    Compiling weavatrix-seo-observation v0.6.3
[INFO] [stderr]    Compiling weavatrix-seo-competitor v0.6.3
[INFO] [stderr]    Compiling weavatrix-seo-rules v0.6.3
[INFO] [stderr]    Compiling weavatrix-seo-render v0.6.3
[INFO] [stderr]    Compiling weavatrix-seo-quality v0.6.3
[INFO] [stderr]    Compiling weavatrix-seo-gate v0.6.3
[INFO] [stderr]    Compiling weavatrix-seo-programmatic v0.6.3
[INFO] [stderr]    Compiling weavatrix-seo-claims v0.6.3
[INFO] [stderr]    Compiling weavatrix-seo-opportunity v0.6.3
[INFO] [stderr]    Compiling weavatrix-seo-nextjs v0.6.3
[INFO] [stderr]    Compiling weavatrix-semantic v0.2.2
[INFO] [stderr]    Compiling weavatrix-seo-semantic v0.6.3
[INFO] [stderr]    Compiling rusqlite v0.32.1
[INFO] [stderr]    Compiling weavatrix-seo-http v0.6.3
[INFO] [stderr]    Compiling weavatrix-seo-crawl v0.6.3
[INFO] [stderr]    Compiling weavatrix-seo-history v0.6.3
[INFO] [stderr]    Compiling weavatrix-seo v0.6.3 (/opt/rustwide/workdir)
[INFO] [stderr]     Finished `dev` profile [unoptimized + debuginfo] target(s) in 44.32s
[INFO] running `Command { std: "docker" "inspect" "fb718191f64e105af48b713b47e0e496a4b9a23f1cd7f573227e0830bc8f64c2", kill_on_drop: false }`
[INFO] running `Command { std: "docker" "exec" "-e" "SOURCE_DIR=/opt/rustwide/workdir" "-e" "CARGO_HOME=/opt/rustwide/cargo-home" "-e" "RUSTUP_HOME=/opt/rustwide/rustup-home" "-e" "CARGO_TARGET_DIR=/opt/rustwide/target" "-e" "CARGO_INCREMENTAL=0" "-e" "RUST_BACKTRACE=full" "-e" "RUSTFLAGS=--cap-lints=warn" "-e" "RUSTDOCFLAGS=--cap-lints=warn" "-w" "/opt/rustwide/workdir" "--user" "0:0" "fb718191f64e105af48b713b47e0e496a4b9a23f1cd7f573227e0830bc8f64c2" "/opt/rustwide/cargo-home/bin/cargo" "+1.99.0-beta.8" "test" "--frozen" "--no-run" "--message-format=json", kill_on_drop: false }`
[INFO] [stderr]    Compiling weavatrix-seo v0.6.3 (/opt/rustwide/workdir)
[INFO] [stderr] error: could not compile `weavatrix-seo` (lib test)
[INFO] [stderr] 
[INFO] [stderr] Caused by:
[INFO] [stderr]   process didn't exit successfully: `/opt/rustwide/rustup-home/toolchains/1.99.0-beta.8-x86_64-unknown-linux-gnu/bin/rustc --crate-name weavatrix_seo --edition=2024 src/lib.rs --error-format=json --json=diagnostic-rendered-ansi,artifacts,future-incompat --emit=dep-info,link -C embed-bitcode=no -C debuginfo=2 '--warn=clippy::pedantic' '--warn=clippy::all' --forbid=unsafe_code --test --cfg 'feature="default"' --cfg 'feature="tls"' --check-cfg 'cfg(docsrs,test)' --check-cfg 'cfg(feature, values("default", "tls"))' -C metadata=e6ccf343ed40f8ef -C extra-filename=-bebb55ea35160ea3 --out-dir /opt/rustwide/target/debug/deps -L dependency=/opt/rustwide/target/debug/deps --extern blazingly_json=/opt/rustwide/target/debug/deps/libblazingly_json-55a317e5eae4ecd6.rlib --extern serde=/opt/rustwide/target/debug/deps/libserde-8f53e5f3387d4ee9.rlib --extern weavatrix_seo_architecture=/opt/rustwide/target/debug/deps/libweavatrix_seo_architecture-7dbd78e068902cac.rlib --extern weavatrix_seo_claims=/opt/rustwide/target/debug/deps/libweavatrix_seo_claims-204fedab11efc110.rlib --extern weavatrix_seo_competitor=/opt/rustwide/target/debug/deps/libweavatrix_seo_competitor-bdb127a5cdad91ed.rlib --extern weavatrix_seo_content=/opt/rustwide/target/debug/deps/libweavatrix_seo_content-55e09479afeaa25b.rlib --extern weavatrix_seo_crawl=/opt/rustwide/target/debug/deps/libweavatrix_seo_crawl-b4eade5154c7fbc1.rlib --extern weavatrix_seo_gate=/opt/rustwide/target/debug/deps/libweavatrix_seo_gate-b9edff3a100f8ada.rlib --extern weavatrix_seo_history=/opt/rustwide/target/debug/deps/libweavatrix_seo_history-90b5cad0e80f9582.rlib --extern weavatrix_seo_model=/opt/rustwide/target/debug/deps/libweavatrix_seo_model-d7050add739dca48.rlib --extern weavatrix_seo_nextjs=/opt/rustwide/target/debug/deps/libweavatrix_seo_nextjs-70266eebd4c29946.rlib --extern weavatrix_seo_observation=/opt/rustwide/target/debug/deps/libweavatrix_seo_observation-e62a61dab5ba6140.rlib --extern weavatrix_seo_opportunity=/opt/rustwide/target/debug/deps/libweavatrix_seo_opportunity-dd2805abb1300da0.rlib --extern weavatrix_seo_programmatic=/opt/rustwide/target/debug/deps/libweavatrix_seo_programmatic-78d85dde69e1bc09.rlib --extern weavatrix_seo_quality=/opt/rustwide/target/debug/deps/libweavatrix_seo_quality-43a87b770de23a73.rlib --extern weavatrix_seo_render=/opt/rustwide/target/debug/deps/libweavatrix_seo_render-bdd1b0c778cf9cd4.rlib --extern weavatrix_seo_rules=/opt/rustwide/target/debug/deps/libweavatrix_seo_rules-faf39f3d3fffea25.rlib --extern weavatrix_seo_semantic=/opt/rustwide/target/debug/deps/libweavatrix_seo_semantic-79c85470e34d5aad.rlib --extern weavatrix_seo_source=/opt/rustwide/target/debug/deps/libweavatrix_seo_source-2cd49c6b35a7b48b.rlib --cap-lints=warn -L native=/opt/rustwide/target/debug/build/ring-a8dd82731488ad8d/out -L native=/opt/rustwide/target/debug/build/libsqlite3-sys-daf67a92103a216e/out` (signal: 9, SIGKILL: kill)
[INFO] [stderr] warning: build failed, waiting for other jobs to finish...
[INFO] [stdout] error: linking with `cc` failed: exit status: 1
[INFO] [stdout]   |
[INFO] [stdout]   = note:  "cc" "-m64" "/opt/rustwide/target/debug/deps/rustc1Sjc9r/symbols.o" "<2 object files omitted>" "-Wl,--as-needed" "-Wl,-Bstatic" "<sysroot>/lib/rustlib/x86_64-unknown-linux-gnu/lib/{libtest-*,libgetopts-*,librustc_std_workspace_std-*}.rlib" "/opt/rustwide/target/debug/deps/{libweavatrix_seo-3065a20a5de4e04a,libweavatrix_seo_gate-b9edff3a100f8ada,libweavatrix_seo_crawl-b4eade5154c7fbc1,libweavatrix_seo_http-258d20c48fcf1dd3,libwebpki_roots-8b4b3b3e18f86a51,librustls-c10d8975e81246d6,libsubtle-2ae6a7038b9a0630,libwebpki-021859d238d1a7d2,libring-2dffef81bd11819c,libgetrandom-db66eac60908ec6b,liblibc-07e0fb3b76b30b6f,libuntrusted-b2f816886faf2178,librustls_pki_types-f9d0b31df971a573,libzeroize-37b2a6e0a2742c6a,libflate2-0c99dee38f2de1e3,libminiz_oxide-93424680bf88636d,libsimd_adler32-2a047f2153860026,libcrc32fast-72a668f1caef57d4,libweavatrix_seo_semantic-79c85470e34d5aad,libweavatrix_semantic-36657d474ae1f67d,libweavatrix_graph-1bb767486ac664d5,libweavatrix_seo_rules-faf39f3d3fffea25,libweavatrix_seo_quality-43a87b770de23a73,libweavatrix_seo_programmatic-78d85dde69e1bc09,libweavatrix_seo_opportunity-dd2805abb1300da0,libweavatrix_seo_content-55e09479afeaa25b,libweavatrix_seo_competitor-bdb127a5cdad91ed,libweavatrix_seo_claims-204fedab11efc110,libweavatrix_seo_render-bdd1b0c778cf9cd4,libweavatrix_seo_observation-e62a61dab5ba6140,libweavatrix_seo_architecture-7dbd78e068902cac,libweavatrix_seo_nextjs-70266eebd4c29946,libweavatrix_scan-e113666eba66b127,libweavatrix_seo_source-2cd49c6b35a7b48b,libweavatrix_parse-7da01382b0ddb9d5,libweavatrix_seo_history-90b5cad0e80f9582,libblazingly_json-55a317e5eae4ecd6,libitoa-5de11b3b23bfe572,libzmij-2ca2f302097868c6,liblexical_core-06bf010d02f06f01,liblexical_parse_float-cb0d76f9d51108b0,liblexical_parse_integer-3dd53aa4903f4ff6,liblexical_util-4f5be503412f7794,libmemchr-a932478bde794617,librusqlite-6d07165775ee3e39,libbitflags-4e5b7311cdb9fa7b,libsmallvec-49e7c38b3e8bf1d7,libfallible_streaming_iterator-4b12442690f53239,libfallible_iterator-6e888fb96d72e3e0,libhashlink-444756f5a337fc22,libhashbrown-1185bde64308dd57,libahash-60b531dc3924b273,libonce_cell-9d045526a262399f,libcfg_if-83060ec5685761ae,libzerocopy-9545210de90d295f,liblibsqlite3_sys-23d3e8624d61c15a,libweavatrix_seo_model-d7050add739dca48,libserde-8f53e5f3387d4ee9,libserde_core-1024909fd700b20f}.rlib" "<sysroot>/lib/rustlib/x86_64-unknown-linux-gnu/lib/{libstd-*,libpanic_unwind-*,libobject-*,libmemchr-*,libaddr2line-*,libgimli-*,libcfg_if-*,librustc_demangle-*,libstd_detect-*,libhashbrown-*,librustc_std_workspace_alloc-*,libminiz_oxide-*,libadler2-*,libunwind-*,liblibc-*,librustc_std_workspace_core-*,liballoc-*,libcore-*,libcompiler_builtins-*}.rlib" "-Wl,-Bdynamic" "-lc" "-lm" "-lrt" "-lpthread" "-lgcc_s" "-lutil" "-lrt" "-lpthread" "-lm" "-ldl" "-lc" "-L" "/opt/rustwide/target/debug/deps/rustc1Sjc9r/raw-dylibs" "-B<sysroot>/lib/rustlib/x86_64-unknown-linux-gnu/bin/gcc-ld" "-fuse-ld=lld" "-Wl,--eh-frame-hdr" "-Wl,-z,noexecstack" "-L" "/opt/rustwide/target/debug/build/ring-a8dd82731488ad8d/out" "-L" "/opt/rustwide/target/debug/build/libsqlite3-sys-daf67a92103a216e/out" "-L" "<sysroot>/lib/rustlib/x86_64-unknown-linux-gnu/lib" "-o" "/opt/rustwide/target/debug/deps/live_compare-8a2ec188183ff07b" "-Wl,--gc-sections" "-pie" "-Wl,-z,relro,-z,now" "-nodefaultlibs"
[INFO] [stdout]   = note: some arguments are omitted. use `--verbose` to show all linker arguments
[INFO] [stdout]   = note: collect2: fatal error: ld terminated with signal 9 [Killed]
[INFO] [stdout]           compilation terminated.
[INFO] [stdout]           
[INFO] [stdout] 
[INFO] [stdout] 
[INFO] [stderr] error: could not compile `weavatrix-seo` (test "live_compare") due to 1 previous error
[INFO] [stdout] error: linking with `cc` failed: exit status: 1
[INFO] [stdout]   |
[INFO] [stdout]   = note:  "cc" "-m64" "/opt/rustwide/target/debug/deps/rustcUJV2hu/symbols.o" "<4 object files omitted>" "-Wl,--as-needed" "-Wl,-Bstatic" "<sysroot>/lib/rustlib/x86_64-unknown-linux-gnu/lib/{libtest-*,libgetopts-*,librustc_std_workspace_std-*}.rlib" "/opt/rustwide/target/debug/deps/{libweavatrix_seo-3065a20a5de4e04a,libweavatrix_seo_gate-b9edff3a100f8ada,libweavatrix_seo_crawl-b4eade5154c7fbc1,libweavatrix_seo_http-258d20c48fcf1dd3,libwebpki_roots-8b4b3b3e18f86a51,librustls-c10d8975e81246d6,libsubtle-2ae6a7038b9a0630,libwebpki-021859d238d1a7d2,libring-2dffef81bd11819c,libgetrandom-db66eac60908ec6b,liblibc-07e0fb3b76b30b6f,libuntrusted-b2f816886faf2178,librustls_pki_types-f9d0b31df971a573,libzeroize-37b2a6e0a2742c6a,libflate2-0c99dee38f2de1e3,libminiz_oxide-93424680bf88636d,libsimd_adler32-2a047f2153860026,libcrc32fast-72a668f1caef57d4,libweavatrix_seo_semantic-79c85470e34d5aad,libweavatrix_semantic-36657d474ae1f67d,libweavatrix_graph-1bb767486ac664d5,libweavatrix_seo_rules-faf39f3d3fffea25,libweavatrix_seo_quality-43a87b770de23a73,libweavatrix_seo_programmatic-78d85dde69e1bc09,libweavatrix_seo_opportunity-dd2805abb1300da0,libweavatrix_seo_content-55e09479afeaa25b,libweavatrix_seo_competitor-bdb127a5cdad91ed,libweavatrix_seo_claims-204fedab11efc110,libweavatrix_seo_render-bdd1b0c778cf9cd4,libweavatrix_seo_observation-e62a61dab5ba6140,libweavatrix_seo_architecture-7dbd78e068902cac,libweavatrix_seo_nextjs-70266eebd4c29946,libweavatrix_scan-e113666eba66b127,libweavatrix_seo_source-2cd49c6b35a7b48b,libweavatrix_parse-7da01382b0ddb9d5,libweavatrix_seo_history-90b5cad0e80f9582,libblazingly_json-55a317e5eae4ecd6,libitoa-5de11b3b23bfe572,libzmij-2ca2f302097868c6,liblexical_core-06bf010d02f06f01,liblexical_parse_float-cb0d76f9d51108b0,liblexical_parse_integer-3dd53aa4903f4ff6,liblexical_util-4f5be503412f7794,libmemchr-a932478bde794617,librusqlite-6d07165775ee3e39,libbitflags-4e5b7311cdb9fa7b,libsmallvec-49e7c38b3e8bf1d7,libfallible_streaming_iterator-4b12442690f53239,libfallible_iterator-6e888fb96d72e3e0,libhashlink-444756f5a337fc22,libhashbrown-1185bde64308dd57,libahash-60b531dc3924b273,libonce_cell-9d045526a262399f,libcfg_if-83060ec5685761ae,libzerocopy-9545210de90d295f,liblibsqlite3_sys-23d3e8624d61c15a,libweavatrix_seo_model-d7050add739dca48,libserde-8f53e5f3387d4ee9,libserde_core-1024909fd700b20f}.rlib" "<sysroot>/lib/rustlib/x86_64-unknown-linux-gnu/lib/{libstd-*,libpanic_unwind-*,libobject-*,libmemchr-*,libaddr2line-*,libgimli-*,libcfg_if-*,librustc_demangle-*,libstd_detect-*,libhashbrown-*,librustc_std_workspace_alloc-*,libminiz_oxide-*,libadler2-*,libunwind-*,liblibc-*,librustc_std_workspace_core-*,liballoc-*,libcore-*,libcompiler_builtins-*}.rlib" "-Wl,-Bdynamic" "-lc" "-lm" "-lrt" "-lpthread" "-lgcc_s" "-lutil" "-lrt" "-lpthread" "-lm" "-ldl" "-lc" "-L" "/opt/rustwide/target/debug/deps/rustcUJV2hu/raw-dylibs" "-B<sysroot>/lib/rustlib/x86_64-unknown-linux-gnu/bin/gcc-ld" "-fuse-ld=lld" "-Wl,--eh-frame-hdr" "-Wl,-z,noexecstack" "-L" "/opt/rustwide/target/debug/build/ring-a8dd82731488ad8d/out" "-L" "/opt/rustwide/target/debug/build/libsqlite3-sys-daf67a92103a216e/out" "-L" "<sysroot>/lib/rustlib/x86_64-unknown-linux-gnu/lib" "-o" "/opt/rustwide/target/debug/deps/site_audit-846a4c0ec69a59dd" "-Wl,--gc-sections" "-pie" "-Wl,-z,relro,-z,now" "-nodefaultlibs"
[INFO] [stdout]   = note: some arguments are omitted. use `--verbose` to show all linker arguments
[INFO] [stdout]   = note: collect2: fatal error: ld terminated with signal 9 [Killed]
[INFO] [stdout]           compilation terminated.
[INFO] [stdout]           
[INFO] [stdout] 
[INFO] [stdout] 
[INFO] [stderr] error: could not compile `weavatrix-seo` (test "site_audit") due to 1 previous error
[INFO] [stdout] error: linking with `cc` failed: exit status: 1
[INFO] [stdout]   |
[INFO] [stdout]   = note:  "cc" "-m64" "/opt/rustwide/target/debug/deps/rustcXgYJdN/symbols.o" "<2 object files omitted>" "-Wl,--as-needed" "-Wl,-Bstatic" "<sysroot>/lib/rustlib/x86_64-unknown-linux-gnu/lib/{libtest-*,libgetopts-*,librustc_std_workspace_std-*}.rlib" "/opt/rustwide/target/debug/deps/{libweavatrix_seo-3065a20a5de4e04a,libweavatrix_seo_gate-b9edff3a100f8ada,libweavatrix_seo_crawl-b4eade5154c7fbc1,libweavatrix_seo_http-258d20c48fcf1dd3,libwebpki_roots-8b4b3b3e18f86a51,librustls-c10d8975e81246d6,libsubtle-2ae6a7038b9a0630,libwebpki-021859d238d1a7d2,libring-2dffef81bd11819c,libgetrandom-db66eac60908ec6b,liblibc-07e0fb3b76b30b6f,libuntrusted-b2f816886faf2178,librustls_pki_types-f9d0b31df971a573,libzeroize-37b2a6e0a2742c6a,libflate2-0c99dee38f2de1e3,libminiz_oxide-93424680bf88636d,libsimd_adler32-2a047f2153860026,libcrc32fast-72a668f1caef57d4,libweavatrix_seo_semantic-79c85470e34d5aad,libweavatrix_semantic-36657d474ae1f67d,libweavatrix_graph-1bb767486ac664d5,libweavatrix_seo_rules-faf39f3d3fffea25,libweavatrix_seo_quality-43a87b770de23a73,libweavatrix_seo_programmatic-78d85dde69e1bc09,libweavatrix_seo_opportunity-dd2805abb1300da0,libweavatrix_seo_content-55e09479afeaa25b,libweavatrix_seo_competitor-bdb127a5cdad91ed,libweavatrix_seo_claims-204fedab11efc110,libweavatrix_seo_render-bdd1b0c778cf9cd4,libweavatrix_seo_observation-e62a61dab5ba6140,libweavatrix_seo_architecture-7dbd78e068902cac,libweavatrix_seo_nextjs-70266eebd4c29946,libweavatrix_scan-e113666eba66b127,libweavatrix_seo_source-2cd49c6b35a7b48b,libweavatrix_parse-7da01382b0ddb9d5,libweavatrix_seo_history-90b5cad0e80f9582,libblazingly_json-55a317e5eae4ecd6,libitoa-5de11b3b23bfe572,libzmij-2ca2f302097868c6,liblexical_core-06bf010d02f06f01,liblexical_parse_float-cb0d76f9d51108b0,liblexical_parse_integer-3dd53aa4903f4ff6,liblexical_util-4f5be503412f7794,libmemchr-a932478bde794617,librusqlite-6d07165775ee3e39,libbitflags-4e5b7311cdb9fa7b,libsmallvec-49e7c38b3e8bf1d7,libfallible_streaming_iterator-4b12442690f53239,libfallible_iterator-6e888fb96d72e3e0,libhashlink-444756f5a337fc22,libhashbrown-1185bde64308dd57,libahash-60b531dc3924b273,libonce_cell-9d045526a262399f,libcfg_if-83060ec5685761ae,libzerocopy-9545210de90d295f,liblibsqlite3_sys-23d3e8624d61c15a,libweavatrix_seo_model-d7050add739dca48,libserde-8f53e5f3387d4ee9,libserde_core-1024909fd700b20f}.rlib" "<sysroot>/lib/rustlib/x86_64-unknown-linux-gnu/lib/{libstd-*,libpanic_unwind-*,libobject-*,libmemchr-*,libaddr2line-*,libgimli-*,libcfg_if-*,librustc_demangle-*,libstd_detect-*,libhashbrown-*,librustc_std_workspace_alloc-*,libminiz_oxide-*,libadler2-*,libunwind-*,liblibc-*,librustc_std_workspace_core-*,liballoc-*,libcore-*,libcompiler_builtins-*}.rlib" "-Wl,-Bdynamic" "-lc" "-lm" "-lrt" "-lpthread" "-lgcc_s" "-lutil" "-lrt" "-lpthread" "-lm" "-ldl" "-lc" "-L" "/opt/rustwide/target/debug/deps/rustcXgYJdN/raw-dylibs" "-B<sysroot>/lib/rustlib/x86_64-unknown-linux-gnu/bin/gcc-ld" "-fuse-ld=lld" "-Wl,--eh-frame-hdr" "-Wl,-z,noexecstack" "-L" "/opt/rustwide/target/debug/build/ring-a8dd82731488ad8d/out" "-L" "/opt/rustwide/target/debug/build/libsqlite3-sys-daf67a92103a216e/out" "-L" "<sysroot>/lib/rustlib/x86_64-unknown-linux-gnu/lib" "-o" "/opt/rustwide/target/debug/deps/quality-d43c034ab06067e0" "-Wl,--gc-sections" "-pie" "-Wl,-z,relro,-z,now" "-nodefaultlibs"
[INFO] [stdout]   = note: some arguments are omitted. use `--verbose` to show all linker arguments
[INFO] [stdout]   = note: collect2: fatal error: ld terminated with signal 9 [Killed]
[INFO] [stdout]           compilation terminated.
[INFO] [stdout]           
[INFO] [stdout] 
[INFO] [stdout] 
[INFO] [stderr] error: could not compile `weavatrix-seo` (test "quality") due to 1 previous error
[INFO] running `Command { std: "docker" "inspect" "fb718191f64e105af48b713b47e0e496a4b9a23f1cd7f573227e0830bc8f64c2", kill_on_drop: false }`
[INFO] running `Command { std: "docker" "rm" "-f" "fb718191f64e105af48b713b47e0e496a4b9a23f1cd7f573227e0830bc8f64c2", kill_on_drop: false }`
[INFO] [stdout] fb718191f64e105af48b713b47e0e496a4b9a23f1cd7f573227e0830bc8f64c2
