[INFO] fetching crate weavatrix-rust-refactor 0.1.6...
[INFO] testing weavatrix-rust-refactor-0.1.6 against 1.99.0-beta.8 for beta-1.100-2
[INFO] extracting crate weavatrix-rust-refactor 0.1.6 into /workspace/builds/worker-3-tc1/source
[INFO] started tweaking crates.io crate weavatrix-rust-refactor 0.1.6
[INFO] removed 0 missing tests
[INFO] finished tweaking crates.io crate weavatrix-rust-refactor 0.1.6
[INFO] tweaked toml for crates.io crate weavatrix-rust-refactor 0.1.6 written to /workspace/builds/worker-3-tc1/source/Cargo.toml
[INFO] validating manifest of crates.io crate weavatrix-rust-refactor 0.1.6 on toolchain 1.99.0-beta.8
[INFO] running `Command { std: CARGO_HOME="/workspace/cargo-home" RUSTUP_HOME="/workspace/rustup-home" "/workspace/cargo-home/bin/cargo" "+1.99.0-beta.8" "metadata" "--manifest-path" "Cargo.toml" "--no-deps", kill_on_drop: false }`
[INFO] crate crates.io crate weavatrix-rust-refactor 0.1.6 already has a lockfile, it will not be regenerated
[INFO] running `Command { std: CARGO_HOME="/workspace/cargo-home" RUSTUP_HOME="/workspace/rustup-home" "/workspace/cargo-home/bin/cargo" "+1.99.0-beta.8" "fetch" "--manifest-path" "Cargo.toml", kill_on_drop: false }`
[INFO] [stderr]     Updating crates.io index
[INFO] [stderr]  Downloading crates ...
[INFO] [stderr]   Downloaded weavatrix-refactor-plan v0.1.1
[INFO] [stderr]   Downloaded cap-fs-ext v4.0.2
[INFO] [stderr]   Downloaded io-lifetimes v3.0.1
[INFO] [stderr]   Downloaded ryu-js v0.2.2
[INFO] [stderr]   Downloaded cap-std v4.0.2
[INFO] [stderr]   Downloaded io-extras v0.19.0
[INFO] [stderr]   Downloaded weavatrix-semantic v0.2.2
[INFO] [stderr]   Downloaded weavatrix-worktree v0.2.1
[INFO] [stderr]   Downloaded blazingly-json v0.1.4
[INFO] [stderr]   Downloaded weavatrix-git v0.3.1
[INFO] [stderr]   Downloaded weavatrix-clone v0.1.4
[INFO] [stderr]   Downloaded weavatrix-edit v0.1.7
[INFO] [stderr]   Downloaded weavatrix-search-vector v0.3.1
[INFO] [stderr]   Downloaded weavatrix-search v0.3.1
[INFO] [stderr]   Downloaded cap-primitives v4.0.2
[INFO] [stderr]   Downloaded weavatrix-parse v0.3.1
[INFO] [stderr]   Downloaded weavatrix-memory v0.3.2
[INFO] [stderr]   Downloaded weavatrix-scan v0.4.6
[INFO] [stderr]   Downloaded weavatrix-graph v0.6.3
[INFO] [stderr]   Downloaded weavatrix-rust v2.5.1
[INFO] running `Command { std: "docker" "create" "-v" "/var/lib/crater-agent-workspace/builds/worker-3-tc1/source:/opt/rustwide/workdir:ro,Z" "-v" "/var/lib/crater-agent-workspace/builds/worker-3-tc1/target:/opt/rustwide/target:rw,Z" "-v" "/var/lib/crater-agent-workspace/cargo-home:/opt/rustwide/cargo-home:ro,Z" "-v" "/var/lib/crater-agent-workspace/rustup-home:/opt/rustwide/rustup-home:ro,Z" "-m" "1610612736" "--network" "none" "ghcr.io/rust-lang/crates-build-env/linux@sha256:3111399a4047eeb3a02b7a90e478d715f38a8c6669b5c4b49d30a17385265909" "sleep" "infinity", kill_on_drop: false }`
[INFO] [stdout] c21adf73f61504291724a88758c4614b7fcfab433937d822afdc9090b5ec9efc
[INFO] running `Command { std: "docker" "start" "c21adf73f61504291724a88758c4614b7fcfab433937d822afdc9090b5ec9efc", kill_on_drop: false }`
[INFO] running `Command { std: "docker" "inspect" "c21adf73f61504291724a88758c4614b7fcfab433937d822afdc9090b5ec9efc", kill_on_drop: false }`
[INFO] running `Command { std: "docker" "exec" "-e" "SOURCE_DIR=/opt/rustwide/workdir" "-e" "CARGO_HOME=/opt/rustwide/cargo-home" "-e" "RUSTUP_HOME=/opt/rustwide/rustup-home" "-e" "CARGO_TARGET_DIR=/opt/rustwide/target" "-w" "/opt/rustwide/workdir" "--user" "0:0" "c21adf73f61504291724a88758c4614b7fcfab433937d822afdc9090b5ec9efc" "/opt/rustwide/cargo-home/bin/cargo" "+1.99.0-beta.8" "metadata" "--no-deps" "--format-version=1", kill_on_drop: false }`
[INFO] running `Command { std: "docker" "inspect" "c21adf73f61504291724a88758c4614b7fcfab433937d822afdc9090b5ec9efc", kill_on_drop: false }`
[INFO] running `Command { std: "docker" "exec" "-e" "SOURCE_DIR=/opt/rustwide/workdir" "-e" "CARGO_HOME=/opt/rustwide/cargo-home" "-e" "RUSTUP_HOME=/opt/rustwide/rustup-home" "-e" "CARGO_TARGET_DIR=/opt/rustwide/target" "-e" "CARGO_INCREMENTAL=0" "-e" "RUST_BACKTRACE=full" "-e" "RUSTFLAGS=--cap-lints=warn" "-e" "RUSTDOCFLAGS=--cap-lints=warn" "-w" "/opt/rustwide/workdir" "--user" "0:0" "c21adf73f61504291724a88758c4614b7fcfab433937d822afdc9090b5ec9efc" "/opt/rustwide/cargo-home/bin/cargo" "+1.99.0-beta.8" "build" "--frozen" "--message-format=json", kill_on_drop: false }`
[INFO] [stderr]    Compiling rustix v1.1.4
[INFO] [stderr]    Compiling lexical-util v1.0.7
[INFO] [stderr]    Compiling linux-raw-sys v0.12.1
[INFO] [stderr]    Compiling io-lifetimes v2.0.4
[INFO] [stderr]    Compiling io-lifetimes v3.0.1
[INFO] [stderr]    Compiling io-extras v0.19.0
[INFO] [stderr]    Compiling hybrid-array v0.4.14
[INFO] [stderr]    Compiling cap-primitives v4.0.2
[INFO] [stderr]    Compiling proc-macro2 v1.0.107
[INFO] [stderr]    Compiling maybe-owned v0.3.4
[INFO] [stderr]    Compiling ipnet v2.12.1
[INFO] [stderr]    Compiling quote v1.0.47
[INFO] [stderr]    Compiling ambient-authority v0.0.2
[INFO] [stderr]    Compiling cap-std v4.0.2
[INFO] [stderr]    Compiling digest v0.10.7
[INFO] [stderr]    Compiling regex-automata v0.4.18
[INFO] [stderr]    Compiling time-core v0.1.9
[INFO] [stderr]    Compiling cap-fs-ext v4.0.2
[INFO] [stderr]    Compiling num-conv v0.2.2
[INFO] [stderr]    Compiling weavatrix-scan v0.4.6
[INFO] [stderr]    Compiling deranged v0.5.8
[INFO] [stderr]    Compiling sha2 v0.10.9
[INFO] [stderr]    Compiling serde_json v1.0.151
[INFO] [stderr]    Compiling ryu-js v0.2.2
[INFO] [stderr]    Compiling weavatrix-search-vector v0.3.1
[INFO] [stderr]    Compiling getrandom v0.4.3
[INFO] [stderr]    Compiling syn v3.0.3
[INFO] [stderr]    Compiling weavatrix-parse v0.3.1
[INFO] [stderr]    Compiling weavatrix-git v0.3.1
[INFO] [stderr]    Compiling lexical-parse-integer v1.0.6
[INFO] [stderr]    Compiling crypto-common v0.2.2
[INFO] [stderr]    Compiling block-buffer v0.12.1
[INFO] [stderr]    Compiling lexical-parse-float v1.0.6
[INFO] [stderr]    Compiling lexical-core v1.0.6
[INFO] [stderr]    Compiling time v0.3.55
[INFO] [stderr]    Compiling digest v0.11.3
[INFO] [stderr]    Compiling sha2 v0.11.0
[INFO] [stderr]    Compiling serde_derive v1.0.229
[INFO] [stderr]    Compiling weavatrix-clone v0.1.4
[INFO] [stderr]    Compiling fs-set-times v0.20.3
[INFO] [stderr]    Compiling rustix-linux-procfs v0.1.1
[INFO] [stderr]    Compiling fs4 v1.1.0
[INFO] [stderr]    Compiling weavatrix-search v0.3.1
[INFO] [stderr]    Compiling regex v1.13.1
[INFO] [stderr]    Compiling serde v1.0.229
[INFO] [stderr]    Compiling blazingly-json v0.1.4
[INFO] [stderr]    Compiling weavatrix-graph v0.6.3
[INFO] [stderr]    Compiling weavatrix-edit v0.1.7
[INFO] [stderr]    Compiling weavatrix-refactor-plan v0.1.1
[INFO] [stderr]    Compiling weavatrix-worktree v0.2.1
[INFO] [stderr]    Compiling weavatrix-semantic v0.2.2
[INFO] [stderr]    Compiling weavatrix-memory v0.3.2
[INFO] [stderr]    Compiling weavatrix-rust v2.5.1
[INFO] [stderr]    Compiling weavatrix-rust-refactor v0.1.6 (/opt/rustwide/workdir)
[INFO] [stderr]     Finished `dev` profile [unoptimized + debuginfo] target(s) in 55.78s
[INFO] running `Command { std: "docker" "inspect" "c21adf73f61504291724a88758c4614b7fcfab433937d822afdc9090b5ec9efc", kill_on_drop: false }`
[INFO] running `Command { std: "docker" "exec" "-e" "SOURCE_DIR=/opt/rustwide/workdir" "-e" "CARGO_HOME=/opt/rustwide/cargo-home" "-e" "RUSTUP_HOME=/opt/rustwide/rustup-home" "-e" "CARGO_TARGET_DIR=/opt/rustwide/target" "-e" "CARGO_INCREMENTAL=0" "-e" "RUST_BACKTRACE=full" "-e" "RUSTFLAGS=--cap-lints=warn" "-e" "RUSTDOCFLAGS=--cap-lints=warn" "-w" "/opt/rustwide/workdir" "--user" "0:0" "c21adf73f61504291724a88758c4614b7fcfab433937d822afdc9090b5ec9efc" "/opt/rustwide/cargo-home/bin/cargo" "+1.99.0-beta.8" "test" "--frozen" "--no-run" "--message-format=json", kill_on_drop: false }`
[INFO] [stderr]    Compiling tempfile v3.27.0
[INFO] [stderr]    Compiling weavatrix-rust-refactor v0.1.6 (/opt/rustwide/workdir)
[INFO] [stderr] error: could not compile `weavatrix-rust-refactor` (lib test)
[INFO] [stderr] 
[INFO] [stderr] Caused by:
[INFO] [stderr]   process didn't exit successfully: `/opt/rustwide/rustup-home/toolchains/1.99.0-beta.8-x86_64-unknown-linux-gnu/bin/rustc --crate-name weavatrix_rust_refactor --edition=2024 src/lib.rs --error-format=json --json=diagnostic-rendered-ansi,artifacts,future-incompat --emit=dep-info,link -C embed-bitcode=no -C debuginfo=2 '--deny=clippy::pedantic' --forbid=unsafe_code --test --check-cfg 'cfg(docsrs,test)' --check-cfg 'cfg(feature, values())' -C metadata=1d0c79c586b73589 -C extra-filename=-fd671254d12dd46e --out-dir /opt/rustwide/target/debug/deps -L dependency=/opt/rustwide/target/debug/deps --extern blazingly_json=/opt/rustwide/target/debug/deps/libblazingly_json-df4830a9b641959a.rlib --extern regex=/opt/rustwide/target/debug/deps/libregex-a7d3b8605e3d4f3e.rlib --extern tempfile=/opt/rustwide/target/debug/deps/libtempfile-c631ae688a9b6c28.rlib --extern weavatrix_graph=/opt/rustwide/target/debug/deps/libweavatrix_graph-d48ab2e618427f72.rlib --extern weavatrix_parse=/opt/rustwide/target/debug/deps/libweavatrix_parse-a717bb9c16b52177.rlib --extern weavatrix_refactor_plan=/opt/rustwide/target/debug/deps/libweavatrix_refactor_plan-1a50c18f4f7ed341.rlib --extern weavatrix_rust=/opt/rustwide/target/debug/deps/libweavatrix_rust-61b27c5fa06b565b.rlib --extern weavatrix_worktree=/opt/rustwide/target/debug/deps/libweavatrix_worktree-c7a6d3994ea1c98c.rlib --cap-lints=warn` (signal: 9, SIGKILL: kill)
[INFO] [stderr] warning: build failed, waiting for other jobs to finish...
[INFO] [stdout] error: linking with `cc` failed: exit status: 1
[INFO] [stdout]   |
[INFO] [stdout]   = note:  "cc" "-m64" "/opt/rustwide/target/debug/deps/rustcoy2qB5/symbols.o" "<5 object files omitted>" "-Wl,--as-needed" "-Wl,-Bstatic" "<sysroot>/lib/rustlib/x86_64-unknown-linux-gnu/lib/{libtest-*,libgetopts-*,librustc_std_workspace_std-*}.rlib" "/opt/rustwide/target/debug/deps/{libweavatrix_rust_refactor-7e4d86a8aa0c2456,libregex-a7d3b8605e3d4f3e,libweavatrix_worktree-c7a6d3994ea1c98c,libgetrandom-8c370f8e9d6ce84e,liblibc-07e0fb3b76b30b6f,libfs4-11c31b0bccb51765,libcap_fs_ext-f5c13fe1939611c2,libcap_std-3425f20fc926246d,libcap_primitives-c2b9a494224f7cae,libfs_set_times-67db78c27d06ef02,libio_lifetimes-e414e95a7902b03b,libipnet-108d82b4266c7a41,libmaybe_owned-573f11dabb6bbcc0,librustix_linux_procfs-c3521aca1fe3afcb,libonce_cell-b5bdc597ed9676b3,libio_extras-c1ba085befa12775,libio_lifetimes-38680cbd2c2a1a18,libambient_authority-766a4e92c08058a7,librustix-414a5179342a7155,libbitflags-7039d3929d603d58,liblinux_raw_sys-f8a56cf4ab4601d1,libweavatrix_refactor_plan-1a50c18f4f7ed341,libserde_json-e413ba1381f61e33,libryu_js-42f20cd493728e2f,libunicode_normalization-ae67bf89e3e87c15,libtinyvec-f7349416fdabe816,libtinyvec_macros-7b77ea21c73594ca,libsha2-818f959eb239058e,libcpufeatures-6c1f78f4142e3013,libdigest-515071a3931cfade,libconst_oid-58507ca40e062d76,libcrypto_common-b7a023d8cd4c0d28,libblock_buffer-738c9c701b99e110,libhybrid_array-e32e9ade2789fa0e,libtime-734d01c16e225b1d,libpowerfmt-f6019a2766e431f7,libnum_conv-8bd7073c84ef42cd,libderanged-131d43187e2329b6,libtime_core-87cddcae4f761596,libweavatrix_edit-f35391366df3295f,libweavatrix_rust-61b27c5fa06b565b,libweavatrix_search-f9785c00a1bae462,libregex_automata-62239ae5d000c9ae,libaho_corasick-d1ae79b76a6f7869,libregex_syntax-801391c65a42f645,libsha2-523a98bec679a759,libcpufeatures-e04321643d03190d,libdigest-95f71ee2e5bc4751,libblock_buffer-2a52351ae749aaa6,libcrypto_common-4bec392eb03e7564,libgeneric_array-db891871e5606a95,libtypenum-8cba24ab4904c632,libencoding_rs-c7a67ac351c2b19f,libcfg_if-83060ec5685761ae,libweavatrix_semantic-493433f2c72c7344,libweavatrix_search_vector-e1fabfb1aa7d5fb6,libweavatrix_memory-29dcb05d5a46dbed,libweavatrix_git-78bd5a99d8c1c381,libweavatrix_clone-815724d2a17449e4,libsyn-1c7488a249a371a5,libquote-894d93eeaab1c6f2,libproc_macro2-1c0c1253511e26fd,libunicode_ident-1996c11fff15f062,libweavatrix_parse-a717bb9c16b52177,libweavatrix_scan-e113666eba66b127,libweavatrix_graph-d48ab2e618427f72,libblazingly_json-df4830a9b641959a,libitoa-5de11b3b23bfe572,libzmij-2ca2f302097868c6,liblexical_core-06bf010d02f06f01,liblexical_parse_float-cb0d76f9d51108b0,liblexical_parse_integer-3dd53aa4903f4ff6,liblexical_util-4f5be503412f7794,libmemchr-a932478bde794617,libserde-9cec5a0e9de5bff6,libserde_core-1024909fd700b20f}.rlib" "<sysroot>/lib/rustlib/x86_64-unknown-linux-gnu/lib/{libstd-*,libpanic_unwind-*,libobject-*,libmemchr-*,libaddr2line-*,libgimli-*,libcfg_if-*,librustc_demangle-*,libstd_detect-*,libhashbrown-*,librustc_std_workspace_alloc-*,libminiz_oxide-*,libadler2-*,libunwind-*,liblibc-*,librustc_std_workspace_core-*,liballoc-*,libcore-*,libcompiler_builtins-*}.rlib" "-Wl,-Bdynamic" "-lc" "-lm" "-lrt" "-lpthread" "-lgcc_s" "-lutil" "-lrt" "-lpthread" "-lm" "-ldl" "-lc" "-L" "/opt/rustwide/target/debug/deps/rustcoy2qB5/raw-dylibs" "-B<sysroot>/lib/rustlib/x86_64-unknown-linux-gnu/bin/gcc-ld" "-fuse-ld=lld" "-Wl,--eh-frame-hdr" "-Wl,-z,noexecstack" "-L" "<sysroot>/lib/rustlib/x86_64-unknown-linux-gnu/lib" "-o" "/opt/rustwide/target/debug/deps/move_file-e330f40ff2ba5cf1" "-Wl,--gc-sections" "-pie" "-Wl,-z,relro,-z,now" "-nodefaultlibs"
[INFO] [stdout]   = note: some arguments are omitted. use `--verbose` to show all linker arguments
[INFO] [stdout]   = note: collect2: fatal error: ld terminated with signal 9 [Killed]
[INFO] [stdout]           compilation terminated.
[INFO] [stdout]           
[INFO] [stdout] 
[INFO] [stdout] 
[INFO] [stderr] error: could not compile `weavatrix-rust-refactor` (test "move_file") due to 1 previous error
[INFO] [stdout] error: linking with `cc` failed: exit status: 1
[INFO] [stdout]   |
[INFO] [stdout]   = note:  "cc" "-m64" "/opt/rustwide/target/debug/deps/rustc2hv5zm/symbols.o" "<5 object files omitted>" "-Wl,--as-needed" "-Wl,-Bstatic" "<sysroot>/lib/rustlib/x86_64-unknown-linux-gnu/lib/{libtest-*,libgetopts-*,librustc_std_workspace_std-*}.rlib" "/opt/rustwide/target/debug/deps/{libweavatrix_rust_refactor-7e4d86a8aa0c2456,libregex-a7d3b8605e3d4f3e,libweavatrix_worktree-c7a6d3994ea1c98c,libgetrandom-8c370f8e9d6ce84e,liblibc-07e0fb3b76b30b6f,libfs4-11c31b0bccb51765,libcap_fs_ext-f5c13fe1939611c2,libcap_std-3425f20fc926246d,libcap_primitives-c2b9a494224f7cae,libfs_set_times-67db78c27d06ef02,libio_lifetimes-e414e95a7902b03b,libipnet-108d82b4266c7a41,libmaybe_owned-573f11dabb6bbcc0,librustix_linux_procfs-c3521aca1fe3afcb,libonce_cell-b5bdc597ed9676b3,libio_extras-c1ba085befa12775,libio_lifetimes-38680cbd2c2a1a18,libambient_authority-766a4e92c08058a7,librustix-414a5179342a7155,libbitflags-7039d3929d603d58,liblinux_raw_sys-f8a56cf4ab4601d1,libweavatrix_refactor_plan-1a50c18f4f7ed341,libserde_json-e413ba1381f61e33,libryu_js-42f20cd493728e2f,libunicode_normalization-ae67bf89e3e87c15,libtinyvec-f7349416fdabe816,libtinyvec_macros-7b77ea21c73594ca,libsha2-818f959eb239058e,libcpufeatures-6c1f78f4142e3013,libdigest-515071a3931cfade,libconst_oid-58507ca40e062d76,libcrypto_common-b7a023d8cd4c0d28,libblock_buffer-738c9c701b99e110,libhybrid_array-e32e9ade2789fa0e,libtime-734d01c16e225b1d,libpowerfmt-f6019a2766e431f7,libnum_conv-8bd7073c84ef42cd,libderanged-131d43187e2329b6,libtime_core-87cddcae4f761596,libweavatrix_edit-f35391366df3295f,libweavatrix_rust-61b27c5fa06b565b,libweavatrix_search-f9785c00a1bae462,libregex_automata-62239ae5d000c9ae,libaho_corasick-d1ae79b76a6f7869,libregex_syntax-801391c65a42f645,libsha2-523a98bec679a759,libcpufeatures-e04321643d03190d,libdigest-95f71ee2e5bc4751,libblock_buffer-2a52351ae749aaa6,libcrypto_common-4bec392eb03e7564,libgeneric_array-db891871e5606a95,libtypenum-8cba24ab4904c632,libencoding_rs-c7a67ac351c2b19f,libcfg_if-83060ec5685761ae,libweavatrix_semantic-493433f2c72c7344,libweavatrix_search_vector-e1fabfb1aa7d5fb6,libweavatrix_memory-29dcb05d5a46dbed,libweavatrix_git-78bd5a99d8c1c381,libweavatrix_clone-815724d2a17449e4,libsyn-1c7488a249a371a5,libquote-894d93eeaab1c6f2,libproc_macro2-1c0c1253511e26fd,libunicode_ident-1996c11fff15f062,libweavatrix_parse-a717bb9c16b52177,libweavatrix_scan-e113666eba66b127,libweavatrix_graph-d48ab2e618427f72,libblazingly_json-df4830a9b641959a,libitoa-5de11b3b23bfe572,libzmij-2ca2f302097868c6,liblexical_core-06bf010d02f06f01,liblexical_parse_float-cb0d76f9d51108b0,liblexical_parse_integer-3dd53aa4903f4ff6,liblexical_util-4f5be503412f7794,libmemchr-a932478bde794617,libserde-9cec5a0e9de5bff6,libserde_core-1024909fd700b20f}.rlib" "<sysroot>/lib/rustlib/x86_64-unknown-linux-gnu/lib/{libstd-*,libpanic_unwind-*,libobject-*,libmemchr-*,libaddr2line-*,libgimli-*,libcfg_if-*,librustc_demangle-*,libstd_detect-*,libhashbrown-*,librustc_std_workspace_alloc-*,libminiz_oxide-*,libadler2-*,libunwind-*,liblibc-*,librustc_std_workspace_core-*,liballoc-*,libcore-*,libcompiler_builtins-*}.rlib" "-Wl,-Bdynamic" "-lc" "-lm" "-lrt" "-lpthread" "-lgcc_s" "-lutil" "-lrt" "-lpthread" "-lm" "-ldl" "-lc" "-L" "/opt/rustwide/target/debug/deps/rustc2hv5zm/raw-dylibs" "-B<sysroot>/lib/rustlib/x86_64-unknown-linux-gnu/bin/gcc-ld" "-fuse-ld=lld" "-Wl,--eh-frame-hdr" "-Wl,-z,noexecstack" "-L" "<sysroot>/lib/rustlib/x86_64-unknown-linux-gnu/lib" "-o" "/opt/rustwide/target/debug/deps/bulk_replace-a07d37eb58ff5c6d" "-Wl,--gc-sections" "-pie" "-Wl,-z,relro,-z,now" "-nodefaultlibs"
[INFO] [stdout]   = note: some arguments are omitted. use `--verbose` to show all linker arguments
[INFO] [stdout]   = note: collect2: fatal error: ld terminated with signal 9 [Killed]
[INFO] [stdout]           compilation terminated.
[INFO] [stdout]           
[INFO] [stdout] 
[INFO] [stdout] 
[INFO] [stderr] error: could not compile `weavatrix-rust-refactor` (test "bulk_replace") due to 1 previous error
[INFO] [stdout] error: linking with `cc` failed: exit status: 1
[INFO] [stdout]   |
[INFO] [stdout]   = note:  "cc" "-m64" "/opt/rustwide/target/debug/deps/rustc3ZBmSW/symbols.o" "<4 object files omitted>" "-Wl,--as-needed" "-Wl,-Bstatic" "<sysroot>/lib/rustlib/x86_64-unknown-linux-gnu/lib/{libtest-*,libgetopts-*,librustc_std_workspace_std-*}.rlib" "/opt/rustwide/target/debug/deps/{libweavatrix_rust_refactor-7e4d86a8aa0c2456,libregex-a7d3b8605e3d4f3e,libweavatrix_worktree-c7a6d3994ea1c98c,libgetrandom-8c370f8e9d6ce84e,liblibc-07e0fb3b76b30b6f,libfs4-11c31b0bccb51765,libcap_fs_ext-f5c13fe1939611c2,libcap_std-3425f20fc926246d,libcap_primitives-c2b9a494224f7cae,libfs_set_times-67db78c27d06ef02,libio_lifetimes-e414e95a7902b03b,libipnet-108d82b4266c7a41,libmaybe_owned-573f11dabb6bbcc0,librustix_linux_procfs-c3521aca1fe3afcb,libonce_cell-b5bdc597ed9676b3,libio_extras-c1ba085befa12775,libio_lifetimes-38680cbd2c2a1a18,libambient_authority-766a4e92c08058a7,librustix-414a5179342a7155,libbitflags-7039d3929d603d58,liblinux_raw_sys-f8a56cf4ab4601d1,libweavatrix_refactor_plan-1a50c18f4f7ed341,libserde_json-e413ba1381f61e33,libryu_js-42f20cd493728e2f,libunicode_normalization-ae67bf89e3e87c15,libtinyvec-f7349416fdabe816,libtinyvec_macros-7b77ea21c73594ca,libsha2-818f959eb239058e,libcpufeatures-6c1f78f4142e3013,libdigest-515071a3931cfade,libconst_oid-58507ca40e062d76,libcrypto_common-b7a023d8cd4c0d28,libblock_buffer-738c9c701b99e110,libhybrid_array-e32e9ade2789fa0e,libtime-734d01c16e225b1d,libpowerfmt-f6019a2766e431f7,libnum_conv-8bd7073c84ef42cd,libderanged-131d43187e2329b6,libtime_core-87cddcae4f761596,libweavatrix_edit-f35391366df3295f,libweavatrix_rust-61b27c5fa06b565b,libweavatrix_search-f9785c00a1bae462,libregex_automata-62239ae5d000c9ae,libaho_corasick-d1ae79b76a6f7869,libregex_syntax-801391c65a42f645,libsha2-523a98bec679a759,libcpufeatures-e04321643d03190d,libdigest-95f71ee2e5bc4751,libblock_buffer-2a52351ae749aaa6,libcrypto_common-4bec392eb03e7564,libgeneric_array-db891871e5606a95,libtypenum-8cba24ab4904c632,libencoding_rs-c7a67ac351c2b19f,libcfg_if-83060ec5685761ae,libweavatrix_semantic-493433f2c72c7344,libweavatrix_search_vector-e1fabfb1aa7d5fb6,libweavatrix_memory-29dcb05d5a46dbed,libweavatrix_git-78bd5a99d8c1c381,libweavatrix_clone-815724d2a17449e4,libsyn-1c7488a249a371a5,libquote-894d93eeaab1c6f2,libproc_macro2-1c0c1253511e26fd,libunicode_ident-1996c11fff15f062,libweavatrix_parse-a717bb9c16b52177,libweavatrix_scan-e113666eba66b127,libweavatrix_graph-d48ab2e618427f72,libblazingly_json-df4830a9b641959a,libitoa-5de11b3b23bfe572,libzmij-2ca2f302097868c6,liblexical_core-06bf010d02f06f01,liblexical_parse_float-cb0d76f9d51108b0,liblexical_parse_integer-3dd53aa4903f4ff6,liblexical_util-4f5be503412f7794,libmemchr-a932478bde794617,libserde-9cec5a0e9de5bff6,libserde_core-1024909fd700b20f}.rlib" "<sysroot>/lib/rustlib/x86_64-unknown-linux-gnu/lib/{libstd-*,libpanic_unwind-*,libobject-*,libmemchr-*,libaddr2line-*,libgimli-*,libcfg_if-*,librustc_demangle-*,libstd_detect-*,libhashbrown-*,librustc_std_workspace_alloc-*,libminiz_oxide-*,libadler2-*,libunwind-*,liblibc-*,librustc_std_workspace_core-*,liballoc-*,libcore-*,libcompiler_builtins-*}.rlib" "-Wl,-Bdynamic" "-lc" "-lm" "-lrt" "-lpthread" "-lgcc_s" "-lutil" "-lrt" "-lpthread" "-lm" "-ldl" "-lc" "-L" "/opt/rustwide/target/debug/deps/rustc3ZBmSW/raw-dylibs" "-B<sysroot>/lib/rustlib/x86_64-unknown-linux-gnu/bin/gcc-ld" "-fuse-ld=lld" "-Wl,--eh-frame-hdr" "-Wl,-z,noexecstack" "-L" "<sysroot>/lib/rustlib/x86_64-unknown-linux-gnu/lib" "-o" "/opt/rustwide/target/debug/deps/write_path-8b778c56512fae9b" "-Wl,--gc-sections" "-pie" "-Wl,-z,relro,-z,now" "-nodefaultlibs"
[INFO] [stdout]   = note: some arguments are omitted. use `--verbose` to show all linker arguments
[INFO] [stdout]   = note: collect2: fatal error: ld terminated with signal 9 [Killed]
[INFO] [stdout]           compilation terminated.
[INFO] [stdout]           
[INFO] [stdout] 
[INFO] [stdout] 
[INFO] [stderr] error: could not compile `weavatrix-rust-refactor` (test "write_path") due to 1 previous error
[INFO] running `Command { std: "docker" "inspect" "c21adf73f61504291724a88758c4614b7fcfab433937d822afdc9090b5ec9efc", kill_on_drop: false }`
[INFO] running `Command { std: "docker" "rm" "-f" "c21adf73f61504291724a88758c4614b7fcfab433937d822afdc9090b5ec9efc", kill_on_drop: false }`
[INFO] [stdout] c21adf73f61504291724a88758c4614b7fcfab433937d822afdc9090b5ec9efc
