[INFO] fetching crate wazabin-smt 0.1.0...
[INFO] testing wazabin-smt-0.1.0 against 1.100.0-beta.1 for beta-1.100-2
[INFO] extracting crate wazabin-smt 0.1.0 into /workspace/builds/worker-7-tc2/source
[INFO] started tweaking crates.io crate wazabin-smt 0.1.0
[INFO] removed 0 missing examples
[INFO] finished tweaking crates.io crate wazabin-smt 0.1.0
[INFO] tweaked toml for crates.io crate wazabin-smt 0.1.0 written to /workspace/builds/worker-7-tc2/source/Cargo.toml
[INFO] validating manifest of crates.io crate wazabin-smt 0.1.0 on toolchain 1.100.0-beta.1
[INFO] running `Command { std: CARGO_HOME="/workspace/cargo-home" RUSTUP_HOME="/workspace/rustup-home" "/workspace/cargo-home/bin/cargo" "+1.100.0-beta.1" "metadata" "--manifest-path" "Cargo.toml" "--no-deps", kill_on_drop: false }`
[INFO] crate crates.io crate wazabin-smt 0.1.0 already has a lockfile, it will not be regenerated
[INFO] running `Command { std: CARGO_HOME="/workspace/cargo-home" RUSTUP_HOME="/workspace/rustup-home" "/workspace/cargo-home/bin/cargo" "+1.100.0-beta.1" "fetch" "--manifest-path" "Cargo.toml", kill_on_drop: false }`
[INFO] [stderr] warning: `package.homepage` is redundant with `package.repository`
[INFO] [stderr]   --> Cargo.toml:43:12
[INFO] [stderr]    |
[INFO] [stderr] 43 | homepage = "https://github.com/wazabin/qcode-smt"
[INFO] [stderr]    |            ^^^^^^^^^^^^^^^^^^^^^^^^^^^^^^^^^^^^^^
[INFO] [stderr] ...
[INFO] [stderr] 48 | repository = "https://github.com/wazabin/qcode-smt"
[INFO] [stderr]    |              --------------------------------------
[INFO] [stderr]    |
[INFO] [stderr]    = note: `cargo::redundant_homepage` is set to `warn` by default
[INFO] [stderr] help: consider removing `package.homepage`
[INFO] [stderr] warning: `wazabin-smt` (manifest) generated 1 warning
[INFO] running `Command { std: "docker" "create" "-v" "/var/lib/crater-agent-workspace/builds/worker-7-tc2/source:/opt/rustwide/workdir:ro,Z" "-v" "/var/lib/crater-agent-workspace/builds/worker-7-tc2/target:/opt/rustwide/target:rw,Z" "-v" "/var/lib/crater-agent-workspace/cargo-home:/opt/rustwide/cargo-home:ro,Z" "-v" "/var/lib/crater-agent-workspace/rustup-home:/opt/rustwide/rustup-home:ro,Z" "-m" "1610612736" "--network" "none" "ghcr.io/rust-lang/crates-build-env/linux@sha256:3111399a4047eeb3a02b7a90e478d715f38a8c6669b5c4b49d30a17385265909" "sleep" "infinity", kill_on_drop: false }`
[INFO] [stdout] 1acbaee94cd727f1b67b7d64bd23aba225934f59268825fc65f67ca75b8a6404
[INFO] running `Command { std: "docker" "start" "1acbaee94cd727f1b67b7d64bd23aba225934f59268825fc65f67ca75b8a6404", kill_on_drop: false }`
[INFO] running `Command { std: "docker" "inspect" "1acbaee94cd727f1b67b7d64bd23aba225934f59268825fc65f67ca75b8a6404", kill_on_drop: false }`
[INFO] running `Command { std: "docker" "exec" "-e" "SOURCE_DIR=/opt/rustwide/workdir" "-e" "CARGO_HOME=/opt/rustwide/cargo-home" "-e" "RUSTUP_HOME=/opt/rustwide/rustup-home" "-e" "CARGO_TARGET_DIR=/opt/rustwide/target" "-w" "/opt/rustwide/workdir" "--user" "0:0" "1acbaee94cd727f1b67b7d64bd23aba225934f59268825fc65f67ca75b8a6404" "/opt/rustwide/cargo-home/bin/cargo" "+1.100.0-beta.1" "metadata" "--no-deps" "--format-version=1", kill_on_drop: false }`
[INFO] running `Command { std: "docker" "inspect" "1acbaee94cd727f1b67b7d64bd23aba225934f59268825fc65f67ca75b8a6404", kill_on_drop: false }`
[INFO] running `Command { std: "docker" "exec" "-e" "SOURCE_DIR=/opt/rustwide/workdir" "-e" "CARGO_HOME=/opt/rustwide/cargo-home" "-e" "RUSTUP_HOME=/opt/rustwide/rustup-home" "-e" "CARGO_TARGET_DIR=/opt/rustwide/target" "-e" "CARGO_INCREMENTAL=0" "-e" "RUST_BACKTRACE=full" "-e" "RUSTFLAGS=--cap-lints=warn" "-e" "RUSTDOCFLAGS=--cap-lints=warn" "-w" "/opt/rustwide/workdir" "--user" "0:0" "1acbaee94cd727f1b67b7d64bd23aba225934f59268825fc65f67ca75b8a6404" "/opt/rustwide/cargo-home/bin/cargo" "+1.100.0-beta.1" "build" "--frozen" "--message-format=json", kill_on_drop: false }`
[INFO] [stderr] warning: `package.homepage` is redundant with `package.repository`
[INFO] [stderr]   --> Cargo.toml:43:12
[INFO] [stderr]    |
[INFO] [stderr] 43 | homepage = "https://github.com/wazabin/qcode-smt"
[INFO] [stderr]    |            ^^^^^^^^^^^^^^^^^^^^^^^^^^^^^^^^^^^^^^
[INFO] [stderr] ...
[INFO] [stderr] 48 | repository = "https://github.com/wazabin/qcode-smt"
[INFO] [stderr]    |              --------------------------------------
[INFO] [stderr]    |
[INFO] [stderr]    = note: `cargo::redundant_homepage` is set to `warn` by default
[INFO] [stderr] help: consider removing `package.homepage`
[INFO] [stderr] warning: `wazabin-smt` (manifest) generated 1 warning
[INFO] [stderr]    Compiling unicode-ident v1.0.24
[INFO] [stderr]    Compiling serde_core v1.0.229
[INFO] [stderr]    Compiling memchr v2.8.3
[INFO] [stderr]    Compiling ucd-trie v0.1.7
[INFO] [stderr]    Compiling serde v1.0.229
[INFO] [stderr]    Compiling equivalent v1.0.2
[INFO] [stderr]    Compiling winnow v1.0.4
[INFO] [stderr]    Compiling hashbrown v0.17.1
[INFO] [stderr]    Compiling pkg-config v0.3.34
[INFO] [stderr]    Compiling toml_datetime v1.1.1+spec-1.1.0
[INFO] [stderr]    Compiling plain v0.2.3
[INFO] [stderr]    Compiling rustc-hash v2.1.3
[INFO] [stderr]    Compiling elf v0.8.0
[INFO] [stderr]    Compiling smallvec v1.16.0
[INFO] [stderr]    Compiling inventory v0.3.24
[INFO] [stderr]    Compiling proc-macro2 v1.0.107
[INFO] [stderr]    Compiling z3-sys v0.11.0
[INFO] [stderr]    Compiling pest v2.9.1
[INFO] [stderr]    Compiling quote v1.0.47
[INFO] [stderr]    Compiling syn v3.0.5
[INFO] [stderr]    Compiling syn v2.0.119
[INFO] [stderr]    Compiling z3 v0.20.2
[INFO] [stderr]    Compiling indexmap v2.14.2
[INFO] [stderr]    Compiling toml_parser v1.1.3+spec-1.1.0
[INFO] [stderr]    Compiling toml_edit v0.25.13+spec-1.1.0
[INFO] [stderr]    Compiling pest_meta v2.9.1
[INFO] [stderr]    Compiling serde_derive v1.0.229
[INFO] [stderr]    Compiling scroll_derive v0.13.2
[INFO] [stderr]    Compiling proc-macro-crate v3.5.0
[INFO] [stderr]    Compiling pest_generator v2.9.1
[INFO] [stderr]    Compiling scroll v0.13.0
[INFO] [stderr]    Compiling goblin v0.10.7
[INFO] [stderr]    Compiling wazabin-jstd-derive v0.2.0
[INFO] [stderr]    Compiling pest_derive v2.9.1
[INFO] [stderr]    Compiling wazabin-qcode-parser v0.2.0
[INFO] [stderr]    Compiling wazabin-jstd v0.2.0
[INFO] [stderr]    Compiling wazabin-pcode v0.1.2
[INFO] [stderr]    Compiling wazabin-qcode-macro v0.2.0
[INFO] [stderr]    Compiling wazabin-binary v0.1.0
[INFO] [stderr]    Compiling wazabin-qcode v0.2.0
[INFO] [stderr]    Compiling wazabin-smt v0.1.0 (/opt/rustwide/workdir)
[INFO] [stderr]     Finished `dev` profile [unoptimized + debuginfo] target(s) in 36.51s
[INFO] running `Command { std: "docker" "inspect" "1acbaee94cd727f1b67b7d64bd23aba225934f59268825fc65f67ca75b8a6404", kill_on_drop: false }`
[INFO] running `Command { std: "docker" "exec" "-e" "SOURCE_DIR=/opt/rustwide/workdir" "-e" "CARGO_HOME=/opt/rustwide/cargo-home" "-e" "RUSTUP_HOME=/opt/rustwide/rustup-home" "-e" "CARGO_TARGET_DIR=/opt/rustwide/target" "-e" "CARGO_INCREMENTAL=0" "-e" "RUST_BACKTRACE=full" "-e" "RUSTFLAGS=--cap-lints=warn" "-e" "RUSTDOCFLAGS=--cap-lints=warn" "-w" "/opt/rustwide/workdir" "--user" "0:0" "1acbaee94cd727f1b67b7d64bd23aba225934f59268825fc65f67ca75b8a6404" "/opt/rustwide/cargo-home/bin/cargo" "+1.100.0-beta.1" "test" "--frozen" "--no-run" "--message-format=json", kill_on_drop: false }`
[INFO] [stderr] warning: `package.homepage` is redundant with `package.repository`
[INFO] [stderr]   --> Cargo.toml:43:12
[INFO] [stderr]    |
[INFO] [stderr] 43 | homepage = "https://github.com/wazabin/qcode-smt"
[INFO] [stderr]    |            ^^^^^^^^^^^^^^^^^^^^^^^^^^^^^^^^^^^^^^
[INFO] [stderr] ...
[INFO] [stderr] 48 | repository = "https://github.com/wazabin/qcode-smt"
[INFO] [stderr]    |              --------------------------------------
[INFO] [stderr]    |
[INFO] [stderr]    = note: `cargo::redundant_homepage` is set to `warn` by default
[INFO] [stderr] help: consider removing `package.homepage`
[INFO] [stderr] warning: `wazabin-smt` (manifest) generated 1 warning
[INFO] [stderr]    Compiling log v0.4.34
[INFO] [stderr]    Compiling aho-corasick v1.1.5
[INFO] [stderr]    Compiling regex-syntax v0.8.11
[INFO] [stderr]    Compiling utf8parse v0.2.2
[INFO] [stderr]    Compiling jiff-core v0.1.0
[INFO] [stderr]    Compiling colorchoice v1.0.5
[INFO] [stderr]    Compiling anstyle-query v1.1.5
[INFO] [stderr]    Compiling is_terminal_polyfill v1.70.2
[INFO] [stderr]    Compiling anstyle v1.0.14
[INFO] [stderr]    Compiling anstyle-parse v1.0.0
[INFO] [stderr]    Compiling goblin v0.10.7
[INFO] [stderr]    Compiling z3 v0.20.2
[INFO] [stderr]    Compiling anstream v1.0.0
[INFO] [stderr]    Compiling regex-automata v0.4.18
[INFO] [stderr]    Compiling jiff v0.2.35
[INFO] [stderr]    Compiling regex v1.13.1
[INFO] [stderr]    Compiling env_filter v2.0.0
[INFO] [stderr]    Compiling wazabin-binary v0.1.0
[INFO] [stderr]    Compiling wazabin-qcode v0.2.0
[INFO] [stderr]    Compiling env_logger v0.11.11
[INFO] [stderr]    Compiling wazabin-smt v0.1.0 (/opt/rustwide/workdir)
[INFO] [stdout] error[E0433]: cannot find module or crate `harbinger` in this scope
[INFO] [stdout]  --> examples/smt-script.rs:7:5
[INFO] [stdout]   |
[INFO] [stdout] 7 | use harbinger::{arch, arch::x64, format::elf::ElfBinary};
[INFO] [stdout]   |     ^^^^^^^^^ use of unresolved module or unlinked crate `harbinger`
[INFO] [stdout]   |
[INFO] [stdout]   = help: if you wanted to use a crate named `harbinger`, use `cargo add harbinger` to add it to your `Cargo.toml`
[INFO] [stdout] 
[INFO] [stdout] 
[INFO] [stdout] error[E0432]: unresolved import `harbinger`
[INFO] [stdout]  --> examples/smt-script.rs:7:5
[INFO] [stdout]   |
[INFO] [stdout] 7 | use harbinger::{arch, arch::x64, format::elf::ElfBinary};
[INFO] [stdout]   |     ^^^^^^^^^ use of unresolved module or unlinked crate `harbinger`
[INFO] [stdout]   |
[INFO] [stdout]   = help: if you wanted to use a crate named `harbinger`, use `cargo add harbinger` to add it to your `Cargo.toml`
[INFO] [stdout] 
[INFO] [stdout] 
[INFO] [stdout] error[E0432]: unresolved import `qcode_analysis`
[INFO] [stdout]  --> examples/smt-script.rs:9:5
[INFO] [stdout]   |
[INFO] [stdout] 9 | use qcode_analysis::analyze_default;
[INFO] [stdout]   |     ^^^^^^^^^^^^^^ use of unresolved module or unlinked crate `qcode_analysis`
[INFO] [stdout]   |
[INFO] [stdout]   = help: if you wanted to use a crate named `qcode_analysis`, use `cargo add qcode_analysis` to add it to your `Cargo.toml`
[INFO] [stdout] 
[INFO] [stdout] 
[INFO] [stdout] Some errors have detailed explanations: E0432, E0433.
[INFO] [stdout] 
[INFO] [stdout] For more information about an error, try `rustc --explain E0432`.
[INFO] [stdout] 
[INFO] [stderr] error: could not compile `wazabin-smt` (example "smt-script") due to 3 previous errors
[INFO] [stderr] warning: build failed, waiting for other jobs to finish...
[INFO] [stdout] error: linking with `cc` failed: exit status: 1
[INFO] [stdout]   |
[INFO] [stdout]   = note:  "cc" "-m64" "/opt/rustwide/target/debug/build/wazabin-smt/dcacf23367dace14/out/rustcqKzFzC/symbols.o" "<11 object files omitted>" "-Wl,--as-needed" "-Wl,-Bstatic" "<sysroot>/lib/rustlib/x86_64-unknown-linux-gnu/lib/{libtest-*,libgetopts-*,librustc_std_workspace_std-*}.rlib" "/opt/rustwide/target/debug/build/wazabin-qcode/a0daffbade047c7b/out/libqcode-a0daffbade047c7b.rlib" "/opt/rustwide/target/debug/build/inventory/4db84d261fa45ba5/out/libinventory-4db84d261fa45ba5.rlib" "/opt/rustwide/target/debug/build/smallvec/8762c2f80fe32a9b/out/libsmallvec-8762c2f80fe32a9b.rlib" "/opt/rustwide/target/debug/build/wazabin-pcode/2172bd5f3a61c7fb/out/libpcode_types-2172bd5f3a61c7fb.rlib" "/opt/rustwide/target/debug/build/wazabin-qcode-parser/bdc82110503bfbef/out/libwazabin_qcode_parser-bdc82110503bfbef.rlib" "/opt/rustwide/target/debug/build/pest/e999c6e2ae06ea17/out/libpest-e999c6e2ae06ea17.rlib" "/opt/rustwide/target/debug/build/ucd-trie/64e35acb102f3b4d/out/libucd_trie-64e35acb102f3b4d.rlib" "/opt/rustwide/target/debug/build/memchr/a932478bde794617/out/libmemchr-a932478bde794617.rlib" "/opt/rustwide/target/debug/build/wazabin-binary/0f4e5e45844b1404/out/libwazabin_binary-0f4e5e45844b1404.rlib" "/opt/rustwide/target/debug/build/goblin/61b997b5702d1111/out/libgoblin-61b997b5702d1111.rlib" "/opt/rustwide/target/debug/build/plain/b056aea122884d0d/out/libplain-b056aea122884d0d.rlib" "/opt/rustwide/target/debug/build/scroll/bb96a64571fd4ee3/out/libscroll-bb96a64571fd4ee3.rlib" "/opt/rustwide/target/debug/build/elf/755cef00018ed7e3/out/libelf-755cef00018ed7e3.rlib" "/opt/rustwide/target/debug/build/wazabin-jstd/7c3118448fb6abd9/out/libjstd-7c3118448fb6abd9.rlib" "/opt/rustwide/target/debug/build/serde/41be41700f15b2cc/out/libserde-41be41700f15b2cc.rlib" "/opt/rustwide/target/debug/build/serde_core/ff96c4ffe6afdb18/out/libserde_core-ff96c4ffe6afdb18.rlib" "/opt/rustwide/target/debug/build/rustc-hash/b8839ccb4a020d2d/out/librustc_hash-b8839ccb4a020d2d.rlib" "/opt/rustwide/target/debug/build/z3/706cdf07209901e2/out/libz3-706cdf07209901e2.rlib" "/opt/rustwide/target/debug/build/log/431c2e66b4ed7b91/out/liblog-431c2e66b4ed7b91.rlib" "/opt/rustwide/target/debug/build/z3-sys/4e0ae6af7316e2aa/out/libz3_sys-4e0ae6af7316e2aa.rlib" "<sysroot>/lib/rustlib/x86_64-unknown-linux-gnu/lib/{libstd-*,libpanic_unwind-*,libobject-*,libmemchr-*,libaddr2line-*,libgimli-*,libcfg_if-*,librustc_demangle-*,libstd_detect-*,libhashbrown-*,librustc_std_workspace_alloc-*,libminiz_oxide-*,libadler2-*,libunwind-*,liblibc-*,librustc_std_workspace_core-*,liballoc-*,libcore-*,libcompiler_builtins-*}.rlib" "-Wl,-Bdynamic" "-lz3" "-lstdc++" "-lgcc_s" "-lutil" "-lrt" "-lpthread" "-lm" "-ldl" "-lc" "-L" "/opt/rustwide/target/debug/build/wazabin-smt/dcacf23367dace14/out/rustcqKzFzC/raw-dylibs" "-B<sysroot>/lib/rustlib/x86_64-unknown-linux-gnu/bin/gcc-ld" "-fuse-ld=lld" "-Wl,--eh-frame-hdr" "-Wl,-z,noexecstack" "-L" "<sysroot>/lib/rustlib/x86_64-unknown-linux-gnu/lib" "-o" "/opt/rustwide/target/debug/build/wazabin-smt/dcacf23367dace14/out/qcode_smt-dcacf23367dace14" "-Wl,--gc-sections" "-pie" "-Wl,-z,relro,-z,now" "-nodefaultlibs"
[INFO] [stdout]   = note: some arguments are omitted. use `--verbose` to show all linker arguments
[INFO] [stdout]   = note: rust-lld: error: unable to find library -lz3
[INFO] [stdout]           collect2: error: ld returned 1 exit status
[INFO] [stdout]           
[INFO] [stdout] 
[INFO] [stdout] 
[INFO] [stderr] error: could not compile `wazabin-smt` (lib test) due to 1 previous error
[INFO] running `Command { std: "docker" "inspect" "1acbaee94cd727f1b67b7d64bd23aba225934f59268825fc65f67ca75b8a6404", kill_on_drop: false }`
[INFO] running `Command { std: "docker" "rm" "-f" "1acbaee94cd727f1b67b7d64bd23aba225934f59268825fc65f67ca75b8a6404", kill_on_drop: false }`
[INFO] [stdout] 1acbaee94cd727f1b67b7d64bd23aba225934f59268825fc65f67ca75b8a6404
