[INFO] fetching crate waterui-webview 0.5.1...
[INFO] testing waterui-webview-0.5.1 against 1.100.0-beta.1 for beta-1.100-2
[INFO] extracting crate waterui-webview 0.5.1 into /workspace/builds/worker-7-tc2/source
[INFO] started tweaking crates.io crate waterui-webview 0.5.1
[INFO] removed 0 missing tests
[INFO] finished tweaking crates.io crate waterui-webview 0.5.1
[INFO] tweaked toml for crates.io crate waterui-webview 0.5.1 written to /workspace/builds/worker-7-tc2/source/Cargo.toml
[INFO] validating manifest of crates.io crate waterui-webview 0.5.1 on toolchain 1.100.0-beta.1
[INFO] running `Command { std: CARGO_HOME="/workspace/cargo-home" RUSTUP_HOME="/workspace/rustup-home" "/workspace/cargo-home/bin/cargo" "+1.100.0-beta.1" "metadata" "--manifest-path" "Cargo.toml" "--no-deps", kill_on_drop: false }`
[INFO] crate crates.io crate waterui-webview 0.5.1 already has a lockfile, it will not be regenerated
[INFO] running `Command { std: CARGO_HOME="/workspace/cargo-home" RUSTUP_HOME="/workspace/rustup-home" "/workspace/cargo-home/bin/cargo" "+1.100.0-beta.1" "fetch" "--manifest-path" "Cargo.toml", kill_on_drop: false }`
[INFO] running `Command { std: "docker" "create" "-v" "/var/lib/crater-agent-workspace/builds/worker-7-tc2/source:/opt/rustwide/workdir:ro,Z" "-v" "/var/lib/crater-agent-workspace/builds/worker-7-tc2/target:/opt/rustwide/target:rw,Z" "-v" "/var/lib/crater-agent-workspace/cargo-home:/opt/rustwide/cargo-home:ro,Z" "-v" "/var/lib/crater-agent-workspace/rustup-home:/opt/rustwide/rustup-home:ro,Z" "-m" "1610612736" "--network" "none" "ghcr.io/rust-lang/crates-build-env/linux@sha256:3111399a4047eeb3a02b7a90e478d715f38a8c6669b5c4b49d30a17385265909" "sleep" "infinity", kill_on_drop: false }`
[INFO] [stdout] 61ecc5b505e9dd89adeaf1788f2415e665639bc951722ca195d057f4366b96fa
[INFO] running `Command { std: "docker" "start" "61ecc5b505e9dd89adeaf1788f2415e665639bc951722ca195d057f4366b96fa", kill_on_drop: false }`
[INFO] running `Command { std: "docker" "inspect" "61ecc5b505e9dd89adeaf1788f2415e665639bc951722ca195d057f4366b96fa", kill_on_drop: false }`
[INFO] running `Command { std: "docker" "exec" "-e" "SOURCE_DIR=/opt/rustwide/workdir" "-e" "CARGO_HOME=/opt/rustwide/cargo-home" "-e" "RUSTUP_HOME=/opt/rustwide/rustup-home" "-e" "CARGO_TARGET_DIR=/opt/rustwide/target" "-w" "/opt/rustwide/workdir" "--user" "0:0" "61ecc5b505e9dd89adeaf1788f2415e665639bc951722ca195d057f4366b96fa" "/opt/rustwide/cargo-home/bin/cargo" "+1.100.0-beta.1" "metadata" "--no-deps" "--format-version=1", kill_on_drop: false }`
[INFO] running `Command { std: "docker" "inspect" "61ecc5b505e9dd89adeaf1788f2415e665639bc951722ca195d057f4366b96fa", kill_on_drop: false }`
[INFO] running `Command { std: "docker" "exec" "-e" "SOURCE_DIR=/opt/rustwide/workdir" "-e" "CARGO_HOME=/opt/rustwide/cargo-home" "-e" "RUSTUP_HOME=/opt/rustwide/rustup-home" "-e" "CARGO_TARGET_DIR=/opt/rustwide/target" "-e" "CARGO_INCREMENTAL=0" "-e" "RUST_BACKTRACE=full" "-e" "RUSTFLAGS=--cap-lints=warn" "-e" "RUSTDOCFLAGS=--cap-lints=warn" "-w" "/opt/rustwide/workdir" "--user" "0:0" "61ecc5b505e9dd89adeaf1788f2415e665639bc951722ca195d057f4366b96fa" "/opt/rustwide/cargo-home/bin/cargo" "+1.100.0-beta.1" "build" "--frozen" "--message-format=json", kill_on_drop: false }`
[INFO] [stderr]    Compiling crossbeam-utils v0.8.22
[INFO] [stderr]    Compiling winnow v1.0.4
[INFO] [stderr]    Compiling rustix v1.1.4
[INFO] [stderr]    Compiling linux-raw-sys v0.12.1
[INFO] [stderr]    Compiling equivalent v1.0.2
[INFO] [stderr]    Compiling serde v1.0.229
[INFO] [stderr]    Compiling event-listener v5.4.2
[INFO] [stderr]    Compiling async-io v2.6.0
[INFO] [stderr]    Compiling nami-core v0.3.3
[INFO] [stderr]    Compiling futures-lite v2.6.1
[INFO] [stderr]    Compiling toml_writer v1.1.2+spec-1.1.0
[INFO] [stderr]    Compiling arrayvec v0.7.8
[INFO] [stderr]    Compiling toml_datetime v1.1.1+spec-1.1.0
[INFO] [stderr]    Compiling serde_spanned v1.1.1
[INFO] [stderr]    Compiling smallvec v1.16.0
[INFO] [stderr]    Compiling tinystr v0.8.4
[INFO] [stderr]    Compiling indexmap v2.14.0
[INFO] [stderr]    Compiling writeable v0.6.4
[INFO] [stderr]    Compiling anyhow v1.0.104
[INFO] [stderr]    Compiling litemap v0.8.3
[INFO] [stderr]    Compiling nami-derive v0.3.1
[INFO] [stderr]    Compiling icu_locid_transform v2.0.0
[INFO] [stderr]    Compiling polycool v0.4.0
[INFO] [stderr]    Compiling icu_locid v2.0.0
[INFO] [stderr]    Compiling waterui-graphics v0.5.1
[INFO] [stderr]    Compiling event-listener-strategy v0.5.4
[INFO] [stderr]    Compiling color v0.3.3
[INFO] [stderr]    Compiling linebender_resource_handle v0.1.1
[INFO] [stderr]    Compiling syn v2.0.119
[INFO] [stderr]    Compiling pastey v0.2.3
[INFO] [stderr]    Compiling icu_locale_core v2.3.0
[INFO] [stderr]    Compiling time v0.3.55
[INFO] [stderr]    Compiling thiserror-impl v2.0.20
[INFO] [stderr]    Compiling serde_json v1.0.151
[INFO] [stderr]    Compiling kurbo v0.13.1
[INFO] [stderr]    Compiling concurrent-queue v2.5.0
[INFO] [stderr]    Compiling waterui-watcher-set v0.5.1
[INFO] [stderr]    Compiling suiteki v0.1.0
[INFO] [stderr]    Compiling async-channel v2.5.0
[INFO] [stderr]    Compiling waterui-url v0.5.1
[INFO] [stderr]    Compiling executor-core v0.7.1
[INFO] [stderr]    Compiling toml_parser v1.1.3+spec-1.1.0
[INFO] [stderr]    Compiling thiserror v2.0.20
[INFO] [stderr]    Compiling toml_edit v0.25.13+spec-1.1.0
[INFO] [stderr]    Compiling toml v1.1.6+spec-1.1.0
[INFO] [stderr]    Compiling peniko v0.6.1
[INFO] [stderr]    Compiling proc-macro-crate v3.5.0
[INFO] [stderr]    Compiling cookie v0.18.2
[INFO] [stderr]    Compiling waterui-macros v0.5.1
[INFO] [stderr]    Compiling tracing-attributes v0.1.31
[INFO] [stderr]    Compiling polling v3.11.0
[INFO] [stderr]    Compiling tracing v0.1.44
[INFO] [stderr]    Compiling nami v0.11.2
[INFO] [stderr]    Compiling waterui-core v0.5.1
[INFO] [stderr]    Compiling waterui-layout v0.5.1
[INFO] [stderr]    Compiling waterui-webview v0.5.1 (/opt/rustwide/workdir)
[INFO] [stderr]     Finished `dev` profile [unoptimized + debuginfo] target(s) in 22.72s
[INFO] running `Command { std: "docker" "inspect" "61ecc5b505e9dd89adeaf1788f2415e665639bc951722ca195d057f4366b96fa", kill_on_drop: false }`
[INFO] running `Command { std: "docker" "exec" "-e" "SOURCE_DIR=/opt/rustwide/workdir" "-e" "CARGO_HOME=/opt/rustwide/cargo-home" "-e" "RUSTUP_HOME=/opt/rustwide/rustup-home" "-e" "CARGO_TARGET_DIR=/opt/rustwide/target" "-e" "CARGO_INCREMENTAL=0" "-e" "RUST_BACKTRACE=full" "-e" "RUSTFLAGS=--cap-lints=warn" "-e" "RUSTDOCFLAGS=--cap-lints=warn" "-w" "/opt/rustwide/workdir" "--user" "0:0" "61ecc5b505e9dd89adeaf1788f2415e665639bc951722ca195d057f4366b96fa" "/opt/rustwide/cargo-home/bin/cargo" "+1.100.0-beta.1" "test" "--frozen" "--no-run" "--message-format=json", kill_on_drop: false }`
[INFO] [stderr]    Compiling rustix v1.1.4
[INFO] [stderr]    Compiling polling v3.11.0
[INFO] [stderr]    Compiling tempfile v3.27.0
[INFO] [stderr]    Compiling async-io v2.6.0
[INFO] [stderr]    Compiling nami v0.11.2
[INFO] [stderr]    Compiling waterui-core v0.5.1
[INFO] [stderr]    Compiling waterui-graphics v0.5.1
[INFO] [stderr]    Compiling waterui-layout v0.5.1
[INFO] [stderr]    Compiling waterui-webview v0.5.1 (/opt/rustwide/workdir)
[INFO] [stdout] error[E0433]: cannot find module or crate `waterui` in this scope
[INFO] [stdout]   --> tests/js_api.rs:17:5
[INFO] [stdout]    |
[INFO] [stdout] 17 | use waterui::webview::{Json, serde};
[INFO] [stdout]    |     ^^^^^^^ use of unresolved module or unlinked crate `waterui`
[INFO] [stdout]    |
[INFO] [stdout]    = help: if you wanted to use a crate named `waterui`, use `cargo add waterui` to add it to your `Cargo.toml`
[INFO] [stdout] 
[INFO] [stdout] 
[INFO] [stdout] error[E0432]: unresolved import `waterui`
[INFO] [stdout]   --> tests/js_api.rs:18:5
[INFO] [stdout]    |
[INFO] [stdout] 18 | use waterui::{Binding, Computed, js_api};
[INFO] [stdout]    |     ^^^^^^^ use of unresolved module or unlinked crate `waterui`
[INFO] [stdout]    |
[INFO] [stdout]    = help: if you wanted to use a crate named `waterui`, use `cargo add waterui` to add it to your `Cargo.toml`
[INFO] [stdout] 
[INFO] [stdout] 
[INFO] [stdout] error[E0432]: unresolved import `waterui`
[INFO] [stdout]   --> tests/js_api.rs:40:13
[INFO] [stdout]    |
[INFO] [stdout] 40 |         use waterui::SignalExt as _;
[INFO] [stdout]    |             ^^^^^^^ use of unresolved module or unlinked crate `waterui`
[INFO] [stdout]    |
[INFO] [stdout]    = help: if you wanted to use a crate named `waterui`, use `cargo add waterui` to add it to your `Cargo.toml`
[INFO] [stdout] 
[INFO] [stdout] 
[INFO] [stdout] error: cannot find attribute `js` in this scope
[INFO] [stdout]   --> tests/js_api.rs:52:7
[INFO] [stdout]    |
[INFO] [stdout] 52 |     #[js(rename = "reset")]
[INFO] [stdout]    |       ^^
[INFO] [stdout] 
[INFO] [stdout] 
[INFO] [stdout] error: cannot find attribute `js` in this scope
[INFO] [stdout]   --> tests/js_api.rs:58:7
[INFO] [stdout]    |
[INFO] [stdout] 58 |     #[js(skip)]
[INFO] [stdout]    |       ^^
[INFO] [stdout] 
[INFO] [stdout] 
[INFO] [stdout] error[E0433]: cannot find module or crate `waterui` in this scope
[INFO] [stdout]   --> tests/js_api.rs:71:24
[INFO] [stdout]    |
[INFO] [stdout] 71 |     let declarations = waterui::webview::typescript_declarations::<App>();
[INFO] [stdout]    |                        ^^^^^^^ use of unresolved module or unlinked crate `waterui`
[INFO] [stdout]    |
[INFO] [stdout]    = help: if you wanted to use a crate named `waterui`, use `cargo add waterui` to add it to your `Cargo.toml`
[INFO] [stdout] 
[INFO] [stdout] 
[INFO] [stdout] Some errors have detailed explanations: E0432, E0433.
[INFO] [stdout] 
[INFO] [stdout] For more information about an error, try `rustc --explain E0432`.
[INFO] [stdout] 
[INFO] [stderr] error: could not compile `waterui-webview` (test "js_api") due to 6 previous errors
[INFO] [stderr] warning: build failed, waiting for other jobs to finish...
[INFO] [stdout] error[E0433]: cannot find module or crate `waterui` in this scope
[INFO] [stdout]   --> tests/e2e_semantics.rs:22:5
[INFO] [stdout]    |
[INFO] [stdout] 22 | use waterui::component::vstack;
[INFO] [stdout]    |     ^^^^^^^ use of unresolved module or unlinked crate `waterui`
[INFO] [stdout]    |
[INFO] [stdout]    = help: if you wanted to use a crate named `waterui`, use `cargo add waterui` to add it to your `Cargo.toml`
[INFO] [stdout] 
[INFO] [stdout] 
[INFO] [stdout] error[E0433]: cannot find module or crate `waterui` in this scope
[INFO] [stdout]   --> tests/e2e_semantics.rs:23:5
[INFO] [stdout]    |
[INFO] [stdout] 23 | use waterui::shape::{Rectangle, ShapeExt as _};
[INFO] [stdout]    |     ^^^^^^^ use of unresolved module or unlinked crate `waterui`
[INFO] [stdout]    |
[INFO] [stdout]    = help: if you wanted to use a crate named `waterui`, use `cargo add waterui` to add it to your `Cargo.toml`
[INFO] [stdout] 
[INFO] [stdout] 
[INFO] [stdout] error[E0432]: unresolved import `waterui`
[INFO] [stdout]   --> tests/e2e_semantics.rs:21:5
[INFO] [stdout]    |
[INFO] [stdout] 21 | use waterui::ViewExt as _;
[INFO] [stdout]    |     ^^^^^^^ use of unresolved module or unlinked crate `waterui`
[INFO] [stdout]    |
[INFO] [stdout]    = help: if you wanted to use a crate named `waterui`, use `cargo add waterui` to add it to your `Cargo.toml`
[INFO] [stdout] 
[INFO] [stdout] 
[INFO] [stdout] error[E0432]: unresolved import `waterui`
[INFO] [stdout]   --> tests/e2e_semantics.rs:24:5
[INFO] [stdout]    |
[INFO] [stdout] 24 | use waterui::text;
[INFO] [stdout]    |     ^^^^^^^ use of unresolved module or unlinked crate `waterui`
[INFO] [stdout]    |
[INFO] [stdout]    = help: if you wanted to use a crate named `waterui`, use `cargo add waterui` to add it to your `Cargo.toml`
[INFO] [stdout] 
[INFO] [stdout] 
[INFO] [stdout] error[E0432]: unresolved import `waterui`
[INFO] [stdout]   --> tests/e2e_semantics.rs:25:5
[INFO] [stdout]    |
[INFO] [stdout] 25 | use waterui::{Color, Environment, SignalExt as _, Str};
[INFO] [stdout]    |     ^^^^^^^ use of unresolved module or unlinked crate `waterui`
[INFO] [stdout]    |
[INFO] [stdout]    = help: if you wanted to use a crate named `waterui`, use `cargo add waterui` to add it to your `Cargo.toml`
[INFO] [stdout] 
[INFO] [stdout] 
[INFO] [stdout] error[E0432]: unresolved import `waterui_testing`
[INFO] [stdout]   --> tests/e2e_semantics.rs:28:5
[INFO] [stdout]    |
[INFO] [stdout] 28 | use waterui_testing::{Role, UiBuilder};
[INFO] [stdout]    |     ^^^^^^^^^^^^^^^ use of unresolved module or unlinked crate `waterui_testing`
[INFO] [stdout]    |
[INFO] [stdout] help: there is a crate or module with a similar name
[INFO] [stdout]    |
[INFO] [stdout] 28 - use waterui_testing::{Role, UiBuilder};
[INFO] [stdout] 28 + use waterui_webview::{Role, UiBuilder};
[INFO] [stdout]    |
[INFO] [stdout] 
[INFO] [stdout] 
[INFO] [stdout] error[E0433]: cannot find module or crate `waterui` in this scope
[INFO] [stdout]    --> tests/e2e_semantics.rs:183:3
[INFO] [stdout]     |
[INFO] [stdout] 183 | #[waterui::test(viewport = (420, 420))]
[INFO] [stdout]     |   ^^^^^^^ use of unresolved module or unlinked crate `waterui`
[INFO] [stdout] 
[INFO] [stdout] 
[INFO] [stdout] error[E0433]: cannot find module or crate `waterui` in this scope
[INFO] [stdout]    --> tests/e2e_semantics.rs:240:3
[INFO] [stdout]     |
[INFO] [stdout] 240 | #[waterui::test(viewport = (420, 420))]
[INFO] [stdout]     |   ^^^^^^^ use of unresolved module or unlinked crate `waterui`
[INFO] [stdout] 
[INFO] [stdout] 
[INFO] [stdout] error[E0599]: `Binding<_>` is not an iterator
[INFO] [stdout]    --> tests/e2e_semantics.rs:195:14
[INFO] [stdout]     |
[INFO] [stdout] 193 |         let address = url_for_view
[INFO] [stdout] 194 |             .clone()
[INFO] [stdout] 195 |             .map(|url: Url| Str::from(url.as_str().to_owned()));
[INFO] [stdout]     |              ^^^ `Binding<_>` is not an iterator
[INFO] [stdout]     |
[INFO] [stdout]    ::: /opt/rustwide/cargo-home/registry/src/index.crates.io-1949cf8c6b5b557f/nami-0.11.2/src/reactive_core/binding.rs:36:1
[INFO] [stdout]     |
[INFO] [stdout]  36 | pub struct Binding<T: 'static>(Box<dyn BindingImpl<Output = T>>);
[INFO] [stdout]     | ------------------------------ doesn't satisfy `Binding<_>: Iterator`
[INFO] [stdout]     |
[INFO] [stdout]     = note: the following trait bounds were not satisfied:
[INFO] [stdout]             `Binding<_>: Iterator`
[INFO] [stdout]             which is required by `&mut Binding<_>: Iterator`
[INFO] [stdout]     = help: items from traits can only be used if the trait is in scope
[INFO] [stdout] help: trait `SignalExt` which provides `map` is implemented but not in scope; perhaps you want to import it
[INFO] [stdout]     |
[INFO] [stdout]  16 + use waterui_core::SignalExt;
[INFO] [stdout]     |
[INFO] [stdout] 
[INFO] [stdout] 
[INFO] [stdout] error[E0599]: no method named `a11y_label` found for struct `WebViewOpen` in the current scope
[INFO] [stdout]    --> tests/e2e_semantics.rs:199:18
[INFO] [stdout]     |
[INFO] [stdout] 198 |             WebView::open(url_for_view.clone())
[INFO] [stdout] 199 |                 .a11y_label("Docs WebView")
[INFO] [stdout]     |                  ^^^^^^^^^^ method not found in `WebViewOpen`
[INFO] [stdout] 
[INFO] [stdout] 
[INFO] [stdout] error[E0599]: no method named `a11y_label` found for struct `WebViewOpen` in the current scope
[INFO] [stdout]    --> tests/e2e_semantics.rs:257:14
[INFO] [stdout]     |
[INFO] [stdout] 256 |         WebView::open(DOCS_URL)
[INFO] [stdout] 257 |             .a11y_label("Docs WebView")
[INFO] [stdout]     |              ^^^^^^^^^^ method not found in `WebViewOpen`
[INFO] [stdout] 
[INFO] [stdout] 
[INFO] [stdout] Some errors have detailed explanations: E0432, E0433, E0599.
[INFO] [stdout] 
[INFO] [stdout] For more information about an error, try `rustc --explain E0432`.
[INFO] [stdout] 
[INFO] [stderr] error: could not compile `waterui-webview` (test "e2e_semantics") due to 11 previous errors
[INFO] running `Command { std: "docker" "inspect" "61ecc5b505e9dd89adeaf1788f2415e665639bc951722ca195d057f4366b96fa", kill_on_drop: false }`
[INFO] running `Command { std: "docker" "rm" "-f" "61ecc5b505e9dd89adeaf1788f2415e665639bc951722ca195d057f4366b96fa", kill_on_drop: false }`
[INFO] [stdout] 61ecc5b505e9dd89adeaf1788f2415e665639bc951722ca195d057f4366b96fa
