[INFO] fetching crate waterui-icon 0.5.1...
[INFO] testing waterui-icon-0.5.1 against 1.100.0-beta.1 for beta-1.100-2
[INFO] extracting crate waterui-icon 0.5.1 into /workspace/builds/worker-4-tc2/source
[INFO] started tweaking crates.io crate waterui-icon 0.5.1
[INFO] removed 0 missing tests
[INFO] finished tweaking crates.io crate waterui-icon 0.5.1
[INFO] tweaked toml for crates.io crate waterui-icon 0.5.1 written to /workspace/builds/worker-4-tc2/source/Cargo.toml
[INFO] validating manifest of crates.io crate waterui-icon 0.5.1 on toolchain 1.100.0-beta.1
[INFO] running `Command { std: CARGO_HOME="/workspace/cargo-home" RUSTUP_HOME="/workspace/rustup-home" "/workspace/cargo-home/bin/cargo" "+1.100.0-beta.1" "metadata" "--manifest-path" "Cargo.toml" "--no-deps", kill_on_drop: false }`
[INFO] crate crates.io crate waterui-icon 0.5.1 already has a lockfile, it will not be regenerated
[INFO] running `Command { std: CARGO_HOME="/workspace/cargo-home" RUSTUP_HOME="/workspace/rustup-home" "/workspace/cargo-home/bin/cargo" "+1.100.0-beta.1" "fetch" "--manifest-path" "Cargo.toml", kill_on_drop: false }`
[INFO] running `Command { std: "docker" "create" "-v" "/var/lib/crater-agent-workspace/builds/worker-4-tc2/source:/opt/rustwide/workdir:ro,Z" "-v" "/var/lib/crater-agent-workspace/builds/worker-4-tc2/target:/opt/rustwide/target:rw,Z" "-v" "/var/lib/crater-agent-workspace/cargo-home:/opt/rustwide/cargo-home:ro,Z" "-v" "/var/lib/crater-agent-workspace/rustup-home:/opt/rustwide/rustup-home:ro,Z" "-m" "1610612736" "--network" "none" "ghcr.io/rust-lang/crates-build-env/linux@sha256:3111399a4047eeb3a02b7a90e478d715f38a8c6669b5c4b49d30a17385265909" "sleep" "infinity", kill_on_drop: false }`
[INFO] [stdout] 733fa30800b34d0b943c61554985ed526d5b3bd67771898e493e32118037aae6
[INFO] running `Command { std: "docker" "start" "733fa30800b34d0b943c61554985ed526d5b3bd67771898e493e32118037aae6", kill_on_drop: false }`
[INFO] running `Command { std: "docker" "inspect" "733fa30800b34d0b943c61554985ed526d5b3bd67771898e493e32118037aae6", kill_on_drop: false }`
[INFO] running `Command { std: "docker" "exec" "-e" "SOURCE_DIR=/opt/rustwide/workdir" "-e" "CARGO_HOME=/opt/rustwide/cargo-home" "-e" "RUSTUP_HOME=/opt/rustwide/rustup-home" "-e" "CARGO_TARGET_DIR=/opt/rustwide/target" "-w" "/opt/rustwide/workdir" "--user" "0:0" "733fa30800b34d0b943c61554985ed526d5b3bd67771898e493e32118037aae6" "/opt/rustwide/cargo-home/bin/cargo" "+1.100.0-beta.1" "metadata" "--no-deps" "--format-version=1", kill_on_drop: false }`
[INFO] running `Command { std: "docker" "inspect" "733fa30800b34d0b943c61554985ed526d5b3bd67771898e493e32118037aae6", kill_on_drop: false }`
[INFO] running `Command { std: "docker" "exec" "-e" "SOURCE_DIR=/opt/rustwide/workdir" "-e" "CARGO_HOME=/opt/rustwide/cargo-home" "-e" "RUSTUP_HOME=/opt/rustwide/rustup-home" "-e" "CARGO_TARGET_DIR=/opt/rustwide/target" "-e" "CARGO_INCREMENTAL=0" "-e" "RUST_BACKTRACE=full" "-e" "RUSTFLAGS=--cap-lints=warn" "-e" "RUSTDOCFLAGS=--cap-lints=warn" "-w" "/opt/rustwide/workdir" "--user" "0:0" "733fa30800b34d0b943c61554985ed526d5b3bd67771898e493e32118037aae6" "/opt/rustwide/cargo-home/bin/cargo" "+1.100.0-beta.1" "build" "--frozen" "--message-format=json", kill_on_drop: false }`
[INFO] [stderr]    Compiling rustix v1.1.4
[INFO] [stderr]    Compiling serde_core v1.0.229
[INFO] [stderr]    Compiling smallvec v1.16.0
[INFO] [stderr]    Compiling crossbeam-utils v0.8.22
[INFO] [stderr]    Compiling litemap v0.8.3
[INFO] [stderr]    Compiling linux-raw-sys v0.12.1
[INFO] [stderr]    Compiling winnow v1.0.4
[INFO] [stderr]    Compiling event-listener v5.4.2
[INFO] [stderr]    Compiling anyhow v1.0.104
[INFO] [stderr]    Compiling indexmap v2.14.0
[INFO] [stderr]    Compiling futures-lite v2.6.1
[INFO] [stderr]    Compiling icu_locale_fallback_data v2.3.0
[INFO] [stderr]    Compiling zerovec-derive v0.11.5
[INFO] [stderr]    Compiling log v0.4.33
[INFO] [stderr]    Compiling zerofrom v0.1.8
[INFO] [stderr]    Compiling tinystr v0.8.4
[INFO] [stderr]    Compiling nami-core v0.3.3
[INFO] [stderr]    Compiling yoke v0.8.3
[INFO] [stderr]    Compiling toml_writer v1.1.2+spec-1.1.0
[INFO] [stderr]    Compiling event-listener-strategy v0.5.4
[INFO] [stderr]    Compiling icu_locale_core v2.3.0
[INFO] [stderr]    Compiling zerotrie v0.2.5
[INFO] [stderr]    Compiling nami-derive v0.3.1
[INFO] [stderr]    Compiling icu_locid_transform v2.0.0
[INFO] [stderr]    Compiling icu_locid v2.0.0
[INFO] [stderr]    Compiling aho-corasick v1.1.5
[INFO] [stderr]    Compiling suiteki v0.1.0
[INFO] [stderr]    Compiling polycool v0.4.0
[INFO] [stderr]    Compiling serde v1.0.229
[INFO] [stderr]    Compiling icu_locale_data v2.3.0
[INFO] [stderr]    Compiling simd-adler32 v0.3.10
[INFO] [stderr]    Compiling icu_plurals_data v2.3.0
[INFO] [stderr]    Compiling concurrent-queue v2.5.0
[INFO] [stderr]    Compiling miniz_oxide v0.8.9
[INFO] [stderr]    Compiling kurbo v0.13.1
[INFO] [stderr]    Compiling async-channel v2.5.0
[INFO] [stderr]    Compiling waterui-graphics v0.5.1
[INFO] [stderr]    Compiling color v0.3.3
[INFO] [stderr]    Compiling linebender_resource_handle v0.1.1
[INFO] [stderr]    Compiling toml_parser v1.1.3+spec-1.1.0
[INFO] [stderr]    Compiling thiserror v2.0.20
[INFO] [stderr]    Compiling executor-core v0.7.1
[INFO] [stderr]    Compiling parking_lot_core v0.9.12
[INFO] [stderr]    Compiling bincode v1.3.3
[INFO] [stderr]    Compiling fixed_decimal v0.7.2
[INFO] [stderr]    Compiling toml_datetime v1.1.1+spec-1.1.0
[INFO] [stderr]    Compiling serde_spanned v1.1.1
[INFO] [stderr]    Compiling x11rb-protocol v0.13.2
[INFO] [stderr]    Compiling tracing v0.1.44
[INFO] [stderr]    Compiling parking_lot v0.12.5
[INFO] [stderr]    Compiling zerovec v0.11.8
[INFO] [stderr]    Compiling flate2 v1.1.9
[INFO] [stderr]    Compiling toml v1.1.6+spec-1.1.0
[INFO] [stderr]    Compiling peniko v0.6.1
[INFO] [stderr]    Compiling sys-locale v0.3.2
[INFO] [stderr]    Compiling iana-time-zone v0.1.65
[INFO] [stderr]    Compiling regex-automata v0.4.18
[INFO] [stderr]    Compiling toml_edit v0.25.13+spec-1.1.0
[INFO] [stderr]    Compiling potential_utf v0.1.6
[INFO] [stderr]    Compiling icu_collections v2.3.0
[INFO] [stderr]    Compiling proc-macro-crate v3.5.0
[INFO] [stderr]    Compiling waterui-macros v0.5.1
[INFO] [stderr]    Compiling icu_provider v2.3.0
[INFO] [stderr]    Compiling icu_locale_fallback v2.3.0
[INFO] [stderr]    Compiling icu_plurals v2.3.0
[INFO] [stderr]    Compiling icu_locale v2.3.0
[INFO] [stderr]    Compiling fancy-regex v0.16.2
[INFO] [stderr]    Compiling syntect v5.3.0
[INFO] [stderr]    Compiling polling v3.11.0
[INFO] [stderr]    Compiling gethostname v1.1.0
[INFO] [stderr]    Compiling x11rb v0.13.2
[INFO] [stderr]    Compiling async-io v2.6.0
[INFO] [stderr]    Compiling nami v0.11.2
[INFO] [stderr]    Compiling two-face v0.5.2+bat-0.26.1
[INFO] [stderr]    Compiling arboard v3.6.1
[INFO] [stderr]    Compiling waterui-core v0.5.1
[INFO] [stderr]    Compiling waterui-locale v0.5.1
[INFO] [stderr]    Compiling waterui-layout v0.5.1
[INFO] [stderr]    Compiling waterui-text v0.5.1
[INFO] [stderr]    Compiling waterui-icon v0.5.1 (/opt/rustwide/workdir)
[INFO] [stderr]     Finished `dev` profile [unoptimized + debuginfo] target(s) in 52.66s
[INFO] running `Command { std: "docker" "inspect" "733fa30800b34d0b943c61554985ed526d5b3bd67771898e493e32118037aae6", kill_on_drop: false }`
[INFO] running `Command { std: "docker" "exec" "-e" "SOURCE_DIR=/opt/rustwide/workdir" "-e" "CARGO_HOME=/opt/rustwide/cargo-home" "-e" "RUSTUP_HOME=/opt/rustwide/rustup-home" "-e" "CARGO_TARGET_DIR=/opt/rustwide/target" "-e" "CARGO_INCREMENTAL=0" "-e" "RUST_BACKTRACE=full" "-e" "RUSTFLAGS=--cap-lints=warn" "-e" "RUSTDOCFLAGS=--cap-lints=warn" "-w" "/opt/rustwide/workdir" "--user" "0:0" "733fa30800b34d0b943c61554985ed526d5b3bd67771898e493e32118037aae6" "/opt/rustwide/cargo-home/bin/cargo" "+1.100.0-beta.1" "test" "--frozen" "--no-run" "--message-format=json", kill_on_drop: false }`
[INFO] [stderr]    Compiling waterui-icon v0.5.1 (/opt/rustwide/workdir)
[INFO] [stdout] error[E0433]: cannot find module or crate `waterui` in this scope
[INFO] [stdout]  --> tests/e2e_semantics.rs:4:5
[INFO] [stdout]   |
[INFO] [stdout] 4 | use waterui::accessibility::AccessibilityRole;
[INFO] [stdout]   |     ^^^^^^^ use of unresolved module or unlinked crate `waterui`
[INFO] [stdout]   |
[INFO] [stdout]   = help: if you wanted to use a crate named `waterui`, use `cargo add waterui` to add it to your `Cargo.toml`
[INFO] [stdout] 
[INFO] [stdout] 
[INFO] [stdout] error[E0432]: unresolved import `waterui`
[INFO] [stdout]  --> tests/e2e_semantics.rs:3:5
[INFO] [stdout]   |
[INFO] [stdout] 3 | use waterui::ViewExt as _;
[INFO] [stdout]   |     ^^^^^^^ use of unresolved module or unlinked crate `waterui`
[INFO] [stdout]   |
[INFO] [stdout]   = help: if you wanted to use a crate named `waterui`, use `cargo add waterui` to add it to your `Cargo.toml`
[INFO] [stdout] 
[INFO] [stdout] 
[INFO] [stdout] error[E0432]: unresolved import `waterui_testing`
[INFO] [stdout]  --> tests/e2e_semantics.rs:6:5
[INFO] [stdout]   |
[INFO] [stdout] 6 | use waterui_testing::{Role, SemanticApp};
[INFO] [stdout]   |     ^^^^^^^^^^^^^^^ use of unresolved module or unlinked crate `waterui_testing`
[INFO] [stdout]   |
[INFO] [stdout] help: there is a crate or module with a similar name
[INFO] [stdout]   |
[INFO] [stdout] 6 - use waterui_testing::{Role, SemanticApp};
[INFO] [stdout] 6 + use waterui_text::{Role, SemanticApp};
[INFO] [stdout]   |
[INFO] [stdout] 
[INFO] [stdout] 
[INFO] [stdout] error[E0433]: cannot find module or crate `waterui` in this scope
[INFO] [stdout]   --> tests/e2e_semantics.rs:17:3
[INFO] [stdout]    |
[INFO] [stdout] 17 | #[waterui::test(icon_glyph_view)]
[INFO] [stdout]    |   ^^^^^^^ use of unresolved module or unlinked crate `waterui`
[INFO] [stdout] 
[INFO] [stdout] 
[INFO] [stdout] error[E0433]: cannot find module or crate `waterui` in this scope
[INFO] [stdout]  --> tests/e2e_semantics.rs:8:30
[INFO] [stdout]   |
[INFO] [stdout] 8 | fn icon_glyph_view() -> impl waterui::View {
[INFO] [stdout]   |                              ^^^^^^^ use of unresolved module or unlinked crate `waterui`
[INFO] [stdout]   |
[INFO] [stdout]   = help: if you wanted to use a crate named `waterui`, use `cargo add waterui` to add it to your `Cargo.toml`
[INFO] [stdout] 
[INFO] [stdout] 
[INFO] [stdout] Some errors have detailed explanations: E0432, E0433.
[INFO] [stdout] 
[INFO] [stdout] For more information about an error, try `rustc --explain E0432`.
[INFO] [stdout] 
[INFO] [stderr] error: could not compile `waterui-icon` (test "e2e_semantics") due to 5 previous errors
[INFO] [stderr] warning: build failed, waiting for other jobs to finish...
[INFO] running `Command { std: "docker" "inspect" "733fa30800b34d0b943c61554985ed526d5b3bd67771898e493e32118037aae6", kill_on_drop: false }`
[INFO] running `Command { std: "docker" "rm" "-f" "733fa30800b34d0b943c61554985ed526d5b3bd67771898e493e32118037aae6", kill_on_drop: false }`
[INFO] [stdout] 733fa30800b34d0b943c61554985ed526d5b3bd67771898e493e32118037aae6
