[INFO] fetching crate waterui-controls 0.5.1...
[INFO] testing waterui-controls-0.5.1 against 1.100.0-beta.1 for beta-1.100-2
[INFO] extracting crate waterui-controls 0.5.1 into /workspace/builds/worker-6-tc2/source
[INFO] started tweaking crates.io crate waterui-controls 0.5.1
[INFO] removed 0 missing tests
[INFO] finished tweaking crates.io crate waterui-controls 0.5.1
[INFO] tweaked toml for crates.io crate waterui-controls 0.5.1 written to /workspace/builds/worker-6-tc2/source/Cargo.toml
[INFO] validating manifest of crates.io crate waterui-controls 0.5.1 on toolchain 1.100.0-beta.1
[INFO] running `Command { std: CARGO_HOME="/workspace/cargo-home" RUSTUP_HOME="/workspace/rustup-home" "/workspace/cargo-home/bin/cargo" "+1.100.0-beta.1" "metadata" "--manifest-path" "Cargo.toml" "--no-deps", kill_on_drop: false }`
[INFO] crate crates.io crate waterui-controls 0.5.1 already has a lockfile, it will not be regenerated
[INFO] running `Command { std: CARGO_HOME="/workspace/cargo-home" RUSTUP_HOME="/workspace/rustup-home" "/workspace/cargo-home/bin/cargo" "+1.100.0-beta.1" "fetch" "--manifest-path" "Cargo.toml", kill_on_drop: false }`
[INFO] running `Command { std: "docker" "create" "-v" "/var/lib/crater-agent-workspace/builds/worker-6-tc2/source:/opt/rustwide/workdir:ro,Z" "-v" "/var/lib/crater-agent-workspace/builds/worker-6-tc2/target:/opt/rustwide/target:rw,Z" "-v" "/var/lib/crater-agent-workspace/cargo-home:/opt/rustwide/cargo-home:ro,Z" "-v" "/var/lib/crater-agent-workspace/rustup-home:/opt/rustwide/rustup-home:ro,Z" "-m" "1610612736" "--network" "none" "ghcr.io/rust-lang/crates-build-env/linux@sha256:3111399a4047eeb3a02b7a90e478d715f38a8c6669b5c4b49d30a17385265909" "sleep" "infinity", kill_on_drop: false }`
[INFO] [stdout] 958c432d70a1b773dbe3e4a7446e71f3b85f57ff953f5ce24242d2594bd4a1bb
[INFO] running `Command { std: "docker" "start" "958c432d70a1b773dbe3e4a7446e71f3b85f57ff953f5ce24242d2594bd4a1bb", kill_on_drop: false }`
[INFO] running `Command { std: "docker" "inspect" "958c432d70a1b773dbe3e4a7446e71f3b85f57ff953f5ce24242d2594bd4a1bb", kill_on_drop: false }`
[INFO] running `Command { std: "docker" "exec" "-e" "SOURCE_DIR=/opt/rustwide/workdir" "-e" "CARGO_HOME=/opt/rustwide/cargo-home" "-e" "RUSTUP_HOME=/opt/rustwide/rustup-home" "-e" "CARGO_TARGET_DIR=/opt/rustwide/target" "-w" "/opt/rustwide/workdir" "--user" "0:0" "958c432d70a1b773dbe3e4a7446e71f3b85f57ff953f5ce24242d2594bd4a1bb" "/opt/rustwide/cargo-home/bin/cargo" "+1.100.0-beta.1" "metadata" "--no-deps" "--format-version=1", kill_on_drop: false }`
[INFO] running `Command { std: "docker" "inspect" "958c432d70a1b773dbe3e4a7446e71f3b85f57ff953f5ce24242d2594bd4a1bb", kill_on_drop: false }`
[INFO] running `Command { std: "docker" "exec" "-e" "SOURCE_DIR=/opt/rustwide/workdir" "-e" "CARGO_HOME=/opt/rustwide/cargo-home" "-e" "RUSTUP_HOME=/opt/rustwide/rustup-home" "-e" "CARGO_TARGET_DIR=/opt/rustwide/target" "-e" "CARGO_INCREMENTAL=0" "-e" "RUST_BACKTRACE=full" "-e" "RUSTFLAGS=--cap-lints=warn" "-e" "RUSTDOCFLAGS=--cap-lints=warn" "-w" "/opt/rustwide/workdir" "--user" "0:0" "958c432d70a1b773dbe3e4a7446e71f3b85f57ff953f5ce24242d2594bd4a1bb" "/opt/rustwide/cargo-home/bin/cargo" "+1.100.0-beta.1" "build" "--frozen" "--message-format=json", kill_on_drop: false }`
[INFO] [stderr]    Compiling writeable v0.6.4
[INFO] [stderr]    Compiling serde_core v1.0.229
[INFO] [stderr]    Compiling rustix v1.1.4
[INFO] [stderr]    Compiling linux-raw-sys v0.12.1
[INFO] [stderr]    Compiling litemap v0.8.3
[INFO] [stderr]    Compiling smallvec v1.16.0
[INFO] [stderr]    Compiling crossbeam-utils v0.8.22
[INFO] [stderr]    Compiling stable_deref_trait v1.2.1
[INFO] [stderr]    Compiling winnow v1.0.4
[INFO] [stderr]    Compiling event-listener v5.4.2
[INFO] [stderr]    Compiling hashbrown v0.17.1
[INFO] [stderr]    Compiling equivalent v1.0.2
[INFO] [stderr]    Compiling async-io v2.6.0
[INFO] [stderr]    Compiling syn v3.0.3
[INFO] [stderr]    Compiling syn v2.0.119
[INFO] [stderr]    Compiling futures-lite v2.6.1
[INFO] [stderr]    Compiling icu_locale_fallback_data v2.3.0
[INFO] [stderr]    Compiling anyhow v1.0.104
[INFO] [stderr]    Compiling event-listener-strategy v0.5.4
[INFO] [stderr]    Compiling toml_writer v1.1.2+spec-1.1.0
[INFO] [stderr]    Compiling nami-core v0.3.3
[INFO] [stderr]    Compiling icu_locid_transform v2.0.0
[INFO] [stderr]    Compiling icu_locid v2.0.0
[INFO] [stderr]    Compiling polycool v0.4.0
[INFO] [stderr]    Compiling simd-adler32 v0.3.10
[INFO] [stderr]    Compiling icu_plurals_data v2.3.0
[INFO] [stderr]    Compiling icu_locale_data v2.3.0
[INFO] [stderr]    Compiling suiteki v0.1.0
[INFO] [stderr]    Compiling regex-automata v0.4.18
[INFO] [stderr]    Compiling waterui-graphics v0.5.1
[INFO] [stderr]    Compiling color v0.3.3
[INFO] [stderr]    Compiling miniz_oxide v0.8.9
[INFO] [stderr]    Compiling kurbo v0.13.1
[INFO] [stderr]    Compiling concurrent-queue v2.5.0
[INFO] [stderr]    Compiling linebender_resource_handle v0.1.1
[INFO] [stderr]    Compiling parking_lot_core v0.9.12
[INFO] [stderr]    Compiling indexmap v2.14.0
[INFO] [stderr]    Compiling async-channel v2.5.0
[INFO] [stderr]    Compiling x11rb-protocol v0.13.2
[INFO] [stderr]    Compiling pastey v0.2.3
[INFO] [stderr]    Compiling toml v1.1.6+spec-1.1.0
[INFO] [stderr]    Compiling iana-time-zone v0.1.65
[INFO] [stderr]    Compiling executor-core v0.7.1
[INFO] [stderr]    Compiling parking_lot v0.12.5
[INFO] [stderr]    Compiling sys-locale v0.3.2
[INFO] [stderr]    Compiling flate2 v1.1.9
[INFO] [stderr]    Compiling peniko v0.6.1
[INFO] [stderr]    Compiling toml_parser v1.1.3+spec-1.1.0
[INFO] [stderr]    Compiling fancy-regex v0.16.2
[INFO] [stderr]    Compiling toml_datetime v1.1.1+spec-1.1.0
[INFO] [stderr]    Compiling serde_spanned v1.1.1
[INFO] [stderr]    Compiling toml_edit v0.25.13+spec-1.1.0
[INFO] [stderr]    Compiling synstructure v0.13.2
[INFO] [stderr]    Compiling displaydoc v0.2.7
[INFO] [stderr]    Compiling zerovec-derive v0.11.5
[INFO] [stderr]    Compiling nami-derive v0.3.1
[INFO] [stderr]    Compiling serde_derive v1.0.229
[INFO] [stderr]    Compiling thiserror-impl v2.0.20
[INFO] [stderr]    Compiling tracing-attributes v0.1.31
[INFO] [stderr]    Compiling zerofrom-derive v0.1.7
[INFO] [stderr]    Compiling yoke-derive v0.8.2
[INFO] [stderr]    Compiling tinystr v0.8.4
[INFO] [stderr]    Compiling zerotrie v0.2.5
[INFO] [stderr]    Compiling proc-macro-crate v3.5.0
[INFO] [stderr]    Compiling fixed_decimal v0.7.2
[INFO] [stderr]    Compiling icu_locale_core v2.3.0
[INFO] [stderr]    Compiling thiserror v2.0.20
[INFO] [stderr]    Compiling zerofrom v0.1.8
[INFO] [stderr]    Compiling tracing v0.1.44
[INFO] [stderr]    Compiling yoke v0.8.3
[INFO] [stderr]    Compiling zerovec v0.11.8
[INFO] [stderr]    Compiling waterui-macros v0.5.1
[INFO] [stderr]    Compiling potential_utf v0.1.6
[INFO] [stderr]    Compiling icu_collections v2.3.0
[INFO] [stderr]    Compiling serde v1.0.229
[INFO] [stderr]    Compiling polling v3.11.0
[INFO] [stderr]    Compiling gethostname v1.1.0
[INFO] [stderr]    Compiling x11rb v0.13.2
[INFO] [stderr]    Compiling bincode v1.3.3
[INFO] [stderr]    Compiling icu_provider v2.3.0
[INFO] [stderr]    Compiling nami v0.11.2
[INFO] [stderr]    Compiling icu_locale_fallback v2.3.0
[INFO] [stderr]    Compiling syntect v5.3.0
[INFO] [stderr]    Compiling icu_plurals v2.3.0
[INFO] [stderr]    Compiling icu_locale v2.3.0
[INFO] [stderr]    Compiling arboard v3.6.1
[INFO] [stderr]    Compiling waterui-core v0.5.1
[INFO] [stderr]    Compiling two-face v0.5.2+bat-0.26.1
[INFO] [stderr]    Compiling waterui-locale v0.5.1
[INFO] [stderr]    Compiling waterui-layout v0.5.1
[INFO] [stderr]    Compiling waterui-text v0.5.1
[INFO] [stderr]    Compiling waterui-icon v0.5.1
[INFO] [stderr]    Compiling waterui-controls v0.5.1 (/opt/rustwide/workdir)
[INFO] [stderr]     Finished `dev` profile [unoptimized + debuginfo] target(s) in 43.60s
[INFO] running `Command { std: "docker" "inspect" "958c432d70a1b773dbe3e4a7446e71f3b85f57ff953f5ce24242d2594bd4a1bb", kill_on_drop: false }`
[INFO] running `Command { std: "docker" "exec" "-e" "SOURCE_DIR=/opt/rustwide/workdir" "-e" "CARGO_HOME=/opt/rustwide/cargo-home" "-e" "RUSTUP_HOME=/opt/rustwide/rustup-home" "-e" "CARGO_TARGET_DIR=/opt/rustwide/target" "-e" "CARGO_INCREMENTAL=0" "-e" "RUST_BACKTRACE=full" "-e" "RUSTFLAGS=--cap-lints=warn" "-e" "RUSTDOCFLAGS=--cap-lints=warn" "-w" "/opt/rustwide/workdir" "--user" "0:0" "958c432d70a1b773dbe3e4a7446e71f3b85f57ff953f5ce24242d2594bd4a1bb" "/opt/rustwide/cargo-home/bin/cargo" "+1.100.0-beta.1" "test" "--frozen" "--no-run" "--message-format=json", kill_on_drop: false }`
[INFO] [stderr]    Compiling waterui-controls v0.5.1 (/opt/rustwide/workdir)
[INFO] [stdout] error[E0433]: cannot find module or crate `waterui` in this scope
[INFO] [stdout]  --> tests/support/mod.rs:2:5
[INFO] [stdout]   |
[INFO] [stdout] 2 | use waterui::prelude::*;
[INFO] [stdout]   |     ^^^^^^^ use of unresolved module or unlinked crate `waterui`
[INFO] [stdout]   |
[INFO] [stdout]   = help: if you wanted to use a crate named `waterui`, use `cargo add waterui` to add it to your `Cargo.toml`
[INFO] [stdout] 
[INFO] [stdout] 
[INFO] [stdout] error[E0433]: cannot find module or crate `waterui` in this scope
[INFO] [stdout]  --> tests/e2e_semantics.rs:9:5
[INFO] [stdout]   |
[INFO] [stdout] 9 | use waterui::component::vstack;
[INFO] [stdout]   |     ^^^^^^^ use of unresolved module or unlinked crate `waterui`
[INFO] [stdout]   |
[INFO] [stdout]   = help: if you wanted to use a crate named `waterui`, use `cargo add waterui` to add it to your `Cargo.toml`
[INFO] [stdout] 
[INFO] [stdout] 
[INFO] [stdout] error[E0433]: cannot find module or crate `waterui` in this scope
[INFO] [stdout]   --> tests/e2e_semantics.rs:10:5
[INFO] [stdout]    |
[INFO] [stdout] 10 | use waterui::graphics::color::Srgb;
[INFO] [stdout]    |     ^^^^^^^ use of unresolved module or unlinked crate `waterui`
[INFO] [stdout]    |
[INFO] [stdout]    = help: if you wanted to use a crate named `waterui`, use `cargo add waterui` to add it to your `Cargo.toml`
[INFO] [stdout] 
[INFO] [stdout] 
[INFO] [stdout] error[E0432]: unresolved import `waterui`
[INFO] [stdout]  --> tests/e2e_semantics.rs:8:5
[INFO] [stdout]   |
[INFO] [stdout] 8 | use waterui::ViewExt as _;
[INFO] [stdout]   |     ^^^^^^^ use of unresolved module or unlinked crate `waterui`
[INFO] [stdout]   |
[INFO] [stdout]   = help: if you wanted to use a crate named `waterui`, use `cargo add waterui` to add it to your `Cargo.toml`
[INFO] [stdout] 
[INFO] [stdout] 
[INFO] [stdout] error[E0432]: unresolved import `waterui`
[INFO] [stdout]   --> tests/e2e_semantics.rs:11:5
[INFO] [stdout]    |
[INFO] [stdout] 11 | use waterui::{Binding, Str};
[INFO] [stdout]    |     ^^^^^^^ use of unresolved module or unlinked crate `waterui`
[INFO] [stdout]    |
[INFO] [stdout]    = help: if you wanted to use a crate named `waterui`, use `cargo add waterui` to add it to your `Cargo.toml`
[INFO] [stdout] 
[INFO] [stdout] 
[INFO] [stdout] error[E0433]: cannot find module or crate `waterui` in this scope
[INFO] [stdout]  --> tests/support/mod.rs:1:5
[INFO] [stdout]   |
[INFO] [stdout] 1 | use waterui::graphics::color::Srgb;
[INFO] [stdout]   |     ^^^^^^^ use of unresolved module or unlinked crate `waterui`
[INFO] [stdout]   |
[INFO] [stdout]   = help: if you wanted to use a crate named `waterui`, use `cargo add waterui` to add it to your `Cargo.toml`
[INFO] [stdout] 
[INFO] [stdout] 
[INFO] [stdout] error[E0432]: unresolved import `waterui_testing`
[INFO] [stdout]   --> tests/e2e_semantics.rs:15:5
[INFO] [stdout]    |
[INFO] [stdout] 15 | use waterui_testing::{Role, Selector, SemanticApp, UiBuilder};
[INFO] [stdout]    |     ^^^^^^^^^^^^^^^ use of unresolved module or unlinked crate `waterui_testing`
[INFO] [stdout]    |
[INFO] [stdout] help: there is a crate or module with a similar name
[INFO] [stdout]    |
[INFO] [stdout] 15 - use waterui_testing::{Role, Selector, SemanticApp, UiBuilder};
[INFO] [stdout] 15 + use waterui_text::{Role, Selector, SemanticApp, UiBuilder};
[INFO] [stdout]    |
[INFO] [stdout] 
[INFO] [stdout] 
[INFO] [stdout] error[E0433]: cannot find module or crate `waterui` in this scope
[INFO] [stdout]   --> tests/e2e_semantics.rs:37:3
[INFO] [stdout]    |
[INFO] [stdout] 37 | #[waterui::test(viewport = (320, 240))]
[INFO] [stdout]    |   ^^^^^^^ use of unresolved module or unlinked crate `waterui`
[INFO] [stdout] 
[INFO] [stdout] 
[INFO] [stdout] error[E0433]: cannot find module or crate `waterui` in this scope
[INFO] [stdout]   --> tests/e2e_semantics.rs:49:13
[INFO] [stdout]    |
[INFO] [stdout] 49 |             waterui::text!("count:{count_for_view}").foreground(Srgb::WHITE),
[INFO] [stdout]    |             ^^^^^^^ use of unresolved module or unlinked crate `waterui`
[INFO] [stdout] 
[INFO] [stdout] 
[INFO] [stdout] error[E0433]: cannot find module or crate `waterui` in this scope
[INFO] [stdout]   --> tests/e2e_semantics.rs:61:3
[INFO] [stdout]    |
[INFO] [stdout] 61 | #[waterui::test(viewport = (320, 240))]
[INFO] [stdout]    |   ^^^^^^^ use of unresolved module or unlinked crate `waterui`
[INFO] [stdout] 
[INFO] [stdout] 
[INFO] [stdout] error[E0433]: cannot find module or crate `waterui` in this scope
[INFO] [stdout]    --> tests/e2e_semantics.rs:107:3
[INFO] [stdout]     |
[INFO] [stdout] 107 | #[waterui::test(viewport = (320, 240))]
[INFO] [stdout]     |   ^^^^^^^ use of unresolved module or unlinked crate `waterui`
[INFO] [stdout] 
[INFO] [stdout] 
[INFO] [stdout] error[E0433]: cannot find module or crate `waterui` in this scope
[INFO] [stdout]    --> tests/e2e_semantics.rs:147:3
[INFO] [stdout]     |
[INFO] [stdout] 147 | #[waterui::test(disabled_button_view, viewport = (320, 240))]
[INFO] [stdout]     |   ^^^^^^^ use of unresolved module or unlinked crate `waterui`
[INFO] [stdout] 
[INFO] [stdout] 
[INFO] [stdout] error[E0433]: cannot find module or crate `waterui` in this scope
[INFO] [stdout]    --> tests/e2e_semantics.rs:160:3
[INFO] [stdout]     |
[INFO] [stdout] 160 | #[waterui::test(submit_button_view, viewport = (320, 240))]
[INFO] [stdout]     |   ^^^^^^^ use of unresolved module or unlinked crate `waterui`
[INFO] [stdout] 
[INFO] [stdout] 
[INFO] [stdout] error[E0433]: cannot find module or crate `waterui` in this scope
[INFO] [stdout]    --> tests/e2e_semantics.rs:168:3
[INFO] [stdout]     |
[INFO] [stdout] 168 | #[waterui::test(viewport = (320, 240))]
[INFO] [stdout]     |   ^^^^^^^ use of unresolved module or unlinked crate `waterui`
[INFO] [stdout] 
[INFO] [stdout] 
[INFO] [stdout] error[E0433]: cannot find module or crate `waterui` in this scope
[INFO] [stdout]    --> tests/e2e_semantics.rs:176:13
[INFO] [stdout]     |
[INFO] [stdout] 176 |             waterui::text!("enabled:{enabled_for_view}").foreground(Srgb::WHITE),
[INFO] [stdout]     |             ^^^^^^^ use of unresolved module or unlinked crate `waterui`
[INFO] [stdout] 
[INFO] [stdout] 
[INFO] [stdout] error[E0433]: cannot find module or crate `waterui` in this scope
[INFO] [stdout]    --> tests/e2e_semantics.rs:198:3
[INFO] [stdout]     |
[INFO] [stdout] 198 | #[waterui::test(viewport = (320, 240))]
[INFO] [stdout]     |   ^^^^^^^ use of unresolved module or unlinked crate `waterui`
[INFO] [stdout] 
[INFO] [stdout] 
[INFO] [stdout] error[E0433]: cannot find module or crate `waterui` in this scope
[INFO] [stdout]    --> tests/e2e_semantics.rs:212:3
[INFO] [stdout]     |
[INFO] [stdout] 212 | #[waterui::test(viewport = (320, 240))]
[INFO] [stdout]     |   ^^^^^^^ use of unresolved module or unlinked crate `waterui`
[INFO] [stdout] 
[INFO] [stdout] 
[INFO] [stdout] error[E0433]: cannot find module or crate `waterui` in this scope
[INFO] [stdout]    --> tests/e2e_semantics.rs:220:13
[INFO] [stdout]     |
[INFO] [stdout] 220 |             waterui::text!("value:{value_for_view:.2}").foreground(Srgb::WHITE),
[INFO] [stdout]     |             ^^^^^^^ use of unresolved module or unlinked crate `waterui`
[INFO] [stdout] 
[INFO] [stdout] 
[INFO] [stdout] error[E0433]: cannot find module or crate `waterui` in this scope
[INFO] [stdout]    --> tests/e2e_semantics.rs:249:3
[INFO] [stdout]     |
[INFO] [stdout] 249 | #[waterui::test(viewport = (320, 240))]
[INFO] [stdout]     |   ^^^^^^^ use of unresolved module or unlinked crate `waterui`
[INFO] [stdout] 
[INFO] [stdout] 
[INFO] [stdout] error[E0433]: cannot find module or crate `waterui` in this scope
[INFO] [stdout]    --> tests/e2e_semantics.rs:271:3
[INFO] [stdout]     |
[INFO] [stdout] 271 | #[waterui::test(viewport = (320, 240))]
[INFO] [stdout]     |   ^^^^^^^ use of unresolved module or unlinked crate `waterui`
[INFO] [stdout] 
[INFO] [stdout] 
[INFO] [stdout] error[E0433]: cannot find module or crate `waterui` in this scope
[INFO] [stdout]    --> tests/e2e_semantics.rs:279:13
[INFO] [stdout]     |
[INFO] [stdout] 279 |             waterui::text!("count:{value_for_view}").foreground(Srgb::WHITE),
[INFO] [stdout]     |             ^^^^^^^ use of unresolved module or unlinked crate `waterui`
[INFO] [stdout] 
[INFO] [stdout] 
[INFO] [stdout] error[E0433]: cannot find module or crate `waterui` in this scope
[INFO] [stdout]    --> tests/e2e_semantics.rs:298:3
[INFO] [stdout]     |
[INFO] [stdout] 298 | #[waterui::test(viewport = (320, 240))]
[INFO] [stdout]     |   ^^^^^^^ use of unresolved module or unlinked crate `waterui`
[INFO] [stdout] 
[INFO] [stdout] 
[INFO] [stdout] error[E0433]: cannot find module or crate `waterui` in this scope
[INFO] [stdout]    --> tests/e2e_semantics.rs:312:3
[INFO] [stdout]     |
[INFO] [stdout] 312 | #[waterui::test(viewport = (320, 240))]
[INFO] [stdout]     |   ^^^^^^^ use of unresolved module or unlinked crate `waterui`
[INFO] [stdout] 
[INFO] [stdout] 
[INFO] [stdout] error[E0433]: cannot find module or crate `waterui` in this scope
[INFO] [stdout]    --> tests/e2e_semantics.rs:320:13
[INFO] [stdout]     |
[INFO] [stdout] 320 |             waterui::text!("value:{value_for_view}").foreground(Srgb::WHITE),
[INFO] [stdout]     |             ^^^^^^^ use of unresolved module or unlinked crate `waterui`
[INFO] [stdout] 
[INFO] [stdout] 
[INFO] [stdout] error[E0433]: cannot find module or crate `waterui` in this scope
[INFO] [stdout]    --> tests/e2e_semantics.rs:339:3
[INFO] [stdout]     |
[INFO] [stdout] 339 | #[waterui::test(viewport = (320, 240))]
[INFO] [stdout]     |   ^^^^^^^ use of unresolved module or unlinked crate `waterui`
[INFO] [stdout] 
[INFO] [stdout] 
[INFO] [stdout] error[E0433]: cannot find module or crate `waterui` in this scope
[INFO] [stdout]    --> tests/e2e_semantics.rs:351:3
[INFO] [stdout]     |
[INFO] [stdout] 351 | #[waterui::test(viewport = (320, 240))]
[INFO] [stdout]     |   ^^^^^^^ use of unresolved module or unlinked crate `waterui`
[INFO] [stdout] 
[INFO] [stdout] 
[INFO] [stdout] error[E0433]: cannot find module or crate `waterui` in this scope
[INFO] [stdout]    --> tests/e2e_semantics.rs:393:3
[INFO] [stdout]     |
[INFO] [stdout] 393 | #[waterui::test(viewport = (320, 240))]
[INFO] [stdout]     |   ^^^^^^^ use of unresolved module or unlinked crate `waterui`
[INFO] [stdout] 
[INFO] [stdout] 
[INFO] [stdout] error[E0433]: cannot find module or crate `waterui` in this scope
[INFO] [stdout]    --> tests/e2e_semantics.rs:423:3
[INFO] [stdout]     |
[INFO] [stdout] 423 | #[waterui::test(icon_only_search_button_view, viewport = (320, 240))]
[INFO] [stdout]     |   ^^^^^^^ use of unresolved module or unlinked crate `waterui`
[INFO] [stdout] 
[INFO] [stdout] 
[INFO] [stdout] error[E0433]: cannot find module or crate `waterui` in this scope
[INFO] [stdout]    --> tests/e2e_semantics.rs:441:3
[INFO] [stdout]     |
[INFO] [stdout] 441 | #[waterui::test(actions_menu_view, viewport = (320, 240))]
[INFO] [stdout]     |   ^^^^^^^ use of unresolved module or unlinked crate `waterui`
[INFO] [stdout] 
[INFO] [stdout] 
[INFO] [stdout] error[E0433]: cannot find module or crate `waterui` in this scope
[INFO] [stdout]    --> tests/e2e_semantics.rs:449:3
[INFO] [stdout]     |
[INFO] [stdout] 449 | #[waterui::test(viewport = (320, 240))]
[INFO] [stdout]     |   ^^^^^^^ use of unresolved module or unlinked crate `waterui`
[INFO] [stdout] 
[INFO] [stdout] 
[INFO] [stdout] error[E0433]: cannot find module or crate `waterui` in this scope
[INFO] [stdout]    --> tests/e2e_semantics.rs:474:3
[INFO] [stdout]     |
[INFO] [stdout] 474 | #[waterui::test(viewport = (320, 240))]
[INFO] [stdout]     |   ^^^^^^^ use of unresolved module or unlinked crate `waterui`
[INFO] [stdout] 
[INFO] [stdout] 
[INFO] [stdout] error[E0433]: cannot find module or crate `waterui` in this scope
[INFO] [stdout]    --> tests/e2e_semantics.rs:524:3
[INFO] [stdout]     |
[INFO] [stdout] 524 | #[waterui::test(viewport = (320, 240))]
[INFO] [stdout]     |   ^^^^^^^ use of unresolved module or unlinked crate `waterui`
[INFO] [stdout] 
[INFO] [stdout] 
[INFO] [stdout] error[E0433]: cannot find module or crate `waterui` in this scope
[INFO] [stdout]    --> tests/e2e_semantics.rs:547:3
[INFO] [stdout]     |
[INFO] [stdout] 547 | #[waterui::test(viewport = (320, 240))]
[INFO] [stdout]     |   ^^^^^^^ use of unresolved module or unlinked crate `waterui`
[INFO] [stdout] 
[INFO] [stdout] 
[INFO] [stdout] error[E0433]: cannot find module or crate `waterui_testing` in this scope
[INFO] [stdout]   --> src/lib.rs:10:5
[INFO] [stdout]    |
[INFO] [stdout] 10 |     waterui_testing::install_test_executor();
[INFO] [stdout]    |     ^^^^^^^^^^^^^^^ use of unresolved module or unlinked crate `waterui_testing`
[INFO] [stdout]    |
[INFO] [stdout] help: there is a crate or module with a similar name
[INFO] [stdout]    |
[INFO] [stdout] 10 -     waterui_testing::install_test_executor();
[INFO] [stdout] 10 +     waterui_text::install_test_executor();
[INFO] [stdout]    |
[INFO] [stdout] 
[INFO] [stdout] 
[INFO] [stdout] error[E0405]: cannot find trait `View` in this scope
[INFO] [stdout]  --> tests/support/mod.rs:4:25
[INFO] [stdout]   |
[INFO] [stdout] 4 | pub fn control_shell<V: View>(content: V) -> impl View {
[INFO] [stdout]   |                         ^^^^ not found in this scope
[INFO] [stdout] 
[INFO] [stdout] 
[INFO] [stdout] error[E0405]: cannot find trait `View` in this scope
[INFO] [stdout]  --> tests/support/mod.rs:4:51
[INFO] [stdout]   |
[INFO] [stdout] 4 | pub fn control_shell<V: View>(content: V) -> impl View {
[INFO] [stdout]   |                                                   ^^^^ not found in this scope
[INFO] [stdout] 
[INFO] [stdout] 
[INFO] [stdout] error[E0433]: cannot find module or crate `waterui` in this scope
[INFO] [stdout]   --> tests/e2e_semantics.rs:45:26
[INFO] [stdout]    |
[INFO] [stdout] 45 |                 .action(|waterui::State(count): waterui::State<Binding<i32>>| {
[INFO] [stdout]    |                          ^^^^^^^ use of unresolved module or unlinked crate `waterui`
[INFO] [stdout]    |
[INFO] [stdout]    = help: if you wanted to use a crate named `waterui`, use `cargo add waterui` to add it to your `Cargo.toml`
[INFO] [stdout] 
[INFO] [stdout] 
[INFO] [stdout] error[E0433]: cannot find module or crate `waterui` in this scope
[INFO] [stdout]   --> tests/e2e_semantics.rs:45:49
[INFO] [stdout]    |
[INFO] [stdout] 45 |                 .action(|waterui::State(count): waterui::State<Binding<i32>>| {
[INFO] [stdout]    |                                                 ^^^^^^^ use of unresolved module or unlinked crate `waterui`
[INFO] [stdout]    |
[INFO] [stdout]    = help: if you wanted to use a crate named `waterui`, use `cargo add waterui` to add it to your `Cargo.toml`
[INFO] [stdout] 
[INFO] [stdout] 
[INFO] [stdout] error[E0433]: cannot find module or crate `waterui` in this scope
[INFO] [stdout]    --> tests/e2e_semantics.rs:118:22
[INFO] [stdout]     |
[INFO] [stdout] 118 |                     |waterui::State(first): waterui::State<Binding<i32>>,
[INFO] [stdout]     |                      ^^^^^^^ use of unresolved module or unlinked crate `waterui`
[INFO] [stdout]     |
[INFO] [stdout]     = help: if you wanted to use a crate named `waterui`, use `cargo add waterui` to add it to your `Cargo.toml`
[INFO] [stdout] 
[INFO] [stdout] 
[INFO] [stdout] error[E0433]: cannot find module or crate `waterui` in this scope
[INFO] [stdout]    --> tests/e2e_semantics.rs:119:22
[INFO] [stdout]     |
[INFO] [stdout] 119 |                      waterui::State(second): waterui::State<Binding<i32>>| {
[INFO] [stdout]     |                      ^^^^^^^ use of unresolved module or unlinked crate `waterui`
[INFO] [stdout]     |
[INFO] [stdout]     = help: if you wanted to use a crate named `waterui`, use `cargo add waterui` to add it to your `Cargo.toml`
[INFO] [stdout] 
[INFO] [stdout] 
[INFO] [stdout] error[E0433]: cannot find module or crate `waterui` in this scope
[INFO] [stdout]    --> tests/e2e_semantics.rs:118:45
[INFO] [stdout]     |
[INFO] [stdout] 118 |                     |waterui::State(first): waterui::State<Binding<i32>>,
[INFO] [stdout]     |                                             ^^^^^^^ use of unresolved module or unlinked crate `waterui`
[INFO] [stdout]     |
[INFO] [stdout]     = help: if you wanted to use a crate named `waterui`, use `cargo add waterui` to add it to your `Cargo.toml`
[INFO] [stdout] 
[INFO] [stdout] 
[INFO] [stdout] error[E0433]: cannot find module or crate `waterui` in this scope
[INFO] [stdout]    --> tests/e2e_semantics.rs:119:46
[INFO] [stdout]     |
[INFO] [stdout] 119 |                      waterui::State(second): waterui::State<Binding<i32>>| {
[INFO] [stdout]     |                                              ^^^^^^^ use of unresolved module or unlinked crate `waterui`
[INFO] [stdout]     |
[INFO] [stdout]     = help: if you wanted to use a crate named `waterui`, use `cargo add waterui` to add it to your `Cargo.toml`
[INFO] [stdout] 
[INFO] [stdout] 
[INFO] [stdout] error[E0433]: cannot find module or crate `waterui` in this scope
[INFO] [stdout]    --> tests/e2e_semantics.rs:143:35
[INFO] [stdout]     |
[INFO] [stdout] 143 | fn disabled_button_view() -> impl waterui::View {
[INFO] [stdout]     |                                   ^^^^^^^ use of unresolved module or unlinked crate `waterui`
[INFO] [stdout]     |
[INFO] [stdout]     = help: if you wanted to use a crate named `waterui`, use `cargo add waterui` to add it to your `Cargo.toml`
[INFO] [stdout] 
[INFO] [stdout] 
[INFO] [stdout] error[E0433]: cannot find module or crate `waterui` in this scope
[INFO] [stdout]    --> tests/e2e_semantics.rs:156:33
[INFO] [stdout]     |
[INFO] [stdout] 156 | fn submit_button_view() -> impl waterui::View {
[INFO] [stdout]     |                                 ^^^^^^^ use of unresolved module or unlinked crate `waterui`
[INFO] [stdout]     |
[INFO] [stdout]     = help: if you wanted to use a crate named `waterui`, use `cargo add waterui` to add it to your `Cargo.toml`
[INFO] [stdout] 
[INFO] [stdout] 
[INFO] [stdout] error[E0433]: cannot find module or crate `waterui` in this scope
[INFO] [stdout]    --> tests/e2e_semantics.rs:419:43
[INFO] [stdout]     |
[INFO] [stdout] 419 | fn icon_only_search_button_view() -> impl waterui::View {
[INFO] [stdout]     |                                           ^^^^^^^ use of unresolved module or unlinked crate `waterui`
[INFO] [stdout]     |
[INFO] [stdout]     = help: if you wanted to use a crate named `waterui`, use `cargo add waterui` to add it to your `Cargo.toml`
[INFO] [stdout] 
[INFO] [stdout] 
[INFO] [stdout] error[E0433]: cannot find module or crate `waterui` in this scope
[INFO] [stdout]    --> tests/e2e_semantics.rs:431:32
[INFO] [stdout]     |
[INFO] [stdout] 431 | fn actions_menu_view() -> impl waterui::View {
[INFO] [stdout]     |                                ^^^^^^^ use of unresolved module or unlinked crate `waterui`
[INFO] [stdout]     |
[INFO] [stdout]     = help: if you wanted to use a crate named `waterui`, use `cargo add waterui` to add it to your `Cargo.toml`
[INFO] [stdout] 
[INFO] [stdout] 
[INFO] [stdout] error[E0433]: cannot find module or crate `waterui` in this scope
[INFO] [stdout]    --> tests/e2e_semantics.rs:555:26
[INFO] [stdout]     |
[INFO] [stdout] 555 |                 .action(|waterui::State(count): waterui::State<Binding<i32>>| {
[INFO] [stdout]     |                          ^^^^^^^ use of unresolved module or unlinked crate `waterui`
[INFO] [stdout]     |
[INFO] [stdout]     = help: if you wanted to use a crate named `waterui`, use `cargo add waterui` to add it to your `Cargo.toml`
[INFO] [stdout] 
[INFO] [stdout] 
[INFO] [stdout] error[E0433]: cannot find module or crate `waterui` in this scope
[INFO] [stdout]    --> tests/e2e_semantics.rs:555:49
[INFO] [stdout]     |
[INFO] [stdout] 555 |                 .action(|waterui::State(count): waterui::State<Binding<i32>>| {
[INFO] [stdout]     |                                                 ^^^^^^^ use of unresolved module or unlinked crate `waterui`
[INFO] [stdout]     |
[INFO] [stdout]     = help: if you wanted to use a crate named `waterui`, use `cargo add waterui` to add it to your `Cargo.toml`
[INFO] [stdout] 
[INFO] [stdout] 
[INFO] [stdout] error[E0425]: cannot find function `vstack` in this scope
[INFO] [stdout]  --> tests/support/mod.rs:5:5
[INFO] [stdout]   |
[INFO] [stdout] 5 |     vstack((content,))
[INFO] [stdout]   |     ^^^^^^ not found in this scope
[INFO] [stdout] 
[INFO] [stdout] 
[INFO] [stdout] Some errors have detailed explanations: E0405, E0425, E0432, E0433.
[INFO] [stdout] 
[INFO] [stdout] For more information about an error, try `rustc --explain E0405`.
[INFO] [stdout] 
[INFO] [stderr] error: could not compile `waterui-controls` (test "e2e_semantics") due to 48 previous errors
[INFO] [stderr] warning: build failed, waiting for other jobs to finish...
[INFO] [stdout] For more information about this error, try `rustc --explain E0433`.
[INFO] [stdout] 
[INFO] [stderr] error: could not compile `waterui-controls` (lib test) due to 1 previous error
[INFO] running `Command { std: "docker" "inspect" "958c432d70a1b773dbe3e4a7446e71f3b85f57ff953f5ce24242d2594bd4a1bb", kill_on_drop: false }`
[INFO] running `Command { std: "docker" "rm" "-f" "958c432d70a1b773dbe3e4a7446e71f3b85f57ff953f5ce24242d2594bd4a1bb", kill_on_drop: false }`
[INFO] [stdout] 958c432d70a1b773dbe3e4a7446e71f3b85f57ff953f5ce24242d2594bd4a1bb
