[INFO] fetching crate watchwoman 0.7.1...
[INFO] testing watchwoman-0.7.1 against 1.99.0-beta.8 for beta-1.100-2
[INFO] extracting crate watchwoman 0.7.1 into /workspace/builds/worker-4-tc1/source
[INFO] started tweaking crates.io crate watchwoman 0.7.1
[INFO] removed 0 missing tests
[INFO] finished tweaking crates.io crate watchwoman 0.7.1
[INFO] tweaked toml for crates.io crate watchwoman 0.7.1 written to /workspace/builds/worker-4-tc1/source/Cargo.toml
[INFO] validating manifest of crates.io crate watchwoman 0.7.1 on toolchain 1.99.0-beta.8
[INFO] running `Command { std: CARGO_HOME="/workspace/cargo-home" RUSTUP_HOME="/workspace/rustup-home" "/workspace/cargo-home/bin/cargo" "+1.99.0-beta.8" "metadata" "--manifest-path" "Cargo.toml" "--no-deps", kill_on_drop: false }`
[INFO] crate crates.io crate watchwoman 0.7.1 already has a lockfile, it will not be regenerated
[INFO] running `Command { std: CARGO_HOME="/workspace/cargo-home" RUSTUP_HOME="/workspace/rustup-home" "/workspace/cargo-home/bin/cargo" "+1.99.0-beta.8" "fetch" "--manifest-path" "Cargo.toml", kill_on_drop: false }`
[INFO] [stderr] warning: Cargo.toml: file `/workspace/builds/worker-4-tc1/source/src/main.rs` found to be present in multiple build targets:
[INFO] [stderr]   * `bin` target `watchman`
[INFO] [stderr]   * `bin` target `watchwoman`
[INFO] [stderr] warning: `watchwoman` (manifest) generated 1 warning
[INFO] [stderr]     Updating crates.io index
[INFO] [stderr]  Downloading crates ...
[INFO] [stderr]   Downloaded tikv-jemallocator v0.6.1
[INFO] [stderr]   Downloaded kqueue v1.2.0
[INFO] [stderr]   Downloaded watchwoman-protocol v0.7.1
[INFO] [stderr]   Downloaded libredox v0.1.19
[INFO] [stderr]   Downloaded inotify v0.11.4
[INFO] [stderr]   Downloaded clap v4.6.5
[INFO] [stderr]   Downloaded clap_complete v4.6.8
[INFO] [stderr]   Downloaded ignore v0.4.32
[INFO] [stderr]   Downloaded allocator-api2 v0.4.0
[INFO] [stderr]   Downloaded clap_builder v4.6.5
[INFO] [stderr]   Downloaded regex-automata v0.4.17
[INFO] [stderr]   Downloaded tikv-jemalloc-sys v0.6.1+5.3.0-1-ge13ca993e8ccb9ba9847cc330696e02839f328f7
[INFO] running `Command { std: "docker" "create" "-v" "/var/lib/crater-agent-workspace/builds/worker-4-tc1/source:/opt/rustwide/workdir:ro,Z" "-v" "/var/lib/crater-agent-workspace/builds/worker-4-tc1/target:/opt/rustwide/target:rw,Z" "-v" "/var/lib/crater-agent-workspace/cargo-home:/opt/rustwide/cargo-home:ro,Z" "-v" "/var/lib/crater-agent-workspace/rustup-home:/opt/rustwide/rustup-home:ro,Z" "-m" "1610612736" "--network" "none" "ghcr.io/rust-lang/crates-build-env/linux@sha256:3111399a4047eeb3a02b7a90e478d715f38a8c6669b5c4b49d30a17385265909" "sleep" "infinity", kill_on_drop: false }`
[INFO] [stdout] 45947a95ecb16c6e22c5ee94076b334483083f3202cbb0350cbf8ae91f4a0fd2
[INFO] running `Command { std: "docker" "start" "45947a95ecb16c6e22c5ee94076b334483083f3202cbb0350cbf8ae91f4a0fd2", kill_on_drop: false }`
[INFO] running `Command { std: "docker" "inspect" "45947a95ecb16c6e22c5ee94076b334483083f3202cbb0350cbf8ae91f4a0fd2", kill_on_drop: false }`
[INFO] running `Command { std: "docker" "exec" "-e" "SOURCE_DIR=/opt/rustwide/workdir" "-e" "CARGO_HOME=/opt/rustwide/cargo-home" "-e" "RUSTUP_HOME=/opt/rustwide/rustup-home" "-e" "CARGO_TARGET_DIR=/opt/rustwide/target" "-w" "/opt/rustwide/workdir" "--user" "0:0" "45947a95ecb16c6e22c5ee94076b334483083f3202cbb0350cbf8ae91f4a0fd2" "/opt/rustwide/cargo-home/bin/cargo" "+1.99.0-beta.8" "metadata" "--no-deps" "--format-version=1", kill_on_drop: false }`
[INFO] running `Command { std: "docker" "inspect" "45947a95ecb16c6e22c5ee94076b334483083f3202cbb0350cbf8ae91f4a0fd2", kill_on_drop: false }`
[INFO] running `Command { std: "docker" "exec" "-e" "SOURCE_DIR=/opt/rustwide/workdir" "-e" "CARGO_HOME=/opt/rustwide/cargo-home" "-e" "RUSTUP_HOME=/opt/rustwide/rustup-home" "-e" "CARGO_TARGET_DIR=/opt/rustwide/target" "-e" "CARGO_INCREMENTAL=0" "-e" "RUST_BACKTRACE=full" "-e" "RUSTFLAGS=--cap-lints=warn" "-e" "RUSTDOCFLAGS=--cap-lints=warn" "-w" "/opt/rustwide/workdir" "--user" "0:0" "45947a95ecb16c6e22c5ee94076b334483083f3202cbb0350cbf8ae91f4a0fd2" "/opt/rustwide/cargo-home/bin/cargo" "+1.99.0-beta.8" "build" "--frozen" "--message-format=json", kill_on_drop: false }`
[INFO] [stderr] warning: Cargo.toml: file `/opt/rustwide/workdir/src/main.rs` found to be present in multiple build targets:
[INFO] [stderr]   * `bin` target `watchman`
[INFO] [stderr]   * `bin` target `watchwoman`
[INFO] [stderr] warning: `watchwoman` (manifest) generated 1 warning
[INFO] [stderr]    Compiling libc v0.2.189
[INFO] [stderr]    Compiling syn v3.0.3
[INFO] [stderr]    Compiling bitflags v2.13.1
[INFO] [stderr]    Compiling log v0.4.33
[INFO] [stderr]    Compiling aho-corasick v1.1.5
[INFO] [stderr]    Compiling rustix v1.1.4
[INFO] [stderr]    Compiling crossbeam-utils v0.8.22
[INFO] [stderr]    Compiling futures-sink v0.3.33
[INFO] [stderr]    Compiling futures-core v0.3.33
[INFO] [stderr]    Compiling hybrid-array v0.4.14
[INFO] [stderr]    Compiling cc v1.4.0
[INFO] [stderr]    Compiling inotify-sys v0.1.8
[INFO] [stderr]    Compiling smallvec v1.15.2
[INFO] [stderr]    Compiling crossbeam-epoch v0.9.20
[INFO] [stderr]    Compiling hashbrown v0.17.1
[INFO] [stderr]    Compiling futures-channel v0.3.33
[INFO] [stderr]    Compiling futures-macro v0.3.33
[INFO] [stderr]    Compiling futures-io v0.3.33
[INFO] [stderr]    Compiling thiserror v2.0.19
[INFO] [stderr]    Compiling regex-automata v0.4.17
[INFO] [stderr]    Compiling tikv-jemalloc-sys v0.6.1+5.3.0-1-ge13ca993e8ccb9ba9847cc330696e02839f328f7
[INFO] [stderr]    Compiling terminal_size v0.4.4
[INFO] [stderr]    Compiling crossbeam-deque v0.8.7
[INFO] [stderr]    Compiling clap_lex v1.1.0
[INFO] [stderr]    Compiling serde_json v1.0.151
[INFO] [stderr]    Compiling futures-task v0.3.33
[INFO] [stderr]    Compiling nix v0.31.3
[INFO] [stderr]    Compiling clap_builder v4.6.5
[INFO] [stderr]    Compiling futures-util v0.3.33
[INFO] [stderr]    Compiling indexmap v2.14.0
[INFO] [stderr]    Compiling mio v1.2.2
[INFO] [stderr]    Compiling parking_lot_core v0.9.12
[INFO] [stderr]    Compiling socket2 v0.6.5
[INFO] [stderr]    Compiling block-buffer v0.12.1
[INFO] [stderr]    Compiling crypto-common v0.2.2
[INFO] [stderr]    Compiling tracing-attributes v0.1.31
[INFO] [stderr]    Compiling bstr v1.13.0
[INFO] [stderr]    Compiling thiserror-impl v2.0.19
[INFO] [stderr]    Compiling clap_derive v4.6.4
[INFO] [stderr]    Compiling tokio-macros v2.7.2
[INFO] [stderr]    Compiling serde_derive v1.0.229
[INFO] [stderr]    Compiling matchers v0.2.0
[INFO] [stderr]    Compiling futures-executor v0.3.33
[INFO] [stderr]    Compiling globset v0.4.19
[INFO] [stderr]    Compiling tokio v1.53.1
[INFO] [stderr]    Compiling tracing v0.1.44
[INFO] [stderr]    Compiling digest v0.11.3
[INFO] [stderr]    Compiling dirs-sys v0.5.0
[INFO] [stderr]    Compiling clap v4.6.5
[INFO] [stderr]    Compiling inotify v0.11.4
[INFO] [stderr]    Compiling tracing-log v0.2.0
[INFO] [stderr]    Compiling notify-types v2.1.0
[INFO] [stderr]    Compiling thread_local v1.1.10
[INFO] [stderr]    Compiling hashbrown v0.14.5
[INFO] [stderr]    Compiling sha1 v0.11.0
[INFO] [stderr]    Compiling tracing-subscriber v0.3.23
[INFO] [stderr]    Compiling notify v8.2.0
[INFO] [stderr]    Compiling ignore v0.4.32
[INFO] [stderr]    Compiling dashmap v6.2.1
[INFO] [stderr]    Compiling clap_complete v4.6.8
[INFO] [stderr]    Compiling serde v1.0.229
[INFO] [stderr]    Compiling directories v6.0.0
[INFO] [stderr]    Compiling futures v0.3.33
[INFO] [stderr]    Compiling regex v1.13.1
[INFO] [stderr]    Compiling watchwoman-protocol v0.7.1
[INFO] [stderr]    Compiling parking_lot v0.12.5
[INFO] [stderr]    Compiling bumpalo v3.20.3
[INFO] [stderr]    Compiling allocator-api2 v0.4.0
[INFO] [stderr]    Compiling tokio-util v0.7.19
[INFO] [stderr]    Compiling tikv-jemallocator v0.6.1
[INFO] [stderr]    Compiling watchwoman v0.7.1 (/opt/rustwide/workdir)
[INFO] [stderr]     Finished `dev` profile [unoptimized + debuginfo] target(s) in 3m 48s
[INFO] running `Command { std: "docker" "inspect" "45947a95ecb16c6e22c5ee94076b334483083f3202cbb0350cbf8ae91f4a0fd2", kill_on_drop: false }`
[INFO] running `Command { std: "docker" "exec" "-e" "SOURCE_DIR=/opt/rustwide/workdir" "-e" "CARGO_HOME=/opt/rustwide/cargo-home" "-e" "RUSTUP_HOME=/opt/rustwide/rustup-home" "-e" "CARGO_TARGET_DIR=/opt/rustwide/target" "-e" "CARGO_INCREMENTAL=0" "-e" "RUST_BACKTRACE=full" "-e" "RUSTFLAGS=--cap-lints=warn" "-e" "RUSTDOCFLAGS=--cap-lints=warn" "-w" "/opt/rustwide/workdir" "--user" "0:0" "45947a95ecb16c6e22c5ee94076b334483083f3202cbb0350cbf8ae91f4a0fd2" "/opt/rustwide/cargo-home/bin/cargo" "+1.99.0-beta.8" "test" "--frozen" "--no-run" "--message-format=json", kill_on_drop: false }`
[INFO] [stderr] warning: Cargo.toml: file `/opt/rustwide/workdir/src/main.rs` found to be present in multiple build targets:
[INFO] [stderr]   * `bin` target `watchman`
[INFO] [stderr]   * `bin` target `watchwoman`
[INFO] [stderr] warning: `watchwoman` (manifest) generated 1 warning
[INFO] [stderr]    Compiling watchwoman v0.7.1 (/opt/rustwide/workdir)
[INFO] [stdout] error[E0432]: unresolved import `watchwoman_tests`
[INFO] [stdout]  --> tests/watch_project.rs:2:5
[INFO] [stdout]   |
[INFO] [stdout] 2 | use watchwoman_tests::{Harness, Scratch};
[INFO] [stdout]   |     ^^^^^^^^^^^^^^^^ use of unresolved module or unlinked crate `watchwoman_tests`
[INFO] [stdout]   |
[INFO] [stdout]   = help: if you wanted to use a crate named `watchwoman_tests`, use `cargo add watchwoman_tests` to add it to your `Cargo.toml`
[INFO] [stdout] 
[INFO] [stdout] 
[INFO] [stdout] error[E0432]: unresolved import `watchwoman_tests`
[INFO] [stdout]  --> tests/trigger.rs:5:5
[INFO] [stdout]   |
[INFO] [stdout] 5 | use watchwoman_tests::{Harness, Scratch};
[INFO] [stdout]   |     ^^^^^^^^^^^^^^^^ use of unresolved module or unlinked crate `watchwoman_tests`
[INFO] [stdout]   |
[INFO] [stdout]   = help: if you wanted to use a crate named `watchwoman_tests`, use `cargo add watchwoman_tests` to add it to your `Cargo.toml`
[INFO] [stdout] 
[INFO] [stdout] 
[INFO] [stdout] error[E0432]: unresolved import `watchwoman_tests`
[INFO] [stdout]  --> tests/subscribe.rs:5:5
[INFO] [stdout]   |
[INFO] [stdout] 5 | use watchwoman_tests::{Harness, Scratch};
[INFO] [stdout]   |     ^^^^^^^^^^^^^^^^ use of unresolved module or unlinked crate `watchwoman_tests`
[INFO] [stdout]   |
[INFO] [stdout]   = help: if you wanted to use a crate named `watchwoman_tests`, use `cargo add watchwoman_tests` to add it to your `Cargo.toml`
[INFO] [stdout] 
[INFO] [stdout] 
[INFO] [stdout] For more information about this error, try `rustc --explain E0432`.
[INFO] [stdout] 
[INFO] [stderr] error: could not compile `watchwoman` (test "watch_project") due to 1 previous error
[INFO] [stdout] For more information about this error, try `rustc --explain E0432`.
[INFO] [stdout] 
[INFO] [stderr] warning: build failed, waiting for other jobs to finish...
[INFO] [stderr] error: could not compile `watchwoman` (test "trigger") due to 1 previous error
[INFO] [stderr] error: could not compile `watchwoman` (test "subscribe") due to 1 previous error
[INFO] [stdout] For more information about this error, try `rustc --explain E0432`.
[INFO] [stdout] 
[INFO] running `Command { std: "docker" "inspect" "45947a95ecb16c6e22c5ee94076b334483083f3202cbb0350cbf8ae91f4a0fd2", kill_on_drop: false }`
[INFO] running `Command { std: "docker" "rm" "-f" "45947a95ecb16c6e22c5ee94076b334483083f3202cbb0350cbf8ae91f4a0fd2", kill_on_drop: false }`
[INFO] [stdout] 45947a95ecb16c6e22c5ee94076b334483083f3202cbb0350cbf8ae91f4a0fd2
