[INFO] fetching crate wasmtime-internal-component-macro 48.0.5...
[INFO] testing wasmtime-internal-component-macro-48.0.5 against 1.99.0-beta.8 for beta-1.100-2
[INFO] extracting crate wasmtime-internal-component-macro 48.0.5 into /workspace/builds/worker-4-tc1/source
[INFO] started tweaking crates.io crate wasmtime-internal-component-macro 48.0.5
[INFO] removed 0 missing tests
[INFO] finished tweaking crates.io crate wasmtime-internal-component-macro 48.0.5
[INFO] tweaked toml for crates.io crate wasmtime-internal-component-macro 48.0.5 written to /workspace/builds/worker-4-tc1/source/Cargo.toml
[INFO] validating manifest of crates.io crate wasmtime-internal-component-macro 48.0.5 on toolchain 1.99.0-beta.8
[INFO] running `Command { std: CARGO_HOME="/workspace/cargo-home" RUSTUP_HOME="/workspace/rustup-home" "/workspace/cargo-home/bin/cargo" "+1.99.0-beta.8" "metadata" "--manifest-path" "Cargo.toml" "--no-deps", kill_on_drop: false }`
[INFO] crate crates.io crate wasmtime-internal-component-macro 48.0.5 already has a lockfile, it will not be regenerated
[INFO] running `Command { std: CARGO_HOME="/workspace/cargo-home" RUSTUP_HOME="/workspace/rustup-home" "/workspace/cargo-home/bin/cargo" "+1.99.0-beta.8" "fetch" "--manifest-path" "Cargo.toml", kill_on_drop: false }`
[INFO] [stderr]  Downloading crates ...
[INFO] [stderr]   Downloaded wasmtime-internal-wit-bindgen v48.0.5
[INFO] [stderr]   Downloaded wasmtime-internal-component-util v48.0.5
[INFO] [stderr]   Downloaded wasm-metadata v0.254.2
[INFO] [stderr]   Downloaded ryu v1.0.9
[INFO] [stderr]   Downloaded similar v3.1.1
[INFO] [stderr]   Downloaded prettyplease v0.2.31
[INFO] [stderr]   Downloaded wasm-encoder v0.254.2
[INFO] [stderr]   Downloaded wit-parser v0.254.2
[INFO] [stderr]   Downloaded wasmparser v0.254.2
[INFO] [stderr]   Downloaded wit-component v0.254.2
[INFO] [stderr]   Downloaded bstr v1.6.0
[INFO] running `Command { std: "docker" "create" "-v" "/var/lib/crater-agent-workspace/builds/worker-4-tc1/source:/opt/rustwide/workdir:ro,Z" "-v" "/var/lib/crater-agent-workspace/builds/worker-4-tc1/target:/opt/rustwide/target:rw,Z" "-v" "/var/lib/crater-agent-workspace/cargo-home:/opt/rustwide/cargo-home:ro,Z" "-v" "/var/lib/crater-agent-workspace/rustup-home:/opt/rustwide/rustup-home:ro,Z" "-m" "1610612736" "--network" "none" "ghcr.io/rust-lang/crates-build-env/linux@sha256:3111399a4047eeb3a02b7a90e478d715f38a8c6669b5c4b49d30a17385265909" "sleep" "infinity", kill_on_drop: false }`
[INFO] [stdout] 5b943dc402927a943612b99cd162c61496f280277e15c91b5c628d4e872863ab
[INFO] running `Command { std: "docker" "start" "5b943dc402927a943612b99cd162c61496f280277e15c91b5c628d4e872863ab", kill_on_drop: false }`
[INFO] running `Command { std: "docker" "inspect" "5b943dc402927a943612b99cd162c61496f280277e15c91b5c628d4e872863ab", kill_on_drop: false }`
[INFO] running `Command { std: "docker" "exec" "-e" "SOURCE_DIR=/opt/rustwide/workdir" "-e" "CARGO_HOME=/opt/rustwide/cargo-home" "-e" "RUSTUP_HOME=/opt/rustwide/rustup-home" "-e" "CARGO_TARGET_DIR=/opt/rustwide/target" "-w" "/opt/rustwide/workdir" "--user" "0:0" "5b943dc402927a943612b99cd162c61496f280277e15c91b5c628d4e872863ab" "/opt/rustwide/cargo-home/bin/cargo" "+1.99.0-beta.8" "metadata" "--no-deps" "--format-version=1", kill_on_drop: false }`
[INFO] running `Command { std: "docker" "inspect" "5b943dc402927a943612b99cd162c61496f280277e15c91b5c628d4e872863ab", kill_on_drop: false }`
[INFO] running `Command { std: "docker" "exec" "-e" "SOURCE_DIR=/opt/rustwide/workdir" "-e" "CARGO_HOME=/opt/rustwide/cargo-home" "-e" "RUSTUP_HOME=/opt/rustwide/rustup-home" "-e" "CARGO_TARGET_DIR=/opt/rustwide/target" "-e" "CARGO_INCREMENTAL=0" "-e" "RUST_BACKTRACE=full" "-e" "RUSTFLAGS=--cap-lints=warn" "-e" "RUSTDOCFLAGS=--cap-lints=warn" "-w" "/opt/rustwide/workdir" "--user" "0:0" "5b943dc402927a943612b99cd162c61496f280277e15c91b5c628d4e872863ab" "/opt/rustwide/cargo-home/bin/cargo" "+1.99.0-beta.8" "build" "--frozen" "--message-format=json", kill_on_drop: false }`
[INFO] [stderr]    Compiling serde_core v1.0.228
[INFO] [stderr]    Compiling foldhash v0.2.0
[INFO] [stderr]    Compiling quote v1.0.41
[INFO] [stderr]    Compiling equivalent v1.0.1
[INFO] [stderr]    Compiling bitflags v2.11.1
[INFO] [stderr]    Compiling anyhow v1.0.103
[INFO] [stderr]    Compiling serde v1.0.228
[INFO] [stderr]    Compiling semver v1.0.27
[INFO] [stderr]    Compiling serde_json v1.0.140
[INFO] [stderr]    Compiling itoa v1.0.14
[INFO] [stderr]    Compiling leb128fmt v0.1.0
[INFO] [stderr]    Compiling memchr v2.7.6
[INFO] [stderr]    Compiling ryu v1.0.9
[INFO] [stderr]    Compiling id-arena v2.3.0
[INFO] [stderr]    Compiling log v0.4.28
[INFO] [stderr]    Compiling proc-macro2 v1.0.101
[INFO] [stderr]    Compiling wasmtime-internal-component-macro v48.0.5 (/opt/rustwide/workdir)
[INFO] [stderr]    Compiling wasmtime-internal-component-util v48.0.5
[INFO] [stderr]    Compiling hashbrown v0.17.0
[INFO] [stderr]    Compiling syn v2.0.106
[INFO] [stderr]    Compiling indexmap v2.14.0
[INFO] [stderr]    Compiling wasmparser v0.254.2
[INFO] [stderr]    Compiling serde_derive v1.0.228
[INFO] [stderr]    Compiling wasm-encoder v0.254.2
[INFO] [stderr]    Compiling wit-parser v0.254.2
[INFO] [stderr]    Compiling wasm-metadata v0.254.2
[INFO] [stderr]    Compiling wit-component v0.254.2
[INFO] [stderr]    Compiling wasmtime-internal-wit-bindgen v48.0.5
[INFO] [stderr]     Finished `dev` profile [unoptimized + debuginfo] target(s) in 23.38s
[INFO] running `Command { std: "docker" "inspect" "5b943dc402927a943612b99cd162c61496f280277e15c91b5c628d4e872863ab", kill_on_drop: false }`
[INFO] running `Command { std: "docker" "exec" "-e" "SOURCE_DIR=/opt/rustwide/workdir" "-e" "CARGO_HOME=/opt/rustwide/cargo-home" "-e" "RUSTUP_HOME=/opt/rustwide/rustup-home" "-e" "CARGO_TARGET_DIR=/opt/rustwide/target" "-e" "CARGO_INCREMENTAL=0" "-e" "RUST_BACKTRACE=full" "-e" "RUSTFLAGS=--cap-lints=warn" "-e" "RUSTDOCFLAGS=--cap-lints=warn" "-w" "/opt/rustwide/workdir" "--user" "0:0" "5b943dc402927a943612b99cd162c61496f280277e15c91b5c628d4e872863ab" "/opt/rustwide/cargo-home/bin/cargo" "+1.99.0-beta.8" "test" "--frozen" "--no-run" "--message-format=json", kill_on_drop: false }`
[INFO] [stderr]    Compiling serde v1.0.228
[INFO] [stderr]    Compiling semver v1.0.27
[INFO] [stderr]    Compiling ryu v1.0.9
[INFO] [stderr]    Compiling memchr v2.7.6
[INFO] [stderr]    Compiling leb128fmt v0.1.0
[INFO] [stderr]    Compiling log v0.4.28
[INFO] [stderr]    Compiling proc-macro2 v1.0.101
[INFO] [stderr]    Compiling quote v1.0.41
[INFO] [stderr]    Compiling hashbrown v0.17.0
[INFO] [stderr]    Compiling anyhow v1.0.103
[INFO] [stderr]    Compiling serde_json v1.0.140
[INFO] [stderr]    Compiling id-arena v2.3.0
[INFO] [stderr]    Compiling prettyplease v0.2.31
[INFO] [stderr]    Compiling heck v0.5.0
[INFO] [stderr]    Compiling wasmtime-internal-component-util v48.0.5
[INFO] [stderr]    Compiling tracing-core v0.1.34
[INFO] [stderr]    Compiling similar v3.1.1
[INFO] [stderr]    Compiling tracing v0.1.41
[INFO] [stderr]    Compiling indexmap v2.14.0
[INFO] [stderr]    Compiling syn v2.0.106
[INFO] [stderr]    Compiling wasmparser v0.254.2
[INFO] [stderr]    Compiling serde_derive v1.0.228
[INFO] [stderr]    Compiling wasm-encoder v0.254.2
[INFO] [stderr]    Compiling wit-parser v0.254.2
[INFO] [stderr]    Compiling wasm-metadata v0.254.2
[INFO] [stderr]    Compiling wit-component v0.254.2
[INFO] [stderr]    Compiling wasmtime-internal-wit-bindgen v48.0.5
[INFO] [stderr]    Compiling wasmtime-internal-component-macro v48.0.5 (/opt/rustwide/workdir)
[INFO] [stdout] error[E0433]: cannot find module or crate `wasmtime` in this scope
[INFO] [stdout]  --> tests/expanded.rs:3:5
[INFO] [stdout]   |
[INFO] [stdout] 3 | use wasmtime::{Result, bail, error::Context};
[INFO] [stdout]   |     ^^^^^^^^ use of unresolved module or unlinked crate `wasmtime`
[INFO] [stdout]   |
[INFO] [stdout]   = help: if you wanted to use a crate named `wasmtime`, use `cargo add wasmtime` to add it to your `Cargo.toml`
[INFO] [stdout] 
[INFO] [stdout] 
[INFO] [stdout] error[E0432]: unresolved import `wasmtime`
[INFO] [stdout]  --> tests/expanded.rs:3:5
[INFO] [stdout]   |
[INFO] [stdout] 3 | use wasmtime::{Result, bail, error::Context};
[INFO] [stdout]   |     ^^^^^^^^ use of unresolved module or unlinked crate `wasmtime`
[INFO] [stdout]   |
[INFO] [stdout]   = help: if you wanted to use a crate named `wasmtime`, use `cargo add wasmtime` to add it to your `Cargo.toml`
[INFO] [stdout] 
[INFO] [stdout] 
[INFO] [stdout] error[E0433]: cannot find module or crate `component_macro_test_helpers` in this scope
[INFO] [stdout]   --> tests/expanded.rs:81:5
[INFO] [stdout]    |
[INFO] [stdout] 81 |     component_macro_test_helpers::foreach!(genexpand);
[INFO] [stdout]    |     ^^^^^^^^^^^^^^^^^^^^^^^^^^^^ use of unresolved module or unlinked crate `component_macro_test_helpers`
[INFO] [stdout] 
[INFO] [stdout] 
[INFO] [stdout] warning: unused macro definition: `genexpand`
[INFO] [stdout]  --> tests/expanded.rs:5:14
[INFO] [stdout]   |
[INFO] [stdout] 5 | macro_rules! genexpand {
[INFO] [stdout]   |              ^^^^^^^^^
[INFO] [stdout]   |
[INFO] [stdout]   = note: `#[warn(unused_macros)]` (part of `#[warn(unused)]`) on by default
[INFO] [stdout] 
[INFO] [stdout] 
[INFO] [stdout] error[E0433]: cannot find module or crate `component_macro_test_helpers` in this scope
[INFO] [stdout]   --> tests/codegen_no_std.rs:16:1
[INFO] [stdout]    |
[INFO] [stdout] 16 | component_macro_test_helpers::foreach!(gentest);
[INFO] [stdout]    | ^^^^^^^^^^^^^^^^^^^^^^^^^^^^ use of unresolved module or unlinked crate `component_macro_test_helpers`
[INFO] [stdout] 
[INFO] [stdout] 
[INFO] [stdout] warning: unused macro definition: `gentest`
[INFO] [stdout]  --> tests/codegen_no_std.rs:8:14
[INFO] [stdout]   |
[INFO] [stdout] 8 | macro_rules! gentest {
[INFO] [stdout]   |              ^^^^^^^
[INFO] [stdout]   |
[INFO] [stdout]   = note: `#[warn(unused_macros)]` (part of `#[warn(unused)]`) on by default
[INFO] [stdout] 
[INFO] [stdout] 
[INFO] [stdout] For more information about this error, try `rustc --explain E0433`.
[INFO] [stdout] 
[INFO] [stdout] error[E0433]: cannot find module or crate `wasmtime` in this scope
[INFO] [stdout]   --> tests/codegen.rs:54:9
[INFO] [stdout]    |
[INFO] [stdout] 54 |     use wasmtime::component::Resource;
[INFO] [stdout]    |         ^^^^^^^^ use of unresolved module or unlinked crate `wasmtime`
[INFO] [stdout]    |
[INFO] [stdout]    = help: if you wanted to use a crate named `wasmtime`, use `cargo add wasmtime` to add it to your `Cargo.toml`
[INFO] [stdout] 
[INFO] [stdout] 
[INFO] [stdout] error[E0433]: cannot find module or crate `wasmtime` in this scope
[INFO] [stdout]    --> tests/codegen.rs:428:13
[INFO] [stdout]     |
[INFO] [stdout] 428 |         use wasmtime::component::Resource;
[INFO] [stdout]     |             ^^^^^^^^ use of unresolved module or unlinked crate `wasmtime`
[INFO] [stdout]     |
[INFO] [stdout]     = help: if you wanted to use a crate named `wasmtime`, use `cargo add wasmtime` to add it to your `Cargo.toml`
[INFO] [stdout] 
[INFO] [stdout] 
[INFO] [stdout] error[E0433]: cannot find module or crate `wasmtime` in this scope
[INFO] [stdout]    --> tests/codegen.rs:501:13
[INFO] [stdout]     |
[INFO] [stdout] 501 |         use wasmtime::component::Resource;
[INFO] [stdout]     |             ^^^^^^^^ use of unresolved module or unlinked crate `wasmtime`
[INFO] [stdout]     |
[INFO] [stdout]     = help: if you wanted to use a crate named `wasmtime`, use `cargo add wasmtime` to add it to your `Cargo.toml`
[INFO] [stdout] 
[INFO] [stdout] 
[INFO] [stdout] error[E0433]: cannot find module or crate `my` in this scope
[INFO] [stdout]    --> tests/codegen.rs:582:9
[INFO] [stdout]     |
[INFO] [stdout] 582 |     use my::inline::blah::{Abc, Foo, Host};
[INFO] [stdout]     |         ^^ use of unresolved module or unlinked crate `my`
[INFO] [stdout]     |
[INFO] [stdout]     = help: if you wanted to use a crate named `my`, use `cargo add my` to add it to your `Cargo.toml`
[INFO] [stdout] 
[INFO] [stdout] 
[INFO] [stdout] error[E0433]: cannot find module or crate `test` in this scope
[INFO] [stdout]    --> tests/codegen.rs:762:13
[INFO] [stdout]     |
[INFO] [stdout] 762 |         use test::async_import::blah::Host;
[INFO] [stdout]     |             ^^^^ use of unresolved module or unlinked crate `test`
[INFO] [stdout]     |
[INFO] [stdout]     = help: if you wanted to use a crate named `test`, use `cargo add test` to add it to your `Cargo.toml`
[INFO] [stdout] 
[INFO] [stdout] 
[INFO] [stdout] error[E0433]: cannot find module or crate `wasmtime` in this scope
[INFO] [stdout]    --> tests/codegen.rs:918:13
[INFO] [stdout]     |
[INFO] [stdout] 918 |         use wasmtime::component::Resource;
[INFO] [stdout]     |             ^^^^^^^^ use of unresolved module or unlinked crate `wasmtime`
[INFO] [stdout]     |
[INFO] [stdout]     = help: if you wanted to use a crate named `wasmtime`, use `cargo add wasmtime` to add it to your `Cargo.toml`
[INFO] [stdout] 
[INFO] [stdout] 
[INFO] [stdout] error[E0432]: unresolved import `wasmtime`
[INFO] [stdout]   --> tests/codegen.rs:53:9
[INFO] [stdout]    |
[INFO] [stdout] 53 |     use wasmtime::Result;
[INFO] [stdout]    |         ^^^^^^^^ use of unresolved module or unlinked crate `wasmtime`
[INFO] [stdout]    |
[INFO] [stdout]    = help: if you wanted to use a crate named `wasmtime`, use `cargo add wasmtime` to add it to your `Cargo.toml`
[INFO] [stdout] 
[INFO] [stdout] 
[INFO] [stdout] error[E0433]: cannot find module or crate `component_macro_test_helpers` in this scope
[INFO] [stdout]   --> tests/codegen.rs:50:1
[INFO] [stdout]    |
[INFO] [stdout] 50 | component_macro_test_helpers::foreach!(gentest);
[INFO] [stdout]    | ^^^^^^^^^^^^^^^^^^^^^^^^^^^^ use of unresolved module or unlinked crate `component_macro_test_helpers`
[INFO] [stdout] 
[INFO] [stdout] 
[INFO] [stdout] error[E0433]: cannot find module or crate `wasmtime` in this scope
[INFO] [stdout]   --> tests/codegen.rs:56:5
[INFO] [stdout]    |
[INFO] [stdout] 56 |     wasmtime::component::bindgen!({
[INFO] [stdout]    |     ^^^^^^^^ use of unresolved module or unlinked crate `wasmtime`
[INFO] [stdout] 
[INFO] [stdout] 
[INFO] [stdout] error[E0433]: cannot find module or crate `wasmtime` in this scope
[INFO] [stdout]    --> tests/codegen.rs:135:5
[INFO] [stdout]     |
[INFO] [stdout] 135 |     wasmtime::component::bindgen!({
[INFO] [stdout]     |     ^^^^^^^^ use of unresolved module or unlinked crate `wasmtime`
[INFO] [stdout] 
[INFO] [stdout] 
[INFO] [stdout] error[E0433]: cannot find module or crate `wasmtime` in this scope
[INFO] [stdout]    --> tests/codegen.rs:162:5
[INFO] [stdout]     |
[INFO] [stdout] 162 |     wasmtime::component::bindgen!({
[INFO] [stdout]     |     ^^^^^^^^ use of unresolved module or unlinked crate `wasmtime`
[INFO] [stdout] 
[INFO] [stdout] 
[INFO] [stdout] error[E0433]: cannot find module or crate `wasmtime` in this scope
[INFO] [stdout]    --> tests/codegen.rs:203:5
[INFO] [stdout]     |
[INFO] [stdout] 203 |     wasmtime::component::bindgen!({
[INFO] [stdout]     |     ^^^^^^^^ use of unresolved module or unlinked crate `wasmtime`
[INFO] [stdout] 
[INFO] [stdout] 
[INFO] [stdout] error[E0433]: cannot find module or crate `wasmtime` in this scope
[INFO] [stdout]    --> tests/codegen.rs:218:9
[INFO] [stdout]     |
[INFO] [stdout] 218 |         wasmtime::component::bindgen!({
[INFO] [stdout]     |         ^^^^^^^^ use of unresolved module or unlinked crate `wasmtime`
[INFO] [stdout] 
[INFO] [stdout] 
[INFO] [stderr] error: could not compile `wasmtime-internal-component-macro` (test "codegen_no_std") due to 1 previous error; 1 warning emitted
[INFO] [stdout] error[E0433]: cannot find module or crate `wasmtime` in this scope
[INFO] [stdout]    --> tests/codegen.rs:247:9
[INFO] [stdout]     |
[INFO] [stdout] 247 |         wasmtime::component::bindgen!({
[INFO] [stdout]     |         ^^^^^^^^ use of unresolved module or unlinked crate `wasmtime`
[INFO] [stdout] 
[INFO] [stdout] 
[INFO] [stdout] error[E0433]: cannot find module or crate `wasmtime` in this scope
[INFO] [stdout]    --> tests/codegen.rs:287:9
[INFO] [stdout]     |
[INFO] [stdout] 287 |         wasmtime::component::bindgen!({
[INFO] [stdout]     |         ^^^^^^^^ use of unresolved module or unlinked crate `wasmtime`
[INFO] [stdout] 
[INFO] [stdout] 
[INFO] [stdout] error[E0433]: cannot find module or crate `wasmtime` in this scope
[INFO] [stdout]    --> tests/codegen.rs:327:9
[INFO] [stdout]     |
[INFO] [stdout] 327 |         wasmtime::component::bindgen!({
[INFO] [stdout]     |         ^^^^^^^^ use of unresolved module or unlinked crate `wasmtime`
[INFO] [stdout] 
[INFO] [stdout] 
[INFO] [stdout] error[E0433]: cannot find module or crate `wasmtime` in this scope
[INFO] [stdout]    --> tests/codegen.rs:369:9
[INFO] [stdout]     |
[INFO] [stdout] 369 |         wasmtime::component::bindgen!({
[INFO] [stdout]     |         ^^^^^^^^ use of unresolved module or unlinked crate `wasmtime`
[INFO] [stdout] 
[INFO] [stdout] 
[INFO] [stdout] error[E0433]: cannot find module or crate `wasmtime` in this scope
[INFO] [stdout]    --> tests/codegen.rs:386:9
[INFO] [stdout]     |
[INFO] [stdout] 386 |         wasmtime::component::bindgen!({
[INFO] [stdout]     |         ^^^^^^^^ use of unresolved module or unlinked crate `wasmtime`
[INFO] [stdout] 
[INFO] [stdout] 
[INFO] [stdout] error[E0433]: cannot find module or crate `wasmtime` in this scope
[INFO] [stdout]    --> tests/codegen.rs:406:9
[INFO] [stdout]     |
[INFO] [stdout] 406 |         wasmtime::component::bindgen!({
[INFO] [stdout]     |         ^^^^^^^^ use of unresolved module or unlinked crate `wasmtime`
[INFO] [stdout] 
[INFO] [stdout] 
[INFO] [stdout] error[E0433]: cannot find module or crate `wasmtime` in this scope
[INFO] [stdout]    --> tests/codegen.rs:430:9
[INFO] [stdout]     |
[INFO] [stdout] 430 |         wasmtime::component::bindgen!({
[INFO] [stdout]     |         ^^^^^^^^ use of unresolved module or unlinked crate `wasmtime`
[INFO] [stdout] 
[INFO] [stdout] 
[INFO] [stdout] error[E0433]: cannot find module or crate `wasmtime` in this scope
[INFO] [stdout]    --> tests/codegen.rs:503:9
[INFO] [stdout]     |
[INFO] [stdout] 503 |         wasmtime::component::bindgen!({
[INFO] [stdout]     |         ^^^^^^^^ use of unresolved module or unlinked crate `wasmtime`
[INFO] [stdout] 
[INFO] [stdout] 
[INFO] [stdout] error[E0433]: cannot find module or crate `wasmtime` in this scope
[INFO] [stdout]    --> tests/codegen.rs:553:5
[INFO] [stdout]     |
[INFO] [stdout] 553 |     wasmtime::component::bindgen!({
[INFO] [stdout]     |     ^^^^^^^^ use of unresolved module or unlinked crate `wasmtime`
[INFO] [stdout] 
[INFO] [stdout] 
[INFO] [stdout] error[E0433]: cannot find module or crate `wasmtime` in this scope
[INFO] [stdout]    --> tests/codegen.rs:604:9
[INFO] [stdout]     |
[INFO] [stdout] 604 |         wasmtime::component::bindgen!({
[INFO] [stdout]     |         ^^^^^^^^ use of unresolved module or unlinked crate `wasmtime`
[INFO] [stdout] 
[INFO] [stdout] 
[INFO] [stdout] error[E0433]: cannot find module or crate `wasmtime` in this scope
[INFO] [stdout]    --> tests/codegen.rs:626:9
[INFO] [stdout]     |
[INFO] [stdout] 626 |         wasmtime::component::bindgen!({
[INFO] [stdout]     |         ^^^^^^^^ use of unresolved module or unlinked crate `wasmtime`
[INFO] [stdout] 
[INFO] [stdout] 
[INFO] [stderr] warning: build failed, waiting for other jobs to finish...
[INFO] [stdout] error[E0433]: cannot find module or crate `wasmtime` in this scope
[INFO] [stdout]    --> tests/codegen.rs:649:9
[INFO] [stdout]     |
[INFO] [stdout] 649 |         wasmtime::component::bindgen!({
[INFO] [stdout]     |         ^^^^^^^^ use of unresolved module or unlinked crate `wasmtime`
[INFO] [stdout] 
[INFO] [stdout] 
[INFO] [stdout] error[E0433]: cannot find module or crate `wasmtime` in this scope
[INFO] [stdout]    --> tests/codegen.rs:681:9
[INFO] [stdout]     |
[INFO] [stdout] 681 |         wasmtime::component::bindgen!({
[INFO] [stdout]     |         ^^^^^^^^ use of unresolved module or unlinked crate `wasmtime`
[INFO] [stdout] 
[INFO] [stdout] 
[INFO] [stdout] error[E0433]: cannot find module or crate `wasmtime` in this scope
[INFO] [stdout]    --> tests/codegen.rs:695:9
[INFO] [stdout]     |
[INFO] [stdout] 695 |         wasmtime::component::bindgen!({
[INFO] [stdout]     |         ^^^^^^^^ use of unresolved module or unlinked crate `wasmtime`
[INFO] [stdout] 
[INFO] [stdout] 
[INFO] [stdout] error[E0433]: cannot find module or crate `wasmtime` in this scope
[INFO] [stdout]    --> tests/codegen.rs:709:9
[INFO] [stdout]     |
[INFO] [stdout] 709 |         wasmtime::component::bindgen!({
[INFO] [stdout]     |         ^^^^^^^^ use of unresolved module or unlinked crate `wasmtime`
[INFO] [stdout] 
[INFO] [stdout] 
[INFO] [stdout] error[E0433]: cannot find module or crate `wasmtime` in this scope
[INFO] [stdout]    --> tests/codegen.rs:726:9
[INFO] [stdout]     |
[INFO] [stdout] 726 |         wasmtime::component::bindgen!({
[INFO] [stdout]     |         ^^^^^^^^ use of unresolved module or unlinked crate `wasmtime`
[INFO] [stdout] 
[INFO] [stdout] 
[INFO] [stdout] error[E0433]: cannot find module or crate `wasmtime` in this scope
[INFO] [stdout]    --> tests/codegen.rs:742:9
[INFO] [stdout]     |
[INFO] [stdout] 742 |         wasmtime::component::bindgen!({
[INFO] [stdout]     |         ^^^^^^^^ use of unresolved module or unlinked crate `wasmtime`
[INFO] [stdout] 
[INFO] [stdout] 
[INFO] [stdout] error[E0433]: cannot find module or crate `wasmtime` in this scope
[INFO] [stdout]    --> tests/codegen.rs:771:9
[INFO] [stdout]     |
[INFO] [stdout] 771 |         wasmtime::component::bindgen!({
[INFO] [stdout]     |         ^^^^^^^^ use of unresolved module or unlinked crate `wasmtime`
[INFO] [stdout] 
[INFO] [stdout] 
[INFO] [stdout] error[E0433]: cannot find module or crate `wasmtime` in this scope
[INFO] [stdout]    --> tests/codegen.rs:797:5
[INFO] [stdout]     |
[INFO] [stdout] 797 |     wasmtime::component::bindgen!({
[INFO] [stdout]     |     ^^^^^^^^ use of unresolved module or unlinked crate `wasmtime`
[INFO] [stdout] 
[INFO] [stdout] 
[INFO] [stdout] error[E0433]: cannot find module or crate `wasmtime` in this scope
[INFO] [stdout]    --> tests/codegen.rs:827:9
[INFO] [stdout]     |
[INFO] [stdout] 827 |         wasmtime::component::bindgen!({
[INFO] [stdout]     |         ^^^^^^^^ use of unresolved module or unlinked crate `wasmtime`
[INFO] [stdout] 
[INFO] [stdout] 
[INFO] [stdout] error[E0433]: cannot find module or crate `wasmtime` in this scope
[INFO] [stdout]    --> tests/codegen.rs:865:9
[INFO] [stdout]     |
[INFO] [stdout] 865 |         wasmtime::component::bindgen!({
[INFO] [stdout]     |         ^^^^^^^^ use of unresolved module or unlinked crate `wasmtime`
[INFO] [stdout] 
[INFO] [stdout] 
[INFO] [stdout] error[E0433]: cannot find module or crate `wasmtime` in this scope
[INFO] [stdout]    --> tests/codegen.rs:893:9
[INFO] [stdout]     |
[INFO] [stdout] 893 |         wasmtime::component::bindgen!({
[INFO] [stdout]     |         ^^^^^^^^ use of unresolved module or unlinked crate `wasmtime`
[INFO] [stdout] 
[INFO] [stdout] 
[INFO] [stdout] error[E0433]: cannot find module or crate `wasmtime` in this scope
[INFO] [stdout]    --> tests/codegen.rs:920:9
[INFO] [stdout]     |
[INFO] [stdout] 920 |         wasmtime::component::bindgen!({
[INFO] [stdout]     |         ^^^^^^^^ use of unresolved module or unlinked crate `wasmtime`
[INFO] [stdout] 
[INFO] [stdout] 
[INFO] [stdout] error[E0433]: cannot find module or crate `wasmtime` in this scope
[INFO] [stdout]     --> tests/codegen.rs:1010:9
[INFO] [stdout]      |
[INFO] [stdout] 1010 |         wasmtime::component::bindgen!({
[INFO] [stdout]      |         ^^^^^^^^ use of unresolved module or unlinked crate `wasmtime`
[INFO] [stdout] 
[INFO] [stdout] 
[INFO] [stdout] error[E0433]: cannot find module or crate `wasmtime` in this scope
[INFO] [stdout]     --> tests/codegen.rs:1034:5
[INFO] [stdout]      |
[INFO] [stdout] 1034 |     wasmtime::component::bindgen!({
[INFO] [stdout]      |     ^^^^^^^^ use of unresolved module or unlinked crate `wasmtime`
[INFO] [stdout] 
[INFO] [stdout] 
[INFO] [stdout] error[E0599]: no method named `with_context` found for enum `Result<T, E>` in the current scope
[INFO] [stdout]    --> tests/expanded.rs:69:41
[INFO] [stdout]     |
[INFO] [stdout]  69 |             Err(err) => return Err(err).with_context(|| {
[INFO] [stdout]     |                                ---------^^^^^^^^^^^^
[INFO] [stdout]     |
[INFO] [stdout]    ::: /opt/rustwide/cargo-home/registry/src/index.crates.io-1949cf8c6b5b557f/anyhow-1.0.103/src/lib.rs:624:8
[INFO] [stdout]     |
[INFO] [stdout] 624 |     fn with_context<C, F>(self, f: F) -> Result<T, Error>
[INFO] [stdout]     |        ------------ the method is available for `Result<_, std::io::Error>` here
[INFO] [stdout]     |
[INFO] [stdout]     = help: items from traits can only be used if the trait is in scope
[INFO] [stdout] help: trait `Context` which provides `with_context` is implemented but not in scope; perhaps you want to import it
[INFO] [stdout]     |
[INFO] [stdout]   1 + use anyhow::Context;
[INFO] [stdout]     |
[INFO] [stdout] help: there is a method `context` with a similar name
[INFO] [stdout]     |
[INFO] [stdout]  69 -             Err(err) => return Err(err).with_context(|| {
[INFO] [stdout]  69 +             Err(err) => return Err(err).context(|| {
[INFO] [stdout]     |
[INFO] [stdout] 
[INFO] [stdout] 
[INFO] [stdout] Some errors have detailed explanations: E0432, E0433, E0599.
[INFO] [stdout] 
[INFO] [stdout] For more information about an error, try `rustc --explain E0432`.
[INFO] [stdout] 
[INFO] [stderr] error: could not compile `wasmtime-internal-component-macro` (test "expanded") due to 4 previous errors; 1 warning emitted
[INFO] [stdout] error[E0433]: cannot find module or crate `demo` in this scope
[INFO] [stdout]    --> tests/codegen.rs:119:10
[INFO] [stdout]     |
[INFO] [stdout] 119 |     impl demo::pkg::bar::Host for MyComponent {}
[INFO] [stdout]     |          ^^^^ use of unresolved module or unlinked crate `demo`
[INFO] [stdout]     |
[INFO] [stdout]     = help: if you wanted to use a crate named `demo`, use `cargo add demo` to add it to your `Cargo.toml`
[INFO] [stdout] 
[INFO] [stdout] 
[INFO] [stdout] error[E0433]: cannot find module or crate `demo` in this scope
[INFO] [stdout]    --> tests/codegen.rs:121:10
[INFO] [stdout]     |
[INFO] [stdout] 121 |     impl demo::pkg::bar::HostA for MyComponent {
[INFO] [stdout]     |          ^^^^ use of unresolved module or unlinked crate `demo`
[INFO] [stdout]     |
[INFO] [stdout]     = help: if you wanted to use a crate named `demo`, use `cargo add demo` to add it to your `Cargo.toml`
[INFO] [stdout] 
[INFO] [stdout] 
[INFO] [stdout] error[E0433]: cannot find module or crate `demo` in this scope
[INFO] [stdout]    --> tests/codegen.rs:127:10
[INFO] [stdout]     |
[INFO] [stdout] 127 |     impl demo::pkg::bar::HostB for MyComponent {
[INFO] [stdout]     |          ^^^^ use of unresolved module or unlinked crate `demo`
[INFO] [stdout]     |
[INFO] [stdout]     = help: if you wanted to use a crate named `demo`, use `cargo add demo` to add it to your `Cargo.toml`
[INFO] [stdout] 
[INFO] [stdout] 
[INFO] [stdout] error[E0433]: cannot find `foo` in `bindings`
[INFO] [stdout]    --> tests/codegen.rs:280:49
[INFO] [stdout]     |
[INFO] [stdout] 280 |             fn x(&mut self) -> super::bindings::foo::foo::a::T {
[INFO] [stdout]     |                                                 ^^^ could not find `foo` in `bindings`
[INFO] [stdout] 
[INFO] [stdout] 
[INFO] [stdout] error[E0433]: cannot find `foo` in `bindings`
[INFO] [stdout]    --> tests/codegen.rs:320:49
[INFO] [stdout]     |
[INFO] [stdout] 320 |             fn x(&mut self) -> super::bindings::foo::foo::a::T {
[INFO] [stdout]     |                                                 ^^^ could not find `foo` in `bindings`
[INFO] [stdout] 
[INFO] [stdout] 
[INFO] [stdout] error[E0433]: cannot find `foo` in `bindings`
[INFO] [stdout]    --> tests/codegen.rs:360:49
[INFO] [stdout]     |
[INFO] [stdout] 360 |             fn x(&mut self) -> super::bindings::foo::foo::a::T {
[INFO] [stdout]     |                                                 ^^^ could not find `foo` in `bindings`
[INFO] [stdout] 
[INFO] [stdout] 
[INFO] [stdout] error[E0433]: cannot find module or crate `foo` in this scope
[INFO] [stdout]    --> tests/codegen.rs:481:14
[INFO] [stdout]     |
[INFO] [stdout] 481 |         impl foo::foo::a::Host for X {
[INFO] [stdout]     |              ^^^ use of unresolved module or unlinked crate `foo`
[INFO] [stdout]     |
[INFO] [stdout]     = help: if you wanted to use a crate named `foo`, use `cargo add foo` to add it to your `Cargo.toml`
[INFO] [stdout] 
[INFO] [stdout] 
[INFO] [stdout] error[E0433]: cannot find module or crate `foo` in this scope
[INFO] [stdout]    --> tests/codegen.rs:488:14
[INFO] [stdout]     |
[INFO] [stdout] 488 |         impl foo::foo::a::HostR for X {
[INFO] [stdout]     |              ^^^ use of unresolved module or unlinked crate `foo`
[INFO] [stdout]     |
[INFO] [stdout]     = help: if you wanted to use a crate named `foo`, use `cargo add foo` to add it to your `Cargo.toml`
[INFO] [stdout] 
[INFO] [stdout] 
[INFO] [stdout] error[E0433]: cannot find module or crate `foo` in this scope
[INFO] [stdout]    --> tests/codegen.rs:531:14
[INFO] [stdout]     |
[INFO] [stdout] 531 |         impl foo::foo::a::Host for X {}
[INFO] [stdout]     |              ^^^ use of unresolved module or unlinked crate `foo`
[INFO] [stdout]     |
[INFO] [stdout]     = help: if you wanted to use a crate named `foo`, use `cargo add foo` to add it to your `Cargo.toml`
[INFO] [stdout] 
[INFO] [stdout] 
[INFO] [stdout] error[E0433]: cannot find module or crate `foo` in this scope
[INFO] [stdout]    --> tests/codegen.rs:533:14
[INFO] [stdout]     |
[INFO] [stdout] 533 |         impl foo::foo::a::HostR for X {
[INFO] [stdout]     |              ^^^ use of unresolved module or unlinked crate `foo`
[INFO] [stdout]     |
[INFO] [stdout]     = help: if you wanted to use a crate named `foo`, use `cargo add foo` to add it to your `Cargo.toml`
[INFO] [stdout] 
[INFO] [stdout] 
[INFO] [stdout] error[E0433]: cannot find module or crate `foo` in this scope
[INFO] [stdout]    --> tests/codegen.rs:848:14
[INFO] [stdout]     |
[INFO] [stdout] 848 |         impl foo::foo::handler::Host for MyHost {
[INFO] [stdout]     |              ^^^ use of unresolved module or unlinked crate `foo`
[INFO] [stdout]     |
[INFO] [stdout]     = help: if you wanted to use a crate named `foo`, use `cargo add foo` to add it to your `Cargo.toml`
[INFO] [stdout] 
[INFO] [stdout] 
[INFO] [stdout] error[E0433]: cannot find module or crate `named_imports` in this scope
[INFO] [stdout]    --> tests/codegen.rs:856:14
[INFO] [stdout]     |
[INFO] [stdout] 856 |         impl named_imports::foo::foo::handler::Host for MyHost {
[INFO] [stdout]     |              ^^^^^^^^^^^^^ use of unresolved module or unlinked crate `named_imports`
[INFO] [stdout]     |
[INFO] [stdout]     = help: if you wanted to use a crate named `named_imports`, use `cargo add named_imports` to add it to your `Cargo.toml`
[INFO] [stdout] 
[INFO] [stdout] 
[INFO] [stdout] error[E0433]: cannot find module or crate `named_imports` in this scope
[INFO] [stdout]    --> tests/codegen.rs:884:14
[INFO] [stdout]     |
[INFO] [stdout] 884 |         impl named_imports::foo::foo::my_itf::Host for MyHost {
[INFO] [stdout]     |              ^^^^^^^^^^^^^ use of unresolved module or unlinked crate `named_imports`
[INFO] [stdout]     |
[INFO] [stdout]     = help: if you wanted to use a crate named `named_imports`, use `cargo add named_imports` to add it to your `Cargo.toml`
[INFO] [stdout] 
[INFO] [stdout] 
[INFO] [stdout] error[E0433]: cannot find module or crate `foo` in this scope
[INFO] [stdout]    --> tests/codegen.rs:946:14
[INFO] [stdout]     |
[INFO] [stdout] 946 |         impl foo::foo::store::HostCache for MyHost {
[INFO] [stdout]     |              ^^^ use of unresolved module or unlinked crate `foo`
[INFO] [stdout]     |
[INFO] [stdout]     = help: if you wanted to use a crate named `foo`, use `cargo add foo` to add it to your `Cargo.toml`
[INFO] [stdout] 
[INFO] [stdout] 
[INFO] [stdout] error[E0433]: cannot find module or crate `foo` in this scope
[INFO] [stdout]    --> tests/codegen.rs:947:55
[INFO] [stdout]     |
[INFO] [stdout] 947 |             fn new(&mut self, label: u32) -> Resource<foo::foo::store::Cache> {
[INFO] [stdout]     |                                                       ^^^ use of unresolved module or unlinked crate `foo`
[INFO] [stdout]     |
[INFO] [stdout]     = help: if you wanted to use a crate named `foo`, use `cargo add foo` to add it to your `Cargo.toml`
[INFO] [stdout] 
[INFO] [stdout] 
[INFO] [stdout] error[E0433]: cannot find module or crate `foo` in this scope
[INFO] [stdout]    --> tests/codegen.rs:950:48
[INFO] [stdout]     |
[INFO] [stdout] 950 |             fn get(&mut self, _self_: Resource<foo::foo::store::Cache>, key: u32) -> u32 {
[INFO] [stdout]     |                                                ^^^ use of unresolved module or unlinked crate `foo`
[INFO] [stdout]     |
[INFO] [stdout]     = help: if you wanted to use a crate named `foo`, use `cargo add foo` to add it to your `Cargo.toml`
[INFO] [stdout] 
[INFO] [stdout] 
[INFO] [stdout] error[E0433]: cannot find module or crate `foo` in this scope
[INFO] [stdout]    --> tests/codegen.rs:953:48
[INFO] [stdout]     |
[INFO] [stdout] 953 |             fn set(&mut self, _self_: Resource<foo::foo::store::Cache>, _key: u32, _value: u32) {}
[INFO] [stdout]     |                                                ^^^ use of unresolved module or unlinked crate `foo`
[INFO] [stdout]     |
[INFO] [stdout]     = help: if you wanted to use a crate named `foo`, use `cargo add foo` to add it to your `Cargo.toml`
[INFO] [stdout] 
[INFO] [stdout] 
[INFO] [stdout] error[E0433]: cannot find module or crate `foo` in this scope
[INFO] [stdout]    --> tests/codegen.rs:957:47
[INFO] [stdout]     |
[INFO] [stdout] 957 |             fn drop(&mut self, _rep: Resource<foo::foo::store::Cache>) -> wasmtime::Result<()> {
[INFO] [stdout]     |                                               ^^^ use of unresolved module or unlinked crate `foo`
[INFO] [stdout]     |
[INFO] [stdout]     = help: if you wanted to use a crate named `foo`, use `cargo add foo` to add it to your `Cargo.toml`
[INFO] [stdout] 
[INFO] [stdout] 
[INFO] [stdout] error[E0433]: cannot find module or crate `foo` in this scope
[INFO] [stdout]    --> tests/codegen.rs:961:14
[INFO] [stdout]     |
[INFO] [stdout] 961 |         impl foo::foo::store::Host for MyHost {
[INFO] [stdout]     |              ^^^ use of unresolved module or unlinked crate `foo`
[INFO] [stdout]     |
[INFO] [stdout]     = help: if you wanted to use a crate named `foo`, use `cargo add foo` to add it to your `Cargo.toml`
[INFO] [stdout] 
[INFO] [stdout] 
[INFO] [stdout] error[E0433]: cannot find module or crate `named_imports` in this scope
[INFO] [stdout]    --> tests/codegen.rs:967:14
[INFO] [stdout]     |
[INFO] [stdout] 967 |         impl named_imports::foo::foo::store::HostCache for MyHost {
[INFO] [stdout]     |              ^^^^^^^^^^^^^ use of unresolved module or unlinked crate `named_imports`
[INFO] [stdout]     |
[INFO] [stdout]     = help: if you wanted to use a crate named `named_imports`, use `cargo add named_imports` to add it to your `Cargo.toml`
[INFO] [stdout] 
[INFO] [stdout] 
[INFO] [stdout] error[E0433]: cannot find module or crate `foo` in this scope
[INFO] [stdout]    --> tests/codegen.rs:968:68
[INFO] [stdout]     |
[INFO] [stdout] 968 |             fn new(&mut self, _id: String, label: u32) -> Resource<foo::foo::store::Cache> {
[INFO] [stdout]     |                                                                    ^^^ use of unresolved module or unlinked crate `foo`
[INFO] [stdout]     |
[INFO] [stdout]     = help: if you wanted to use a crate named `foo`, use `cargo add foo` to add it to your `Cargo.toml`
[INFO] [stdout] 
[INFO] [stdout] 
[INFO] [stdout] error[E0433]: cannot find module or crate `foo` in this scope
[INFO] [stdout]    --> tests/codegen.rs:974:34
[INFO] [stdout]     |
[INFO] [stdout] 974 |                 _self_: Resource<foo::foo::store::Cache>,
[INFO] [stdout]     |                                  ^^^ use of unresolved module or unlinked crate `foo`
[INFO] [stdout]     |
[INFO] [stdout]     = help: if you wanted to use a crate named `foo`, use `cargo add foo` to add it to your `Cargo.toml`
[INFO] [stdout] 
[INFO] [stdout] 
[INFO] [stdout] error[E0433]: cannot find module or crate `foo` in this scope
[INFO] [stdout]    --> tests/codegen.rs:982:34
[INFO] [stdout]     |
[INFO] [stdout] 982 |                 _self_: Resource<foo::foo::store::Cache>,
[INFO] [stdout]     |                                  ^^^ use of unresolved module or unlinked crate `foo`
[INFO] [stdout]     |
[INFO] [stdout]     = help: if you wanted to use a crate named `foo`, use `cargo add foo` to add it to your `Cargo.toml`
[INFO] [stdout] 
[INFO] [stdout] 
[INFO] [stdout] error[E0433]: cannot find module or crate `foo` in this scope
[INFO] [stdout]    --> tests/codegen.rs:993:32
[INFO] [stdout]     |
[INFO] [stdout] 993 |                 _rep: Resource<foo::foo::store::Cache>,
[INFO] [stdout]     |                                ^^^ use of unresolved module or unlinked crate `foo`
[INFO] [stdout]     |
[INFO] [stdout]     = help: if you wanted to use a crate named `foo`, use `cargo add foo` to add it to your `Cargo.toml`
[INFO] [stdout] 
[INFO] [stdout] 
[INFO] [stdout] error[E0433]: cannot find module or crate `named_imports` in this scope
[INFO] [stdout]    --> tests/codegen.rs:998:14
[INFO] [stdout]     |
[INFO] [stdout] 998 |         impl named_imports::foo::foo::store::Host for MyHost {
[INFO] [stdout]     |              ^^^^^^^^^^^^^ use of unresolved module or unlinked crate `named_imports`
[INFO] [stdout]     |
[INFO] [stdout]     = help: if you wanted to use a crate named `named_imports`, use `cargo add named_imports` to add it to your `Cargo.toml`
[INFO] [stdout] 
[INFO] [stdout] 
[INFO] [stdout] error[E0405]: cannot find trait `FooImports` in this scope
[INFO] [stdout]   --> tests/codegen.rs:91:10
[INFO] [stdout]    |
[INFO] [stdout] 91 |     impl FooImports for MyComponent {}
[INFO] [stdout]    |          ^^^^^^^^^^ not found in this scope
[INFO] [stdout] 
[INFO] [stdout] 
[INFO] [stdout] error[E0405]: cannot find trait `HostA` in this scope
[INFO] [stdout]   --> tests/codegen.rs:93:10
[INFO] [stdout]    |
[INFO] [stdout] 93 |     impl HostA for MyComponent {
[INFO] [stdout]    |          ^^^^^ not found in this scope
[INFO] [stdout] 
[INFO] [stdout] 
[INFO] [stdout] error[E0405]: cannot find trait `HostB` in this scope
[INFO] [stdout]   --> tests/codegen.rs:99:10
[INFO] [stdout]    |
[INFO] [stdout] 99 |     impl HostB for MyComponent {
[INFO] [stdout]    |          ^^^^^ not found in this scope
[INFO] [stdout] 
[INFO] [stdout] 
[INFO] [stdout] error[E0405]: cannot find trait `FooImports` in this scope
[INFO] [stdout]    --> tests/codegen.rs:279:14
[INFO] [stdout]     |
[INFO] [stdout] 279 |         impl FooImports for X {
[INFO] [stdout]     |              ^^^^^^^^^^ not found in this scope
[INFO] [stdout] 
[INFO] [stdout] 
[INFO] [stderr] error: could not compile `wasmtime-internal-component-macro` (test "codegen") due to 90 previous errors; 1 warning emitted
[INFO] [stdout] error[E0405]: cannot find trait `FooImports` in this scope
[INFO] [stdout]    --> tests/codegen.rs:319:14
[INFO] [stdout]     |
[INFO] [stdout] 319 |         impl FooImports for X {
[INFO] [stdout]     |              ^^^^^^^^^^ not found in this scope
[INFO] [stdout] 
[INFO] [stdout] 
[INFO] [stdout] error[E0405]: cannot find trait `FooImports` in this scope
[INFO] [stdout]    --> tests/codegen.rs:359:14
[INFO] [stdout]     |
[INFO] [stdout] 359 |         impl FooImports for X {
[INFO] [stdout]     |              ^^^^^^^^^^ not found in this scope
[INFO] [stdout] 
[INFO] [stdout] 
[INFO] [stdout] error[E0405]: cannot find trait `FooImports` in this scope
[INFO] [stdout]    --> tests/codegen.rs:380:14
[INFO] [stdout]     |
[INFO] [stdout] 380 |         impl FooImports for X {
[INFO] [stdout]     |              ^^^^^^^^^^ not found in this scope
[INFO] [stdout] 
[INFO] [stdout] 
[INFO] [stdout] error[E0405]: cannot find trait `FooImports` in this scope
[INFO] [stdout]    --> tests/codegen.rs:398:14
[INFO] [stdout]     |
[INFO] [stdout] 398 |         impl FooImports for X {
[INFO] [stdout]     |              ^^^^^^^^^^ not found in this scope
[INFO] [stdout] 
[INFO] [stdout] 
[INFO] [stdout] error[E0405]: cannot find trait `FooImports` in this scope
[INFO] [stdout]    --> tests/codegen.rs:419:14
[INFO] [stdout]     |
[INFO] [stdout] 419 |         impl FooImports for X {
[INFO] [stdout]     |              ^^^^^^^^^^ not found in this scope
[INFO] [stdout] 
[INFO] [stdout] 
[INFO] [stdout] error[E0405]: cannot find trait `FooImports` in this scope
[INFO] [stdout]    --> tests/codegen.rs:467:14
[INFO] [stdout]     |
[INFO] [stdout] 467 |         impl FooImports for X {
[INFO] [stdout]     |              ^^^^^^^^^^ not found in this scope
[INFO] [stdout] 
[INFO] [stdout] 
[INFO] [stdout] error[E0425]: cannot find value `COMPONENT_TYPE` in this scope
[INFO] [stdout]     --> tests/codegen.rs:1052:67
[INFO] [stdout]      |
[INFO] [stdout] 1052 |         let (resolve, world) = wit_parser::decoding::decode_world(COMPONENT_TYPE).unwrap();
[INFO] [stdout]      |                                                                   ^^^^^^^^^^^^^^ not found in this scope
[INFO] [stdout] 
[INFO] [stdout] 
[INFO] [stdout] warning: unused macro definition: `gentest`
[INFO] [stdout]  --> tests/codegen.rs:3:14
[INFO] [stdout]   |
[INFO] [stdout] 3 | macro_rules! gentest {
[INFO] [stdout]   |              ^^^^^^^
[INFO] [stdout]   |
[INFO] [stdout]   = note: `#[warn(unused_macros)]` (part of `#[warn(unused)]`) on by default
[INFO] [stdout] 
[INFO] [stdout] 
[INFO] [stdout] error[E0433]: cannot find module or crate `foo` in this scope
[INFO] [stdout]    --> tests/codegen.rs:105:10
[INFO] [stdout]     |
[INFO] [stdout] 105 |     impl foo::Host for MyComponent {}
[INFO] [stdout]     |          ^^^ use of unresolved module or unlinked crate `foo`
[INFO] [stdout]     |
[INFO] [stdout]     = help: if you wanted to use a crate named `foo`, use `cargo add foo` to add it to your `Cargo.toml`
[INFO] [stdout] 
[INFO] [stdout] 
[INFO] [stdout] error[E0433]: cannot find module or crate `foo` in this scope
[INFO] [stdout]    --> tests/codegen.rs:107:10
[INFO] [stdout]     |
[INFO] [stdout] 107 |     impl foo::HostA for MyComponent {
[INFO] [stdout]     |          ^^^ use of unresolved module or unlinked crate `foo`
[INFO] [stdout]     |
[INFO] [stdout]     = help: if you wanted to use a crate named `foo`, use `cargo add foo` to add it to your `Cargo.toml`
[INFO] [stdout] 
[INFO] [stdout] 
[INFO] [stdout] error[E0433]: cannot find module or crate `foo` in this scope
[INFO] [stdout]    --> tests/codegen.rs:113:10
[INFO] [stdout]     |
[INFO] [stdout] 113 |     impl foo::HostB for MyComponent {
[INFO] [stdout]     |          ^^^ use of unresolved module or unlinked crate `foo`
[INFO] [stdout]     |
[INFO] [stdout]     = help: if you wanted to use a crate named `foo`, use `cargo add foo` to add it to your `Cargo.toml`
[INFO] [stdout] 
[INFO] [stdout] 
[INFO] [stdout] error[E0433]: cannot find module or crate `wasmtime` in this scope
[INFO] [stdout]    --> tests/codegen.rs:399:34
[INFO] [stdout]     |
[INFO] [stdout] 399 |             fn foo(&mut self) -> wasmtime::Result<()> {
[INFO] [stdout]     |                                  ^^^^^^^^ use of unresolved module or unlinked crate `wasmtime`
[INFO] [stdout]     |
[INFO] [stdout]     = help: if you wanted to use a crate named `wasmtime`, use `cargo add wasmtime` to add it to your `Cargo.toml`
[INFO] [stdout] 
[INFO] [stdout] 
[INFO] [stdout] error[E0433]: cannot find module or crate `wasmtime` in this scope
[INFO] [stdout]    --> tests/codegen.rs:420:34
[INFO] [stdout]     |
[INFO] [stdout] 420 |             fn foo(&mut self) -> wasmtime::Result<()> {
[INFO] [stdout]     |                                  ^^^^^^^^ use of unresolved module or unlinked crate `wasmtime`
[INFO] [stdout]     |
[INFO] [stdout]     = help: if you wanted to use a crate named `wasmtime`, use `cargo add wasmtime` to add it to your `Cargo.toml`
[INFO] [stdout] 
[INFO] [stdout] 
[INFO] [stdout] error[E0433]: cannot find module or crate `wasmtime` in this scope
[INFO] [stdout]    --> tests/codegen.rs:468:34
[INFO] [stdout]     |
[INFO] [stdout] 468 |             fn foo(&mut self) -> wasmtime::Result<()> {
[INFO] [stdout]     |                                  ^^^^^^^^ use of unresolved module or unlinked crate `wasmtime`
[INFO] [stdout]     |
[INFO] [stdout]     = help: if you wanted to use a crate named `wasmtime`, use `cargo add wasmtime` to add it to your `Cargo.toml`
[INFO] [stdout] 
[INFO] [stdout] 
[INFO] [stdout] error[E0433]: cannot find module or crate `i` in this scope
[INFO] [stdout]    --> tests/codegen.rs:474:14
[INFO] [stdout]     |
[INFO] [stdout] 474 |         impl i::Host for X {
[INFO] [stdout]     |              ^ use of unresolved module or unlinked crate `i`
[INFO] [stdout]     |
[INFO] [stdout]     = help: if you wanted to use a crate named `i`, use `cargo add i` to add it to your `Cargo.toml`
[INFO] [stdout] help: a struct with a similar name exists
[INFO] [stdout]     |
[INFO] [stdout] 474 -         impl i::Host for X {
[INFO] [stdout] 474 +         impl R::Host for X {
[INFO] [stdout]     |
[INFO] [stdout] 
[INFO] [stdout] 
[INFO] [stdout] error[E0433]: cannot find module or crate `wasmtime` in this scope
[INFO] [stdout]    --> tests/codegen.rs:475:34
[INFO] [stdout]     |
[INFO] [stdout] 475 |             fn foo(&mut self) -> wasmtime::Result<()> {
[INFO] [stdout]     |                                  ^^^^^^^^ use of unresolved module or unlinked crate `wasmtime`
[INFO] [stdout]     |
[INFO] [stdout]     = help: if you wanted to use a crate named `wasmtime`, use `cargo add wasmtime` to add it to your `Cargo.toml`
[INFO] [stdout] 
[INFO] [stdout] 
[INFO] [stdout] error[E0433]: cannot find module or crate `wasmtime` in this scope
[INFO] [stdout]    --> tests/codegen.rs:482:34
[INFO] [stdout]     |
[INFO] [stdout] 482 |             fn foo(&mut self) -> wasmtime::Result<()> {
[INFO] [stdout]     |                                  ^^^^^^^^ use of unresolved module or unlinked crate `wasmtime`
[INFO] [stdout]     |
[INFO] [stdout]     = help: if you wanted to use a crate named `wasmtime`, use `cargo add wasmtime` to add it to your `Cargo.toml`
[INFO] [stdout] 
[INFO] [stdout] 
[INFO] [stdout] error[E0433]: cannot find module or crate `wasmtime` in this scope
[INFO] [stdout]    --> tests/codegen.rs:494:51
[INFO] [stdout]     |
[INFO] [stdout] 494 |             fn drop(&mut self, _: Resource<R>) -> wasmtime::Result<()> {
[INFO] [stdout]     |                                                   ^^^^^^^^ use of unresolved module or unlinked crate `wasmtime`
[INFO] [stdout]     |
[INFO] [stdout]     = help: if you wanted to use a crate named `wasmtime`, use `cargo add wasmtime` to add it to your `Cargo.toml`
[INFO] [stdout] 
[INFO] [stdout] 
[INFO] [stdout] error[E0433]: cannot find module or crate `wasmtime` in this scope
[INFO] [stdout]    --> tests/codegen.rs:534:34
[INFO] [stdout]     |
[INFO] [stdout] 534 |             fn new(&mut self) -> wasmtime::Result<Resource<R>> {
[INFO] [stdout]     |                                  ^^^^^^^^ use of unresolved module or unlinked crate `wasmtime`
[INFO] [stdout]     |
[INFO] [stdout]     = help: if you wanted to use a crate named `wasmtime`, use `cargo add wasmtime` to add it to your `Cargo.toml`
[INFO] [stdout] 
[INFO] [stdout] 
[INFO] [stdout] error[E0433]: cannot find module or crate `wasmtime` in this scope
[INFO] [stdout]    --> tests/codegen.rs:537:50
[INFO] [stdout]     |
[INFO] [stdout] 537 |             fn foo(&mut self, _: Resource<R>) -> wasmtime::Result<()> {
[INFO] [stdout]     |                                                  ^^^^^^^^ use of unresolved module or unlinked crate `wasmtime`
[INFO] [stdout]     |
[INFO] [stdout]     = help: if you wanted to use a crate named `wasmtime`, use `cargo add wasmtime` to add it to your `Cargo.toml`
[INFO] [stdout] 
[INFO] [stdout] 
[INFO] [stdout] error[E0433]: cannot find module or crate `wasmtime` in this scope
[INFO] [stdout]    --> tests/codegen.rs:540:34
[INFO] [stdout]     |
[INFO] [stdout] 540 |             fn bar(&mut self) -> wasmtime::Result<()> {
[INFO] [stdout]     |                                  ^^^^^^^^ use of unresolved module or unlinked crate `wasmtime`
[INFO] [stdout]     |
[INFO] [stdout]     = help: if you wanted to use a crate named `wasmtime`, use `cargo add wasmtime` to add it to your `Cargo.toml`
[INFO] [stdout] 
[INFO] [stdout] 
[INFO] [stdout] error[E0433]: cannot find module or crate `wasmtime` in this scope
[INFO] [stdout]    --> tests/codegen.rs:543:51
[INFO] [stdout]     |
[INFO] [stdout] 543 |             fn drop(&mut self, _: Resource<R>) -> wasmtime::Result<()> {
[INFO] [stdout]     |                                                   ^^^^^^^^ use of unresolved module or unlinked crate `wasmtime`
[INFO] [stdout]     |
[INFO] [stdout]     = help: if you wanted to use a crate named `wasmtime`, use `cargo add wasmtime` to add it to your `Cargo.toml`
[INFO] [stdout] 
[INFO] [stdout] 
[INFO] [stdout] error[E0433]: cannot find module or crate `wasmtime` in this scope
[INFO] [stdout]    --> tests/codegen.rs:957:75
[INFO] [stdout]     |
[INFO] [stdout] 957 |             fn drop(&mut self, _rep: Resource<foo::foo::store::Cache>) -> wasmtime::Result<()> {
[INFO] [stdout]     |                                                                           ^^^^^^^^ use of unresolved module or unlinked crate `wasmtime`
[INFO] [stdout]     |
[INFO] [stdout]     = help: if you wanted to use a crate named `wasmtime`, use `cargo add wasmtime` to add it to your `Cargo.toml`
[INFO] [stdout] 
[INFO] [stdout] 
[INFO] [stdout] error[E0433]: cannot find module or crate `wasmtime` in this scope
[INFO] [stdout]    --> tests/codegen.rs:994:18
[INFO] [stdout]     |
[INFO] [stdout] 994 |             ) -> wasmtime::Result<()> {
[INFO] [stdout]     |                  ^^^^^^^^ use of unresolved module or unlinked crate `wasmtime`
[INFO] [stdout]     |
[INFO] [stdout]     = help: if you wanted to use a crate named `wasmtime`, use `cargo add wasmtime` to add it to your `Cargo.toml`
[INFO] [stdout] 
[INFO] [stdout] 
[INFO] [stdout] Some errors have detailed explanations: E0405, E0425, E0432, E0433.
[INFO] [stdout] 
[INFO] [stdout] For more information about an error, try `rustc --explain E0405`.
[INFO] [stdout] 
[INFO] running `Command { std: "docker" "inspect" "5b943dc402927a943612b99cd162c61496f280277e15c91b5c628d4e872863ab", kill_on_drop: false }`
[INFO] running `Command { std: "docker" "rm" "-f" "5b943dc402927a943612b99cd162c61496f280277e15c91b5c628d4e872863ab", kill_on_drop: false }`
[INFO] [stdout] 5b943dc402927a943612b99cd162c61496f280277e15c91b5c628d4e872863ab
