[INFO] fetching crate wasm-zip-stream 0.1.0...
[INFO] testing wasm-zip-stream-0.1.0 against 1.99.0-beta.8 for beta-1.100-2
[INFO] extracting crate wasm-zip-stream 0.1.0 into /workspace/builds/worker-5-tc1/source
[INFO] started tweaking crates.io crate wasm-zip-stream 0.1.0
[INFO] removed 0 missing tests
[INFO] finished tweaking crates.io crate wasm-zip-stream 0.1.0
[INFO] tweaked toml for crates.io crate wasm-zip-stream 0.1.0 written to /workspace/builds/worker-5-tc1/source/Cargo.toml
[INFO] validating manifest of crates.io crate wasm-zip-stream 0.1.0 on toolchain 1.99.0-beta.8
[INFO] running `Command { std: CARGO_HOME="/workspace/cargo-home" RUSTUP_HOME="/workspace/rustup-home" "/workspace/cargo-home/bin/cargo" "+1.99.0-beta.8" "metadata" "--manifest-path" "Cargo.toml" "--no-deps", kill_on_drop: false }`
[INFO] running `Command { std: CARGO_HOME="/workspace/cargo-home" RUSTUP_HOME="/workspace/rustup-home" "/workspace/cargo-home/bin/cargo" "+1.99.0-beta.8" "generate-lockfile" "--manifest-path" "Cargo.toml", kill_on_drop: false }`
[INFO] [stderr]     Updating crates.io index
[INFO] [stderr]      Locking 45 packages to highest compatible versions
[INFO] [stderr]       Adding crc32fast v1.4.2 (available: v1.5.2)
[INFO] [stderr]       Adding flate2 v1.0.34 (available: v1.1.10)
[INFO] [stderr]       Adding futures v0.3.31 (available: v0.3.34)
[INFO] [stderr]       Adding wasm-bindgen-futures v0.4.45 (available: v0.4.79)
[INFO] [stderr]       Adding wasm-bindgen-test v0.3.45 (available: v0.3.79)
[INFO] [stderr]       Adding wasm-bindgen-test-macro v0.3.45 (available: v0.3.79)
[INFO] [stderr]       Adding web-sys v0.3.72 (available: v0.3.106)
[INFO] running `Command { std: CARGO_HOME="/workspace/cargo-home" RUSTUP_HOME="/workspace/rustup-home" "/workspace/cargo-home/bin/cargo" "+1.99.0-beta.8" "fetch" "--manifest-path" "Cargo.toml", kill_on_drop: false }`
[INFO] [stderr]  Downloading crates ...
[INFO] [stderr]   Downloaded wasm-bindgen-futures v0.4.45
[INFO] [stderr]   Downloaded wasm-bindgen-test v0.3.45
[INFO] [stderr]   Downloaded minicov v0.3.9
[INFO] [stderr]   Downloaded wasm-bindgen-test-macro v0.3.45
[INFO] [stderr]   Downloaded flate2 v1.0.34
[INFO] [stderr]   Downloaded web-sys v0.3.72
[INFO] running `Command { std: "docker" "create" "-v" "/var/lib/crater-agent-workspace/builds/worker-5-tc1/source:/opt/rustwide/workdir:ro,Z" "-v" "/var/lib/crater-agent-workspace/builds/worker-5-tc1/target:/opt/rustwide/target:rw,Z" "-v" "/var/lib/crater-agent-workspace/cargo-home:/opt/rustwide/cargo-home:ro,Z" "-v" "/var/lib/crater-agent-workspace/rustup-home:/opt/rustwide/rustup-home:ro,Z" "-m" "1610612736" "--network" "none" "ghcr.io/rust-lang/crates-build-env/linux@sha256:3111399a4047eeb3a02b7a90e478d715f38a8c6669b5c4b49d30a17385265909" "sleep" "infinity", kill_on_drop: false }`
[INFO] [stdout] fcd2c3697f7d85b59775b2cdedbf3387d38e9b8356e241a2105c9a8bf538b68f
[INFO] running `Command { std: "docker" "start" "fcd2c3697f7d85b59775b2cdedbf3387d38e9b8356e241a2105c9a8bf538b68f", kill_on_drop: false }`
[INFO] running `Command { std: "docker" "inspect" "fcd2c3697f7d85b59775b2cdedbf3387d38e9b8356e241a2105c9a8bf538b68f", kill_on_drop: false }`
[INFO] running `Command { std: "docker" "exec" "-e" "SOURCE_DIR=/opt/rustwide/workdir" "-e" "CARGO_HOME=/opt/rustwide/cargo-home" "-e" "RUSTUP_HOME=/opt/rustwide/rustup-home" "-e" "CARGO_TARGET_DIR=/opt/rustwide/target" "-w" "/opt/rustwide/workdir" "--user" "0:0" "fcd2c3697f7d85b59775b2cdedbf3387d38e9b8356e241a2105c9a8bf538b68f" "/opt/rustwide/cargo-home/bin/cargo" "+1.99.0-beta.8" "metadata" "--no-deps" "--format-version=1", kill_on_drop: false }`
[INFO] running `Command { std: "docker" "inspect" "fcd2c3697f7d85b59775b2cdedbf3387d38e9b8356e241a2105c9a8bf538b68f", kill_on_drop: false }`
[INFO] running `Command { std: "docker" "exec" "-e" "SOURCE_DIR=/opt/rustwide/workdir" "-e" "CARGO_HOME=/opt/rustwide/cargo-home" "-e" "RUSTUP_HOME=/opt/rustwide/rustup-home" "-e" "CARGO_TARGET_DIR=/opt/rustwide/target" "-e" "CARGO_INCREMENTAL=0" "-e" "RUST_BACKTRACE=full" "-e" "RUSTFLAGS=--cap-lints=warn" "-e" "RUSTDOCFLAGS=--cap-lints=warn" "-w" "/opt/rustwide/workdir" "--user" "0:0" "fcd2c3697f7d85b59775b2cdedbf3387d38e9b8356e241a2105c9a8bf538b68f" "/opt/rustwide/cargo-home/bin/cargo" "+1.99.0-beta.8" "build" "--frozen" "--message-format=json", kill_on_drop: false }`
[INFO] [stderr]    Compiling unicode-ident v1.0.26
[INFO] [stderr]    Compiling wasm-bindgen-shared v0.2.129
[INFO] [stderr]    Compiling bumpalo v3.20.3
[INFO] [stderr]    Compiling once_cell v1.21.4
[INFO] [stderr]    Compiling crc32fast v1.4.2
[INFO] [stderr]    Compiling wasm-bindgen v0.2.129
[INFO] [stderr]    Compiling proc-macro2 v1.0.107
[INFO] [stderr]    Compiling flate2 v1.0.34
[INFO] [stderr]    Compiling quote v1.0.47
[INFO] [stderr]    Compiling syn v3.0.6
[INFO] [stderr]    Compiling wasm-bindgen-macro-support v0.2.129
[INFO] [stderr]    Compiling futures-macro v0.3.34
[INFO] [stderr]    Compiling futures-util v0.3.34
[INFO] [stderr]    Compiling futures-executor v0.3.34
[INFO] [stderr]    Compiling wasm-bindgen-macro v0.2.129
[INFO] [stderr]    Compiling futures v0.3.31
[INFO] [stderr]    Compiling js-sys v0.3.106
[INFO] [stderr]    Compiling console_error_panic_hook v0.1.7
[INFO] [stderr]    Compiling wasm-bindgen-futures v0.4.45
[INFO] [stderr]    Compiling web-sys v0.3.72
[INFO] [stderr]    Compiling wasm-zip-stream v0.1.0 (/opt/rustwide/workdir)
[INFO] [stdout] error: cannot resolve a path to the `wasm_bindgen` crate: add `wasm-bindgen` as a direct dependency, or specify an explicit path with `#[wasm_bindgen(wasm_bindgen = path::to::wasm_bindgen)]`
[INFO] [stdout]   --> src/handles.rs:18:12
[INFO] [stdout]    |
[INFO] [stdout] 18 | pub struct Handles {
[INFO] [stdout]    |            ^^^^^^^
[INFO] [stdout] 
[INFO] [stdout] 
[INFO] [stdout] error: cannot resolve a path to the `wasm_bindgen` crate: add `wasm-bindgen` as a direct dependency, or specify an explicit path with `#[wasm_bindgen(wasm_bindgen = path::to::wasm_bindgen)]`
[INFO] [stdout]  --> src/wasm_error.rs:5:12
[INFO] [stdout]   |
[INFO] [stdout] 5 | pub struct WasmError {
[INFO] [stdout]   |            ^^^^^^^^^
[INFO] [stdout] 
[INFO] [stdout] 
[INFO] [stdout] error: cannot resolve a path to the `wasm_bindgen` crate: add `wasm-bindgen` as a direct dependency, or specify an explicit path with `#[wasm_bindgen(wasm_bindgen = path::to::wasm_bindgen)]`
[INFO] [stdout]   --> src/appnote63.rs:11:12
[INFO] [stdout]    |
[INFO] [stdout] 11 | pub struct FileHeader {
[INFO] [stdout]    |            ^^^^^^^^^^
[INFO] [stdout] 
[INFO] [stdout] 
[INFO] [stdout] error[E0433]: cannot find `wasm_bindgen` in the list of imported crates
[INFO] [stdout]   --> src/handles.rs:17:1
[INFO] [stdout]    |
[INFO] [stdout] 17 | #[wasm_bindgen]
[INFO] [stdout]    | ^^^^^^^^^^^^^^^ could not find `wasm_bindgen` in the list of imported crates
[INFO] [stdout]    |
[INFO] [stdout]    = note: this error originates in the attribute macro `wasm_bindgen` (in Nightly builds, run with -Z macro-backtrace for more info)
[INFO] [stdout] 
[INFO] [stdout] 
[INFO] [stdout] error[E0433]: cannot find `wasm_bindgen` in the list of imported crates
[INFO] [stdout]  --> src/wasm_error.rs:3:1
[INFO] [stdout]   |
[INFO] [stdout] 3 | #[wasm_bindgen(getter_with_clone)]
[INFO] [stdout]   | ^^^^^^^^^^^^^^^^^^^^^^^^^^^^^^^^^^ could not find `wasm_bindgen` in the list of imported crates
[INFO] [stdout]   |
[INFO] [stdout]   = note: this error originates in the attribute macro `wasm_bindgen` (in Nightly builds, run with -Z macro-backtrace for more info)
[INFO] [stdout] 
[INFO] [stdout] 
[INFO] [stdout] error[E0433]: cannot find `wasm_bindgen` in the list of imported crates
[INFO] [stdout]   --> src/appnote63.rs:10:1
[INFO] [stdout]    |
[INFO] [stdout] 10 | #[wasm_bindgen]
[INFO] [stdout]    | ^^^^^^^^^^^^^^^ could not find `wasm_bindgen` in the list of imported crates
[INFO] [stdout]    |
[INFO] [stdout]    = note: this error originates in the attribute macro `wasm_bindgen` (in Nightly builds, run with -Z macro-backtrace for more info)
[INFO] [stdout] 
[INFO] [stdout] 
[INFO] [stdout] warning: method call on a diverging inference variable
[INFO] [stdout]    --> src/handles.rs:122:29
[INFO] [stdout]     |
[INFO] [stdout] 122 |     let Ok(writer) = writer.dyn_into::<web_sys::WritableStreamDefaultWriter>() else {
[INFO] [stdout]     |                             ^^^^^^^^
[INFO] [stdout]     |
[INFO] [stdout]     = help: consider providing a type annotation
[INFO] [stdout]     = warning: this was previously accepted by the compiler but is being phased out; it will become a hard error in a future release!
[INFO] [stdout]     = note: for more information, see issue #156047 <https://github.com/rust-lang/rust/issues/156047>
[INFO] [stdout]     = note: `#[warn(method_call_on_diverging_infer_var)]` (part of `#[warn(future_incompatible)]`) on by default
[INFO] [stdout] 
[INFO] [stdout] 
[INFO] [stdout] error[E0599]: no method named `dyn_into` found for type `!` in the current scope
[INFO] [stdout]    --> src/handles.rs:122:29
[INFO] [stdout]     |
[INFO] [stdout] 122 |     let Ok(writer) = writer.dyn_into::<web_sys::WritableStreamDefaultWriter>() else {
[INFO] [stdout]     |                             ^^^^^^^^
[INFO] [stdout]     |
[INFO] [stdout] help: there is a method `into` with a similar name
[INFO] [stdout]     |
[INFO] [stdout] 122 -     let Ok(writer) = writer.dyn_into::<web_sys::WritableStreamDefaultWriter>() else {
[INFO] [stdout] 122 +     let Ok(writer) = writer.into::<web_sys::WritableStreamDefaultWriter>() else {
[INFO] [stdout]     |
[INFO] [stdout] 
[INFO] [stdout] 
[INFO] [stdout] error[E0614]: type `bool` cannot be dereferenced
[INFO] [stdout]    --> src/handles.rs:161:10
[INFO] [stdout]     |
[INFO] [stdout] 161 |       if *is_dir {
[INFO] [stdout]     |          ^^^^^^^ can't be dereferenced
[INFO] [stdout] 
[INFO] [stdout] 
[INFO] [stdout] error[E0614]: type `bool` cannot be dereferenced
[INFO] [stdout]    --> src/handles.rs:164:81
[INFO] [stdout]     |
[INFO] [stdout] 164 |       let mut file_header = appnote63::FileHeader::new(zip_path, bytes_written, *is_dir);
[INFO] [stdout]     |                                                                                 ^^^^^^^ can't be dereferenced
[INFO] [stdout] 
[INFO] [stdout] 
[INFO] [stdout] error[E0614]: type `bool` cannot be dereferenced
[INFO] [stdout]    --> src/handles.rs:185:10
[INFO] [stdout]     |
[INFO] [stdout] 185 |       if *is_dir {
[INFO] [stdout]     |          ^^^^^^^ can't be dereferenced
[INFO] [stdout] 
[INFO] [stdout] 
[INFO] [stdout] error[E0308]: mismatched types
[INFO] [stdout]    --> src/handles.rs:191:108
[INFO] [stdout]     |
[INFO] [stdout] 191 |       let file_entry = match js_futures::FileSystemDirectoryEntry_getFile_future::from(file_system.root(), path).await {
[INFO] [stdout]     |                              ---------------------------------------------------------                     ^^^^ expected `&str`, found `String`
[INFO] [stdout]     |                              |
[INFO] [stdout]     |                              arguments to this function are incorrect
[INFO] [stdout]     |
[INFO] [stdout] note: associated function defined here
[INFO] [stdout]    --> src/js_futures/FileSystemDirectoryEntry_getFile_future_mod.rs:20:10
[INFO] [stdout]     |
[INFO] [stdout]  20 |   pub fn from(directory_entry: web_sys::FileSystemDirectoryEntry, path: &str) -> FileSystemDirectoryEntry_getFile_future {
[INFO] [stdout]     |          ^^^^                                                     ----------
[INFO] [stdout] help: consider borrowing here
[INFO] [stdout]     |
[INFO] [stdout] 191 |       let file_entry = match js_futures::FileSystemDirectoryEntry_getFile_future::from(file_system.root(), &path).await {
[INFO] [stdout]     |                                                                                                            +
[INFO] [stdout] 
[INFO] [stdout] 
[INFO] [stdout] error[E0614]: type `bool` cannot be dereferenced
[INFO] [stdout]    --> src/handles.rs:559:8
[INFO] [stdout]     |
[INFO] [stdout] 559 |     if *is_dir {
[INFO] [stdout]     |        ^^^^^^^ can't be dereferenced
[INFO] [stdout] 
[INFO] [stdout] 
[INFO] [stdout] error[E0308]: mismatched types
[INFO] [stdout]    --> src/handles.rs:568:106
[INFO] [stdout]     |
[INFO] [stdout] 568 |     let file_entry = match js_futures::FileSystemDirectoryEntry_getFile_future::from(file_system.root(), path).await {
[INFO] [stdout]     |                            ---------------------------------------------------------                     ^^^^ expected `&str`, found `String`
[INFO] [stdout]     |                            |
[INFO] [stdout]     |                            arguments to this function are incorrect
[INFO] [stdout]     |
[INFO] [stdout] note: associated function defined here
[INFO] [stdout]    --> src/js_futures/FileSystemDirectoryEntry_getFile_future_mod.rs:20:10
[INFO] [stdout]     |
[INFO] [stdout]  20 |   pub fn from(directory_entry: web_sys::FileSystemDirectoryEntry, path: &str) -> FileSystemDirectoryEntry_getFile_future {
[INFO] [stdout]     |          ^^^^                                                     ----------
[INFO] [stdout] help: consider borrowing here
[INFO] [stdout]     |
[INFO] [stdout] 568 |     let file_entry = match js_futures::FileSystemDirectoryEntry_getFile_future::from(file_system.root(), &path).await {
[INFO] [stdout]     |                                                                                                          +
[INFO] [stdout] 
[INFO] [stdout] 
[INFO] [stdout] warning: method call on a diverging inference variable
[INFO] [stdout]    --> src/handles.rs:597:29
[INFO] [stdout]     |
[INFO] [stdout] 597 |     let Ok(writer) = writer.dyn_into::<web_sys::WritableStreamDefaultWriter>() else {
[INFO] [stdout]     |                             ^^^^^^^^
[INFO] [stdout]     |
[INFO] [stdout]     = help: consider providing a type annotation
[INFO] [stdout]     = warning: this was previously accepted by the compiler but is being phased out; it will become a hard error in a future release!
[INFO] [stdout]     = note: for more information, see issue #156047 <https://github.com/rust-lang/rust/issues/156047>
[INFO] [stdout] 
[INFO] [stdout] 
[INFO] [stdout] error[E0599]: no method named `dyn_into` found for type `!` in the current scope
[INFO] [stdout]    --> src/handles.rs:597:29
[INFO] [stdout]     |
[INFO] [stdout] 597 |     let Ok(writer) = writer.dyn_into::<web_sys::WritableStreamDefaultWriter>() else {
[INFO] [stdout]     |                             ^^^^^^^^
[INFO] [stdout]     |
[INFO] [stdout] help: there is a method `into` with a similar name
[INFO] [stdout]     |
[INFO] [stdout] 597 -     let Ok(writer) = writer.dyn_into::<web_sys::WritableStreamDefaultWriter>() else {
[INFO] [stdout] 597 +     let Ok(writer) = writer.into::<web_sys::WritableStreamDefaultWriter>() else {
[INFO] [stdout]     |
[INFO] [stdout] 
[INFO] [stdout] 
[INFO] [stdout] error[E0614]: type `bool` cannot be dereferenced
[INFO] [stdout]    --> src/handles.rs:672:8
[INFO] [stdout]     |
[INFO] [stdout] 672 |     if *is_dir {
[INFO] [stdout]     |        ^^^^^^^ can't be dereferenced
[INFO] [stdout] 
[INFO] [stdout] 
[INFO] [stdout] error[E0308]: mismatched types
[INFO] [stdout]    --> src/handles.rs:681:106
[INFO] [stdout]     |
[INFO] [stdout] 681 |     let file_entry = match js_futures::FileSystemDirectoryEntry_getFile_future::from(file_system.root(), path).await {
[INFO] [stdout]     |                            ---------------------------------------------------------                     ^^^^ expected `&str`, found `String`
[INFO] [stdout]     |                            |
[INFO] [stdout]     |                            arguments to this function are incorrect
[INFO] [stdout]     |
[INFO] [stdout] note: associated function defined here
[INFO] [stdout]    --> src/js_futures/FileSystemDirectoryEntry_getFile_future_mod.rs:20:10
[INFO] [stdout]     |
[INFO] [stdout]  20 |   pub fn from(directory_entry: web_sys::FileSystemDirectoryEntry, path: &str) -> FileSystemDirectoryEntry_getFile_future {
[INFO] [stdout]     |          ^^^^                                                     ----------
[INFO] [stdout] help: consider borrowing here
[INFO] [stdout]     |
[INFO] [stdout] 681 |     let file_entry = match js_futures::FileSystemDirectoryEntry_getFile_future::from(file_system.root(), &path).await {
[INFO] [stdout]     |                                                                                                          +
[INFO] [stdout] 
[INFO] [stdout] 
[INFO] [stdout] warning: method call on a diverging inference variable
[INFO] [stdout]    --> src/handles.rs:710:29
[INFO] [stdout]     |
[INFO] [stdout] 710 |     let Ok(writer) = writer.dyn_into::<web_sys::WritableStreamDefaultWriter>() else {
[INFO] [stdout]     |                             ^^^^^^^^
[INFO] [stdout]     |
[INFO] [stdout]     = help: consider providing a type annotation
[INFO] [stdout]     = warning: this was previously accepted by the compiler but is being phased out; it will become a hard error in a future release!
[INFO] [stdout]     = note: for more information, see issue #156047 <https://github.com/rust-lang/rust/issues/156047>
[INFO] [stdout] 
[INFO] [stdout] 
[INFO] [stdout] error[E0599]: no method named `dyn_into` found for type `!` in the current scope
[INFO] [stdout]    --> src/handles.rs:710:29
[INFO] [stdout]     |
[INFO] [stdout] 710 |     let Ok(writer) = writer.dyn_into::<web_sys::WritableStreamDefaultWriter>() else {
[INFO] [stdout]     |                             ^^^^^^^^
[INFO] [stdout]     |
[INFO] [stdout] help: there is a method `into` with a similar name
[INFO] [stdout]     |
[INFO] [stdout] 710 -     let Ok(writer) = writer.dyn_into::<web_sys::WritableStreamDefaultWriter>() else {
[INFO] [stdout] 710 +     let Ok(writer) = writer.into::<web_sys::WritableStreamDefaultWriter>() else {
[INFO] [stdout]     |
[INFO] [stdout] 
[INFO] [stdout] 
[INFO] [stdout] Some errors have detailed explanations: E0308, E0433, E0599, E0614.
[INFO] [stdout] 
[INFO] [stdout] For more information about an error, try `rustc --explain E0308`.
[INFO] [stdout] 
[INFO] [stderr] error: could not compile `wasm-zip-stream` (lib) due to 17 previous errors; 6 warnings emitted
[INFO] running `Command { std: "docker" "inspect" "fcd2c3697f7d85b59775b2cdedbf3387d38e9b8356e241a2105c9a8bf538b68f", kill_on_drop: false }`
[INFO] running `Command { std: "docker" "rm" "-f" "fcd2c3697f7d85b59775b2cdedbf3387d38e9b8356e241a2105c9a8bf538b68f", kill_on_drop: false }`
[INFO] [stdout] fcd2c3697f7d85b59775b2cdedbf3387d38e9b8356e241a2105c9a8bf538b68f
