[INFO] fetching crate wasip2 2.0.1+wasi-0.2.12...
[INFO] testing wasip2-2.0.1+wasi-0.2.12 against 1.100.0-beta.1 for beta-1.100-2
[INFO] extracting crate wasip2 2.0.1+wasi-0.2.12 into /workspace/builds/worker-7-tc2/source
[INFO] started tweaking crates.io crate wasip2 2.0.1+wasi-0.2.12
[INFO] removed 0 missing examples
[INFO] finished tweaking crates.io crate wasip2 2.0.1+wasi-0.2.12
[INFO] tweaked toml for crates.io crate wasip2 2.0.1+wasi-0.2.12 written to /workspace/builds/worker-7-tc2/source/Cargo.toml
[INFO] validating manifest of crates.io crate wasip2 2.0.1+wasi-0.2.12 on toolchain 1.100.0-beta.1
[INFO] running `Command { std: CARGO_HOME="/workspace/cargo-home" RUSTUP_HOME="/workspace/rustup-home" "/workspace/cargo-home/bin/cargo" "+1.100.0-beta.1" "metadata" "--manifest-path" "Cargo.toml" "--no-deps", kill_on_drop: false }`
[INFO] crate crates.io crate wasip2 2.0.1+wasi-0.2.12 already has a lockfile, it will not be regenerated
[INFO] running `Command { std: CARGO_HOME="/workspace/cargo-home" RUSTUP_HOME="/workspace/rustup-home" "/workspace/cargo-home/bin/cargo" "+1.100.0-beta.1" "fetch" "--manifest-path" "Cargo.toml", kill_on_drop: false }`
[INFO] running `Command { std: "docker" "create" "-v" "/var/lib/crater-agent-workspace/builds/worker-7-tc2/source:/opt/rustwide/workdir:ro,Z" "-v" "/var/lib/crater-agent-workspace/builds/worker-7-tc2/target:/opt/rustwide/target:rw,Z" "-v" "/var/lib/crater-agent-workspace/cargo-home:/opt/rustwide/cargo-home:ro,Z" "-v" "/var/lib/crater-agent-workspace/rustup-home:/opt/rustwide/rustup-home:ro,Z" "-m" "1610612736" "--network" "none" "ghcr.io/rust-lang/crates-build-env/linux@sha256:3111399a4047eeb3a02b7a90e478d715f38a8c6669b5c4b49d30a17385265909" "sleep" "infinity", kill_on_drop: false }`
[INFO] [stdout] 3ab3ae5a36f3140a13f36d7e33d31fd4fd991df8a53e5354050c855f61a1b2c2
[INFO] running `Command { std: "docker" "start" "3ab3ae5a36f3140a13f36d7e33d31fd4fd991df8a53e5354050c855f61a1b2c2", kill_on_drop: false }`
[INFO] running `Command { std: "docker" "inspect" "3ab3ae5a36f3140a13f36d7e33d31fd4fd991df8a53e5354050c855f61a1b2c2", kill_on_drop: false }`
[INFO] running `Command { std: "docker" "exec" "-e" "SOURCE_DIR=/opt/rustwide/workdir" "-e" "CARGO_HOME=/opt/rustwide/cargo-home" "-e" "RUSTUP_HOME=/opt/rustwide/rustup-home" "-e" "CARGO_TARGET_DIR=/opt/rustwide/target" "-w" "/opt/rustwide/workdir" "--user" "0:0" "3ab3ae5a36f3140a13f36d7e33d31fd4fd991df8a53e5354050c855f61a1b2c2" "/opt/rustwide/cargo-home/bin/cargo" "+1.100.0-beta.1" "metadata" "--no-deps" "--format-version=1", kill_on_drop: false }`
[INFO] running `Command { std: "docker" "inspect" "3ab3ae5a36f3140a13f36d7e33d31fd4fd991df8a53e5354050c855f61a1b2c2", kill_on_drop: false }`
[INFO] running `Command { std: "docker" "exec" "-e" "SOURCE_DIR=/opt/rustwide/workdir" "-e" "CARGO_HOME=/opt/rustwide/cargo-home" "-e" "RUSTUP_HOME=/opt/rustwide/rustup-home" "-e" "CARGO_TARGET_DIR=/opt/rustwide/target" "-e" "CARGO_INCREMENTAL=0" "-e" "RUST_BACKTRACE=full" "-e" "RUSTFLAGS=--cap-lints=warn" "-e" "RUSTDOCFLAGS=--cap-lints=warn" "-w" "/opt/rustwide/workdir" "--user" "0:0" "3ab3ae5a36f3140a13f36d7e33d31fd4fd991df8a53e5354050c855f61a1b2c2" "/opt/rustwide/cargo-home/bin/cargo" "+1.100.0-beta.1" "build" "--frozen" "--message-format=json", kill_on_drop: false }`
[INFO] [stderr]    Compiling wit-bindgen v0.62.0
[INFO] [stderr]    Compiling bitflags v2.11.1
[INFO] [stderr]    Compiling wasip2 v2.0.1+wasi-0.2.12 (/opt/rustwide/workdir)
[INFO] [stderr]     Finished `dev` profile [unoptimized + debuginfo] target(s) in 1.64s
[INFO] running `Command { std: "docker" "inspect" "3ab3ae5a36f3140a13f36d7e33d31fd4fd991df8a53e5354050c855f61a1b2c2", kill_on_drop: false }`
[INFO] running `Command { std: "docker" "exec" "-e" "SOURCE_DIR=/opt/rustwide/workdir" "-e" "CARGO_HOME=/opt/rustwide/cargo-home" "-e" "RUSTUP_HOME=/opt/rustwide/rustup-home" "-e" "CARGO_TARGET_DIR=/opt/rustwide/target" "-e" "CARGO_INCREMENTAL=0" "-e" "RUST_BACKTRACE=full" "-e" "RUSTFLAGS=--cap-lints=warn" "-e" "RUSTDOCFLAGS=--cap-lints=warn" "-w" "/opt/rustwide/workdir" "--user" "0:0" "3ab3ae5a36f3140a13f36d7e33d31fd4fd991df8a53e5354050c855f61a1b2c2" "/opt/rustwide/cargo-home/bin/cargo" "+1.100.0-beta.1" "test" "--frozen" "--no-run" "--message-format=json", kill_on_drop: false }`
[INFO] [stderr]    Compiling wasip2 v2.0.1+wasi-0.2.12 (/opt/rustwide/workdir)
[INFO] [stdout] error: linking with `cc` failed: exit status: 1
[INFO] [stdout]   |
[INFO] [stdout]   = note:  "cc" "-Wl,--version-script=/opt/rustwide/target/debug/build/wasip2/f5ce5541edd8b3be/out/rustcNQ1gav/list" "-Wl,--no-undefined-version" "-m64" "/opt/rustwide/target/debug/build/wasip2/f5ce5541edd8b3be/out/rustcNQ1gav/symbols.o" "<2 object files omitted>" "-Wl,--as-needed" "-Wl,-Bstatic" "/opt/rustwide/target/debug/build/wasip2/6f6027ad01aaf495/out/libwasip2-6f6027ad01aaf495.rlib" "/opt/rustwide/target/debug/build/wit-bindgen/cea21efad79bdf3a/out/libwit_bindgen-cea21efad79bdf3a.rlib" "/opt/rustwide/target/debug/build/bitflags/6f28739f8eecf78f/out/libbitflags-6f28739f8eecf78f.rlib" "<sysroot>/lib/rustlib/x86_64-unknown-linux-gnu/lib/{libstd-*,libpanic_unwind-*,libobject-*,libmemchr-*,libaddr2line-*,libgimli-*,libcfg_if-*,librustc_demangle-*,libstd_detect-*,libhashbrown-*,librustc_std_workspace_alloc-*,libminiz_oxide-*,libadler2-*,libunwind-*,liblibc-*,librustc_std_workspace_core-*,liballoc-*,libcore-*,libcompiler_builtins-*}.rlib" "-Wl,-Bdynamic" "-lgcc_s" "-lutil" "-lrt" "-lpthread" "-lm" "-ldl" "-lc" "-L" "/opt/rustwide/target/debug/build/wasip2/f5ce5541edd8b3be/out/rustcNQ1gav/raw-dylibs" "-B<sysroot>/lib/rustlib/x86_64-unknown-linux-gnu/bin/gcc-ld" "-fuse-ld=lld" "-Wl,--eh-frame-hdr" "-Wl,-z,noexecstack" "-L" "<sysroot>/lib/rustlib/x86_64-unknown-linux-gnu/lib" "-o" "/opt/rustwide/target/debug/build/wasip2/f5ce5541edd8b3be/out/libhttp_proxy_no_std-f5ce5541edd8b3be.so" "-Wl,--gc-sections" "-shared" "-Wl,-z,relro,-z,now" "-nodefaultlibs"
[INFO] [stdout]   = note: some arguments are omitted. use `--verbose` to show all linker arguments
[INFO] [stdout]   = note: rust-lld: error: /opt/rustwide/target/debug/build/wasip2/f5ce5541edd8b3be/out/rustcNQ1gav/list:3: ; expected, but got :
[INFO] [stdout]           >>>     wasi:http/incoming-handler@0.2.12#handle;
[INFO] [stdout]           >>>         ^
[INFO] [stdout]           collect2: error: ld returned 1 exit status
[INFO] [stdout]           
[INFO] [stdout] 
[INFO] [stdout] 
[INFO] [stdout] error: linking with `cc` failed: exit status: 1
[INFO] [stdout]   |
[INFO] [stdout]   = note:  "cc" "-Wl,--version-script=/opt/rustwide/target/debug/build/wasip2/eeb282431f86d3f6/out/rustcz0IOyK/list" "-Wl,--no-undefined-version" "-m64" "/opt/rustwide/target/debug/build/wasip2/eeb282431f86d3f6/out/rustcz0IOyK/symbols.o" "<2 object files omitted>" "-Wl,--as-needed" "-Wl,-Bstatic" "/opt/rustwide/target/debug/build/wasip2/6f6027ad01aaf495/out/libwasip2-6f6027ad01aaf495.rlib" "/opt/rustwide/target/debug/build/wit-bindgen/cea21efad79bdf3a/out/libwit_bindgen-cea21efad79bdf3a.rlib" "/opt/rustwide/target/debug/build/bitflags/6f28739f8eecf78f/out/libbitflags-6f28739f8eecf78f.rlib" "<sysroot>/lib/rustlib/x86_64-unknown-linux-gnu/lib/{libstd-*,libpanic_unwind-*,libobject-*,libmemchr-*,libaddr2line-*,libgimli-*,libcfg_if-*,librustc_demangle-*,libstd_detect-*,libhashbrown-*,librustc_std_workspace_alloc-*,libminiz_oxide-*,libadler2-*,libunwind-*,liblibc-*,librustc_std_workspace_core-*,liballoc-*,libcore-*,libcompiler_builtins-*}.rlib" "-Wl,-Bdynamic" "-lgcc_s" "-lutil" "-lrt" "-lpthread" "-lm" "-ldl" "-lc" "-L" "/opt/rustwide/target/debug/build/wasip2/eeb282431f86d3f6/out/rustcz0IOyK/raw-dylibs" "-B<sysroot>/lib/rustlib/x86_64-unknown-linux-gnu/bin/gcc-ld" "-fuse-ld=lld" "-Wl,--eh-frame-hdr" "-Wl,-z,noexecstack" "-L" "<sysroot>/lib/rustlib/x86_64-unknown-linux-gnu/lib" "-o" "/opt/rustwide/target/debug/build/wasip2/eeb282431f86d3f6/out/libcli_command-eeb282431f86d3f6.so" "-Wl,--gc-sections" "-shared" "-Wl,-z,relro,-z,now" "-nodefaultlibs"
[INFO] [stdout]   = note: some arguments are omitted. use `--verbose` to show all linker arguments
[INFO] [stdout]   = note: rust-lld: error: /opt/rustwide/target/debug/build/wasip2/eeb282431f86d3f6/out/rustcz0IOyK/list:3: ; expected, but got :
[INFO] [stdout]           >>>     wasi:cli/run@0.2.12#run;
[INFO] [stdout]           >>>         ^
[INFO] [stdout]           collect2: error: ld returned 1 exit status
[INFO] [stdout]           
[INFO] [stdout] 
[INFO] [stdout] 
[INFO] [stdout] error: linking with `cc` failed: exit status: 1
[INFO] [stdout]   |
[INFO] [stdout]   = note:  "cc" "-Wl,--version-script=/opt/rustwide/target/debug/build/wasip2/c366fe7fe5093602/out/rustccdggya/list" "-Wl,--no-undefined-version" "-m64" "/opt/rustwide/target/debug/build/wasip2/c366fe7fe5093602/out/rustccdggya/symbols.o" "<2 object files omitted>" "-Wl,--as-needed" "-Wl,-Bstatic" "/opt/rustwide/target/debug/build/wasip2/6f6027ad01aaf495/out/libwasip2-6f6027ad01aaf495.rlib" "/opt/rustwide/target/debug/build/wit-bindgen/cea21efad79bdf3a/out/libwit_bindgen-cea21efad79bdf3a.rlib" "/opt/rustwide/target/debug/build/bitflags/6f28739f8eecf78f/out/libbitflags-6f28739f8eecf78f.rlib" "<sysroot>/lib/rustlib/x86_64-unknown-linux-gnu/lib/{libstd-*,libpanic_unwind-*,libobject-*,libmemchr-*,libaddr2line-*,libgimli-*,libcfg_if-*,librustc_demangle-*,libstd_detect-*,libhashbrown-*,librustc_std_workspace_alloc-*,libminiz_oxide-*,libadler2-*,libunwind-*,liblibc-*,librustc_std_workspace_core-*,liballoc-*,libcore-*,libcompiler_builtins-*}.rlib" "-Wl,-Bdynamic" "-lgcc_s" "-lutil" "-lrt" "-lpthread" "-lm" "-ldl" "-lc" "-L" "/opt/rustwide/target/debug/build/wasip2/c366fe7fe5093602/out/rustccdggya/raw-dylibs" "-B<sysroot>/lib/rustlib/x86_64-unknown-linux-gnu/bin/gcc-ld" "-fuse-ld=lld" "-Wl,--eh-frame-hdr" "-Wl,-z,noexecstack" "-L" "<sysroot>/lib/rustlib/x86_64-unknown-linux-gnu/lib" "-o" "/opt/rustwide/target/debug/build/wasip2/c366fe7fe5093602/out/libhttp_proxy-c366fe7fe5093602.so" "-Wl,--gc-sections" "-shared" "-Wl,-z,relro,-z,now" "-nodefaultlibs"
[INFO] [stdout]   = note: some arguments are omitted. use `--verbose` to show all linker arguments
[INFO] [stdout]   = note: rust-lld: error: /opt/rustwide/target/debug/build/wasip2/c366fe7fe5093602/out/rustccdggya/list:3: ; expected, but got :
[INFO] [stdout]           >>>     wasi:http/incoming-handler@0.2.12#handle;
[INFO] [stdout]           >>>         ^
[INFO] [stdout]           collect2: error: ld returned 1 exit status
[INFO] [stdout]           
[INFO] [stdout] 
[INFO] [stdout] 
[INFO] [stdout] error: linking with `cc` failed: exit status: 1
[INFO] [stdout]   |
[INFO] [stdout]   = note:  "cc" "-Wl,--version-script=/opt/rustwide/target/debug/build/wasip2/aabb8f896965095b/out/rustcP3vRU0/list" "-Wl,--no-undefined-version" "-m64" "/opt/rustwide/target/debug/build/wasip2/aabb8f896965095b/out/rustcP3vRU0/symbols.o" "<2 object files omitted>" "-Wl,--as-needed" "-Wl,-Bstatic" "/opt/rustwide/target/debug/build/wasip2/6f6027ad01aaf495/out/libwasip2-6f6027ad01aaf495.rlib" "/opt/rustwide/target/debug/build/wit-bindgen/cea21efad79bdf3a/out/libwit_bindgen-cea21efad79bdf3a.rlib" "/opt/rustwide/target/debug/build/bitflags/6f28739f8eecf78f/out/libbitflags-6f28739f8eecf78f.rlib" "<sysroot>/lib/rustlib/x86_64-unknown-linux-gnu/lib/{libstd-*,libpanic_unwind-*,libobject-*,libmemchr-*,libaddr2line-*,libgimli-*,libcfg_if-*,librustc_demangle-*,libstd_detect-*,libhashbrown-*,librustc_std_workspace_alloc-*,libminiz_oxide-*,libadler2-*,libunwind-*,liblibc-*,librustc_std_workspace_core-*,liballoc-*,libcore-*,libcompiler_builtins-*}.rlib" "-Wl,-Bdynamic" "-lgcc_s" "-lutil" "-lrt" "-lpthread" "-lm" "-ldl" "-lc" "-L" "/opt/rustwide/target/debug/build/wasip2/aabb8f896965095b/out/rustcP3vRU0/raw-dylibs" "-B<sysroot>/lib/rustlib/x86_64-unknown-linux-gnu/bin/gcc-ld" "-fuse-ld=lld" "-Wl,--eh-frame-hdr" "-Wl,-z,noexecstack" "-L" "<sysroot>/lib/rustlib/x86_64-unknown-linux-gnu/lib" "-o" "/opt/rustwide/target/debug/build/wasip2/aabb8f896965095b/out/libcli_command_no_std-aabb8f896965095b.so" "-Wl,--gc-sections" "-shared" "-Wl,-z,relro,-z,now" "-nodefaultlibs"
[INFO] [stdout]   = note: some arguments are omitted. use `--verbose` to show all linker arguments
[INFO] [stdout]   = note: rust-lld: error: /opt/rustwide/target/debug/build/wasip2/aabb8f896965095b/out/rustcP3vRU0/list:3: ; expected, but got :
[INFO] [stdout]           >>>     wasi:cli/run@0.2.12#run;
[INFO] [stdout]           >>>         ^
[INFO] [stdout]           collect2: error: ld returned 1 exit status
[INFO] [stdout]           
[INFO] [stdout] 
[INFO] [stdout] 
[INFO] [stderr] error: could not compile `wasip2` (example "cli-command") due to 1 previous error
[INFO] [stderr] warning: build failed, waiting for other jobs to finish...
[INFO] [stderr] error: could not compile `wasip2` (example "cli-command-no_std") due to 1 previous error
[INFO] [stderr] error: could not compile `wasip2` (example "http-proxy-no_std") due to 1 previous error
[INFO] [stderr] error: could not compile `wasip2` (example "http-proxy") due to 1 previous error
[INFO] running `Command { std: "docker" "inspect" "3ab3ae5a36f3140a13f36d7e33d31fd4fd991df8a53e5354050c855f61a1b2c2", kill_on_drop: false }`
[INFO] running `Command { std: "docker" "rm" "-f" "3ab3ae5a36f3140a13f36d7e33d31fd4fd991df8a53e5354050c855f61a1b2c2", kill_on_drop: false }`
[INFO] [stdout] 3ab3ae5a36f3140a13f36d7e33d31fd4fd991df8a53e5354050c855f61a1b2c2
