[INFO] fetching crate wasi-process2 0.3.6...
[INFO] testing wasi-process2-0.3.6 against 1.99.0-beta.8 for beta-1.100-2
[INFO] extracting crate wasi-process2 0.3.6 into /workspace/builds/worker-2-tc1/source
[INFO] started tweaking crates.io crate wasi-process2 0.3.6
[INFO] finished tweaking crates.io crate wasi-process2 0.3.6
[INFO] tweaked toml for crates.io crate wasi-process2 0.3.6 written to /workspace/builds/worker-2-tc1/source/Cargo.toml
[INFO] validating manifest of crates.io crate wasi-process2 0.3.6 on toolchain 1.99.0-beta.8
[INFO] running `Command { std: CARGO_HOME="/workspace/cargo-home" RUSTUP_HOME="/workspace/rustup-home" "/workspace/cargo-home/bin/cargo" "+1.99.0-beta.8" "metadata" "--manifest-path" "Cargo.toml" "--no-deps", kill_on_drop: false }`
[INFO] crate crates.io crate wasi-process2 0.3.6 already has a lockfile, it will not be regenerated
[INFO] running `Command { std: CARGO_HOME="/workspace/cargo-home" RUSTUP_HOME="/workspace/rustup-home" "/workspace/cargo-home/bin/cargo" "+1.99.0-beta.8" "fetch" "--manifest-path" "Cargo.toml", kill_on_drop: false }`
[INFO] [stderr]     Updating crates.io index
[INFO] [stderr]  Downloading crates ...
[INFO] [stderr]   Downloaded wasmer-types v2.3.0
[INFO] [stderr]   Downloaded wasmer-wasi-types v2.3.0
[INFO] [stderr]   Downloaded thiserror v1.0.58
[INFO] [stderr]   Downloaded thiserror-impl v1.0.58
[INFO] [stderr]   Downloaded semver-parser v0.7.0
[INFO] [stderr]   Downloaded serde_derive v1.0.197
[INFO] [stderr]   Downloaded tempfile v3.10.1
[INFO] [stderr]   Downloaded wat v1.201.0
[INFO] [stderr]   Downloaded serde_bytes v0.11.14
[INFO] [stderr]   Downloaded wasm-bindgen-macro v0.2.92
[INFO] [stderr]   Downloaded stdweb-derive v0.5.3
[INFO] [stderr]   Downloaded wasm-bindgen-shared v0.2.92
[INFO] [stderr]   Downloaded wasmer-engine-universal v2.3.0
[INFO] [stderr]   Downloaded fastrand v2.0.2
[INFO] [stderr]   Downloaded base-x v0.2.11
[INFO] [stderr]   Downloaded discard v1.0.4
[INFO] [stderr]   Downloaded region v3.0.2
[INFO] [stderr]   Downloaded wasmer-derive v2.3.0
[INFO] [stderr]   Downloaded loupe-derive v0.1.3
[INFO] [stderr]   Downloaded itoa v1.0.10
[INFO] [stderr]   Downloaded semver v0.9.0
[INFO] [stderr]   Downloaded windows-targets v0.52.4
[INFO] [stderr]   Downloaded wasmer-engine-universal-artifact v2.3.0
[INFO] [stderr]   Downloaded wasmer-engine-dylib v2.3.0
[INFO] [stderr]   Downloaded libloading v0.7.4
[INFO] [stderr]   Downloaded more-asserts v0.2.2
[INFO] [stderr]   Downloaded autocfg v1.2.0
[INFO] [stderr]   Downloaded enum-iterator v0.7.0
[INFO] [stderr]   Downloaded rustc-demangle v0.1.23
[INFO] [stderr]   Downloaded wasm-bindgen-macro-support v0.2.92
[INFO] [stderr]   Downloaded stdweb-internal-runtime v0.1.5
[INFO] [stderr]   Downloaded pin-project-lite v0.2.13
[INFO] [stderr]   Downloaded leb128 v0.2.5
[INFO] [stderr]   Downloaded wasmer-artifact v2.3.0
[INFO] [stderr]   Downloaded target-lexicon v0.12.14
[INFO] [stderr]   Downloaded enumset_derive v0.8.1
[INFO] [stderr]   Downloaded darling v0.20.8
[INFO] [stderr]   Downloaded rkyv_derive v0.7.44
[INFO] [stderr]   Downloaded sha1_smol v1.0.0
[INFO] [stderr]   Downloaded enumset v1.1.3
[INFO] [stderr]   Downloaded crossbeam-utils v0.8.19
[INFO] [stderr]   Downloaded time-macros v0.1.1
[INFO] [stderr]   Downloaded proc-macro-hack v0.5.20+deprecated
[INFO] [stderr]   Downloaded time-macros-impl v0.1.2
[INFO] [stderr]   Downloaded rustc_version v0.2.3
[INFO] [stderr]   Downloaded darling_macro v0.20.8
[INFO] [stderr]   Downloaded enum-iterator-derive v0.7.0
[INFO] [stderr]   Downloaded sha1 v0.6.1
[INFO] [stderr]   Downloaded const_fn v0.4.9
[INFO] [stderr]   Downloaded hashbrown v0.11.2
[INFO] [stderr]   Downloaded loupe v0.1.3
[INFO] [stderr]   Downloaded stdweb-internal-macros v0.2.9
[INFO] [stderr]   Downloaded wasmer-vfs v2.3.0
[INFO] [stderr]   Downloaded mach v0.3.2
[INFO] [stderr]   Downloaded errno v0.3.8
[INFO] [stderr]   Downloaded wasmer-object v2.3.0
[INFO] [stderr]   Downloaded simdutf8 v0.1.4
[INFO] [stderr]   Downloaded rustversion v1.0.14
[INFO] [stderr]   Downloaded standback v0.2.17
[INFO] [stderr]   Downloaded unicode-width v0.1.11
[INFO] [stderr]   Downloaded smallvec v1.13.2
[INFO] [stderr]   Downloaded corosensei v0.1.4
[INFO] [stderr]   Downloaded wasmer-engine v2.3.0
[INFO] [stderr]   Downloaded cranelift-codegen-shared v0.82.3
[INFO] [stderr]   Downloaded num_cpus v1.16.0
[INFO] [stderr]   Downloaded hermit-abi v0.3.9
[INFO] [stderr]   Downloaded instant v0.1.12
[INFO] [stderr]   Downloaded uuid v1.8.0
[INFO] [stderr]   Downloaded tinyvec v1.6.0
[INFO] [stderr]   Downloaded miniz_oxide v0.7.2
[INFO] [stderr]   Downloaded wasm-bindgen-backend v0.2.92
[INFO] [stderr]   Downloaded log v0.4.21
[INFO] [stderr]   Downloaded tracing-attributes v0.1.27
[INFO] [stderr]   Downloaded wasmer-compiler v2.3.0
[INFO] [stderr]   Downloaded darling_core v0.20.8
[INFO] [stderr]   Downloaded bitflags v2.5.0
[INFO] [stderr]   Downloaded home v0.5.9
[INFO] [stderr]   Downloaded crc32fast v1.4.0
[INFO] [stderr]   Downloaded generational-arena v0.2.9
[INFO] [stderr]   Downloaded tokio-macros v2.2.0
[INFO] [stderr]   Downloaded lock_api v0.4.11
[INFO] [stderr]   Downloaded proc-macro2 v1.0.79
[INFO] [stderr]   Downloaded once_cell v1.19.0
[INFO] [stderr]   Downloaded bytes v1.6.0
[INFO] [stderr]   Downloaded time v0.2.27
[INFO] [stderr]   Downloaded ryu v1.0.17
[INFO] [stderr]   Downloaded tracing v0.1.40
[INFO] [stderr]   Downloaded tracing-core v0.1.32
[INFO] [stderr]   Downloaded wasm-encoder v0.201.0
[INFO] [stderr]   Downloaded wasmparser v0.83.0
[INFO] [stderr]   Downloaded either v1.10.0
[INFO] [stderr]   Downloaded crossbeam-deque v0.8.5
[INFO] [stderr]   Downloaded fallible-iterator v0.2.0
[INFO] [stderr]   Downloaded cranelift-entity v0.82.3
[INFO] [stderr]   Downloaded cranelift-bforest v0.82.3
[INFO] [stderr]   Downloaded serde v1.0.197
[INFO] [stderr]   Downloaded backtrace v0.3.71
[INFO] [stderr]   Downloaded cc v1.0.90
[INFO] [stderr]   Downloaded bumpalo v3.15.4
[INFO] [stderr]   Downloaded wasmer-vm v2.3.0
[INFO] [stderr]   Downloaded cranelift-frontend v0.82.3
[INFO] [stderr]   Downloaded cranelift-codegen-meta v0.82.3
[INFO] [stderr]   Downloaded rkyv v0.7.44
[INFO] [stderr]   Downloaded wasmer v2.3.0
[INFO] [stderr]   Downloaded wasmer-compiler-cranelift v2.3.0
[INFO] [stderr]   Downloaded wast v201.0.0
[INFO] [stderr]   Downloaded js-sys v0.3.69
[INFO] [stderr]   Downloaded serde_json v1.0.114
[INFO] [stderr]   Downloaded stdweb v0.4.20
[INFO] [stderr]   Downloaded wasm-bindgen v0.2.92
[INFO] [stderr]   Downloaded regalloc v0.0.34
[INFO] [stderr]   Downloaded syn v2.0.55
[INFO] [stderr]   Downloaded object v0.28.4
[INFO] [stderr]   Downloaded rustix v0.38.32
[INFO] [stderr]   Downloaded wasmer-wasi v2.3.0
[INFO] [stderr]   Downloaded windows_aarch64_gnullvm v0.52.4
[INFO] [stderr]   Downloaded windows_x86_64_gnullvm v0.52.4
[INFO] [stderr]   Downloaded windows_aarch64_msvc v0.33.0
[INFO] [stderr]   Downloaded windows_x86_64_msvc v0.33.0
[INFO] [stderr]   Downloaded libc v0.2.153
[INFO] [stderr]   Downloaded windows_x86_64_gnu v0.33.0
[INFO] [stderr]   Downloaded windows_i686_msvc v0.33.0
[INFO] [stderr]   Downloaded windows_i686_gnu v0.33.0
[INFO] [stderr]   Downloaded gimli v0.26.2
[INFO] [stderr]   Downloaded tokio v1.36.0
[INFO] [stderr]   Downloaded windows_aarch64_msvc v0.52.4
[INFO] [stderr]   Downloaded windows_x86_64_msvc v0.52.4
[INFO] [stderr]   Downloaded cranelift-codegen v0.82.3
[INFO] [stderr]   Downloaded windows_i686_msvc v0.52.4
[INFO] [stderr]   Downloaded windows_i686_gnu v0.52.4
[INFO] [stderr]   Downloaded windows_x86_64_gnu v0.52.4
[INFO] [stderr]   Downloaded linux-raw-sys v0.4.13
[INFO] [stderr]   Downloaded windows-sys v0.33.0
[INFO] running `Command { std: "docker" "create" "-v" "/var/lib/crater-agent-workspace/builds/worker-2-tc1/source:/opt/rustwide/workdir:ro,Z" "-v" "/var/lib/crater-agent-workspace/builds/worker-2-tc1/target:/opt/rustwide/target:rw,Z" "-v" "/var/lib/crater-agent-workspace/cargo-home:/opt/rustwide/cargo-home:ro,Z" "-v" "/var/lib/crater-agent-workspace/rustup-home:/opt/rustwide/rustup-home:ro,Z" "-m" "1610612736" "--network" "none" "ghcr.io/rust-lang/crates-build-env/linux@sha256:3111399a4047eeb3a02b7a90e478d715f38a8c6669b5c4b49d30a17385265909" "sleep" "infinity", kill_on_drop: false }`
[INFO] [stdout] fd8a5a94fe4abe9b8e1daba74e655c594ad1431e019717626cf6d3e056907a9c
[INFO] running `Command { std: "docker" "start" "fd8a5a94fe4abe9b8e1daba74e655c594ad1431e019717626cf6d3e056907a9c", kill_on_drop: false }`
[INFO] running `Command { std: "docker" "inspect" "fd8a5a94fe4abe9b8e1daba74e655c594ad1431e019717626cf6d3e056907a9c", kill_on_drop: false }`
[INFO] running `Command { std: "docker" "exec" "-e" "SOURCE_DIR=/opt/rustwide/workdir" "-e" "CARGO_HOME=/opt/rustwide/cargo-home" "-e" "RUSTUP_HOME=/opt/rustwide/rustup-home" "-e" "CARGO_TARGET_DIR=/opt/rustwide/target" "-w" "/opt/rustwide/workdir" "--user" "0:0" "fd8a5a94fe4abe9b8e1daba74e655c594ad1431e019717626cf6d3e056907a9c" "/opt/rustwide/cargo-home/bin/cargo" "+1.99.0-beta.8" "metadata" "--no-deps" "--format-version=1", kill_on_drop: false }`
[INFO] running `Command { std: "docker" "inspect" "fd8a5a94fe4abe9b8e1daba74e655c594ad1431e019717626cf6d3e056907a9c", kill_on_drop: false }`
[INFO] running `Command { std: "docker" "exec" "-e" "SOURCE_DIR=/opt/rustwide/workdir" "-e" "CARGO_HOME=/opt/rustwide/cargo-home" "-e" "RUSTUP_HOME=/opt/rustwide/rustup-home" "-e" "CARGO_TARGET_DIR=/opt/rustwide/target" "-e" "CARGO_INCREMENTAL=0" "-e" "RUST_BACKTRACE=full" "-e" "RUSTFLAGS=--cap-lints=warn" "-e" "RUSTDOCFLAGS=--cap-lints=warn" "-w" "/opt/rustwide/workdir" "--user" "0:0" "fd8a5a94fe4abe9b8e1daba74e655c594ad1431e019717626cf6d3e056907a9c" "/opt/rustwide/cargo-home/bin/cargo" "+1.99.0-beta.8" "build" "--frozen" "--message-format=json", kill_on_drop: false }`
[INFO] [stderr]    Compiling proc-macro2 v1.0.79
[INFO] [stderr]    Compiling unicode-ident v1.0.12
[INFO] [stderr]    Compiling version_check v0.9.4
[INFO] [stderr]    Compiling libc v0.2.153
[INFO] [stderr]    Compiling cfg-if v1.0.0
[INFO] [stderr]    Compiling autocfg v1.2.0
[INFO] [stderr]    Compiling syn v1.0.109
[INFO] [stderr]    Compiling once_cell v1.19.0
[INFO] [stderr]    Compiling serde v1.0.197
[INFO] [stderr]    Compiling memchr v2.7.1
[INFO] [stderr]    Compiling cc v1.0.90
[INFO] [stderr]    Compiling ident_case v1.0.1
[INFO] [stderr]    Compiling rustversion v1.0.14
[INFO] [stderr]    Compiling fnv v1.0.7
[INFO] [stderr]    Compiling smallvec v1.13.2
[INFO] [stderr]    Compiling thiserror v1.0.58
[INFO] [stderr]    Compiling adler v1.0.2
[INFO] [stderr]    Compiling target-lexicon v0.12.14
[INFO] [stderr]    Compiling gimli v0.28.1
[INFO] [stderr]    Compiling rkyv v0.7.44
[INFO] [stderr]    Compiling miniz_oxide v0.7.2
[INFO] [stderr]    Compiling rustc-demangle v0.1.23
[INFO] [stderr]    Compiling seahash v4.1.0
[INFO] [stderr]    Compiling more-asserts v0.2.2
[INFO] [stderr]    Compiling wasmparser v0.83.0
[INFO] [stderr]    Compiling crossbeam-utils v0.8.19
[INFO] [stderr]    Compiling log v0.4.21
[INFO] [stderr]    Compiling scopeguard v1.2.0
[INFO] [stderr]    Compiling ahash v0.7.8
[INFO] [stderr]    Compiling object v0.32.2
[INFO] [stderr]    Compiling indexmap v1.9.3
[INFO] [stderr]    Compiling corosensei v0.1.4
[INFO] [stderr]    Compiling memoffset v0.6.5
[INFO] [stderr]    Compiling cranelift-codegen-shared v0.82.3
[INFO] [stderr]    Compiling cranelift-codegen-meta v0.82.3
[INFO] [stderr]    Compiling standback v0.2.17
[INFO] [stderr]    Compiling pin-project-lite v0.2.13
[INFO] [stderr]    Compiling leb128 v0.2.5
[INFO] [stderr]    Compiling bitflags v1.3.2
[INFO] [stderr]    Compiling crc32fast v1.4.0
[INFO] [stderr]    Compiling proc-macro-hack v0.5.20+deprecated
[INFO] [stderr]    Compiling rustix v0.38.32
[INFO] [stderr]    Compiling proc-macro-error-attr v1.0.4
[INFO] [stderr]    Compiling tracing-core v0.1.32
[INFO] [stderr]    Compiling quote v1.0.35
[INFO] [stderr]    Compiling cranelift-entity v0.82.3
[INFO] [stderr]    Compiling rayon-core v1.12.1
[INFO] [stderr]    Compiling fallible-iterator v0.2.0
[INFO] [stderr]    Compiling either v1.10.0
[INFO] [stderr]    Compiling syn v2.0.55
[INFO] [stderr]    Compiling stable_deref_trait v1.2.0
[INFO] [stderr]    Compiling lazy_static v1.4.0
[INFO] [stderr]    Compiling linux-raw-sys v0.4.13
[INFO] [stderr]    Compiling rustc-hash v1.1.0
[INFO] [stderr]    Compiling bitflags v2.5.0
[INFO] [stderr]    Compiling cranelift-bforest v0.82.3
[INFO] [stderr]    Compiling regalloc v0.0.34
[INFO] [stderr]    Compiling proc-macro-error v1.0.4
[INFO] [stderr]    Compiling const_fn v0.4.9
[INFO] [stderr]    Compiling wasm-encoder v0.201.0
[INFO] [stderr]    Compiling crossbeam-epoch v0.9.18
[INFO] [stderr]    Compiling time v0.2.27
[INFO] [stderr]    Compiling wasmer-compiler-cranelift v2.3.0
[INFO] [stderr]    Compiling crossbeam-deque v0.8.5
[INFO] [stderr]    Compiling fastrand v2.0.2
[INFO] [stderr]    Compiling backtrace v0.3.71
[INFO] [stderr]    Compiling bumpalo v3.15.4
[INFO] [stderr]    Compiling home v0.5.9
[INFO] [stderr]    Compiling unicode-width v0.1.11
[INFO] [stderr]    Compiling getrandom v0.2.12
[INFO] [stderr]    Compiling region v3.0.2
[INFO] [stderr]    Compiling memmap2 v0.5.10
[INFO] [stderr]    Compiling lock_api v0.4.11
[INFO] [stderr]    Compiling libloading v0.7.4
[INFO] [stderr]    Compiling parking_lot_core v0.8.6
[INFO] [stderr]    Compiling instant v0.1.12
[INFO] [stderr]    Compiling byteorder v1.5.0
[INFO] [stderr]    Compiling hashbrown v0.12.3
[INFO] [stderr]    Compiling hashbrown v0.11.2
[INFO] [stderr]    Compiling rayon v1.10.0
[INFO] [stderr]    Compiling num_cpus v1.16.0
[INFO] [stderr]    Compiling generational-arena v0.2.9
[INFO] [stderr]    Compiling wast v201.0.0
[INFO] [stderr]    Compiling bytes v1.6.0
[INFO] [stderr]    Compiling parking_lot v0.11.2
[INFO] [stderr]    Compiling which v4.4.2
[INFO] [stderr]    Compiling tempfile v3.10.1
[INFO] [stderr]    Compiling cranelift-codegen v0.82.3
[INFO] [stderr]    Compiling addr2line v0.21.0
[INFO] [stderr]    Compiling ptr_meta_derive v0.1.4
[INFO] [stderr]    Compiling loupe-derive v0.1.3
[INFO] [stderr]    Compiling rkyv_derive v0.7.44
[INFO] [stderr]    Compiling enum-iterator-derive v0.7.0
[INFO] [stderr]    Compiling time-macros-impl v0.1.2
[INFO] [stderr]    Compiling wasmer-derive v2.3.0
[INFO] [stderr]    Compiling ptr_meta v0.1.4
[INFO] [stderr]    Compiling enum-iterator v0.7.0
[INFO] [stderr]    Compiling time-macros v0.1.1
[INFO] [stderr]    Compiling darling_core v0.20.8
[INFO] [stderr]    Compiling serde_derive v1.0.197
[INFO] [stderr]    Compiling thiserror-impl v1.0.58
[INFO] [stderr]    Compiling tracing-attributes v0.1.27
[INFO] [stderr]    Compiling tokio-macros v2.2.0
[INFO] [stderr]    Compiling tokio v1.36.0
[INFO] [stderr]    Compiling tracing v0.1.40
[INFO] [stderr]    Compiling wasmer-vfs v2.3.0
[INFO] [stderr]    Compiling wat v1.201.0
[INFO] [stderr]    Compiling darling_macro v0.20.8
[INFO] [stderr]    Compiling darling v0.20.8
[INFO] [stderr]    Compiling enumset_derive v0.8.1
[INFO] [stderr]    Compiling enumset v1.1.3
[INFO] [stderr]    Compiling serde_bytes v0.11.14
[INFO] [stderr]    Compiling loupe v0.1.3
[INFO] [stderr]    Compiling gimli v0.26.2
[INFO] [stderr]    Compiling object v0.28.4
[INFO] [stderr]    Compiling wasmer-types v2.3.0
[INFO] [stderr]    Compiling wasmer-compiler v2.3.0
[INFO] [stderr]    Compiling wasmer-wasi-types v2.3.0
[INFO] [stderr]    Compiling wasmer-artifact v2.3.0
[INFO] [stderr]    Compiling wasmer-object v2.3.0
[INFO] [stderr]    Compiling wasmer-vm v2.3.0
[INFO] [stderr]    Compiling wasmer-engine-universal-artifact v2.3.0
[INFO] [stderr]    Compiling wasmer-engine v2.3.0
[INFO] [stderr]    Compiling wasmer-engine-universal v2.3.0
[INFO] [stderr]    Compiling wasmer-engine-dylib v2.3.0
[INFO] [stderr]    Compiling cranelift-frontend v0.82.3
[INFO] [stderr]    Compiling wasmer v2.3.0
[INFO] [stderr]    Compiling wasmer-wasi v2.3.0
[INFO] [stderr]    Compiling wasi-process2 v0.3.6 (/opt/rustwide/workdir)
[INFO] [stderr]     Finished `dev` profile [unoptimized + debuginfo] target(s) in 1m 23s
[INFO] running `Command { std: "docker" "inspect" "fd8a5a94fe4abe9b8e1daba74e655c594ad1431e019717626cf6d3e056907a9c", kill_on_drop: false }`
[INFO] running `Command { std: "docker" "exec" "-e" "SOURCE_DIR=/opt/rustwide/workdir" "-e" "CARGO_HOME=/opt/rustwide/cargo-home" "-e" "RUSTUP_HOME=/opt/rustwide/rustup-home" "-e" "CARGO_TARGET_DIR=/opt/rustwide/target" "-e" "CARGO_INCREMENTAL=0" "-e" "RUST_BACKTRACE=full" "-e" "RUSTFLAGS=--cap-lints=warn" "-e" "RUSTDOCFLAGS=--cap-lints=warn" "-w" "/opt/rustwide/workdir" "--user" "0:0" "fd8a5a94fe4abe9b8e1daba74e655c594ad1431e019717626cf6d3e056907a9c" "/opt/rustwide/cargo-home/bin/cargo" "+1.99.0-beta.8" "test" "--frozen" "--no-run" "--message-format=json", kill_on_drop: false }`
[INFO] [stderr]    Compiling wasi-process2 v0.3.6 (/opt/rustwide/workdir)
[INFO] [stdout] error[E0432]: unresolved import `wasi_process`
[INFO] [stdout]  --> examples/wasirun.rs:2:5
[INFO] [stdout]   |
[INFO] [stdout] 2 | use wasi_process::WasiProcess;
[INFO] [stdout]   |     ^^^^^^^^^^^^ use of unresolved module or unlinked crate `wasi_process`
[INFO] [stdout]   |
[INFO] [stdout] help: there is a crate or module with a similar name
[INFO] [stdout]   |
[INFO] [stdout] 2 | use wasi_process2::WasiProcess;
[INFO] [stdout]   |                 +
[INFO] [stdout] 
[INFO] [stdout] 
[INFO] [stdout] error[E0433]: cannot find module or crate `wasi_process` in this scope
[INFO] [stdout]   --> examples/wasirun.rs:18:44
[INFO] [stdout]    |
[INFO] [stdout] 18 |     let wasi = WasiProcess::new(&instance, wasi_process::MaxBufSize::default())?;
[INFO] [stdout]    |                                            ^^^^^^^^^^^^ use of unresolved module or unlinked crate `wasi_process`
[INFO] [stdout]    |
[INFO] [stdout] help: there is a crate or module with a similar name
[INFO] [stdout]    |
[INFO] [stdout] 18 |     let wasi = WasiProcess::new(&instance, wasi_process2::MaxBufSize::default())?;
[INFO] [stdout]    |                                                        +
[INFO] [stdout] 
[INFO] [stdout] 
[INFO] [stdout] error[E0433]: cannot find module or crate `wasi_process` in this scope
[INFO] [stdout]   --> examples/wasirun.rs:12:5
[INFO] [stdout]    |
[INFO] [stdout] 12 |     wasi_process::add_stdio(&mut state);
[INFO] [stdout]    |     ^^^^^^^^^^^^ use of unresolved module or unlinked crate `wasi_process`
[INFO] [stdout]    |
[INFO] [stdout] help: there is a crate or module with a similar name
[INFO] [stdout]    |
[INFO] [stdout] 12 |     wasi_process2::add_stdio(&mut state);
[INFO] [stdout]    |                 +
[INFO] [stdout] 
[INFO] [stdout] 
[INFO] [stdout] Some errors have detailed explanations: E0432, E0433.
[INFO] [stdout] 
[INFO] [stdout] For more information about an error, try `rustc --explain E0432`.
[INFO] [stdout] 
[INFO] [stderr] error: could not compile `wasi-process2` (example "wasirun") due to 3 previous errors
[INFO] [stderr] warning: build failed, waiting for other jobs to finish...
[INFO] running `Command { std: "docker" "inspect" "fd8a5a94fe4abe9b8e1daba74e655c594ad1431e019717626cf6d3e056907a9c", kill_on_drop: false }`
[INFO] running `Command { std: "docker" "rm" "-f" "fd8a5a94fe4abe9b8e1daba74e655c594ad1431e019717626cf6d3e056907a9c", kill_on_drop: false }`
[INFO] [stdout] fd8a5a94fe4abe9b8e1daba74e655c594ad1431e019717626cf6d3e056907a9c
