[INFO] fetching crate wakezilla 0.2.13...
[INFO] testing wakezilla-0.2.13 against 1.100.0-beta.1 for beta-1.100-2
[INFO] extracting crate wakezilla 0.2.13 into /workspace/builds/worker-3-tc2/source
[INFO] started tweaking crates.io crate wakezilla 0.2.13
[INFO] removed 0 missing tests
[INFO] finished tweaking crates.io crate wakezilla 0.2.13
[INFO] tweaked toml for crates.io crate wakezilla 0.2.13 written to /workspace/builds/worker-3-tc2/source/Cargo.toml
[INFO] validating manifest of crates.io crate wakezilla 0.2.13 on toolchain 1.100.0-beta.1
[INFO] running `Command { std: CARGO_HOME="/workspace/cargo-home" RUSTUP_HOME="/workspace/rustup-home" "/workspace/cargo-home/bin/cargo" "+1.100.0-beta.1" "metadata" "--manifest-path" "Cargo.toml" "--no-deps", kill_on_drop: false }`
[INFO] crate crates.io crate wakezilla 0.2.13 already has a lockfile, it will not be regenerated
[INFO] running `Command { std: CARGO_HOME="/workspace/cargo-home" RUSTUP_HOME="/workspace/rustup-home" "/workspace/cargo-home/bin/cargo" "+1.100.0-beta.1" "fetch" "--manifest-path" "Cargo.toml", kill_on_drop: false }`
[INFO] [stderr] warning: `package.homepage` is redundant with `package.repository`
[INFO] [stderr]    --> Cargo.toml:154:12
[INFO] [stderr]     |
[INFO] [stderr] 154 | homepage = "https://github.com/guibeira/wakezilla"
[INFO] [stderr]     |            ^^^^^^^^^^^^^^^^^^^^^^^^^^^^^^^^^^^^^^^
[INFO] [stderr] ...
[INFO] [stderr] 160 | repository = "https://github.com/guibeira/wakezilla"
[INFO] [stderr]     |              ---------------------------------------
[INFO] [stderr]     |
[INFO] [stderr]     = note: `cargo::redundant_homepage` is set to `warn` by default
[INFO] [stderr] help: consider removing `package.homepage`
[INFO] [stderr] warning: `wakezilla` (manifest) generated 1 warning
[INFO] running `Command { std: "docker" "create" "-v" "/var/lib/crater-agent-workspace/builds/worker-3-tc2/source:/opt/rustwide/workdir:ro,Z" "-v" "/var/lib/crater-agent-workspace/builds/worker-3-tc2/target:/opt/rustwide/target:rw,Z" "-v" "/var/lib/crater-agent-workspace/cargo-home:/opt/rustwide/cargo-home:ro,Z" "-v" "/var/lib/crater-agent-workspace/rustup-home:/opt/rustwide/rustup-home:ro,Z" "-m" "1610612736" "--network" "none" "ghcr.io/rust-lang/crates-build-env/linux@sha256:3111399a4047eeb3a02b7a90e478d715f38a8c6669b5c4b49d30a17385265909" "sleep" "infinity", kill_on_drop: false }`
[INFO] [stdout] 1d642d7d94d3ecfc05243b8056df53c836f85da07a79f5e601e0f7ecc89d41dc
[INFO] running `Command { std: "docker" "start" "1d642d7d94d3ecfc05243b8056df53c836f85da07a79f5e601e0f7ecc89d41dc", kill_on_drop: false }`
[INFO] running `Command { std: "docker" "inspect" "1d642d7d94d3ecfc05243b8056df53c836f85da07a79f5e601e0f7ecc89d41dc", kill_on_drop: false }`
[INFO] running `Command { std: "docker" "exec" "-e" "SOURCE_DIR=/opt/rustwide/workdir" "-e" "CARGO_HOME=/opt/rustwide/cargo-home" "-e" "RUSTUP_HOME=/opt/rustwide/rustup-home" "-e" "CARGO_TARGET_DIR=/opt/rustwide/target" "-w" "/opt/rustwide/workdir" "--user" "0:0" "1d642d7d94d3ecfc05243b8056df53c836f85da07a79f5e601e0f7ecc89d41dc" "/opt/rustwide/cargo-home/bin/cargo" "+1.100.0-beta.1" "metadata" "--no-deps" "--format-version=1", kill_on_drop: false }`
[INFO] running `Command { std: "docker" "inspect" "1d642d7d94d3ecfc05243b8056df53c836f85da07a79f5e601e0f7ecc89d41dc", kill_on_drop: false }`
[INFO] running `Command { std: "docker" "exec" "-e" "SOURCE_DIR=/opt/rustwide/workdir" "-e" "CARGO_HOME=/opt/rustwide/cargo-home" "-e" "RUSTUP_HOME=/opt/rustwide/rustup-home" "-e" "CARGO_TARGET_DIR=/opt/rustwide/target" "-e" "CARGO_INCREMENTAL=0" "-e" "RUST_BACKTRACE=full" "-e" "RUSTFLAGS=--cap-lints=warn" "-e" "RUSTDOCFLAGS=--cap-lints=warn" "-w" "/opt/rustwide/workdir" "--user" "0:0" "1d642d7d94d3ecfc05243b8056df53c836f85da07a79f5e601e0f7ecc89d41dc" "/opt/rustwide/cargo-home/bin/cargo" "+1.100.0-beta.1" "build" "--frozen" "--message-format=json", kill_on_drop: false }`
[INFO] [stderr] warning: `package.homepage` is redundant with `package.repository`
[INFO] [stderr]    --> Cargo.toml:154:12
[INFO] [stderr]     |
[INFO] [stderr] 154 | homepage = "https://github.com/guibeira/wakezilla"
[INFO] [stderr]     |            ^^^^^^^^^^^^^^^^^^^^^^^^^^^^^^^^^^^^^^^
[INFO] [stderr] ...
[INFO] [stderr] 160 | repository = "https://github.com/guibeira/wakezilla"
[INFO] [stderr]     |              ---------------------------------------
[INFO] [stderr]     |
[INFO] [stderr]     = note: `cargo::redundant_homepage` is set to `warn` by default
[INFO] [stderr] help: consider removing `package.homepage`
[INFO] [stderr] warning: `wakezilla` (manifest) generated 1 warning
[INFO] [stderr]    Compiling unicode-ident v1.0.19
[INFO] [stderr]    Compiling libc v0.2.175
[INFO] [stderr]    Compiling cfg-if v1.0.3
[INFO] [stderr]    Compiling log v0.4.28
[INFO] [stderr]    Compiling memchr v2.7.5
[INFO] [stderr]    Compiling slab v0.4.11
[INFO] [stderr]    Compiling crossbeam-utils v0.7.2
[INFO] [stderr]    Compiling maybe-uninit v2.0.0
[INFO] [stderr]    Compiling futures v0.1.31
[INFO] [stderr]    Compiling semver-parser v0.7.0
[INFO] [stderr]    Compiling tracing-core v0.1.34
[INFO] [stderr]    Compiling zerocopy v0.8.27
[INFO] [stderr]    Compiling regex-syntax v0.8.6
[INFO] [stderr]    Compiling http v1.3.1
[INFO] [stderr]    Compiling find-msvc-tools v0.1.1
[INFO] [stderr]    Compiling writeable v0.6.1
[INFO] [stderr]    Compiling crunchy v0.2.4
[INFO] [stderr]    Compiling proc-macro2 v1.0.101
[INFO] [stderr]    Compiling semver v0.9.0
[INFO] [stderr]    Compiling cc v1.2.37
[INFO] [stderr]    Compiling litemap v0.8.0
[INFO] [stderr]    Compiling smallvec v0.6.14
[INFO] [stderr]    Compiling memoffset v0.5.6
[INFO] [stderr]    Compiling typenum v1.18.0
[INFO] [stderr]    Compiling tiny-keccak v2.0.2
[INFO] [stderr]    Compiling icu_normalizer_data v2.0.0
[INFO] [stderr]    Compiling unicase v2.8.1
[INFO] [stderr]    Compiling rustc_version v0.2.3
[INFO] [stderr]    Compiling icu_properties_data v2.0.1
[INFO] [stderr]    Compiling lock_api v0.3.4
[INFO] [stderr]    Compiling crossbeam-epoch v0.8.2
[INFO] [stderr]    Compiling quote v1.0.44
[INFO] [stderr]    Compiling parking_lot_core v0.6.3
[INFO] [stderr]    Compiling parking_lot v0.9.0
[INFO] [stderr]    Compiling mime_guess v2.0.5
[INFO] [stderr]    Compiling zeroize v1.8.1
[INFO] [stderr]    Compiling aho-corasick v1.1.3
[INFO] [stderr]    Compiling syn v2.0.106
[INFO] [stderr]    Compiling rustls-pki-types v1.12.0
[INFO] [stderr]    Compiling errno v0.3.14
[INFO] [stderr]    Compiling mio v1.0.4
[INFO] [stderr]    Compiling signal-hook-registry v1.4.8
[INFO] [stderr]    Compiling iovec v0.1.4
[INFO] [stderr]    Compiling socket2 v0.6.0
[INFO] [stderr]    Compiling bytes v0.4.12
[INFO] [stderr]    Compiling http-body v1.0.1
[INFO] [stderr]    Compiling num_cpus v1.17.0
[INFO] [stderr]    Compiling net2 v0.2.39
[INFO] [stderr]    Compiling mio v0.6.23
[INFO] [stderr]    Compiling getrandom v0.2.16
[INFO] [stderr]    Compiling no-std-net v0.6.0
[INFO] [stderr]    Compiling serde_json v1.0.145
[INFO] [stderr]    Compiling getrandom v0.3.3
[INFO] [stderr]    Compiling pnet_base v0.34.0
[INFO] [stderr]    Compiling generic-array v0.14.7
[INFO] [stderr]    Compiling http-body-util v0.1.3
[INFO] [stderr]    Compiling const-random-macro v0.1.16
[INFO] [stderr]    Compiling futures-channel v0.3.31
[INFO] [stderr]    Compiling minimal-lexical v0.2.1
[INFO] [stderr]    Compiling tokio-executor v0.1.10
[INFO] [stderr]    Compiling tokio-io v0.1.13
[INFO] [stderr]    Compiling tokio-sync v0.1.8
[INFO] [stderr]    Compiling rustix v1.1.2
[INFO] [stderr]    Compiling rustls v0.23.31
[INFO] [stderr]    Compiling libm v0.2.15
[INFO] [stderr]    Compiling rustix v0.38.44
[INFO] [stderr]    Compiling nom v7.1.3
[INFO] [stderr]    Compiling crossbeam-deque v0.7.4
[INFO] [stderr]    Compiling ahash v0.8.12
[INFO] [stderr]    Compiling const-random v0.1.18
[INFO] [stderr]    Compiling tokio-codec v0.1.2
[INFO] [stderr]    Compiling crossbeam-queue v0.2.3
[INFO] [stderr]    Compiling num-traits v0.2.19
[INFO] [stderr]    Compiling regex-automata v0.4.10
[INFO] [stderr]    Compiling tokio-reactor v0.1.12
[INFO] [stderr]    Compiling bitflags v2.9.4
[INFO] [stderr]    Compiling ring v0.17.14
[INFO] [stderr]    Compiling hashbrown v0.14.5
[INFO] [stderr]    Compiling hashbrown v0.16.0
[INFO] [stderr]    Compiling tokio-threadpool v0.1.18
[INFO] [stderr]    Compiling block-buffer v0.10.4
[INFO] [stderr]    Compiling crypto-common v0.1.6
[INFO] [stderr]    Compiling mio-uds v0.6.8
[INFO] [stderr]    Compiling dlv-list v0.5.2
[INFO] [stderr]    Compiling parking_lot_core v0.9.12
[INFO] [stderr]    Compiling signal-hook v0.3.18
[INFO] [stderr]    Compiling pnet_macros_support v0.34.0
[INFO] [stderr]    Compiling pnet_sys v0.34.0
[INFO] [stderr]    Compiling proc-macro-error-attr2 v2.0.0
[INFO] [stderr]    Compiling anstyle v1.0.11
[INFO] [stderr]    Compiling either v1.15.0
[INFO] [stderr]    Compiling home v0.5.11
[INFO] [stderr]    Compiling instability v0.3.12
[INFO] [stderr]    Compiling winnow v0.5.40
[INFO] [stderr]    Compiling anstream v0.6.20
[INFO] [stderr]    Compiling tokio-fs v0.1.7
[INFO] [stderr]    Compiling signal-hook-mio v0.2.5
[INFO] [stderr]    Compiling indexmap v2.11.4
[INFO] [stderr]    Compiling parking_lot v0.12.5
[INFO] [stderr]    Compiling ordered-multimap v0.7.3
[INFO] [stderr]    Compiling hashlink v0.8.4
[INFO] [stderr]    Compiling tokio-udp v0.1.6
[INFO] [stderr]    Compiling tokio-uds v0.2.7
[INFO] [stderr]    Compiling tokio-tcp v0.1.4
[INFO] [stderr]    Compiling digest v0.10.7
[INFO] [stderr]    Compiling rand_core v0.9.5
[INFO] [stderr]    Compiling humansize v2.1.3
[INFO] [stderr]    Compiling ppv-lite86 v0.2.21
[INFO] [stderr]    Compiling tokio-current-thread v0.1.7
[INFO] [stderr]    Compiling tokio-timer v0.2.13
[INFO] [stderr]    Compiling webpki-roots v1.0.7
[INFO] [stderr]    Compiling encoding_rs v0.8.35
[INFO] [stderr]    Compiling arraydeque v0.5.1
[INFO] [stderr]    Compiling http-range-header v0.4.2
[INFO] [stderr]    Compiling pnet v0.34.0
[INFO] [stderr]    Compiling clap_lex v0.7.5
[INFO] [stderr]    Compiling iri-string v0.7.8
[INFO] [stderr]    Compiling anyhow v1.0.99
[INFO] [stderr]    Compiling askama_escape v0.10.3
[INFO] [stderr]    Compiling compact_str v0.8.1
[INFO] [stderr]    Compiling rand_chacha v0.9.0
[INFO] [stderr]    Compiling tokio v0.1.22
[INFO] [stderr]    Compiling askama_parser v0.2.1
[INFO] [stderr]    Compiling clap_builder v4.5.47
[INFO] [stderr]    Compiling rust-ini v0.20.0
[INFO] [stderr]    Compiling crc32fast v1.5.0
[INFO] [stderr]    Compiling convert_case v0.6.0
[INFO] [stderr]    Compiling filetime v0.2.29
[INFO] [stderr]    Compiling include_dir_macros v0.7.4
[INFO] [stderr]    Compiling which v4.4.2
[INFO] [stderr]    Compiling regex v1.11.2
[INFO] [stderr]    Compiling synstructure v0.13.2
[INFO] [stderr]    Compiling darling_core v0.23.0
[INFO] [stderr]    Compiling darling_core v0.20.11
[INFO] [stderr]    Compiling proc-macro-error2 v2.0.1
[INFO] [stderr]    Compiling wakezilla v0.2.13 (/opt/rustwide/workdir)
[INFO] [stderr]    Compiling yaml-rust2 v0.8.1
[INFO] [stderr]    Compiling matchers v0.2.0
[INFO] [stderr]    Compiling tracing-log v0.2.0
[INFO] [stderr]    Compiling thread_local v1.1.9
[INFO] [stderr]    Compiling serde_path_to_error v0.1.20
[INFO] [stderr]    Compiling nu-ansi-term v0.50.1
[INFO] [stderr]    Compiling matchit v0.7.3
[INFO] [stderr]    Compiling sha2 v0.10.9
[INFO] [stderr]    Compiling include_dir v0.7.4
[INFO] [stderr]    Compiling flate2 v1.1.9
[INFO] [stderr]    Compiling rand v0.9.4
[INFO] [stderr]    Compiling hmac v0.12.1
[INFO] [stderr]    Compiling dns-lookup v2.1.1
[INFO] [stderr]    Compiling semver v1.0.27
[INFO] [stderr]    Compiling serde_derive v1.0.228
[INFO] [stderr]    Compiling zerofrom-derive v0.1.6
[INFO] [stderr]    Compiling yoke-derive v0.8.0
[INFO] [stderr]    Compiling zerovec-derive v0.11.1
[INFO] [stderr]    Compiling displaydoc v0.2.5
[INFO] [stderr]    Compiling tracing-attributes v0.1.30
[INFO] [stderr]    Compiling tokio-macros v2.5.0
[INFO] [stderr]    Compiling futures-macro v0.3.31
[INFO] [stderr]    Compiling thiserror-impl v2.0.18
[INFO] [stderr]    Compiling async-trait v0.1.89
[INFO] [stderr]    Compiling darling_macro v0.20.11
[INFO] [stderr]    Compiling pnet_macros v0.34.0
[INFO] [stderr]    Compiling rustls-webpki v0.103.6
[INFO] [stderr]    Compiling futures-util v0.3.31
[INFO] [stderr]    Compiling tokio v1.47.1
[INFO] [stderr]    Compiling darling v0.20.11
[INFO] [stderr]    Compiling strum_macros v0.26.4
[INFO] [stderr]    Compiling pin-project-internal v1.1.10
[INFO] [stderr]    Compiling zerofrom v0.1.6
[INFO] [stderr]    Compiling validator_derive v0.20.0
[INFO] [stderr]    Compiling thiserror v2.0.18
[INFO] [stderr]    Compiling clap_derive v4.5.47
[INFO] [stderr]    Compiling pest v2.8.2
[INFO] [stderr]    Compiling yoke v0.8.0
[INFO] [stderr]    Compiling axum-macros v0.4.2
[INFO] [stderr]    Compiling pnet_packet v0.34.0
[INFO] [stderr]    Compiling darling_macro v0.23.0
[INFO] [stderr]    Compiling tracing v0.1.41
[INFO] [stderr]    Compiling zerovec v0.11.4
[INFO] [stderr]    Compiling zerotrie v0.2.2
[INFO] [stderr]    Compiling tracing-subscriber v0.3.20
[INFO] [stderr]    Compiling darling v0.23.0
[INFO] [stderr]    Compiling pin-project v1.1.10
[INFO] [stderr]    Compiling tracing-futures v0.2.5
[INFO] [stderr]    Compiling pest_meta v2.8.2
[INFO] [stderr]    Compiling tinystr v0.8.1
[INFO] [stderr]    Compiling potential_utf v0.1.3
[INFO] [stderr]    Compiling icu_collections v2.0.0
[INFO] [stderr]    Compiling axum-core v0.4.5
[INFO] [stderr]    Compiling strum v0.26.3
[INFO] [stderr]    Compiling icu_locale_core v2.0.0
[INFO] [stderr]    Compiling serde v1.0.228
[INFO] [stderr]    Compiling clap v4.5.47
[INFO] [stderr]    Compiling pest_generator v2.8.2
[INFO] [stderr]    Compiling icu_provider v2.0.0
[INFO] [stderr]    Compiling toml_datetime v0.6.3
[INFO] [stderr]    Compiling serde_spanned v0.6.9
[INFO] [stderr]    Compiling icu_normalizer v2.0.0
[INFO] [stderr]    Compiling icu_properties v2.0.1
[INFO] [stderr]    Compiling basic-toml v0.1.10
[INFO] [stderr]    Compiling toml_edit v0.20.2
[INFO] [stderr]    Compiling serde_urlencoded v0.7.1
[INFO] [stderr]    Compiling ipnetwork v0.20.0
[INFO] [stderr]    Compiling wakezilla-common v0.1.0
[INFO] [stderr]    Compiling ron v0.8.1
[INFO] [stderr]    Compiling pest_derive v2.8.2
[INFO] [stderr]    Compiling pnet_datalink v0.34.0
[INFO] [stderr]    Compiling json5 v0.4.1
[INFO] [stderr]    Compiling pnet_transport v0.34.0
[INFO] [stderr]    Compiling askama_derive v0.12.5
[INFO] [stderr]    Compiling idna_adapter v1.2.1
[INFO] [stderr]    Compiling crossterm v0.28.1
[INFO] [stderr]    Compiling idna v1.1.0
[INFO] [stderr]    Compiling url v2.5.7
[INFO] [stderr]    Compiling toml v0.8.2
[INFO] [stderr]    Compiling validator v0.20.0
[INFO] [stderr]    Compiling ratatui v0.29.0
[INFO] [stderr]    Compiling hyper v1.7.0
[INFO] [stderr]    Compiling tower v0.5.2
[INFO] [stderr]    Compiling tokio-rustls v0.26.3
[INFO] [stderr]    Compiling tokio-util v0.7.16
[INFO] [stderr]    Compiling askama v0.12.1
[INFO] [stderr]    Compiling config v0.14.1
[INFO] [stderr]    Compiling xattr v1.6.1
[INFO] [stderr]    Compiling tempfile v3.22.0
[INFO] [stderr]    Compiling tower-http v0.6.6
[INFO] [stderr]    Compiling tar v0.4.46
[INFO] [stderr]    Compiling askama_axum v0.4.0
[INFO] [stderr]    Compiling hyper-util v0.1.17
[INFO] [stderr]    Compiling hyper-rustls v0.27.7
[INFO] [stderr]    Compiling axum v0.7.9
[INFO] [stderr]    Compiling reqwest v0.12.23
[INFO] [stdout] error[E0432]: unresolved imports `wakezilla_common::AccessHistory`, `wakezilla_common::ServiceAccessHistory`, `wakezilla_common::ShutdownSetup`, `wakezilla_common::ShutdownSetupStatus`
[INFO] [stdout]  --> src/api_models.rs:2:5
[INFO] [stdout]   |
[INFO] [stdout] 2 |     AccessHistory, AddMachinePayload, DeleteMachinePayload, DiscoveredDevice, Machine,
[INFO] [stdout]   |     ^^^^^^^^^^^^^ no `AccessHistory` in the root
[INFO] [stdout] 3 |     NetworkInterface, PortForward, ServiceAccessHistory, ShutdownSetup, ShutdownSetupStatus,
[INFO] [stdout]   |                                    ^^^^^^^^^^^^^^^^^^^^  ^^^^^^^^^^^^^  ^^^^^^^^^^^^^^^^^^^ no `ShutdownSetupStatus` in the root
[INFO] [stdout]   |                                    |                     |
[INFO] [stdout]   |                                    |                     no `ShutdownSetup` in the root
[INFO] [stdout]   |                                    no `ServiceAccessHistory` in the root
[INFO] [stdout] 
[INFO] [stdout] 
[INFO] [stdout] error[E0432]: unresolved imports `wakezilla_common::ShutdownSetup`, `wakezilla_common::ShutdownSetupStatus`
[INFO] [stdout]   --> src/proxy_server.rs:31:28
[INFO] [stdout]    |
[INFO] [stdout] 31 |     use wakezilla_common::{ShutdownSetup, ShutdownSetupStatus};
[INFO] [stdout]    |                            ^^^^^^^^^^^^^  ^^^^^^^^^^^^^^^^^^^ no `ShutdownSetupStatus` in the root
[INFO] [stdout]    |                            |
[INFO] [stdout]    |                            no `ShutdownSetup` in the root
[INFO] [stdout] 
[INFO] [stdout] 
[INFO] [stdout] error[E0432]: unresolved import `wakezilla_common::ShutdownSetupStatus`
[INFO] [stdout]    --> src/proxy_server.rs:323:9
[INFO] [stdout]     |
[INFO] [stdout] 323 |     use wakezilla_common::ShutdownSetupStatus;
[INFO] [stdout]     |         ^^^^^^^^^^^^^^^^^^-------------------
[INFO] [stdout]     |                           |
[INFO] [stdout]     |                           no `ShutdownSetupStatus` in the root
[INFO] [stdout] 
[INFO] [stdout] 
[INFO] [stdout] error[E0425]: cannot find type `ShutdownSetup` in crate `wakezilla_common`
[INFO] [stdout]   --> src/proxy_server.rs:30:76
[INFO] [stdout]    |
[INFO] [stdout] 30 | fn shutdown_setup_for_machine(machine: &web::Machine) -> wakezilla_common::ShutdownSetup {
[INFO] [stdout]    |                                                                            ^^^^^^^^^^^^^ not found in `wakezilla_common`
[INFO] [stdout] 
[INFO] [stdout] 
[INFO] [stdout] error[E0425]: cannot find type `ShutdownSetup` in crate `wakezilla_common`
[INFO] [stdout]    --> src/proxy_server.rs:310:36
[INFO] [stdout]     |
[INFO] [stdout] 310 | ) -> Result<Json<wakezilla_common::ShutdownSetup>, ShutdownSetupError> {
[INFO] [stdout]     |                                    ^^^^^^^^^^^^^ not found in `wakezilla_common`
[INFO] [stdout] 
[INFO] [stdout] 
[INFO] [stdout] error[E0425]: cannot find type `ShutdownSetup` in crate `wakezilla_common`
[INFO] [stdout]    --> src/proxy_server.rs:322:36
[INFO] [stdout]     |
[INFO] [stdout] 322 | ) -> Result<Json<wakezilla_common::ShutdownSetup>, ShutdownSetupError> {
[INFO] [stdout]     |                                    ^^^^^^^^^^^^^ not found in `wakezilla_common`
[INFO] [stdout] 
[INFO] [stdout] 
[INFO] [stdout] error[E0425]: cannot find type `ShutdownSetup` in crate `wakezilla_common`
[INFO] [stdout]    --> src/proxy_server.rs:391:36
[INFO] [stdout]     |
[INFO] [stdout] 391 | ) -> Result<Json<wakezilla_common::ShutdownSetup>, ShutdownSetupError> {
[INFO] [stdout]     |                                    ^^^^^^^^^^^^^ not found in `wakezilla_common`
[INFO] [stdout] 
[INFO] [stdout] 
[INFO] [stdout] error[E0425]: cannot find type `AccessHistory` in crate `wakezilla_common`
[INFO] [stdout]    --> src/proxy_server.rs:688:36
[INFO] [stdout]     |
[INFO] [stdout] 688 | ) -> Result<Json<wakezilla_common::AccessHistory>, (axum::http::StatusCode, Json<serde_json::Value>)>
[INFO] [stdout]     |                                    ^^^^^^^^^^^^^ not found in `wakezilla_common`
[INFO] [stdout] 
[INFO] [stdout] 
[INFO] [stdout] error[E0422]: cannot find struct, variant or union type `ServiceAccessHistory` in crate `wakezilla_common`
[INFO] [stdout]    --> src/proxy_server.rs:707:31
[INFO] [stdout]     |
[INFO] [stdout] 707 |             wakezilla_common::ServiceAccessHistory {
[INFO] [stdout]     |                               ^^^^^^^^^^^^^^^^^^^^ not found in `wakezilla_common`
[INFO] [stdout] 
[INFO] [stdout] 
[INFO] [stdout] error[E0422]: cannot find struct, variant or union type `AccessHistory` in crate `wakezilla_common`
[INFO] [stdout]    --> src/proxy_server.rs:720:31
[INFO] [stdout]     |
[INFO] [stdout] 720 |     Ok(Json(wakezilla_common::AccessHistory { services }))
[INFO] [stdout]     |                               ^^^^^^^^^^^^^ not found in `wakezilla_common`
[INFO] [stdout] 
[INFO] [stdout] 
[INFO] [stdout] error[E0425]: cannot find type `MachineType` in crate `wakezilla_common`
[INFO] [stdout]   --> src/web.rs:73:41
[INFO] [stdout]    |
[INFO] [stdout] 73 |     pub machine_type: wakezilla_common::MachineType,
[INFO] [stdout]    |                                         ^^^^^^^^^^^ not found in `wakezilla_common`
[INFO] [stdout] 
[INFO] [stdout] 
[INFO] [stdout] error[E0560]: struct `wakezilla_common::Machine` has no field named `machine_type`
[INFO] [stdout]    --> src/proxy_server.rs:608:9
[INFO] [stdout]     |
[INFO] [stdout] 608 |         machine_type: payload.machine_type.unwrap_or_default(),
[INFO] [stdout]     |         ^^^^^^^^^^^^ `wakezilla_common::Machine` does not have this field
[INFO] [stdout]     |
[INFO] [stdout]     = note: all struct fields are already assigned
[INFO] [stdout] 
[INFO] [stdout] 
[INFO] [stdout] error[E0609]: no field `machine_type` on type `AddMachinePayload`
[INFO] [stdout]    --> src/proxy_server.rs:608:31
[INFO] [stdout]     |
[INFO] [stdout] 608 |         machine_type: payload.machine_type.unwrap_or_default(),
[INFO] [stdout]     |                               ^^^^^^^^^^^^ unknown field
[INFO] [stdout]     |
[INFO] [stdout]     = note: available fields are: `mac`, `ip`, `name`, `description`, `turn_off_port` ... and 3 others
[INFO] [stdout] 
[INFO] [stdout] 
[INFO] [stdout] error[E0560]: struct `wakezilla_common::Machine` has no field named `machine_type`
[INFO] [stdout]    --> src/proxy_server.rs:739:9
[INFO] [stdout]     |
[INFO] [stdout] 739 |         machine_type: payload.machine_type.unwrap_or(old_machine.machine_type),
[INFO] [stdout]     |         ^^^^^^^^^^^^ `wakezilla_common::Machine` does not have this field
[INFO] [stdout]     |
[INFO] [stdout]     = note: all struct fields are already assigned
[INFO] [stdout] 
[INFO] [stdout] 
[INFO] [stdout] error[E0609]: no field `machine_type` on type `UpdateMachinePayload`
[INFO] [stdout]    --> src/proxy_server.rs:739:31
[INFO] [stdout]     |
[INFO] [stdout] 739 |         machine_type: payload.machine_type.unwrap_or(old_machine.machine_type),
[INFO] [stdout]     |                               ^^^^^^^^^^^^ unknown field
[INFO] [stdout]     |
[INFO] [stdout]     = note: available fields are: `mac`, `ip`, `name`, `description`, `turn_off_port` ... and 3 others
[INFO] [stdout] 
[INFO] [stdout] 
[INFO] [stdout] error[E0560]: struct `wakezilla_common::Machine` has no field named `machine_type`
[INFO] [stdout]    --> src/web.rs:171:9
[INFO] [stdout]     |
[INFO] [stdout] 171 |         machine_type: machine.machine_type,
[INFO] [stdout]     |         ^^^^^^^^^^^^ `wakezilla_common::Machine` does not have this field
[INFO] [stdout]     |
[INFO] [stdout]     = note: all struct fields are already assigned
[INFO] [stdout] 
[INFO] [stdout] 
[INFO] [stdout] error[E0609]: no field `machine_type` on type `&wakezilla_common::Machine`
[INFO] [stdout]    --> src/web.rs:193:27
[INFO] [stdout]     |
[INFO] [stdout] 193 |         machine_type: api.machine_type,
[INFO] [stdout]     |                           ^^^^^^^^^^^^ unknown field
[INFO] [stdout]     |
[INFO] [stdout]     = note: available fields are: `name`, `mac`, `ip`, `description`, `turn_off_port` ... and 3 others
[INFO] [stdout] 
[INFO] [stdout] 
[INFO] [stdout] Some errors have detailed explanations: E0422, E0425, E0432, E0560, E0609.
[INFO] [stdout] 
[INFO] [stdout] For more information about an error, try `rustc --explain E0422`.
[INFO] [stdout] 
[INFO] [stderr] error: could not compile `wakezilla` (lib) due to 17 previous errors
[INFO] running `Command { std: "docker" "inspect" "1d642d7d94d3ecfc05243b8056df53c836f85da07a79f5e601e0f7ecc89d41dc", kill_on_drop: false }`
[INFO] running `Command { std: "docker" "rm" "-f" "1d642d7d94d3ecfc05243b8056df53c836f85da07a79f5e601e0f7ecc89d41dc", kill_on_drop: false }`
[INFO] [stdout] 1d642d7d94d3ecfc05243b8056df53c836f85da07a79f5e601e0f7ecc89d41dc
