[INFO] fetching crate wafrift-evolution 0.3.1...
[INFO] testing wafrift-evolution-0.3.1 against 1.99.0-beta.8 for beta-1.100-2
[INFO] extracting crate wafrift-evolution 0.3.1 into /workspace/builds/worker-3-tc1/source
[INFO] started tweaking crates.io crate wafrift-evolution 0.3.1
[INFO] removed 0 missing tests
[INFO] finished tweaking crates.io crate wafrift-evolution 0.3.1
[INFO] tweaked toml for crates.io crate wafrift-evolution 0.3.1 written to /workspace/builds/worker-3-tc1/source/Cargo.toml
[INFO] validating manifest of crates.io crate wafrift-evolution 0.3.1 on toolchain 1.99.0-beta.8
[INFO] running `Command { std: CARGO_HOME="/workspace/cargo-home" RUSTUP_HOME="/workspace/rustup-home" "/workspace/cargo-home/bin/cargo" "+1.99.0-beta.8" "metadata" "--manifest-path" "Cargo.toml" "--no-deps", kill_on_drop: false }`
[INFO] crate crates.io crate wafrift-evolution 0.3.1 already has a lockfile, it will not be regenerated
[INFO] running `Command { std: CARGO_HOME="/workspace/cargo-home" RUSTUP_HOME="/workspace/rustup-home" "/workspace/cargo-home/bin/cargo" "+1.99.0-beta.8" "fetch" "--manifest-path" "Cargo.toml", kill_on_drop: false }`
[INFO] [stderr]     Updating crates.io index
[INFO] [stderr]  Downloading crates ...
[INFO] [stderr]   Downloaded assert-json-diff v2.0.2
[INFO] [stderr]   Downloaded deadpool v0.12.3
[INFO] [stderr]   Downloaded wiremock v0.6.5
[INFO] [stderr]   Downloaded deadpool-runtime v0.1.4
[INFO] [stderr]   Downloaded santh-bogon v0.1.0
[INFO] [stderr]   Downloaded wafrift-types v0.3.1
[INFO] [stderr]   Downloaded ipconfig v0.3.4
[INFO] [stderr]   Downloaded tokio-test v0.4.5
[INFO] [stderr]   Downloaded wafrift-detect v0.3.1
[INFO] [stderr]   Downloaded boundedio v0.1.0
[INFO] [stderr]   Downloaded wafrift-wafmodel v0.3.1
[INFO] [stderr]   Downloaded lru v0.18.0
[INFO] [stderr]   Downloaded wafrift-encoding v0.3.1
[INFO] [stderr]   Downloaded wafrift-grammar v0.3.1
[INFO] [stderr]   Downloaded sqlparser v0.61.0
[INFO] [stderr]   Downloaded tokio v1.51.1
[INFO] running `Command { std: "docker" "create" "-v" "/var/lib/crater-agent-workspace/builds/worker-3-tc1/source:/opt/rustwide/workdir:ro,Z" "-v" "/var/lib/crater-agent-workspace/builds/worker-3-tc1/target:/opt/rustwide/target:rw,Z" "-v" "/var/lib/crater-agent-workspace/cargo-home:/opt/rustwide/cargo-home:ro,Z" "-v" "/var/lib/crater-agent-workspace/rustup-home:/opt/rustwide/rustup-home:ro,Z" "-m" "1610612736" "--network" "none" "ghcr.io/rust-lang/crates-build-env/linux@sha256:3111399a4047eeb3a02b7a90e478d715f38a8c6669b5c4b49d30a17385265909" "sleep" "infinity", kill_on_drop: false }`
[INFO] [stdout] 676f03293806e1ba597fe48d62d275d7ae6164460354ba998ec5e0552a0cb84e
[INFO] running `Command { std: "docker" "start" "676f03293806e1ba597fe48d62d275d7ae6164460354ba998ec5e0552a0cb84e", kill_on_drop: false }`
[INFO] running `Command { std: "docker" "inspect" "676f03293806e1ba597fe48d62d275d7ae6164460354ba998ec5e0552a0cb84e", kill_on_drop: false }`
[INFO] running `Command { std: "docker" "exec" "-e" "SOURCE_DIR=/opt/rustwide/workdir" "-e" "CARGO_HOME=/opt/rustwide/cargo-home" "-e" "RUSTUP_HOME=/opt/rustwide/rustup-home" "-e" "CARGO_TARGET_DIR=/opt/rustwide/target" "-w" "/opt/rustwide/workdir" "--user" "0:0" "676f03293806e1ba597fe48d62d275d7ae6164460354ba998ec5e0552a0cb84e" "/opt/rustwide/cargo-home/bin/cargo" "+1.99.0-beta.8" "metadata" "--no-deps" "--format-version=1", kill_on_drop: false }`
[INFO] running `Command { std: "docker" "inspect" "676f03293806e1ba597fe48d62d275d7ae6164460354ba998ec5e0552a0cb84e", kill_on_drop: false }`
[INFO] running `Command { std: "docker" "exec" "-e" "SOURCE_DIR=/opt/rustwide/workdir" "-e" "CARGO_HOME=/opt/rustwide/cargo-home" "-e" "RUSTUP_HOME=/opt/rustwide/rustup-home" "-e" "CARGO_TARGET_DIR=/opt/rustwide/target" "-e" "CARGO_INCREMENTAL=0" "-e" "RUST_BACKTRACE=full" "-e" "RUSTFLAGS=--cap-lints=warn" "-e" "RUSTDOCFLAGS=--cap-lints=warn" "-w" "/opt/rustwide/workdir" "--user" "0:0" "676f03293806e1ba597fe48d62d275d7ae6164460354ba998ec5e0552a0cb84e" "/opt/rustwide/cargo-home/bin/cargo" "+1.99.0-beta.8" "build" "--frozen" "--message-format=json", kill_on_drop: false }`
[INFO] [stderr]    Compiling serde_core v1.0.228
[INFO] [stderr]    Compiling zerocopy v0.8.52
[INFO] [stderr]    Compiling portable-atomic v1.13.1
[INFO] [stderr]    Compiling winnow v0.7.15
[INFO] [stderr]    Compiling toml_write v0.1.2
[INFO] [stderr]    Compiling smallvec v1.15.1
[INFO] [stderr]    Compiling serde v1.0.228
[INFO] [stderr]    Compiling object v0.37.3
[INFO] [stderr]    Compiling cc v1.2.63
[INFO] [stderr]    Compiling critical-section v1.2.0
[INFO] [stderr]    Compiling writeable v0.6.3
[INFO] [stderr]    Compiling syn v2.0.117
[INFO] [stderr]    Compiling litemap v0.8.2
[INFO] [stderr]    Compiling icu_normalizer_data v2.2.0
[INFO] [stderr]    Compiling icu_properties_data v2.2.0
[INFO] [stderr]    Compiling hashbrown v0.17.0
[INFO] [stderr]    Compiling getrandom v0.4.2
[INFO] [stderr]    Compiling tinyvec v1.11.0
[INFO] [stderr]    Compiling urlencoding v2.1.3
[INFO] [stderr]    Compiling santh-bogon v0.1.0
[INFO] [stderr]    Compiling mio v1.2.1
[INFO] [stderr]    Compiling parking_lot_core v0.9.12
[INFO] [stderr]    Compiling socket2 v0.6.4
[INFO] [stderr]    Compiling aho-corasick v1.1.4
[INFO] [stderr]    Compiling simd-adler32 v0.3.9
[INFO] [stderr]    Compiling miniz_oxide v0.8.9
[INFO] [stderr]    Compiling unicode-normalization v0.1.25
[INFO] [stderr]    Compiling indexmap v2.14.0
[INFO] [stderr]    Compiling parking_lot v0.12.5
[INFO] [stderr]    Compiling once_cell v1.21.4
[INFO] [stderr]    Compiling brotli-decompressor v5.0.1
[INFO] [stderr]    Compiling tracing-core v0.1.36
[INFO] [stderr]    Compiling futures-channel v0.3.32
[INFO] [stderr]    Compiling crossbeam-channel v0.5.15
[INFO] [stderr]    Compiling crossbeam-epoch v0.9.18
[INFO] [stderr]    Compiling log v0.4.32
[INFO] [stderr]    Compiling ipnet v2.12.0
[INFO] [stderr]    Compiling futures-io v0.3.32
[INFO] [stderr]    Compiling data-encoding v2.11.0
[INFO] [stderr]    Compiling tagptr v0.2.0
[INFO] [stderr]    Compiling flate2 v1.1.9
[INFO] [stderr]    Compiling resolv-conf v0.7.6
[INFO] [stderr]    Compiling wafrift-detect v0.3.1
[INFO] [stderr]    Compiling sha2 v0.10.9
[INFO] [stderr]    Compiling lru v0.18.0
[INFO] [stderr]    Compiling stacker v0.1.24
[INFO] [stderr]    Compiling boundedio v0.1.0
[INFO] [stderr]    Compiling brotli v8.0.3
[INFO] [stderr]    Compiling regex-automata v0.4.14
[INFO] [stderr]    Compiling uuid v1.23.3
[INFO] [stderr]    Compiling serde_json v1.0.149
[INFO] [stderr]    Compiling moka v0.12.15
[INFO] [stderr]    Compiling synstructure v0.13.2
[INFO] [stderr]    Compiling ar_archive_writer v0.5.2
[INFO] [stderr]    Compiling ppv-lite86 v0.2.21
[INFO] [stderr]    Compiling psm v0.1.31
[INFO] [stderr]    Compiling rand_chacha v0.3.1
[INFO] [stderr]    Compiling rand_chacha v0.9.0
[INFO] [stderr]    Compiling serde_derive v1.0.228
[INFO] [stderr]    Compiling zerofrom-derive v0.1.7
[INFO] [stderr]    Compiling yoke-derive v0.8.2
[INFO] [stderr]    Compiling zerovec-derive v0.11.3
[INFO] [stderr]    Compiling displaydoc v0.2.6
[INFO] [stderr]    Compiling tracing-attributes v0.1.31
[INFO] [stderr]    Compiling thiserror-impl v2.0.18
[INFO] [stderr]    Compiling recursive-proc-macro-impl v0.1.1
[INFO] [stderr]    Compiling tokio-macros v2.7.0
[INFO] [stderr]    Compiling async-trait v0.1.89
[INFO] [stderr]    Compiling rand v0.8.5
[INFO] [stderr]    Compiling rand v0.9.4
[INFO] [stderr]    Compiling enum-as-inner v0.6.1
[INFO] [stderr]    Compiling recursive v0.1.1
[INFO] [stderr]    Compiling regex v1.12.3
[INFO] [stderr]    Compiling sqlparser v0.61.0
[INFO] [stderr]    Compiling tokio v1.51.1
[INFO] [stderr]    Compiling tracing v0.1.44
[INFO] [stderr]    Compiling zerofrom v0.1.8
[INFO] [stderr]    Compiling yoke v0.8.3
[INFO] [stderr]    Compiling zerovec v0.11.6
[INFO] [stderr]    Compiling zerotrie v0.2.4
[INFO] [stderr]    Compiling thiserror v2.0.18
[INFO] [stderr]    Compiling tinystr v0.8.3
[INFO] [stderr]    Compiling potential_utf v0.1.5
[INFO] [stderr]    Compiling icu_collections v2.2.0
[INFO] [stderr]    Compiling icu_locale_core v2.2.0
[INFO] [stderr]    Compiling serde_spanned v0.6.9
[INFO] [stderr]    Compiling toml_datetime v0.6.11
[INFO] [stderr]    Compiling wafrift-types v0.3.1
[INFO] [stderr]    Compiling toml_edit v0.22.27
[INFO] [stderr]    Compiling icu_provider v2.2.0
[INFO] [stderr]    Compiling icu_normalizer v2.2.0
[INFO] [stderr]    Compiling icu_properties v2.2.0
[INFO] [stderr]    Compiling idna_adapter v1.2.2
[INFO] [stderr]    Compiling idna v1.1.0
[INFO] [stderr]    Compiling toml v0.8.23
[INFO] [stderr]    Compiling url v2.5.8
[INFO] [stderr]    Compiling wafrift-encoding v0.3.1
[INFO] [stderr]    Compiling wafrift-grammar v0.3.1
[INFO] [stderr]    Compiling wafrift-evolution v0.3.1 (/opt/rustwide/workdir)
[INFO] [stderr]    Compiling hickory-proto v0.25.2
[INFO] [stderr]    Compiling hickory-resolver v0.25.2
[INFO] [stderr]    Compiling wafrift-wafmodel v0.3.1
[INFO] [stderr]     Finished `dev` profile [unoptimized + debuginfo] target(s) in 59.85s
[INFO] running `Command { std: "docker" "inspect" "676f03293806e1ba597fe48d62d275d7ae6164460354ba998ec5e0552a0cb84e", kill_on_drop: false }`
[INFO] running `Command { std: "docker" "exec" "-e" "SOURCE_DIR=/opt/rustwide/workdir" "-e" "CARGO_HOME=/opt/rustwide/cargo-home" "-e" "RUSTUP_HOME=/opt/rustwide/rustup-home" "-e" "CARGO_TARGET_DIR=/opt/rustwide/target" "-e" "CARGO_INCREMENTAL=0" "-e" "RUST_BACKTRACE=full" "-e" "RUSTFLAGS=--cap-lints=warn" "-e" "RUSTDOCFLAGS=--cap-lints=warn" "-w" "/opt/rustwide/workdir" "--user" "0:0" "676f03293806e1ba597fe48d62d275d7ae6164460354ba998ec5e0552a0cb84e" "/opt/rustwide/cargo-home/bin/cargo" "+1.99.0-beta.8" "test" "--frozen" "--no-run" "--message-format=json", kill_on_drop: false }`
[INFO] [stderr]    Compiling memchr v2.8.1
[INFO] [stderr]    Compiling futures-core v0.3.32
[INFO] [stderr]    Compiling futures-sink v0.3.32
[INFO] [stderr]    Compiling parking_lot_core v0.9.12
[INFO] [stderr]    Compiling futures-macro v0.3.32
[INFO] [stderr]    Compiling http v1.4.2
[INFO] [stderr]    Compiling icu_normalizer v2.2.0
[INFO] [stderr]    Compiling bitflags v2.13.0
[INFO] [stderr]    Compiling num-traits v0.2.19
[INFO] [stderr]    Compiling fastrand v2.4.1
[INFO] [stderr]    Compiling num_cpus v1.17.0
[INFO] [stderr]    Compiling wait-timeout v0.2.1
[INFO] [stderr]    Compiling bit-vec v0.8.0
[INFO] [stderr]    Compiling quick-error v1.2.3
[INFO] [stderr]    Compiling deadpool-runtime v0.1.4
[INFO] [stderr]    Compiling rand_xorshift v0.4.0
[INFO] [stderr]    Compiling unarray v0.1.4
[INFO] [stderr]    Compiling futures-channel v0.3.32
[INFO] [stderr]    Compiling parking_lot v0.12.5
[INFO] [stderr]    Compiling rustix v1.1.4
[INFO] [stderr]    Compiling bit-set v0.8.0
[INFO] [stderr]    Compiling tokio v1.51.1
[INFO] [stderr]    Compiling moka v0.12.15
[INFO] [stderr]    Compiling idna_adapter v1.2.2
[INFO] [stderr]    Compiling idna v1.1.0
[INFO] [stderr]    Compiling object v0.37.3
[INFO] [stderr]    Compiling serde_json v1.0.149
[INFO] [stderr]    Compiling futures-util v0.3.32
[INFO] [stderr]    Compiling aho-corasick v1.1.4
[INFO] [stderr]    Compiling url v2.5.8
[INFO] [stderr]    Compiling http-body v1.0.1
[INFO] [stderr]    Compiling http-body-util v0.1.3
[INFO] [stderr]    Compiling regex-automata v0.4.14
[INFO] [stderr]    Compiling wafrift-types v0.3.1
[INFO] [stderr]    Compiling assert-json-diff v2.0.2
[INFO] [stderr]    Compiling tempfile v3.27.0
[INFO] [stderr]    Compiling rusty-fork v0.3.1
[INFO] [stderr]    Compiling proptest v1.11.0
[INFO] [stderr]    Compiling futures-executor v0.3.32
[INFO] [stderr]    Compiling futures v0.3.32
[INFO] [stderr]    Compiling wafrift-encoding v0.3.1
[INFO] [stderr]    Compiling regex v1.12.3
[INFO] [stderr]    Compiling ar_archive_writer v0.5.2
[INFO] [stderr]    Compiling tokio-util v0.7.18
[INFO] [stderr]    Compiling hickory-proto v0.25.2
[INFO] [stderr]    Compiling deadpool v0.12.3
[INFO] [stderr]    Compiling tokio-stream v0.1.18
[INFO] [stderr]    Compiling psm v0.1.31
[INFO] [stderr]    Compiling tokio-test v0.4.5
[INFO] [stderr]    Compiling h2 v0.4.14
[INFO] [stderr]    Compiling stacker v0.1.24
[INFO] [stderr]    Compiling recursive v0.1.1
[INFO] [stderr]    Compiling sqlparser v0.61.0
[INFO] [stderr]    Compiling hyper v1.10.1
[INFO] [stderr]    Compiling hickory-resolver v0.25.2
[INFO] [stderr]    Compiling wafrift-detect v0.3.1
[INFO] [stderr]    Compiling hyper-util v0.1.20
[INFO] [stderr]    Compiling wiremock v0.6.5
[INFO] [stderr]    Compiling wafrift-grammar v0.3.1
[INFO] [stderr]    Compiling wafrift-wafmodel v0.3.1
[INFO] [stderr]    Compiling wafrift-evolution v0.3.1 (/opt/rustwide/workdir)
[INFO] [stderr] error: could not compile `wafrift-evolution` (lib test)
[INFO] [stderr] 
[INFO] [stderr] Caused by:
[INFO] [stderr]   process didn't exit successfully: `/opt/rustwide/rustup-home/toolchains/1.99.0-beta.8-x86_64-unknown-linux-gnu/bin/rustc --crate-name wafrift_evolution --edition=2024 src/lib.rs --error-format=json --json=diagnostic-rendered-ansi,artifacts,future-incompat --emit=dep-info,link -C embed-bitcode=no -C debuginfo=2 --deny=unused_must_use --warn=unsafe_code '--allow=clippy::too_many_arguments' '--allow=clippy::doc_lazy_continuation' '--allow=clippy::assertions_on_constants' --test --check-cfg 'cfg(docsrs,test)' --check-cfg 'cfg(feature, values())' -C metadata=8364ac9c437be699 -C extra-filename=-c08db4f529496951 --out-dir /opt/rustwide/target/debug/deps -L dependency=/opt/rustwide/target/debug/deps --extern boundedio=/opt/rustwide/target/debug/deps/libboundedio-a7a14578d88edae2.rlib --extern lru=/opt/rustwide/target/debug/deps/liblru-8c4b2e4c13ea52f8.rlib --extern proptest=/opt/rustwide/target/debug/deps/libproptest-c732bc8235423293.rlib --extern rand=/opt/rustwide/target/debug/deps/librand-56dc14bec9e51711.rlib --extern serde=/opt/rustwide/target/debug/deps/libserde-cb5621b10015751b.rlib --extern serde_json=/opt/rustwide/target/debug/deps/libserde_json-7e406477edfaf280.rlib --extern sha2=/opt/rustwide/target/debug/deps/libsha2-11a5c516e6a4becd.rlib --extern sqlparser=/opt/rustwide/target/debug/deps/libsqlparser-cf311a4dc270a1f1.rlib --extern tempfile=/opt/rustwide/target/debug/deps/libtempfile-12504227c441237b.rlib --extern thiserror=/opt/rustwide/target/debug/deps/libthiserror-5e90adc18491a337.rlib --extern tokio=/opt/rustwide/target/debug/deps/libtokio-85eacf8c949fe93c.rlib --extern tokio_test=/opt/rustwide/target/debug/deps/libtokio_test-442f175f69f64309.rlib --extern toml=/opt/rustwide/target/debug/deps/libtoml-df321cb1ed6fc62d.rlib --extern tracing=/opt/rustwide/target/debug/deps/libtracing-9eee97829e9a368b.rlib --extern wafrift_detect=/opt/rustwide/target/debug/deps/libwafrift_detect-f4cd35c2345dca84.rlib --extern wafrift_encoding=/opt/rustwide/target/debug/deps/libwafrift_encoding-dcd6f6291520c0df.rlib --extern wafrift_types=/opt/rustwide/target/debug/deps/libwafrift_types-566d2357c6c4403b.rlib --extern wafrift_wafmodel=/opt/rustwide/target/debug/deps/libwafrift_wafmodel-52ee6e39e84e026b.rlib --extern wiremock=/opt/rustwide/target/debug/deps/libwiremock-6c4a857751c8ddb8.rlib --cap-lints=warn -L native=/opt/rustwide/target/debug/build/psm-fdf527ddeeda09ec/out` (signal: 9, SIGKILL: kill)
[INFO] [stderr] warning: build failed, waiting for other jobs to finish...
[INFO] [stderr] error: could not compile `wafrift-evolution` (test "rule_corpus_proptest")
[INFO] [stderr] 
[INFO] [stderr] Caused by:
[INFO] [stderr]   process didn't exit successfully: `/opt/rustwide/rustup-home/toolchains/1.99.0-beta.8-x86_64-unknown-linux-gnu/bin/rustc --crate-name rule_corpus_proptest --edition=2024 tests/rule_corpus_proptest.rs --error-format=json --json=diagnostic-rendered-ansi,artifacts,future-incompat --emit=dep-info,link -C embed-bitcode=no -C debuginfo=2 --deny=unused_must_use --warn=unsafe_code '--allow=clippy::too_many_arguments' '--allow=clippy::doc_lazy_continuation' '--allow=clippy::assertions_on_constants' --test --check-cfg 'cfg(docsrs,test)' --check-cfg 'cfg(feature, values())' -C metadata=c56cf0eb7607357f -C extra-filename=-e5003994abb35f78 --out-dir /opt/rustwide/target/debug/deps -L dependency=/opt/rustwide/target/debug/deps --extern boundedio=/opt/rustwide/target/debug/deps/libboundedio-a7a14578d88edae2.rlib --extern lru=/opt/rustwide/target/debug/deps/liblru-8c4b2e4c13ea52f8.rlib --extern proptest=/opt/rustwide/target/debug/deps/libproptest-c732bc8235423293.rlib --extern rand=/opt/rustwide/target/debug/deps/librand-56dc14bec9e51711.rlib --extern serde=/opt/rustwide/target/debug/deps/libserde-cb5621b10015751b.rlib --extern serde_json=/opt/rustwide/target/debug/deps/libserde_json-7e406477edfaf280.rlib --extern sha2=/opt/rustwide/target/debug/deps/libsha2-11a5c516e6a4becd.rlib --extern sqlparser=/opt/rustwide/target/debug/deps/libsqlparser-cf311a4dc270a1f1.rlib --extern tempfile=/opt/rustwide/target/debug/deps/libtempfile-12504227c441237b.rlib --extern thiserror=/opt/rustwide/target/debug/deps/libthiserror-5e90adc18491a337.rlib --extern tokio=/opt/rustwide/target/debug/deps/libtokio-85eacf8c949fe93c.rlib --extern tokio_test=/opt/rustwide/target/debug/deps/libtokio_test-442f175f69f64309.rlib --extern toml=/opt/rustwide/target/debug/deps/libtoml-df321cb1ed6fc62d.rlib --extern tracing=/opt/rustwide/target/debug/deps/libtracing-9eee97829e9a368b.rlib --extern wafrift_detect=/opt/rustwide/target/debug/deps/libwafrift_detect-f4cd35c2345dca84.rlib --extern wafrift_encoding=/opt/rustwide/target/debug/deps/libwafrift_encoding-dcd6f6291520c0df.rlib --extern wafrift_evolution=/opt/rustwide/target/debug/deps/libwafrift_evolution-c19e6e3b5f390afb.rlib --extern wafrift_types=/opt/rustwide/target/debug/deps/libwafrift_types-566d2357c6c4403b.rlib --extern wafrift_wafmodel=/opt/rustwide/target/debug/deps/libwafrift_wafmodel-52ee6e39e84e026b.rlib --extern wiremock=/opt/rustwide/target/debug/deps/libwiremock-6c4a857751c8ddb8.rlib --cap-lints=warn -L native=/opt/rustwide/target/debug/build/psm-fdf527ddeeda09ec/out` (signal: 9, SIGKILL: kill)
[INFO] [stderr] error: could not compile `wafrift-evolution` (test "coverage_wiring")
[INFO] [stderr] 
[INFO] [stderr] Caused by:
[INFO] [stderr]   process didn't exit successfully: `/opt/rustwide/rustup-home/toolchains/1.99.0-beta.8-x86_64-unknown-linux-gnu/bin/rustc --crate-name coverage_wiring --edition=2024 tests/coverage_wiring.rs --error-format=json --json=diagnostic-rendered-ansi,artifacts,future-incompat --emit=dep-info,link -C embed-bitcode=no -C debuginfo=2 --deny=unused_must_use --warn=unsafe_code '--allow=clippy::too_many_arguments' '--allow=clippy::doc_lazy_continuation' '--allow=clippy::assertions_on_constants' --test --check-cfg 'cfg(docsrs,test)' --check-cfg 'cfg(feature, values())' -C metadata=fdf98d3da5486d15 -C extra-filename=-e9925d0a91a62bf9 --out-dir /opt/rustwide/target/debug/deps -L dependency=/opt/rustwide/target/debug/deps --extern boundedio=/opt/rustwide/target/debug/deps/libboundedio-a7a14578d88edae2.rlib --extern lru=/opt/rustwide/target/debug/deps/liblru-8c4b2e4c13ea52f8.rlib --extern proptest=/opt/rustwide/target/debug/deps/libproptest-c732bc8235423293.rlib --extern rand=/opt/rustwide/target/debug/deps/librand-56dc14bec9e51711.rlib --extern serde=/opt/rustwide/target/debug/deps/libserde-cb5621b10015751b.rlib --extern serde_json=/opt/rustwide/target/debug/deps/libserde_json-7e406477edfaf280.rlib --extern sha2=/opt/rustwide/target/debug/deps/libsha2-11a5c516e6a4becd.rlib --extern sqlparser=/opt/rustwide/target/debug/deps/libsqlparser-cf311a4dc270a1f1.rlib --extern tempfile=/opt/rustwide/target/debug/deps/libtempfile-12504227c441237b.rlib --extern thiserror=/opt/rustwide/target/debug/deps/libthiserror-5e90adc18491a337.rlib --extern tokio=/opt/rustwide/target/debug/deps/libtokio-85eacf8c949fe93c.rlib --extern tokio_test=/opt/rustwide/target/debug/deps/libtokio_test-442f175f69f64309.rlib --extern toml=/opt/rustwide/target/debug/deps/libtoml-df321cb1ed6fc62d.rlib --extern tracing=/opt/rustwide/target/debug/deps/libtracing-9eee97829e9a368b.rlib --extern wafrift_detect=/opt/rustwide/target/debug/deps/libwafrift_detect-f4cd35c2345dca84.rlib --extern wafrift_encoding=/opt/rustwide/target/debug/deps/libwafrift_encoding-dcd6f6291520c0df.rlib --extern wafrift_evolution=/opt/rustwide/target/debug/deps/libwafrift_evolution-c19e6e3b5f390afb.rlib --extern wafrift_types=/opt/rustwide/target/debug/deps/libwafrift_types-566d2357c6c4403b.rlib --extern wafrift_wafmodel=/opt/rustwide/target/debug/deps/libwafrift_wafmodel-52ee6e39e84e026b.rlib --extern wiremock=/opt/rustwide/target/debug/deps/libwiremock-6c4a857751c8ddb8.rlib --cap-lints=warn -L native=/opt/rustwide/target/debug/build/psm-fdf527ddeeda09ec/out` (signal: 9, SIGKILL: kill)
[INFO] [stdout] error: linking with `cc` failed: exit status: 1
[INFO] [stdout]   |
[INFO] [stdout]   = note:  "cc" "-m64" "/opt/rustwide/target/debug/deps/rustcQGOE5P/symbols.o" "<2 object files omitted>" "-Wl,--as-needed" "-Wl,-Bstatic" "<sysroot>/lib/rustlib/x86_64-unknown-linux-gnu/lib/{libtest-*,libgetopts-*,librustc_std_workspace_std-*}.rlib" "/opt/rustwide/target/debug/deps/{libwafrift_evolution-c19e6e3b5f390afb,libboundedio-a7a14578d88edae2,libsha2-11a5c516e6a4becd,libcpufeatures-e04321643d03190d,libdigest-1142e5998e571c5d,libblock_buffer-43b51fc1d06b3057,libcrypto_common-43b177a3b314e9dd,libgeneric_array-745cace30f1ed372,libtypenum-ed2b1c93b2a4333a,liblru-8c4b2e4c13ea52f8,libwafrift_wafmodel-52ee6e39e84e026b,libwafrift_grammar-36fd9bee69612988,libunicode_normalization-38897611c04e14d9,libsqlparser-cf311a4dc270a1f1,librecursive-52185ce55f6c6f03,libstacker-08f51ac06b1d9b8b,libpsm-cda6ea271333d761,liblog-8cf4e7719eca0054,libwafrift_encoding-dcd6f6291520c0df,libserde_json-7e406477edfaf280,libitoa-5de11b3b23bfe572,libzmij-ef63f1da73704b4c,libhex-13e08b3b00984ab7,libbrotli-be9b3f6fe31d8b14,libbrotli_decompressor-b1c83e83c35f878b,liballoc_stdlib-4aac9f1b7fbf996b,liballoc_no_stdlib-118b0458ceca2dd8,libflate2-84acb1666c285b0c,libminiz_oxide-6d5382b540dd717a,libsimd_adler32-7babdb89f91b6742,libcrc32fast-77160f4e25d6fc25,libwafrift_detect-f4cd35c2345dca84,libtoml-df321cb1ed6fc62d,libtoml_edit-f650d1d94bcb26ef,libserde_spanned-da31767b21089b9f,libindexmap-872b549f03d9cb9e,libhashbrown-b9acf0e46641c4b5,libfoldhash-3b780c428974a407,liballocator_api2-8d9c1e895dea53bd,libwinnow-88e6acd6e2987984,libtoml_write-2c704ffd35684d73,libtoml_datetime-b63dd69759fc641f,libwafrift_types-566d2357c6c4403b,liburlencoding-061758bc6028ea3e,libsanth_bogon-40484c41cef53f92,libbase64-32787b0325ea6df8,librand-56dc14bec9e51711,librand_chacha-443fbb46f572c3b0,librand_core-86e43b95b9d88fa9,libgetrandom-f25a51f78d9871ba,libregex-e05a7d8d9c3b0d1d,libregex_automata-c0db9ae960ab60f3,libaho_corasick-20c98ea83be91319,libregex_syntax-801391c65a42f645,libhickory_resolver-aec2d27a9bdc9865,libresolv_conf-aec290acf5745886,libmoka-6dad53147a768e52,libtagptr-17baaf534c9c3f80,libcrossbeam_epoch-2c19d130e745537c,libuuid-ecc1ac73760cda3e,libgetrandom-fb4c32fda73a41c0,libcrossbeam_channel-c975edaf87631b25,libcrossbeam_utils-f696a08ab1e94e7a,libequivalent-6a754676e6af62ae,libhickory_proto-aec037e0d485b942,librand-2dfcf5943767f826,librand_chacha-948689361d2e6d50,libppv_lite86-777369bdcdfa9d1d,libzerocopy-75aa8ee85b4f20a8,librand_core-b115fb9b5d781658,libgetrandom-a73f2f085e83d825,libfutures_util-919814dacf91c248,libmemchr-0ebdc93958defebb,libslab-0582d648e59ab406,libfutures_channel-04b287164a72dbf0,libfutures_sink-3971bde37bb30e19,libfutures_task-36f327cfab86eddc,libfutures_core-1121ff913ed87f93,libfutures_io-a8805bd12b2ab705,libtokio-85eacf8c949fe93c,libsignal_hook_registry-97fb91977beb15cc,liberrno-40a43d7c8a9b8122,libsocket2-73b9b85db3553b3d,libbytes-2ed9460101f17bbf,libmio-43415d66e2ceb9f1,libparking_lot-080783593a730975,libparking_lot_core-bccd0786fb787739,liblibc-612664c2206eec43,libcfg_if-83060ec5685761ae,liblock_api-16d46fed645f7bff,libscopeguard-7ec2214574194454,libdata_encoding-cbe3971fa4778791,liburl-cf529c8ea3ae4bdc,libform_urlencoded-da07baadaa4a52d9,libpercent_encoding-60965446a9af8f63,libipnet-0a3198572cbc77f7,libtinyvec-aaac35e3e185f648,libtinyvec_macros-7b77ea21c73594ca,libidna-c812c47bab2438f4,libidna_adapter-9a4e6c19db1f8c9d,libicu_properties-b5e9578cbbaa3146,libicu_properties_data-e6cf238fc98dd59d,libicu_normalizer-84d55c39a6c87db6,libsmallvec-bc3128fdd57228fc,libicu_normalizer_data-8fea05bee0bb4e49,libicu_collections-f680403c7a20d60e,libutf8_iter-51566bbad89f3a68,libpotential_utf-625d383612e0b2b2,libicu_provider-4d443995d9a54e64,libicu_locale_core-7ab8aa7c7e16959e,libtinystr-cbbc6b93c694c29c,liblitemap-dc288f07f8f61193,libwriteable-48b3e52227924bb5,libzerovec-b4c2e904228c04d5,libzerotrie-615aada4d01c3756,libyoke-0740200ce37b266e,libstable_deref_trait-63cbf3f3d3f94e56,libzerofrom-aa2bed5d30bbc07f,libtracing-9eee97829e9a368b,libpin_project_lite-0a15d51c77964692,libtracing_core-7449bfa1ce7df632,libonce_cell-a797e138cdc25e52,libportable_atomic-b2c3e87a13df7d23,libthiserror-5e90adc18491a337,libserde-cb5621b10015751b,libserde_core-97f4500d60ef6bf8}.rlib" "<sysroot>/lib/rustlib/x86_64-unknown-linux-gnu/lib/{libstd-*,libpanic_unwind-*,libobject-*,libmemchr-*,libaddr2line-*,libgimli-*,libcfg_if-*,librustc_demangle-*,libstd_detect-*,libhashbrown-*,librustc_std_workspace_alloc-*,libminiz_oxide-*,libadler2-*,libunwind-*,liblibc-*,librustc_std_workspace_core-*,liballoc-*,libcore-*,libcompiler_builtins-*}.rlib" "-Wl,-Bdynamic" "-lgcc_s" "-lutil" "-lrt" "-lpthread" "-lm" "-ldl" "-lc" "-L" "/opt/rustwide/target/debug/deps/rustcQGOE5P/raw-dylibs" "-B<sysroot>/lib/rustlib/x86_64-unknown-linux-gnu/bin/gcc-ld" "-fuse-ld=lld" "-Wl,--eh-frame-hdr" "-Wl,-z,noexecstack" "-L" "/opt/rustwide/target/debug/build/psm-fdf527ddeeda09ec/out" "-L" "<sysroot>/lib/rustlib/x86_64-unknown-linux-gnu/lib" "-o" "/opt/rustwide/target/debug/deps/ensemble_dilution_wiring-f7bdba032dd7fdcc" "-Wl,--gc-sections" "-pie" "-Wl,-z,relro,-z,now" "-nodefaultlibs"
[INFO] [stdout]   = note: some arguments are omitted. use `--verbose` to show all linker arguments
[INFO] [stdout]   = note: collect2: fatal error: ld terminated with signal 9 [Killed]
[INFO] [stdout]           compilation terminated.
[INFO] [stdout]           
[INFO] [stdout] 
[INFO] [stdout] 
[INFO] [stderr] error: could not compile `wafrift-evolution` (test "ensemble_dilution_wiring") due to 1 previous error
[INFO] [stdout] error: linking with `cc` failed: exit status: 1
[INFO] [stdout]   |
[INFO] [stdout]   = note:  "cc" "-m64" "/opt/rustwide/target/debug/deps/rustc6j3RQe/symbols.o" "<2 object files omitted>" "-Wl,--as-needed" "-Wl,-Bstatic" "<sysroot>/lib/rustlib/x86_64-unknown-linux-gnu/lib/{libtest-*,libgetopts-*,librustc_std_workspace_std-*}.rlib" "/opt/rustwide/target/debug/deps/{libwafrift_evolution-c19e6e3b5f390afb,libboundedio-a7a14578d88edae2,libsha2-11a5c516e6a4becd,libcpufeatures-e04321643d03190d,libdigest-1142e5998e571c5d,libblock_buffer-43b51fc1d06b3057,libcrypto_common-43b177a3b314e9dd,libgeneric_array-745cace30f1ed372,libtypenum-ed2b1c93b2a4333a,liblru-8c4b2e4c13ea52f8,libwafrift_wafmodel-52ee6e39e84e026b,libwafrift_grammar-36fd9bee69612988,libunicode_normalization-38897611c04e14d9,libsqlparser-cf311a4dc270a1f1,librecursive-52185ce55f6c6f03,libstacker-08f51ac06b1d9b8b,libpsm-cda6ea271333d761,liblog-8cf4e7719eca0054,libwafrift_encoding-dcd6f6291520c0df,libserde_json-7e406477edfaf280,libitoa-5de11b3b23bfe572,libzmij-ef63f1da73704b4c,libhex-13e08b3b00984ab7,libbrotli-be9b3f6fe31d8b14,libbrotli_decompressor-b1c83e83c35f878b,liballoc_stdlib-4aac9f1b7fbf996b,liballoc_no_stdlib-118b0458ceca2dd8,libflate2-84acb1666c285b0c,libminiz_oxide-6d5382b540dd717a,libsimd_adler32-7babdb89f91b6742,libcrc32fast-77160f4e25d6fc25,libwafrift_detect-f4cd35c2345dca84,libtoml-df321cb1ed6fc62d,libtoml_edit-f650d1d94bcb26ef,libserde_spanned-da31767b21089b9f,libindexmap-872b549f03d9cb9e,libhashbrown-b9acf0e46641c4b5,libfoldhash-3b780c428974a407,liballocator_api2-8d9c1e895dea53bd,libwinnow-88e6acd6e2987984,libtoml_write-2c704ffd35684d73,libtoml_datetime-b63dd69759fc641f,libwafrift_types-566d2357c6c4403b,liburlencoding-061758bc6028ea3e,libsanth_bogon-40484c41cef53f92,libbase64-32787b0325ea6df8,libregex-e05a7d8d9c3b0d1d,libregex_automata-c0db9ae960ab60f3,libaho_corasick-20c98ea83be91319,libregex_syntax-801391c65a42f645,libhickory_resolver-aec2d27a9bdc9865,libresolv_conf-aec290acf5745886,libmoka-6dad53147a768e52,libtagptr-17baaf534c9c3f80,libcrossbeam_epoch-2c19d130e745537c,libuuid-ecc1ac73760cda3e,libgetrandom-fb4c32fda73a41c0,libcrossbeam_channel-c975edaf87631b25,libcrossbeam_utils-f696a08ab1e94e7a,libequivalent-6a754676e6af62ae,libhickory_proto-aec037e0d485b942,librand-2dfcf5943767f826,librand_chacha-948689361d2e6d50,librand_core-b115fb9b5d781658,libgetrandom-a73f2f085e83d825,libfutures_util-919814dacf91c248,libmemchr-0ebdc93958defebb,libslab-0582d648e59ab406,libfutures_channel-04b287164a72dbf0,libfutures_sink-3971bde37bb30e19,libfutures_task-36f327cfab86eddc,libfutures_core-1121ff913ed87f93,libfutures_io-a8805bd12b2ab705,libtokio-85eacf8c949fe93c,libsignal_hook_registry-97fb91977beb15cc,liberrno-40a43d7c8a9b8122,libsocket2-73b9b85db3553b3d,libbytes-2ed9460101f17bbf,libmio-43415d66e2ceb9f1,libparking_lot-080783593a730975,libparking_lot_core-bccd0786fb787739,liblock_api-16d46fed645f7bff,libscopeguard-7ec2214574194454,libdata_encoding-cbe3971fa4778791,liburl-cf529c8ea3ae4bdc,libform_urlencoded-da07baadaa4a52d9,libpercent_encoding-60965446a9af8f63,libipnet-0a3198572cbc77f7,libtinyvec-aaac35e3e185f648,libtinyvec_macros-7b77ea21c73594ca,libidna-c812c47bab2438f4,libidna_adapter-9a4e6c19db1f8c9d,libicu_properties-b5e9578cbbaa3146,libicu_properties_data-e6cf238fc98dd59d,libicu_normalizer-84d55c39a6c87db6,libsmallvec-bc3128fdd57228fc,libicu_normalizer_data-8fea05bee0bb4e49,libicu_collections-f680403c7a20d60e,libutf8_iter-51566bbad89f3a68,libpotential_utf-625d383612e0b2b2,libicu_provider-4d443995d9a54e64,libicu_locale_core-7ab8aa7c7e16959e,libtinystr-cbbc6b93c694c29c,liblitemap-dc288f07f8f61193,libwriteable-48b3e52227924bb5,libzerovec-b4c2e904228c04d5,libzerotrie-615aada4d01c3756,libyoke-0740200ce37b266e,libstable_deref_trait-63cbf3f3d3f94e56,libzerofrom-aa2bed5d30bbc07f,libtracing-9eee97829e9a368b,libpin_project_lite-0a15d51c77964692,libtracing_core-7449bfa1ce7df632,libonce_cell-a797e138cdc25e52,libportable_atomic-b2c3e87a13df7d23,libthiserror-5e90adc18491a337,libserde-cb5621b10015751b,libserde_core-97f4500d60ef6bf8,librand-56dc14bec9e51711,librand_chacha-443fbb46f572c3b0,libppv_lite86-777369bdcdfa9d1d,libzerocopy-75aa8ee85b4f20a8,librand_core-86e43b95b9d88fa9,libgetrandom-f25a51f78d9871ba,liblibc-612664c2206eec43,libcfg_if-83060ec5685761ae}.rlib" "<sysroot>/lib/rustlib/x86_64-unknown-linux-gnu/lib/{libstd-*,libpanic_unwind-*,libobject-*,libmemchr-*,libaddr2line-*,libgimli-*,libcfg_if-*,librustc_demangle-*,libstd_detect-*,libhashbrown-*,librustc_std_workspace_alloc-*,libminiz_oxide-*,libadler2-*,libunwind-*,liblibc-*,librustc_std_workspace_core-*,liballoc-*,libcore-*,libcompiler_builtins-*}.rlib" "-Wl,-Bdynamic" "-lgcc_s" "-lutil" "-lrt" "-lpthread" "-lm" "-ldl" "-lc" "-L" "/opt/rustwide/target/debug/deps/rustc6j3RQe/raw-dylibs" "-B<sysroot>/lib/rustlib/x86_64-unknown-linux-gnu/bin/gcc-ld" "-fuse-ld=lld" "-Wl,--eh-frame-hdr" "-Wl,-z,noexecstack" "-L" "/opt/rustwide/target/debug/build/psm-fdf527ddeeda09ec/out" "-L" "<sysroot>/lib/rustlib/x86_64-unknown-linux-gnu/lib" "-o" "/opt/rustwide/target/debug/deps/ast_mcts_wiring-911bdff54af34f24" "-Wl,--gc-sections" "-pie" "-Wl,-z,relro,-z,now" "-nodefaultlibs"
[INFO] [stdout]   = note: some arguments are omitted. use `--verbose` to show all linker arguments
[INFO] [stdout]   = note: collect2: fatal error: ld terminated with signal 9 [Killed]
[INFO] [stdout]           compilation terminated.
[INFO] [stdout]           
[INFO] [stdout] 
[INFO] [stdout] 
[INFO] [stderr] error: could not compile `wafrift-evolution` (test "ast_mcts_wiring") due to 1 previous error
[ERROR] error running command: no output for 300 seconds
[INFO] running `Command { std: "docker" "inspect" "676f03293806e1ba597fe48d62d275d7ae6164460354ba998ec5e0552a0cb84e", kill_on_drop: false }`
[INFO] running `Command { std: "docker" "rm" "-f" "676f03293806e1ba597fe48d62d275d7ae6164460354ba998ec5e0552a0cb84e", kill_on_drop: false }`
[INFO] [stdout] 676f03293806e1ba597fe48d62d275d7ae6164460354ba998ec5e0552a0cb84e
