[INFO] fetching crate vuepress 0.0.0...
[INFO] testing vuepress-0.0.0 against 1.100.0-beta.1 for beta-1.100-2
[INFO] extracting crate vuepress 0.0.0 into /workspace/builds/worker-1-tc2/source
[INFO] started tweaking crates.io crate vuepress 0.0.0
[INFO] removed 0 missing examples
[INFO] removed 0 missing tests
[INFO] finished tweaking crates.io crate vuepress 0.0.0
[INFO] tweaked toml for crates.io crate vuepress 0.0.0 written to /workspace/builds/worker-1-tc2/source/Cargo.toml
[INFO] validating manifest of crates.io crate vuepress 0.0.0 on toolchain 1.100.0-beta.1
[INFO] running `Command { std: CARGO_HOME="/workspace/cargo-home" RUSTUP_HOME="/workspace/rustup-home" "/workspace/cargo-home/bin/cargo" "+1.100.0-beta.1" "metadata" "--manifest-path" "Cargo.toml" "--no-deps", kill_on_drop: false }`
[INFO] crate crates.io crate vuepress 0.0.0 already has a lockfile, it will not be regenerated
[INFO] running `Command { std: CARGO_HOME="/workspace/cargo-home" RUSTUP_HOME="/workspace/rustup-home" "/workspace/cargo-home/bin/cargo" "+1.100.0-beta.1" "fetch" "--manifest-path" "Cargo.toml", kill_on_drop: false }`
[INFO] [stderr]     Blocking waiting for file lock on package cache
[INFO] running `Command { std: "docker" "create" "-v" "/var/lib/crater-agent-workspace/builds/worker-1-tc2/source:/opt/rustwide/workdir:ro,Z" "-v" "/var/lib/crater-agent-workspace/builds/worker-1-tc2/target:/opt/rustwide/target:rw,Z" "-v" "/var/lib/crater-agent-workspace/cargo-home:/opt/rustwide/cargo-home:ro,Z" "-v" "/var/lib/crater-agent-workspace/rustup-home:/opt/rustwide/rustup-home:ro,Z" "-m" "1610612736" "--network" "none" "ghcr.io/rust-lang/crates-build-env/linux@sha256:3111399a4047eeb3a02b7a90e478d715f38a8c6669b5c4b49d30a17385265909" "sleep" "infinity", kill_on_drop: false }`
[INFO] [stdout] 04cb6b3f264746e09a370a731f9ba141e443d4e0cc8c356a2e6f1d309bab8553
[INFO] running `Command { std: "docker" "start" "04cb6b3f264746e09a370a731f9ba141e443d4e0cc8c356a2e6f1d309bab8553", kill_on_drop: false }`
[INFO] running `Command { std: "docker" "inspect" "04cb6b3f264746e09a370a731f9ba141e443d4e0cc8c356a2e6f1d309bab8553", kill_on_drop: false }`
[INFO] running `Command { std: "docker" "exec" "-e" "SOURCE_DIR=/opt/rustwide/workdir" "-e" "CARGO_HOME=/opt/rustwide/cargo-home" "-e" "RUSTUP_HOME=/opt/rustwide/rustup-home" "-e" "CARGO_TARGET_DIR=/opt/rustwide/target" "-w" "/opt/rustwide/workdir" "--user" "0:0" "04cb6b3f264746e09a370a731f9ba141e443d4e0cc8c356a2e6f1d309bab8553" "/opt/rustwide/cargo-home/bin/cargo" "+1.100.0-beta.1" "metadata" "--no-deps" "--format-version=1", kill_on_drop: false }`
[INFO] running `Command { std: "docker" "inspect" "04cb6b3f264746e09a370a731f9ba141e443d4e0cc8c356a2e6f1d309bab8553", kill_on_drop: false }`
[INFO] running `Command { std: "docker" "exec" "-e" "SOURCE_DIR=/opt/rustwide/workdir" "-e" "CARGO_HOME=/opt/rustwide/cargo-home" "-e" "RUSTUP_HOME=/opt/rustwide/rustup-home" "-e" "CARGO_TARGET_DIR=/opt/rustwide/target" "-e" "CARGO_INCREMENTAL=0" "-e" "RUST_BACKTRACE=full" "-e" "RUSTFLAGS=--cap-lints=warn" "-e" "RUSTDOCFLAGS=--cap-lints=warn" "-w" "/opt/rustwide/workdir" "--user" "0:0" "04cb6b3f264746e09a370a731f9ba141e443d4e0cc8c356a2e6f1d309bab8553" "/opt/rustwide/cargo-home/bin/cargo" "+1.100.0-beta.1" "build" "--frozen" "--message-format=json", kill_on_drop: false }`
[INFO] [stderr]    Compiling libc v0.2.183
[INFO] [stderr]    Compiling serde_core v1.0.228
[INFO] [stderr]    Compiling smallvec v1.15.1
[INFO] [stderr]    Compiling serde v1.0.228
[INFO] [stderr]    Compiling zerocopy v0.8.47
[INFO] [stderr]    Compiling bitflags v2.11.0
[INFO] [stderr]    Compiling syn v2.0.117
[INFO] [stderr]    Compiling rand_core v0.10.0
[INFO] [stderr]    Compiling unicase v2.9.0
[INFO] [stderr]    Compiling cc v1.2.57
[INFO] [stderr]    Compiling getrandom v0.1.16
[INFO] [stderr]    Compiling simd-adler32 v0.3.8
[INFO] [stderr]    Compiling brotli-decompressor v5.0.0
[INFO] [stderr]    Compiling generic-array v0.12.4
[INFO] [stderr]    Compiling byte-tools v0.3.1
[INFO] [stderr]    Compiling rustix v1.1.4
[INFO] [stderr]    Compiling notify-types v2.1.0
[INFO] [stderr]    Compiling miniz_oxide v0.8.9
[INFO] [stderr]    Compiling pest v2.8.6
[INFO] [stderr]    Compiling block-padding v0.1.5
[INFO] [stderr]    Compiling rustls-pki-types v1.14.0
[INFO] [stderr]    Compiling winnow v0.7.15
[INFO] [stderr]    Compiling winnow v1.0.0
[INFO] [stderr]    Compiling mime_guess v2.0.5
[INFO] [stderr]    Compiling minimal-lexical v0.2.1
[INFO] [stderr]    Compiling num-conv v0.2.0
[INFO] [stderr]    Compiling flate2 v1.1.9
[INFO] [stderr]    Compiling rust_decimal v1.40.0
[INFO] [stderr]    Compiling compression-core v0.4.31
[INFO] [stderr]    Compiling toml_parser v1.0.10+spec-1.1.0
[INFO] [stderr]    Compiling time-macros v0.2.27
[INFO] [stderr]    Compiling nom v7.1.3
[INFO] [stderr]    Compiling block-buffer v0.7.3
[INFO] [stderr]    Compiling digest v0.8.1
[INFO] [stderr]    Compiling digest v0.10.7
[INFO] [stderr]    Compiling bitmaps v2.1.0
[INFO] [stderr]    Compiling cookie v0.18.1
[INFO] [stderr]    Compiling brotli v8.0.2
[INFO] [stderr]    Compiling im-rc v15.1.0
[INFO] [stderr]    Compiling bigdecimal v0.4.10
[INFO] [stderr]    Compiling opaque-debug v0.2.3
[INFO] [stderr]    Compiling rustls v0.23.37
[INFO] [stderr]    Compiling rand_core v0.6.4
[INFO] [stderr]    Compiling toml_writer v1.0.7+spec-1.1.0
[INFO] [stderr]    Compiling lazycell v1.3.0
[INFO] [stderr]    Compiling fake-simd v0.1.2
[INFO] [stderr]    Compiling sha-1 v0.8.2
[INFO] [stderr]    Compiling chacha20 v0.10.0
[INFO] [stderr]    Compiling getrandom v0.3.4
[INFO] [stderr]    Compiling mio v1.1.1
[INFO] [stderr]    Compiling parking_lot_core v0.9.12
[INFO] [stderr]    Compiling errno v0.3.14
[INFO] [stderr]    Compiling socket2 v0.6.3
[INFO] [stderr]    Compiling getrandom v0.4.2
[INFO] [stderr]    Compiling rand_core v0.9.5
[INFO] [stderr]    Compiling signal-hook-registry v1.4.8
[INFO] [stderr]    Compiling inotify-sys v0.1.5
[INFO] [stderr]    Compiling parking_lot v0.12.5
[INFO] [stderr]    Compiling tempfile v3.27.0
[INFO] [stderr]    Compiling inotify v0.11.1
[INFO] [stderr]    Compiling dashmap v6.1.0
[INFO] [stderr]    Compiling console v0.15.11
[INFO] [stderr]    Compiling ring v0.17.14
[INFO] [stderr]    Compiling iovec v0.1.4
[INFO] [stderr]    Compiling notify v8.2.0
[INFO] [stderr]    Compiling getrandom v0.2.17
[INFO] [stderr]    Compiling net2 v0.2.39
[INFO] [stderr]    Compiling pest_meta v2.8.6
[INFO] [stderr]    Compiling bytes v0.4.12
[INFO] [stderr]    Compiling askama_parser v0.2.1
[INFO] [stderr]    Compiling sized-chunks v0.6.5
[INFO] [stderr]    Compiling rand_xoshiro v0.6.0
[INFO] [stderr]    Compiling rand_core v0.5.1
[INFO] [stderr]    Compiling sha1 v0.10.6
[INFO] [stderr]    Compiling num-rational v0.4.2
[INFO] [stderr]    Compiling num-iter v0.1.45
[INFO] [stderr]    Compiling mio v0.6.23
[INFO] [stderr]    Compiling hdrhistogram v7.5.4
[INFO] [stderr]    Compiling headers-core v0.3.0
[INFO] [stderr]    Compiling num-complex v0.4.6
[INFO] [stderr]    Compiling num-modular v0.6.1
[INFO] [stderr]    Compiling pulldown-cmark v0.13.1
[INFO] [stderr]    Compiling portable-atomic v1.13.1
[INFO] [stderr]    Compiling http-range-header v0.4.2
[INFO] [stderr]    Compiling headers v0.4.1
[INFO] [stderr]    Compiling num v0.4.3
[INFO] [stderr]    Compiling rand v0.10.0
[INFO] [stderr]    Compiling console v0.16.3
[INFO] [stderr]    Compiling getopts v0.2.24
[INFO] [stderr]    Compiling mio-extras v2.0.6
[INFO] [stderr]    Compiling serde_json v1.0.149
[INFO] [stderr]    Compiling indexmap v2.13.0
[INFO] [stderr]    Compiling deranged v0.5.8
[INFO] [stderr]    Compiling serde_spanned v1.0.4
[INFO] [stderr]    Compiling toml_datetime v1.0.1+spec-1.1.0
[INFO] [stderr]    Compiling uuid v1.22.0
[INFO] [stderr]    Compiling synstructure v0.13.2
[INFO] [stderr]    Compiling darling_core v0.20.11
[INFO] [stderr]    Compiling toml v1.0.7+spec-1.1.0
[INFO] [stderr]    Compiling pest_generator v2.8.6
[INFO] [stderr]    Compiling num-order v1.2.0
[INFO] [stderr]    Compiling askama_escape v0.10.3
[INFO] [stderr]    Compiling pulldown-cmark-escape v0.11.0
[INFO] [stderr]    Compiling scoped-tls v1.0.1
[INFO] [stderr]    Compiling compression-codecs v0.4.37
[INFO] [stderr]    Compiling inotify v0.9.6
[INFO] [stderr]    Compiling filetime v0.2.27
[INFO] [stderr]    Compiling mio v0.8.11
[INFO] [stderr]    Compiling rustls-pemfile v2.2.0
[INFO] [stderr]    Compiling ppv-lite86 v0.2.21
[INFO] [stderr]    Compiling matchit v0.9.1
[INFO] [stderr]    Compiling unit-prefix v0.5.2
[INFO] [stderr]    Compiling deunicode v1.6.2
[INFO] [stderr]    Compiling chrono v0.4.44
[INFO] [stderr]    Compiling notify v6.1.1
[INFO] [stderr]    Compiling fs_extra v1.3.0
[INFO] [stderr]    Compiling slug v0.1.6
[INFO] [stderr]    Compiling time v0.3.47
[INFO] [stderr]    Compiling indicatif v0.18.4
[INFO] [stderr]    Compiling rand_chacha v0.9.0
[INFO] [stderr]    Compiling rand_chacha v0.2.2
[INFO] [stderr]    Compiling rand v0.7.3
[INFO] [stderr]    Compiling rand v0.9.2
[INFO] [stderr]    Compiling serde_derive v1.0.228
[INFO] [stderr]    Compiling tracing-attributes v0.1.31
[INFO] [stderr]    Compiling zerofrom-derive v0.1.6
[INFO] [stderr]    Compiling yoke-derive v0.8.1
[INFO] [stderr]    Compiling zerovec-derive v0.11.2
[INFO] [stderr]    Compiling displaydoc v0.2.5
[INFO] [stderr]    Compiling tokio-macros v2.6.1
[INFO] [stderr]    Compiling twox-hash v2.1.2
[INFO] [stderr]    Compiling futures-macro v0.3.32
[INFO] [stderr]    Compiling tokio v1.50.0
[INFO] [stderr]    Compiling thiserror-impl v1.0.69
[INFO] [stderr]    Compiling oak-macros v0.0.7
[INFO] [stderr]    Compiling rust_decimal_macros v1.40.0
[INFO] [stderr]    Compiling thiserror-impl v2.0.18
[INFO] [stderr]    Compiling pin-project-internal v1.1.11
[INFO] [stderr]    Compiling rustls-webpki v0.103.9
[INFO] [stderr]    Compiling futures-util v0.3.32
[INFO] [stderr]    Compiling async-trait v0.1.89
[INFO] [stderr]    Compiling clap_derive v4.6.0
[INFO] [stderr]    Compiling zerofrom v0.1.6
[INFO] [stderr]    Compiling tracing v0.1.44
[INFO] [stderr]    Compiling yoke v0.8.1
[INFO] [stderr]    Compiling zerovec v0.11.5
[INFO] [stderr]    Compiling zerotrie v0.2.3
[INFO] [stderr]    Compiling darling_macro v0.20.11
[INFO] [stderr]    Compiling pest_derive v2.8.6
[INFO] [stderr]    Compiling darling v0.20.11
[INFO] [stderr]    Compiling oak-macros v0.0.8
[INFO] [stderr]    Compiling derive_builder_core v0.20.2
[INFO] [stderr]    Compiling pin-project v1.1.11
[INFO] [stderr]    Compiling thiserror v1.0.69
[INFO] [stderr]    Compiling dialoguer v0.11.0
[INFO] [stderr]    Compiling thiserror v2.0.18
[INFO] [stderr]    Compiling tinystr v0.8.2
[INFO] [stderr]    Compiling potential_utf v0.1.4
[INFO] [stderr]    Compiling icu_locale_core v2.1.1
[INFO] [stderr]    Compiling icu_collections v2.1.1
[INFO] [stderr]    Compiling clap v4.6.0
[INFO] [stderr]    Compiling derive_builder_macro v0.20.2
[INFO] [stderr]    Compiling derive_builder v0.20.2
[INFO] [stderr]    Compiling icu_provider v2.1.1
[INFO] [stderr]    Compiling triomphe v0.1.15
[INFO] [stderr]    Compiling nargo-types v0.0.0
[INFO] [stderr]    Compiling serde_urlencoded v0.7.1
[INFO] [stderr]    Compiling oak-source-map v0.0.7
[INFO] [stderr]    Compiling arcstr v1.2.0
[INFO] [stderr]    Compiling handlebars v6.4.0
[INFO] [stderr]    Compiling basic-toml v0.1.10
[INFO] [stderr]    Compiling askama_parser v0.15.4
[INFO] [stderr]    Compiling icu_properties v2.1.2
[INFO] [stderr]    Compiling icu_normalizer v2.1.1
[INFO] [stderr]    Compiling oak-core v0.0.7
[INFO] [stderr]    Compiling oak-core v0.0.8
[INFO] [stdout] error[E0557]: feature has been removed
[INFO] [stdout]  --> /opt/rustwide/cargo-home/registry/src/index.crates.io-1949cf8c6b5b557f/oak-core-0.0.8/src/lib.rs:6:12
[INFO] [stdout]   |
[INFO] [stdout] 6 | #![feature(lazy_type_alias)] // Allows more flexible type aliases for complex generic AST structures
[INFO] [stdout]   |            ^^^^^^^^^^^^^^^ feature has been removed
[INFO] [stdout]   |
[INFO] [stdout]   = note: removed in 1.72.0; see <https://github.com/rust-lang/rust/pull/158758> for more information
[INFO] [stdout]   = note: renamed to `checked_type_aliases`
[INFO] [stdout] 
[INFO] [stdout] 
[INFO] [stdout] error[E0557]: feature has been removed
[INFO] [stdout]  --> /opt/rustwide/cargo-home/registry/src/index.crates.io-1949cf8c6b5b557f/oak-core-0.0.7/src/lib.rs:6:12
[INFO] [stdout]   |
[INFO] [stdout] 6 | #![feature(lazy_type_alias)] // Allows more flexible type aliases for complex generic AST structures
[INFO] [stdout]   |            ^^^^^^^^^^^^^^^ feature has been removed
[INFO] [stdout]   |
[INFO] [stdout]   = note: removed in 1.72.0; see <https://github.com/rust-lang/rust/pull/158758> for more information
[INFO] [stdout]   = note: renamed to `checked_type_aliases`
[INFO] [stdout] 
[INFO] [stdout] 
[INFO] [stdout] error[E0554]: `#![feature]` may not be used on the beta release channel
[INFO] [stdout]  --> /opt/rustwide/cargo-home/registry/src/index.crates.io-1949cf8c6b5b557f/oak-core-0.0.8/src/lib.rs:4:1
[INFO] [stdout]   |
[INFO] [stdout] 4 | #![feature(allocator_api)] // Required for custom arena allocation and manual memory management
[INFO] [stdout]   | ^^^^^^^^^^^^^^^^^^^^^^^^^^
[INFO] [stdout] 
[INFO] [stdout] 
[INFO] [stdout] error[E0554]: `#![feature]` may not be used on the beta release channel
[INFO] [stdout]  --> /opt/rustwide/cargo-home/registry/src/index.crates.io-1949cf8c6b5b557f/oak-core-0.0.7/src/lib.rs:4:1
[INFO] [stdout]   |
[INFO] [stdout] 4 | #![feature(allocator_api)] // Required for custom arena allocation and manual memory management
[INFO] [stdout]   | ^^^^^^^^^^^^^^^^^^^^^^^^^^
[INFO] [stdout] 
[INFO] [stdout] 
[INFO] [stderr]    Compiling nargo-ir v0.0.0
[INFO] [stderr]    Compiling wae-types v0.0.2
[INFO] [stderr]    Compiling askama_derive v0.12.5
[INFO] [stderr]    Compiling futures-executor v0.3.32
[INFO] [stderr]    Compiling futures v0.3.32
[INFO] [stdout] Some errors have detailed explanations: E0554, E0557.
[INFO] [stdout] 
[INFO] [stdout] For more information about an error, try `rustc --explain E0554`.
[INFO] [stdout] 
[INFO] [stderr] error: could not compile `oak-core` (lib) due to 2 previous errors
[INFO] [stderr] warning: build failed, waiting for other jobs to finish...
[INFO] [stdout] Some errors have detailed explanations: E0554, E0557.
[INFO] [stdout] 
[INFO] [stdout] For more information about an error, try `rustc --explain E0554`.
[INFO] [stdout] 
[INFO] [stderr] error: could not compile `oak-core` (lib) due to 2 previous errors
[INFO] running `Command { std: "docker" "inspect" "04cb6b3f264746e09a370a731f9ba141e443d4e0cc8c356a2e6f1d309bab8553", kill_on_drop: false }`
[INFO] running `Command { std: "docker" "rm" "-f" "04cb6b3f264746e09a370a731f9ba141e443d4e0cc8c356a2e6f1d309bab8553", kill_on_drop: false }`
[INFO] [stdout] 04cb6b3f264746e09a370a731f9ba141e443d4e0cc8c356a2e6f1d309bab8553
