[INFO] fetching crate vrf-contract-verifier 0.8.4...
[INFO] testing vrf-contract-verifier-0.8.4 against 1.99.0-beta.8 for beta-1.100-2
[INFO] extracting crate vrf-contract-verifier 0.8.4 into /workspace/builds/worker-4-tc1/source
[INFO] started tweaking crates.io crate vrf-contract-verifier 0.8.4
[INFO] finished tweaking crates.io crate vrf-contract-verifier 0.8.4
[INFO] tweaked toml for crates.io crate vrf-contract-verifier 0.8.4 written to /workspace/builds/worker-4-tc1/source/Cargo.toml
[INFO] validating manifest of crates.io crate vrf-contract-verifier 0.8.4 on toolchain 1.99.0-beta.8
[INFO] running `Command { std: CARGO_HOME="/workspace/cargo-home" RUSTUP_HOME="/workspace/rustup-home" "/workspace/cargo-home/bin/cargo" "+1.99.0-beta.8" "metadata" "--manifest-path" "Cargo.toml" "--no-deps", kill_on_drop: false }`
[INFO] crate crates.io crate vrf-contract-verifier 0.8.4 already has a lockfile, it will not be regenerated
[INFO] running `Command { std: CARGO_HOME="/workspace/cargo-home" RUSTUP_HOME="/workspace/rustup-home" "/workspace/cargo-home/bin/cargo" "+1.99.0-beta.8" "fetch" "--manifest-path" "Cargo.toml", kill_on_drop: false }`
[INFO] [stderr]     Updating crates.io index
[INFO] [stderr]  Downloading crates ...
[INFO] [stderr]   Downloaded memory_units v0.4.0
[INFO] [stderr]   Downloaded wee_alloc v0.4.5
[INFO] [stderr]   Downloaded primitive-types v0.10.1
[INFO] [stderr]   Downloaded json_comments v0.2.2
[INFO] [stderr]   Downloaded smart-default v0.7.1
[INFO] [stderr]   Downloaded near-config-utils v0.29.2
[INFO] [stderr]   Downloaded bytesize v1.3.3
[INFO] [stderr]   Downloaded errno v0.3.12
[INFO] [stderr]   Downloaded near-stdx v0.29.2
[INFO] [stderr]   Downloaded near-schema-checker-lib v0.29.2
[INFO] [stderr]   Downloaded near-schema-checker-macro v0.29.2
[INFO] [stderr]   Downloaded near-schema-checker-core v0.29.2
[INFO] [stderr]   Downloaded enum-map-derive v0.17.0
[INFO] [stderr]   Downloaded derive_arbitrary v1.4.1
[INFO] [stderr]   Downloaded ref-cast v1.0.24
[INFO] [stderr]   Downloaded ref-cast-impl v1.0.24
[INFO] [stderr]   Downloaded near-time v0.29.2
[INFO] [stderr]   Downloaded near-token v0.3.0
[INFO] [stderr]   Downloaded near-sys v0.2.4
[INFO] [stderr]   Downloaded near-fmt v0.29.2
[INFO] [stderr]   Downloaded fixed-hash v0.7.0
[INFO] [stderr]   Downloaded near-gas v0.3.0
[INFO] [stderr]   Downloaded near-account-id v1.1.1
[INFO] [stderr]   Downloaded borsh-derive v1.5.7
[INFO] [stderr]   Downloaded enum-map v2.7.3
[INFO] [stderr]   Downloaded semver v1.0.26
[INFO] [stderr]   Downloaded num-rational v0.3.2
[INFO] [stderr]   Downloaded near-primitives-core v0.29.2
[INFO] [stderr]   Downloaded near-crypto v0.29.2
[INFO] [stderr]   Downloaded jobserver v0.1.33
[INFO] [stderr]   Downloaded near-sdk-macros v5.13.0
[INFO] [stderr]   Downloaded serde_with_macros v3.13.0
[INFO] [stderr]   Downloaded easy-ext v0.2.9
[INFO] [stderr]   Downloaded tempfile v3.20.0
[INFO] [stderr]   Downloaded arbitrary v1.4.1
[INFO] [stderr]   Downloaded anyhow v1.0.98
[INFO] [stderr]   Downloaded near-parameters v0.29.2
[INFO] [stderr]   Downloaded secp256k1 v0.27.0
[INFO] [stderr]   Downloaded zeropool-bn v0.5.11
[INFO] [stderr]   Downloaded num-bigint v0.3.3
[INFO] [stderr]   Downloaded borsh v1.5.7
[INFO] [stderr]   Downloaded bumpalo v3.18.1
[INFO] [stderr]   Downloaded tinyvec v1.9.0
[INFO] [stderr]   Downloaded cc v1.2.27
[INFO] [stderr]   Downloaded ed25519-dalek v2.1.1
[INFO] [stderr]   Downloaded winnow v0.7.11
[INFO] [stderr]   Downloaded near-sdk v5.13.0
[INFO] [stderr]   Downloaded serde_with v3.13.0
[INFO] [stderr]   Downloaded syn v2.0.103
[INFO] [stderr]   Downloaded near-primitives v0.29.2
[INFO] [stderr]   Downloaded blst v0.3.15
[INFO] [stderr]   Downloaded rustix v1.0.7
[INFO] [stderr]   Downloaded zstd-sys v2.0.15+zstd.1.5.7
[INFO] [stderr]   Downloaded near-vm-runner v0.29.2
[INFO] [stderr]   Downloaded linux-raw-sys v0.9.4
[INFO] [stderr]   Downloaded secp256k1-sys v0.8.1
[INFO] running `Command { std: "docker" "create" "-v" "/var/lib/crater-agent-workspace/builds/worker-4-tc1/source:/opt/rustwide/workdir:ro,Z" "-v" "/var/lib/crater-agent-workspace/builds/worker-4-tc1/target:/opt/rustwide/target:rw,Z" "-v" "/var/lib/crater-agent-workspace/cargo-home:/opt/rustwide/cargo-home:ro,Z" "-v" "/var/lib/crater-agent-workspace/rustup-home:/opt/rustwide/rustup-home:ro,Z" "-m" "1610612736" "--network" "none" "ghcr.io/rust-lang/crates-build-env/linux@sha256:3111399a4047eeb3a02b7a90e478d715f38a8c6669b5c4b49d30a17385265909" "sleep" "infinity", kill_on_drop: false }`
[INFO] [stdout] f4abcce2903c93a5c7cedbb2e64a8fa7c59463f8e6a88f9af4a80243254e68fa
[INFO] running `Command { std: "docker" "start" "f4abcce2903c93a5c7cedbb2e64a8fa7c59463f8e6a88f9af4a80243254e68fa", kill_on_drop: false }`
[INFO] running `Command { std: "docker" "inspect" "f4abcce2903c93a5c7cedbb2e64a8fa7c59463f8e6a88f9af4a80243254e68fa", kill_on_drop: false }`
[INFO] running `Command { std: "docker" "exec" "-e" "SOURCE_DIR=/opt/rustwide/workdir" "-e" "CARGO_HOME=/opt/rustwide/cargo-home" "-e" "RUSTUP_HOME=/opt/rustwide/rustup-home" "-e" "CARGO_TARGET_DIR=/opt/rustwide/target" "-w" "/opt/rustwide/workdir" "--user" "0:0" "f4abcce2903c93a5c7cedbb2e64a8fa7c59463f8e6a88f9af4a80243254e68fa" "/opt/rustwide/cargo-home/bin/cargo" "+1.99.0-beta.8" "metadata" "--no-deps" "--format-version=1", kill_on_drop: false }`
[INFO] running `Command { std: "docker" "inspect" "f4abcce2903c93a5c7cedbb2e64a8fa7c59463f8e6a88f9af4a80243254e68fa", kill_on_drop: false }`
[INFO] running `Command { std: "docker" "exec" "-e" "SOURCE_DIR=/opt/rustwide/workdir" "-e" "CARGO_HOME=/opt/rustwide/cargo-home" "-e" "RUSTUP_HOME=/opt/rustwide/rustup-home" "-e" "CARGO_TARGET_DIR=/opt/rustwide/target" "-e" "CARGO_INCREMENTAL=0" "-e" "RUST_BACKTRACE=full" "-e" "RUSTFLAGS=--cap-lints=warn" "-e" "RUSTDOCFLAGS=--cap-lints=warn" "-w" "/opt/rustwide/workdir" "--user" "0:0" "f4abcce2903c93a5c7cedbb2e64a8fa7c59463f8e6a88f9af4a80243254e68fa" "/opt/rustwide/cargo-home/bin/cargo" "+1.99.0-beta.8" "build" "--frozen" "--message-format=json", kill_on_drop: false }`
[INFO] [stderr]    Compiling typenum v1.18.0
[INFO] [stderr]    Compiling proc-macro2 v1.0.95
[INFO] [stderr]    Compiling subtle v2.6.1
[INFO] [stderr]    Compiling serde v1.0.219
[INFO] [stderr]    Compiling subtle-ng v2.5.0
[INFO] [stderr]    Compiling cfg-if v1.0.1
[INFO] [stderr]    Compiling byteorder v1.5.0
[INFO] [stderr]    Compiling generic-array v0.14.7
[INFO] [stderr]    Compiling base16ct v0.2.0
[INFO] [stderr]    Compiling ff v0.13.1
[INFO] [stderr]    Compiling group v0.13.0
[INFO] [stderr]    Compiling quote v1.0.40
[INFO] [stderr]    Compiling syn v2.0.103
[INFO] [stderr]    Compiling crypto-common v0.1.6
[INFO] [stderr]    Compiling block-buffer v0.10.4
[INFO] [stderr]    Compiling digest v0.9.0
[INFO] [stderr]    Compiling crypto-bigint v0.5.5
[INFO] [stderr]    Compiling curve25519-dalek-ng v4.1.1
[INFO] [stderr]    Compiling digest v0.10.7
[INFO] [stderr]    Compiling sha2 v0.10.9
[INFO] [stderr]    Compiling elliptic-curve v0.13.8
[INFO] [stderr]    Compiling serde_derive v1.0.219
[INFO] [stderr]    Compiling bincode v1.3.3
[INFO] [stderr]    Compiling vrf-contract-verifier v0.8.4 (/opt/rustwide/workdir)
[INFO] [stderr]     Finished `dev` profile [unoptimized + debuginfo] target(s) in 12.90s
[INFO] running `Command { std: "docker" "inspect" "f4abcce2903c93a5c7cedbb2e64a8fa7c59463f8e6a88f9af4a80243254e68fa", kill_on_drop: false }`
[INFO] running `Command { std: "docker" "exec" "-e" "SOURCE_DIR=/opt/rustwide/workdir" "-e" "CARGO_HOME=/opt/rustwide/cargo-home" "-e" "RUSTUP_HOME=/opt/rustwide/rustup-home" "-e" "CARGO_TARGET_DIR=/opt/rustwide/target" "-e" "CARGO_INCREMENTAL=0" "-e" "RUST_BACKTRACE=full" "-e" "RUSTFLAGS=--cap-lints=warn" "-e" "RUSTDOCFLAGS=--cap-lints=warn" "-w" "/opt/rustwide/workdir" "--user" "0:0" "f4abcce2903c93a5c7cedbb2e64a8fa7c59463f8e6a88f9af4a80243254e68fa" "/opt/rustwide/cargo-home/bin/cargo" "+1.99.0-beta.8" "test" "--frozen" "--no-run" "--message-format=json", kill_on_drop: false }`
[INFO] [stderr]    Compiling vrf-contract-verifier v0.8.4 (/opt/rustwide/workdir)
[INFO] [stdout] error[E0433]: cannot find module or crate `vrf_wasm` in this scope
[INFO] [stdout]   --> src/test.rs:12:9
[INFO] [stdout]    |
[INFO] [stdout] 12 |     use vrf_wasm::vrf::ecvrf::ECVRFKeyPair;
[INFO] [stdout]    |         ^^^^^^^^ use of unresolved module or unlinked crate `vrf_wasm`
[INFO] [stdout]    |
[INFO] [stdout]    = help: if you wanted to use a crate named `vrf_wasm`, use `cargo add vrf_wasm` to add it to your `Cargo.toml`
[INFO] [stdout] 
[INFO] [stdout] 
[INFO] [stdout] error[E0433]: cannot find module or crate `vrf_wasm` in this scope
[INFO] [stdout]   --> src/test.rs:13:9
[INFO] [stdout]    |
[INFO] [stdout] 13 |     use vrf_wasm::vrf::{VRFKeyPair, VRFProof};
[INFO] [stdout]    |         ^^^^^^^^ use of unresolved module or unlinked crate `vrf_wasm`
[INFO] [stdout]    |
[INFO] [stdout]    = help: if you wanted to use a crate named `vrf_wasm`, use `cargo add vrf_wasm` to add it to your `Cargo.toml`
[INFO] [stdout] 
[INFO] [stdout] 
[INFO] [stdout] error[E0433]: cannot find module or crate `vrf_wasm` in this scope
[INFO] [stdout]   --> src/test.rs:14:9
[INFO] [stdout]    |
[INFO] [stdout] 14 |     use vrf_wasm::serde_helpers::ToFromByteArray;
[INFO] [stdout]    |         ^^^^^^^^ use of unresolved module or unlinked crate `vrf_wasm`
[INFO] [stdout]    |
[INFO] [stdout]    = help: if you wanted to use a crate named `vrf_wasm`, use `cargo add vrf_wasm` to add it to your `Cargo.toml`
[INFO] [stdout] 
[INFO] [stdout] 
[INFO] [stdout] error[E0432]: unresolved import `vrf_wasm`
[INFO] [stdout]   --> src/test.rs:15:9
[INFO] [stdout]    |
[INFO] [stdout] 15 |     use vrf_wasm::rng;
[INFO] [stdout]    |         ^^^^^^^^ use of unresolved module or unlinked crate `vrf_wasm`
[INFO] [stdout]    |
[INFO] [stdout]    = help: if you wanted to use a crate named `vrf_wasm`, use `cargo add vrf_wasm` to add it to your `Cargo.toml`
[INFO] [stdout] 
[INFO] [stdout] 
[INFO] [stdout] error[E0277]: the size for values of type `[u8]` cannot be known at compilation time
[INFO] [stdout]    --> src/test.rs:190:13
[INFO] [stdout]     |
[INFO] [stdout] 190 |         let mut corrupted_challenge = challenge_bytes;
[INFO] [stdout]     |             ^^^^^^^^^^^^^^^^^^^^^^^ doesn't have a size known at compile-time
[INFO] [stdout]     |
[INFO] [stdout]     = help: the trait `Sized` is not implemented for `[u8]`
[INFO] [stdout]     = note: all local variables must have a statically known size
[INFO] [stdout] 
[INFO] [stdout] 
[INFO] [stdout] error[E0277]: the size for values of type `[u8]` cannot be known at compilation time
[INFO] [stdout]    --> src/test.rs:205:13
[INFO] [stdout]     |
[INFO] [stdout] 205 |         let mut corrupted_scalar = scalar_bytes;
[INFO] [stdout]     |             ^^^^^^^^^^^^^^^^^^^^ doesn't have a size known at compile-time
[INFO] [stdout]     |
[INFO] [stdout]     = help: the trait `Sized` is not implemented for `[u8]`
[INFO] [stdout]     = note: all local variables must have a statically known size
[INFO] [stdout] 
[INFO] [stdout] 
[INFO] [stdout] Some errors have detailed explanations: E0277, E0432, E0433.
[INFO] [stdout] 
[INFO] [stdout] For more information about an error, try `rustc --explain E0277`.
[INFO] [stdout] 
[INFO] [stderr] error: could not compile `vrf-contract-verifier` (lib test) due to 6 previous errors
[INFO] running `Command { std: "docker" "inspect" "f4abcce2903c93a5c7cedbb2e64a8fa7c59463f8e6a88f9af4a80243254e68fa", kill_on_drop: false }`
[INFO] running `Command { std: "docker" "rm" "-f" "f4abcce2903c93a5c7cedbb2e64a8fa7c59463f8e6a88f9af4a80243254e68fa", kill_on_drop: false }`
[INFO] [stdout] f4abcce2903c93a5c7cedbb2e64a8fa7c59463f8e6a88f9af4a80243254e68fa
