[INFO] fetching crate voom 0.7.0...
[INFO] testing voom-0.7.0 against 1.100.0-beta.1 for beta-1.100-2
[INFO] extracting crate voom 0.7.0 into /workspace/builds/worker-5-tc2/source
[INFO] started tweaking crates.io crate voom 0.7.0
[INFO] removed 0 missing tests
[INFO] finished tweaking crates.io crate voom 0.7.0
[INFO] tweaked toml for crates.io crate voom 0.7.0 written to /workspace/builds/worker-5-tc2/source/Cargo.toml
[INFO] validating manifest of crates.io crate voom 0.7.0 on toolchain 1.100.0-beta.1
[INFO] running `Command { std: CARGO_HOME="/workspace/cargo-home" RUSTUP_HOME="/workspace/rustup-home" "/workspace/cargo-home/bin/cargo" "+1.100.0-beta.1" "metadata" "--manifest-path" "Cargo.toml" "--no-deps", kill_on_drop: false }`
[INFO] crate crates.io crate voom 0.7.0 already has a lockfile, it will not be regenerated
[INFO] running `Command { std: CARGO_HOME="/workspace/cargo-home" RUSTUP_HOME="/workspace/rustup-home" "/workspace/cargo-home/bin/cargo" "+1.100.0-beta.1" "fetch" "--manifest-path" "Cargo.toml", kill_on_drop: false }`
[INFO] [stderr] warning: `package.homepage` is redundant with `package.repository`
[INFO] [stderr]    --> Cargo.toml:100:12
[INFO] [stderr]     |
[INFO] [stderr] 100 | homepage = "https://github.com/Goldziher/voom"
[INFO] [stderr]     |            ^^^^^^^^^^^^^^^^^^^^^^^^^^^^^^^^^^^
[INFO] [stderr] ...
[INFO] [stderr] 105 | repository = "https://github.com/Goldziher/voom"
[INFO] [stderr]     |              -----------------------------------
[INFO] [stderr]     |
[INFO] [stderr]     = note: `cargo::redundant_homepage` is set to `warn` by default
[INFO] [stderr] help: consider removing `package.homepage`
[INFO] [stderr] warning: `voom` (manifest) generated 1 warning
[INFO] running `Command { std: "docker" "create" "-v" "/var/lib/crater-agent-workspace/builds/worker-5-tc2/source:/opt/rustwide/workdir:ro,Z" "-v" "/var/lib/crater-agent-workspace/builds/worker-5-tc2/target:/opt/rustwide/target:rw,Z" "-v" "/var/lib/crater-agent-workspace/cargo-home:/opt/rustwide/cargo-home:ro,Z" "-v" "/var/lib/crater-agent-workspace/rustup-home:/opt/rustwide/rustup-home:ro,Z" "-m" "1610612736" "--network" "none" "ghcr.io/rust-lang/crates-build-env/linux@sha256:3111399a4047eeb3a02b7a90e478d715f38a8c6669b5c4b49d30a17385265909" "sleep" "infinity", kill_on_drop: false }`
[INFO] [stdout] e2dda8b276139d38f398b4145bc3df49631c6b3011bfbda25794e908bd246637
[INFO] running `Command { std: "docker" "start" "e2dda8b276139d38f398b4145bc3df49631c6b3011bfbda25794e908bd246637", kill_on_drop: false }`
[INFO] running `Command { std: "docker" "inspect" "e2dda8b276139d38f398b4145bc3df49631c6b3011bfbda25794e908bd246637", kill_on_drop: false }`
[INFO] running `Command { std: "docker" "exec" "-e" "SOURCE_DIR=/opt/rustwide/workdir" "-e" "CARGO_HOME=/opt/rustwide/cargo-home" "-e" "RUSTUP_HOME=/opt/rustwide/rustup-home" "-e" "CARGO_TARGET_DIR=/opt/rustwide/target" "-w" "/opt/rustwide/workdir" "--user" "0:0" "e2dda8b276139d38f398b4145bc3df49631c6b3011bfbda25794e908bd246637" "/opt/rustwide/cargo-home/bin/cargo" "+1.100.0-beta.1" "metadata" "--no-deps" "--format-version=1", kill_on_drop: false }`
[INFO] running `Command { std: "docker" "inspect" "e2dda8b276139d38f398b4145bc3df49631c6b3011bfbda25794e908bd246637", kill_on_drop: false }`
[INFO] running `Command { std: "docker" "exec" "-e" "SOURCE_DIR=/opt/rustwide/workdir" "-e" "CARGO_HOME=/opt/rustwide/cargo-home" "-e" "RUSTUP_HOME=/opt/rustwide/rustup-home" "-e" "CARGO_TARGET_DIR=/opt/rustwide/target" "-e" "CARGO_INCREMENTAL=0" "-e" "RUST_BACKTRACE=full" "-e" "RUSTFLAGS=--cap-lints=warn" "-e" "RUSTDOCFLAGS=--cap-lints=warn" "-w" "/opt/rustwide/workdir" "--user" "0:0" "e2dda8b276139d38f398b4145bc3df49631c6b3011bfbda25794e908bd246637" "/opt/rustwide/cargo-home/bin/cargo" "+1.100.0-beta.1" "build" "--frozen" "--message-format=json", kill_on_drop: false }`
[INFO] [stderr] warning: `package.homepage` is redundant with `package.repository`
[INFO] [stderr]    --> Cargo.toml:100:12
[INFO] [stderr]     |
[INFO] [stderr] 100 | homepage = "https://github.com/Goldziher/voom"
[INFO] [stderr]     |            ^^^^^^^^^^^^^^^^^^^^^^^^^^^^^^^^^^^
[INFO] [stderr] ...
[INFO] [stderr] 105 | repository = "https://github.com/Goldziher/voom"
[INFO] [stderr]     |              -----------------------------------
[INFO] [stderr]     |
[INFO] [stderr]     = note: `cargo::redundant_homepage` is set to `warn` by default
[INFO] [stderr] help: consider removing `package.homepage`
[INFO] [stderr] warning: `voom` (manifest) generated 1 warning
[INFO] [stderr]    Compiling libc v0.2.189
[INFO] [stderr]    Compiling inotify-sys v0.1.8
[INFO] [stderr]    Compiling rustix v1.1.5
[INFO] [stderr]    Compiling portable-atomic v1.15.0
[INFO] [stderr]    Compiling regex-automata v0.4.18
[INFO] [stderr]    Compiling notify-types v2.1.0
[INFO] [stderr]    Compiling option-ext v0.2.0
[INFO] [stderr]    Compiling unicode-width v0.2.2
[INFO] [stderr]    Compiling thiserror-impl v2.0.20
[INFO] [stderr]    Compiling file-id v0.2.3
[INFO] [stderr]    Compiling unit-prefix v0.5.2
[INFO] [stderr]    Compiling serde_json v1.0.151
[INFO] [stderr]    Compiling owo-colors v4.4.0
[INFO] [stderr]    Compiling terminal_size v0.4.4
[INFO] [stderr]    Compiling thiserror v2.0.20
[INFO] [stderr]    Compiling clap_builder v4.6.7
[INFO] [stderr]    Compiling mio v1.2.3
[INFO] [stderr]    Compiling dirs-sys v0.5.0
[INFO] [stderr]    Compiling console v0.16.6
[INFO] [stderr]    Compiling inotify v0.11.5
[INFO] [stderr]    Compiling dirs v7.0.0
[INFO] [stderr]    Compiling notify v8.2.0
[INFO] [stderr]    Compiling indicatif v0.18.6
[INFO] [stderr]    Compiling notify-debouncer-full v0.7.0
[INFO] [stderr]    Compiling clap v4.6.7
[INFO] [stderr]    Compiling globset v0.4.20
[INFO] [stderr]    Compiling ignore v0.4.33
[INFO] [stderr]    Compiling voom v0.7.0 (/opt/rustwide/workdir)
[INFO] [stderr]     Finished `dev` profile [unoptimized + debuginfo] target(s) in 33.28s
[INFO] running `Command { std: "docker" "inspect" "e2dda8b276139d38f398b4145bc3df49631c6b3011bfbda25794e908bd246637", kill_on_drop: false }`
[INFO] running `Command { std: "docker" "exec" "-e" "SOURCE_DIR=/opt/rustwide/workdir" "-e" "CARGO_HOME=/opt/rustwide/cargo-home" "-e" "RUSTUP_HOME=/opt/rustwide/rustup-home" "-e" "CARGO_TARGET_DIR=/opt/rustwide/target" "-e" "CARGO_INCREMENTAL=0" "-e" "RUST_BACKTRACE=full" "-e" "RUSTFLAGS=--cap-lints=warn" "-e" "RUSTDOCFLAGS=--cap-lints=warn" "-w" "/opt/rustwide/workdir" "--user" "0:0" "e2dda8b276139d38f398b4145bc3df49631c6b3011bfbda25794e908bd246637" "/opt/rustwide/cargo-home/bin/cargo" "+1.100.0-beta.1" "test" "--frozen" "--no-run" "--message-format=json", kill_on_drop: false }`
[INFO] [stderr] warning: `package.homepage` is redundant with `package.repository`
[INFO] [stderr]    --> Cargo.toml:100:12
[INFO] [stderr]     |
[INFO] [stderr] 100 | homepage = "https://github.com/Goldziher/voom"
[INFO] [stderr]     |            ^^^^^^^^^^^^^^^^^^^^^^^^^^^^^^^^^^^
[INFO] [stderr] ...
[INFO] [stderr] 105 | repository = "https://github.com/Goldziher/voom"
[INFO] [stderr]     |              -----------------------------------
[INFO] [stderr]     |
[INFO] [stderr]     = note: `cargo::redundant_homepage` is set to `warn` by default
[INFO] [stderr] help: consider removing `package.homepage`
[INFO] [stderr] warning: `voom` (manifest) generated 1 warning
[INFO] [stderr]    Compiling regex-automata v0.4.18
[INFO] [stderr]    Compiling clap_builder v4.6.7
[INFO] [stderr]    Compiling predicates-core v1.0.10
[INFO] [stderr]    Compiling getrandom v0.4.3
[INFO] [stderr]    Compiling float-cmp v0.10.0
[INFO] [stderr]    Compiling normalize-line-endings v0.3.0
[INFO] [stderr]    Compiling assert_cmd v2.2.2
[INFO] [stderr]    Compiling wait-timeout v0.2.1
[INFO] [stderr]    Compiling similar v2.7.0
[INFO] [stderr]    Compiling tempfile v3.27.0
[INFO] [stderr]    Compiling predicates-tree v1.0.13
[INFO] [stderr]    Compiling yansi v1.0.1
[INFO] [stderr]    Compiling pretty_assertions v1.4.1
[INFO] [stderr]    Compiling insta v1.48.0
[INFO] [stderr]    Compiling clap v4.6.7
[INFO] [stderr]    Compiling bstr v1.13.1
[INFO] [stderr]    Compiling regex v1.13.1
[INFO] [stderr]    Compiling predicates v3.1.4
[INFO] [stderr]    Compiling globset v0.4.20
[INFO] [stderr]    Compiling ignore v0.4.33
[INFO] [stderr]    Compiling voom v0.7.0 (/opt/rustwide/workdir)
[INFO] [stdout] error[E0432]: unresolved import `tempfile`
[INFO] [stdout]   --> src/testing.rs:16:5
[INFO] [stdout]    |
[INFO] [stdout] 16 | use tempfile::TempDir;
[INFO] [stdout]    |     ^^^^^^^^ use of unresolved module or unlinked crate `tempfile`
[INFO] [stdout]    |
[INFO] [stdout]    = help: if you wanted to use a crate named `tempfile`, use `cargo add tempfile` to add it to your `Cargo.toml`
[INFO] [stdout] 
[INFO] [stdout] 
[INFO] [stdout] error[E0432]: unresolved import `tempfile`
[INFO] [stdout]    --> src/caches/mod.rs:277:9
[INFO] [stdout]     |
[INFO] [stdout] 277 |     use tempfile::TempDir;
[INFO] [stdout]     |         ^^^^^^^^ use of unresolved module or unlinked crate `tempfile`
[INFO] [stdout]     |
[INFO] [stdout]     = help: if you wanted to use a crate named `tempfile`, use `cargo add tempfile` to add it to your `Cargo.toml`
[INFO] [stdout] 
[INFO] [stdout] 
[INFO] [stdout] error[E0432]: unresolved import `tempfile`
[INFO] [stdout]   --> src/tagged.rs:63:9
[INFO] [stdout]    |
[INFO] [stdout] 63 |     use tempfile::TempDir;
[INFO] [stdout]    |         ^^^^^^^^ use of unresolved module or unlinked crate `tempfile`
[INFO] [stdout]    |
[INFO] [stdout]    = help: if you wanted to use a crate named `tempfile`, use `cargo add tempfile` to add it to your `Cargo.toml`
[INFO] [stdout] 
[INFO] [stdout] 
[INFO] [stdout] error[E0433]: cannot find module or crate `tempfile` in this scope
[INFO] [stdout]    --> src/delete/force.rs:311:23
[INFO] [stdout]     |
[INFO] [stdout] 311 |         let outside = tempfile::TempDir::new().unwrap();
[INFO] [stdout]     |                       ^^^^^^^^ use of unresolved module or unlinked crate `tempfile`
[INFO] [stdout]     |
[INFO] [stdout]     = help: if you wanted to use a crate named `tempfile`, use `cargo add tempfile` to add it to your `Cargo.toml`
[INFO] [stdout] 
[INFO] [stdout] 
[INFO] [stdout] error[E0433]: cannot find module or crate `tempfile` in this scope
[INFO] [stdout]    --> src/delete/force.rs:406:23
[INFO] [stdout]     |
[INFO] [stdout] 406 |         let outside = tempfile::TempDir::new().unwrap();
[INFO] [stdout]     |                       ^^^^^^^^ use of unresolved module or unlinked crate `tempfile`
[INFO] [stdout]     |
[INFO] [stdout]     = help: if you wanted to use a crate named `tempfile`, use `cargo add tempfile` to add it to your `Cargo.toml`
[INFO] [stdout] 
[INFO] [stdout] 
[INFO] [stdout] error[E0433]: cannot find module or crate `tempfile` in this scope
[INFO] [stdout]    --> src/delete/force.rs:501:23
[INFO] [stdout]     |
[INFO] [stdout] 501 |         let outside = tempfile::TempDir::new().unwrap();
[INFO] [stdout]     |                       ^^^^^^^^ use of unresolved module or unlinked crate `tempfile`
[INFO] [stdout]     |
[INFO] [stdout]     = help: if you wanted to use a crate named `tempfile`, use `cargo add tempfile` to add it to your `Cargo.toml`
[INFO] [stdout] 
[INFO] [stdout] 
[INFO] [stdout] error[E0433]: cannot find module or crate `tempfile` in this scope
[INFO] [stdout]    --> src/size.rs:297:23
[INFO] [stdout]     |
[INFO] [stdout] 297 |         let fixture = tempfile::TempDir::new().expect("a temp dir");
[INFO] [stdout]     |                       ^^^^^^^^ use of unresolved module or unlinked crate `tempfile`
[INFO] [stdout]     |
[INFO] [stdout]     = help: if you wanted to use a crate named `tempfile`, use `cargo add tempfile` to add it to your `Cargo.toml`
[INFO] [stdout] 
[INFO] [stdout] 
[INFO] [stdout] error[E0277]: the size for values of type `[std::path::PathBuf]` cannot be known at compilation time
[INFO] [stdout]    --> src/run.rs:679:13
[INFO] [stdout]     |
[INFO] [stdout] 679 |         for typed in [
[INFO] [stdout]     |             ^^^^^ doesn't have a size known at compile-time
[INFO] [stdout]     |
[INFO] [stdout]     = help: the trait `Sized` is not implemented for `[std::path::PathBuf]`
[INFO] [stdout]     = note: all local variables must have a statically known size
[INFO] [stdout] 
[INFO] [stdout] 
[INFO] [stdout] error[E0277]: the size for values of type `[std::path::PathBuf]` cannot be known at compilation time
[INFO] [stdout]    --> src/run.rs:679:9
[INFO] [stdout]     |
[INFO] [stdout] 679 | /         for typed in [
[INFO] [stdout] 680 | |             vec![a.clone(), b.clone(), c.clone()],
[INFO] [stdout] 681 | |             vec![c.clone(), b.clone(), a.clone()],
[INFO] [stdout] 682 | |             vec![b.clone(), c.clone(), a.clone()],
[INFO] [stdout] 683 | |         ] {
[INFO] [stdout] 684 | |             assert_eq!(normalize_roots(&typed).expect("the roots resolve"), vec![a.clone()]);
[INFO] [stdout] 685 | |         }
[INFO] [stdout]     | |_________^ doesn't have a size known at compile-time
[INFO] [stdout]     |
[INFO] [stdout]     = help: the trait `Sized` is not implemented for `[std::path::PathBuf]`
[INFO] [stdout] note: required by an implicit `Sized` bound in `std::option::Option`
[INFO] [stdout]    --> /rustc/e3feeb59cd1bdd011a2bfcc0747b55125d9b8527/library/core/src/option.rs:598:0
[INFO] [stdout] 
[INFO] [stdout] 
[INFO] [stdout] Some errors have detailed explanations: E0277, E0432, E0433.
[INFO] [stdout] 
[INFO] [stdout] For more information about an error, try `rustc --explain E0277`.
[INFO] [stdout] 
[INFO] [stderr] error: could not compile `voom` (lib test) due to 9 previous errors
[INFO] [stderr] warning: build failed, waiting for other jobs to finish...
[INFO] running `Command { std: "docker" "inspect" "e2dda8b276139d38f398b4145bc3df49631c6b3011bfbda25794e908bd246637", kill_on_drop: false }`
[INFO] running `Command { std: "docker" "rm" "-f" "e2dda8b276139d38f398b4145bc3df49631c6b3011bfbda25794e908bd246637", kill_on_drop: false }`
[INFO] [stdout] e2dda8b276139d38f398b4145bc3df49631c6b3011bfbda25794e908bd246637
