[INFO] fetching crate volta 0.3.0...
[INFO] testing volta-0.3.0 against 1.99.0-beta.8 for beta-1.100-2
[INFO] extracting crate volta 0.3.0 into /workspace/builds/worker-1-tc1/source
[INFO] started tweaking crates.io crate volta 0.3.0
[INFO] removed 0 missing examples
[INFO] removed 0 missing tests
[INFO] finished tweaking crates.io crate volta 0.3.0
[INFO] tweaked toml for crates.io crate volta 0.3.0 written to /workspace/builds/worker-1-tc1/source/Cargo.toml
[INFO] validating manifest of crates.io crate volta 0.3.0 on toolchain 1.99.0-beta.8
[INFO] running `Command { std: CARGO_HOME="/workspace/cargo-home" RUSTUP_HOME="/workspace/rustup-home" "/workspace/cargo-home/bin/cargo" "+1.99.0-beta.8" "metadata" "--manifest-path" "Cargo.toml" "--no-deps", kill_on_drop: false }`
[INFO] crate crates.io crate volta 0.3.0 already has a lockfile, it will not be regenerated
[INFO] running `Command { std: CARGO_HOME="/workspace/cargo-home" RUSTUP_HOME="/workspace/rustup-home" "/workspace/cargo-home/bin/cargo" "+1.99.0-beta.8" "fetch" "--manifest-path" "Cargo.toml", kill_on_drop: false }`
[INFO] [stderr]     Updating crates.io index
[INFO] [stderr]  Downloading crates ...
[INFO] [stderr]   Downloaded range-alloc v0.1.4
[INFO] [stderr]   Downloaded wgpu-core-deps-emscripten v27.0.0
[INFO] [stderr]   Downloaded wgpu-core-deps-apple v27.0.0
[INFO] [stderr]   Downloaded wgpu-core-deps-windows-linux-android v27.0.0
[INFO] [stderr]   Downloaded ordered-float v5.1.0
[INFO] [stderr]   Downloaded wasm-bindgen-futures v0.4.55
[INFO] [stderr]   Downloaded zmij v1.0.11
[INFO] [stderr]   Downloaded gpu-allocator v0.27.0
[INFO] [stderr]   Downloaded slotmap v1.0.7
[INFO] [stderr]   Downloaded cblas-sys v0.3.0
[INFO] [stderr]   Downloaded blas-src v0.14.0
[INFO] [stderr]   Downloaded accelerate-src v0.3.2
[INFO] [stderr]   Downloaded wgpu-types v27.0.1
[INFO] [stderr]   Downloaded wgpu v27.0.1
[INFO] [stderr]   Downloaded syn v2.0.107
[INFO] [stderr]   Downloaded wgpu-hal v27.0.4
[INFO] [stderr]   Downloaded wgpu-core v27.0.3
[INFO] [stderr]   Downloaded naga v27.0.3
[INFO] [stderr]   Downloaded metal v0.32.0
[INFO] running `Command { std: "docker" "create" "-v" "/var/lib/crater-agent-workspace/builds/worker-1-tc1/source:/opt/rustwide/workdir:ro,Z" "-v" "/var/lib/crater-agent-workspace/builds/worker-1-tc1/target:/opt/rustwide/target:rw,Z" "-v" "/var/lib/crater-agent-workspace/cargo-home:/opt/rustwide/cargo-home:ro,Z" "-v" "/var/lib/crater-agent-workspace/rustup-home:/opt/rustwide/rustup-home:ro,Z" "-m" "1610612736" "--network" "none" "ghcr.io/rust-lang/crates-build-env/linux@sha256:3111399a4047eeb3a02b7a90e478d715f38a8c6669b5c4b49d30a17385265909" "sleep" "infinity", kill_on_drop: false }`
[INFO] [stdout] 9756ba36c547bdf52503de23fa6c2360ff40e49e3cfabd0b5c95823c43fd65e4
[INFO] running `Command { std: "docker" "start" "9756ba36c547bdf52503de23fa6c2360ff40e49e3cfabd0b5c95823c43fd65e4", kill_on_drop: false }`
[INFO] running `Command { std: "docker" "inspect" "9756ba36c547bdf52503de23fa6c2360ff40e49e3cfabd0b5c95823c43fd65e4", kill_on_drop: false }`
[INFO] running `Command { std: "docker" "exec" "-e" "SOURCE_DIR=/opt/rustwide/workdir" "-e" "CARGO_HOME=/opt/rustwide/cargo-home" "-e" "RUSTUP_HOME=/opt/rustwide/rustup-home" "-e" "CARGO_TARGET_DIR=/opt/rustwide/target" "-w" "/opt/rustwide/workdir" "--user" "0:0" "9756ba36c547bdf52503de23fa6c2360ff40e49e3cfabd0b5c95823c43fd65e4" "/opt/rustwide/cargo-home/bin/cargo" "+1.99.0-beta.8" "metadata" "--no-deps" "--format-version=1", kill_on_drop: false }`
[INFO] running `Command { std: "docker" "inspect" "9756ba36c547bdf52503de23fa6c2360ff40e49e3cfabd0b5c95823c43fd65e4", kill_on_drop: false }`
[INFO] running `Command { std: "docker" "exec" "-e" "SOURCE_DIR=/opt/rustwide/workdir" "-e" "CARGO_HOME=/opt/rustwide/cargo-home" "-e" "RUSTUP_HOME=/opt/rustwide/rustup-home" "-e" "CARGO_TARGET_DIR=/opt/rustwide/target" "-e" "CARGO_INCREMENTAL=0" "-e" "RUST_BACKTRACE=full" "-e" "RUSTFLAGS=--cap-lints=warn" "-e" "RUSTDOCFLAGS=--cap-lints=warn" "-w" "/opt/rustwide/workdir" "--user" "0:0" "9756ba36c547bdf52503de23fa6c2360ff40e49e3cfabd0b5c95823c43fd65e4" "/opt/rustwide/cargo-home/bin/cargo" "+1.99.0-beta.8" "build" "--frozen" "--message-format=json", kill_on_drop: false }`
[INFO] [stderr]    Compiling unicode-ident v1.0.19
[INFO] [stderr]    Compiling cfg_aliases v0.2.1
[INFO] [stderr]    Compiling zerocopy v0.8.27
[INFO] [stderr]    Compiling libm v0.2.15
[INFO] [stderr]    Compiling bitflags v2.10.0
[INFO] [stderr]    Compiling thiserror v2.0.17
[INFO] [stderr]    Compiling num-traits v0.2.19
[INFO] [stderr]    Compiling bit-vec v0.8.0
[INFO] [stderr]    Compiling smallvec v1.15.1
[INFO] [stderr]    Compiling log v0.4.28
[INFO] [stderr]    Compiling khronos-egl v6.0.0
[INFO] [stderr]    Compiling hashbrown v0.16.1
[INFO] [stderr]    Compiling codespan-reporting v0.12.0
[INFO] [stderr]    Compiling hashbrown v0.15.5
[INFO] [stderr]    Compiling once_cell v1.21.3
[INFO] [stderr]    Compiling hexf-parse v0.2.1
[INFO] [stderr]    Compiling proc-macro2 v1.0.101
[INFO] [stderr]    Compiling naga v27.0.3
[INFO] [stderr]    Compiling wgpu-hal v27.0.4
[INFO] [stderr]    Compiling gpu-descriptor-types v0.2.0
[INFO] [stderr]    Compiling gpu-alloc-types v0.3.0
[INFO] [stderr]    Compiling spirv v0.3.0+sdk-1.3.268.0
[INFO] [stderr]    Compiling bit-set v0.8.0
[INFO] [stderr]    Compiling ash v0.38.0+1.3.281
[INFO] [stderr]    Compiling parking_lot_core v0.9.12
[INFO] [stderr]    Compiling gpu-alloc v0.6.0
[INFO] [stderr]    Compiling getrandom v0.3.4
[INFO] [stderr]    Compiling profiling v1.0.17
[INFO] [stderr]    Compiling renderdoc-sys v1.1.0
[INFO] [stderr]    Compiling zmij v1.0.11
[INFO] [stderr]    Compiling glow v0.16.0
[INFO] [stderr]    Compiling wgpu-core v27.0.3
[INFO] [stderr]    Compiling serde_json v1.0.149
[INFO] [stderr]    Compiling wgpu v27.0.1
[INFO] [stderr]    Compiling quote v1.0.41
[INFO] [stderr]    Compiling parking_lot v0.12.5
[INFO] [stderr]    Compiling rand_core v0.9.3
[INFO] [stderr]    Compiling matrixmultiply v0.3.10
[INFO] [stderr]    Compiling virtue v0.0.18
[INFO] [stderr]    Compiling syn v2.0.107
[INFO] [stderr]    Compiling itoa v1.0.17
[INFO] [stderr]    Compiling indexmap v2.12.1
[INFO] [stderr]    Compiling memchr v2.7.6
[INFO] [stderr]    Compiling volta v0.3.0 (/opt/rustwide/workdir)
[INFO] [stderr]    Compiling unty v0.0.4
[INFO] [stderr]    Compiling gpu-descriptor v0.3.2
[INFO] [stderr]    Compiling pollster v0.4.0
[INFO] [stderr]    Compiling cblas-sys v0.3.0
[INFO] [stderr]    Compiling bincode_derive v2.0.1
[INFO] [stderr]    Compiling bincode v2.0.1
[INFO] [stderr]    Compiling ordered-float v5.1.0
[INFO] [stderr]    Compiling approx v0.5.1
[INFO] [stderr]    Compiling zerocopy-derive v0.8.27
[INFO] [stderr]    Compiling bytemuck_derive v1.10.2
[INFO] [stderr]    Compiling thiserror-impl v2.0.17
[INFO] [stderr]    Compiling serde_derive v1.0.228
[INFO] [stderr]    Compiling bytemuck v1.24.0
[INFO] [stderr]    Compiling wgpu-types v27.0.1
[INFO] [stderr]    Compiling half v2.7.1
[INFO] [stderr]    Compiling ppv-lite86 v0.2.21
[INFO] [stderr]    Compiling serde v1.0.228
[INFO] [stderr]    Compiling rand_chacha v0.9.0
[INFO] [stderr]    Compiling rand v0.9.2
[INFO] [stderr]    Compiling safetensors v0.7.0
[INFO] [stderr]    Compiling rand_distr v0.5.1
[INFO] [stderr]    Compiling wgpu-core-deps-windows-linux-android v27.0.0
[INFO] [stdout] warning: unused import: `std::process::Command`
[INFO] [stdout]  --> src/gpu/monitor.rs:7:5
[INFO] [stdout]   |
[INFO] [stdout] 7 | use std::process::Command;
[INFO] [stdout]   |     ^^^^^^^^^^^^^^^^^^^^^
[INFO] [stdout]   |
[INFO] [stdout]   = note: `#[warn(unused_imports)]` (part of `#[warn(unused)]`) on by default
[INFO] [stdout] 
[INFO] [stdout] 
[INFO] [stderr]     Finished `dev` profile [unoptimized + debuginfo] target(s) in 58.68s
[INFO] running `Command { std: "docker" "inspect" "9756ba36c547bdf52503de23fa6c2360ff40e49e3cfabd0b5c95823c43fd65e4", kill_on_drop: false }`
[INFO] running `Command { std: "docker" "exec" "-e" "SOURCE_DIR=/opt/rustwide/workdir" "-e" "CARGO_HOME=/opt/rustwide/cargo-home" "-e" "RUSTUP_HOME=/opt/rustwide/rustup-home" "-e" "CARGO_TARGET_DIR=/opt/rustwide/target" "-e" "CARGO_INCREMENTAL=0" "-e" "RUST_BACKTRACE=full" "-e" "RUSTFLAGS=--cap-lints=warn" "-e" "RUSTDOCFLAGS=--cap-lints=warn" "-w" "/opt/rustwide/workdir" "--user" "0:0" "9756ba36c547bdf52503de23fa6c2360ff40e49e3cfabd0b5c95823c43fd65e4" "/opt/rustwide/cargo-home/bin/cargo" "+1.99.0-beta.8" "test" "--frozen" "--no-run" "--message-format=json", kill_on_drop: false }`
[INFO] [stderr]    Compiling num-traits v0.2.19
[INFO] [stderr]    Compiling itertools v0.10.5
[INFO] [stderr]    Compiling regex-automata v0.4.13
[INFO] [stderr]    Compiling clap_builder v4.5.54
[INFO] [stderr]    Compiling tinytemplate v1.2.1
[INFO] [stderr]    Compiling rayon v1.11.0
[INFO] [stderr]    Compiling is-terminal v0.4.17
[INFO] [stderr]    Compiling half v2.7.1
[INFO] [stderr]    Compiling ordered-float v5.1.0
[INFO] [stderr]    Compiling plotters v0.3.7
[INFO] [stderr]    Compiling approx v0.5.1
[INFO] [stderr]    Compiling rand_distr v0.5.1
[INFO] [stderr]    Compiling naga v27.0.3
[INFO] [stderr]    Compiling ciborium-ll v0.2.2
[INFO] [stderr]    Compiling ciborium v0.2.2
[INFO] [stderr]    Compiling criterion-plot v0.5.0
[INFO] [stderr]    Compiling clap v4.5.54
[INFO] [stderr]    Compiling regex v1.12.2
[INFO] [stderr]    Compiling criterion v0.5.1
[INFO] [stderr]    Compiling wgpu-hal v27.0.4
[INFO] [stderr]    Compiling wgpu-core-deps-windows-linux-android v27.0.0
[INFO] [stderr]    Compiling wgpu-core v27.0.3
[INFO] [stderr]    Compiling wgpu v27.0.1
[INFO] [stderr]    Compiling volta v0.3.0 (/opt/rustwide/workdir)
[INFO] [stdout] warning: unused import: `std::process::Command`
[INFO] [stdout]  --> src/gpu/monitor.rs:7:5
[INFO] [stdout]   |
[INFO] [stdout] 7 | use std::process::Command;
[INFO] [stdout]   |     ^^^^^^^^^^^^^^^^^^^^^
[INFO] [stdout]   |
[INFO] [stdout]   = note: `#[warn(unused_imports)]` (part of `#[warn(unused)]`) on by default
[INFO] [stdout] 
[INFO] [stdout] 
[INFO] [stdout] warning: unused import: `std::process::Command`
[INFO] [stdout]  --> src/gpu/monitor.rs:7:5
[INFO] [stdout]   |
[INFO] [stdout] 7 | use std::process::Command;
[INFO] [stdout]   |     ^^^^^^^^^^^^^^^^^^^^^
[INFO] [stdout]   |
[INFO] [stdout]   = note: `#[warn(unused_imports)]` (part of `#[warn(unused)]`) on by default
[INFO] [stdout] 
[INFO] [stdout] 
[INFO] [stderr] error: could not compile `volta` (lib test); 1 warning emitted
[INFO] [stderr] 
[INFO] [stderr] Caused by:
[INFO] [stderr]   process didn't exit successfully: `/opt/rustwide/rustup-home/toolchains/1.99.0-beta.8-x86_64-unknown-linux-gnu/bin/rustc --crate-name volta --edition=2024 src/lib.rs --error-format=json --json=diagnostic-rendered-ansi,artifacts,future-incompat --emit=dep-info,link -C embed-bitcode=no -C debuginfo=2 '--deny=clippy::wildcard_enum_match_arm' '--deny=clippy::unneeded_field_pattern' '--allow=clippy::similar_names' '--deny=clippy::must_use_candidate' '--deny=clippy::indexing_slicing' '--deny=clippy::fn_params_excessive_bools' '--deny=clippy::fallible_impl_from' --test --cfg 'feature="accelerate"' --cfg 'feature="blas-src"' --cfg 'feature="default"' --cfg 'feature="gpu"' --cfg 'feature="pollster"' --cfg 'feature="wgpu"' --check-cfg 'cfg(docsrs,test)' --check-cfg 'cfg(feature, values("accelerate", "blas-src", "default", "gpu", "pollster", "wgpu"))' -C metadata=0f055079a1b800fc -C extra-filename=-2c087d825a51819d --out-dir /opt/rustwide/target/debug/deps -L dependency=/opt/rustwide/target/debug/deps --extern approx=/opt/rustwide/target/debug/deps/libapprox-425101217f6998ea.rlib --extern bincode=/opt/rustwide/target/debug/deps/libbincode-ae28aec15eb01861.rlib --extern bytemuck=/opt/rustwide/target/debug/deps/libbytemuck-62ba48be5f87fbd7.rlib --extern cblas_sys=/opt/rustwide/target/debug/deps/libcblas_sys-69ace70079d71569.rlib --extern criterion=/opt/rustwide/target/debug/deps/libcriterion-d3921c390764bffb.rlib --extern half=/opt/rustwide/target/debug/deps/libhalf-01e4c4aca9eaef8c.rlib --extern matrixmultiply=/opt/rustwide/target/debug/deps/libmatrixmultiply-17dbd89cbc7b342d.rlib --extern pollster=/opt/rustwide/target/debug/deps/libpollster-cd22bb221b89e307.rlib --extern rand=/opt/rustwide/target/debug/deps/librand-cc4fbd7ac38ed37f.rlib --extern rand_distr=/opt/rustwide/target/debug/deps/librand_distr-55a09db5d5e8167c.rlib --extern safetensors=/opt/rustwide/target/debug/deps/libsafetensors-8a49ce879084d4eb.rlib --extern serde_json=/opt/rustwide/target/debug/deps/libserde_json-007706b4d80b8445.rlib --extern wgpu=/opt/rustwide/target/debug/deps/libwgpu-c7c17f139580f4e2.rlib --cap-lints=warn` (signal: 9, SIGKILL: kill)
[INFO] [stderr] warning: build failed, waiting for other jobs to finish...
[INFO] [stdout] error: linking with `cc` failed: exit status: 1
[INFO] [stdout]   |
[INFO] [stdout]   = note:  "cc" "-m64" "/opt/rustwide/target/debug/deps/rustc4P54Pi/symbols.o" "<2 object files omitted>" "-Wl,--as-needed" "-Wl,-Bstatic" "<sysroot>/lib/rustlib/x86_64-unknown-linux-gnu/lib/{libtest-*,libgetopts-*,librustc_std_workspace_std-*}.rlib" "/opt/rustwide/target/debug/deps/{libvolta-836bbee0fdea8557,libmatrixmultiply-17dbd89cbc7b342d,librawpointer-10d892ea69c462d6,libpollster-cd22bb221b89e307,librand_distr-55a09db5d5e8167c,librand-cc4fbd7ac38ed37f,librand_chacha-93544194fce0bd64,libppv_lite86-cd556cdf62582d82,librand_core-aef51873e0852404,libgetrandom-306efa459aaadf86,libsafetensors-8a49ce879084d4eb,libserde_json-007706b4d80b8445,libmemchr-60b408e76a46f254,libitoa-f3a70a1441f7f89b,libzmij-10b8dae666154c6c,libserde-80a73d51d4f35601,libbincode-ae28aec15eb01861,libunty-1576d40d069bb744,libwgpu-c7c17f139580f4e2,libstatic_assertions-f0217ecdd817a834,libwgpu_core-321de7bfcce8fbfe,libwgpu_hal-9613989901a34519,librenderdoc_sys-4abf0efdfe195ac8,libkhronos_egl-0dcce2853f0ac2b3,libprofiling-aaf925c122df92f4,libordered_float-cd497bd07d3824ff,libgpu_descriptor-0d45f30c32e9b475,libhashbrown-efdb59ea1897c465,libfoldhash-07f233db1c671507,libgpu_descriptor_types-b51de680ed664f61,libgpu_alloc-532cf8367713f675,libgpu_alloc_types-918432181e91c67a,libash-53e3d25848ac7fa1,liblibloading-167bed3899b07f7e,libnaga-cc8fd99d1695a939,librustc_hash-4072dcbc9d7bd172,liblibm-fcdc73388b8e5e3e,libhexf_parse-72d4824186d79465,libunicode_ident-76924bfc03cc13f9,libbit_set-524126e2c4914b79,libbit_vec-5d09c28cf20034b6,libonce_cell-e9252a7b5119f3eb,libhalf-01e4c4aca9eaef8c,libnum_traits-e25eedff8c3b99b1,libzerocopy-c45ec1691d35526c,libcodespan_reporting-e1837d809ba15707,libunicode_width-c0be3735b741df1b,libindexmap-2b7501ee324aacf7,libspirv-2d18dbc4e7b920b7,libarrayvec-c7dde542da3995d2,libraw_window_handle-633e2839334924d0,libparking_lot-6d03b15a1e4d6510,libparking_lot_core-23d7c7addf04e581,liblibc-520a1cd7a1b3fe13,libcfg_if-83060ec5685761ae,libsmallvec-bf302dd4f103914d,liblock_api-16d46fed645f7bff,libscopeguard-7ec2214574194454,libhashbrown-f031177a2084d1ad,libequivalent-6a754676e6af62ae,libserde_core-21f22ac7b803fb0e,liballocator_api2-8d9c1e895dea53bd,libfoldhash-3b780c428974a407,libglow-fa9b53f7a747d4e2,libwgpu_types-d13f4a2f4ab34928,libthiserror-74556a6283a2a3a2,liblog-40ebd7d040175aeb,libbitflags-81c18dd570709ed4,libbytemuck-62ba48be5f87fbd7}.rlib" "<sysroot>/lib/rustlib/x86_64-unknown-linux-gnu/lib/{libstd-*,libpanic_unwind-*,libobject-*,libmemchr-*,libaddr2line-*,libgimli-*,libcfg_if-*,librustc_demangle-*,libstd_detect-*,libhashbrown-*,librustc_std_workspace_alloc-*,libminiz_oxide-*,libadler2-*,libunwind-*,liblibc-*,librustc_std_workspace_core-*,liballoc-*,libcore-*,libcompiler_builtins-*}.rlib" "-Wl,-Bdynamic" "-ldl" "-lgcc_s" "-lutil" "-lrt" "-lpthread" "-lm" "-ldl" "-lc" "-L" "/opt/rustwide/target/debug/deps/rustc4P54Pi/raw-dylibs" "-B<sysroot>/lib/rustlib/x86_64-unknown-linux-gnu/bin/gcc-ld" "-fuse-ld=lld" "-Wl,--eh-frame-hdr" "-Wl,-z,noexecstack" "-L" "<sysroot>/lib/rustlib/x86_64-unknown-linux-gnu/lib" "-o" "/opt/rustwide/target/debug/deps/coverage_fill-740d426947e015e2" "-Wl,--gc-sections" "-pie" "-Wl,-z,relro,-z,now" "-nodefaultlibs"
[INFO] [stdout]   = note: some arguments are omitted. use `--verbose` to show all linker arguments
[INFO] [stdout]   = note: collect2: fatal error: ld terminated with signal 9 [Killed]
[INFO] [stdout]           compilation terminated.
[INFO] [stdout]           
[INFO] [stdout] 
[INFO] [stdout] 
[INFO] [stderr] error: could not compile `volta` (test "coverage_fill") due to 1 previous error
[INFO] [stdout] error: linking with `cc` failed: exit status: 1
[INFO] [stdout]   |
[INFO] [stdout]   = note:  "cc" "-m64" "/opt/rustwide/target/debug/examples/rustcqgZIH7/symbols.o" "<2 object files omitted>" "-Wl,--as-needed" "-Wl,-Bstatic" "/opt/rustwide/target/debug/deps/{libvolta-836bbee0fdea8557,libmatrixmultiply-17dbd89cbc7b342d,librawpointer-10d892ea69c462d6,libpollster-cd22bb221b89e307,librand_distr-55a09db5d5e8167c,librand-cc4fbd7ac38ed37f,librand_chacha-93544194fce0bd64,libppv_lite86-cd556cdf62582d82,librand_core-aef51873e0852404,libgetrandom-306efa459aaadf86,libsafetensors-8a49ce879084d4eb,libserde_json-007706b4d80b8445,libmemchr-60b408e76a46f254,libitoa-f3a70a1441f7f89b,libzmij-10b8dae666154c6c,libserde-80a73d51d4f35601,libbincode-ae28aec15eb01861,libunty-1576d40d069bb744,libwgpu-c7c17f139580f4e2,libstatic_assertions-f0217ecdd817a834,libwgpu_core-321de7bfcce8fbfe,libwgpu_hal-9613989901a34519,librenderdoc_sys-4abf0efdfe195ac8,libkhronos_egl-0dcce2853f0ac2b3,libprofiling-aaf925c122df92f4,libordered_float-cd497bd07d3824ff,libgpu_descriptor-0d45f30c32e9b475,libhashbrown-efdb59ea1897c465,libfoldhash-07f233db1c671507,libgpu_descriptor_types-b51de680ed664f61,libgpu_alloc-532cf8367713f675,libgpu_alloc_types-918432181e91c67a,libash-53e3d25848ac7fa1,liblibloading-167bed3899b07f7e,libnaga-cc8fd99d1695a939,librustc_hash-4072dcbc9d7bd172,liblibm-fcdc73388b8e5e3e,libhexf_parse-72d4824186d79465,libunicode_ident-76924bfc03cc13f9,libbit_set-524126e2c4914b79,libbit_vec-5d09c28cf20034b6,libonce_cell-e9252a7b5119f3eb,libhalf-01e4c4aca9eaef8c,libnum_traits-e25eedff8c3b99b1,libzerocopy-c45ec1691d35526c,libcodespan_reporting-e1837d809ba15707,libunicode_width-c0be3735b741df1b,libindexmap-2b7501ee324aacf7,libspirv-2d18dbc4e7b920b7,libarrayvec-c7dde542da3995d2,libraw_window_handle-633e2839334924d0,libparking_lot-6d03b15a1e4d6510,libparking_lot_core-23d7c7addf04e581,liblibc-520a1cd7a1b3fe13,libcfg_if-83060ec5685761ae,libsmallvec-bf302dd4f103914d,liblock_api-16d46fed645f7bff,libscopeguard-7ec2214574194454,libhashbrown-f031177a2084d1ad,libequivalent-6a754676e6af62ae,libserde_core-21f22ac7b803fb0e,liballocator_api2-8d9c1e895dea53bd,libfoldhash-3b780c428974a407,libglow-fa9b53f7a747d4e2,libwgpu_types-d13f4a2f4ab34928,libthiserror-74556a6283a2a3a2,liblog-40ebd7d040175aeb,libbitflags-81c18dd570709ed4,libbytemuck-62ba48be5f87fbd7}.rlib" "<sysroot>/lib/rustlib/x86_64-unknown-linux-gnu/lib/{libstd-*,libpanic_unwind-*,libobject-*,libmemchr-*,libaddr2line-*,libgimli-*,libcfg_if-*,librustc_demangle-*,libstd_detect-*,libhashbrown-*,librustc_std_workspace_alloc-*,libminiz_oxide-*,libadler2-*,libunwind-*,liblibc-*,librustc_std_workspace_core-*,liballoc-*,libcore-*,libcompiler_builtins-*}.rlib" "-Wl,-Bdynamic" "-ldl" "-lgcc_s" "-lutil" "-lrt" "-lpthread" "-lm" "-ldl" "-lc" "-L" "/opt/rustwide/target/debug/examples/rustcqgZIH7/raw-dylibs" "-B<sysroot>/lib/rustlib/x86_64-unknown-linux-gnu/bin/gcc-ld" "-fuse-ld=lld" "-Wl,--eh-frame-hdr" "-Wl,-z,noexecstack" "-L" "<sysroot>/lib/rustlib/x86_64-unknown-linux-gnu/lib" "-o" "/opt/rustwide/target/debug/examples/gpu-4d1db787b4c9a658" "-Wl,--gc-sections" "-pie" "-Wl,-z,relro,-z,now" "-nodefaultlibs"
[INFO] [stdout]   = note: some arguments are omitted. use `--verbose` to show all linker arguments
[INFO] [stdout]   = note: collect2: fatal error: ld terminated with signal 9 [Killed]
[INFO] [stdout]           compilation terminated.
[INFO] [stdout]           
[INFO] [stdout] 
[INFO] [stdout] 
[INFO] [stdout] error: linking with `cc` failed: exit status: 1
[INFO] [stdout]   |
[INFO] [stdout]   = note:  "cc" "-m64" "/opt/rustwide/target/debug/examples/rustcWyVzRw/symbols.o" "<2 object files omitted>" "-Wl,--as-needed" "-Wl,-Bstatic" "/opt/rustwide/target/debug/deps/{libvolta-836bbee0fdea8557,libmatrixmultiply-17dbd89cbc7b342d,librawpointer-10d892ea69c462d6,libpollster-cd22bb221b89e307,librand_distr-55a09db5d5e8167c,librand-cc4fbd7ac38ed37f,librand_chacha-93544194fce0bd64,libppv_lite86-cd556cdf62582d82,librand_core-aef51873e0852404,libgetrandom-306efa459aaadf86,libsafetensors-8a49ce879084d4eb,libserde_json-007706b4d80b8445,libmemchr-60b408e76a46f254,libitoa-f3a70a1441f7f89b,libzmij-10b8dae666154c6c,libserde-80a73d51d4f35601,libbincode-ae28aec15eb01861,libunty-1576d40d069bb744,libwgpu-c7c17f139580f4e2,libstatic_assertions-f0217ecdd817a834,libwgpu_core-321de7bfcce8fbfe,libwgpu_hal-9613989901a34519,librenderdoc_sys-4abf0efdfe195ac8,libkhronos_egl-0dcce2853f0ac2b3,libprofiling-aaf925c122df92f4,libordered_float-cd497bd07d3824ff,libgpu_descriptor-0d45f30c32e9b475,libhashbrown-efdb59ea1897c465,libfoldhash-07f233db1c671507,libgpu_descriptor_types-b51de680ed664f61,libgpu_alloc-532cf8367713f675,libgpu_alloc_types-918432181e91c67a,libash-53e3d25848ac7fa1,liblibloading-167bed3899b07f7e,libnaga-cc8fd99d1695a939,librustc_hash-4072dcbc9d7bd172,liblibm-fcdc73388b8e5e3e,libhexf_parse-72d4824186d79465,libunicode_ident-76924bfc03cc13f9,libbit_set-524126e2c4914b79,libbit_vec-5d09c28cf20034b6,libonce_cell-e9252a7b5119f3eb,libhalf-01e4c4aca9eaef8c,libnum_traits-e25eedff8c3b99b1,libzerocopy-c45ec1691d35526c,libcodespan_reporting-e1837d809ba15707,libunicode_width-c0be3735b741df1b,libindexmap-2b7501ee324aacf7,libspirv-2d18dbc4e7b920b7,libarrayvec-c7dde542da3995d2,libraw_window_handle-633e2839334924d0,libparking_lot-6d03b15a1e4d6510,libparking_lot_core-23d7c7addf04e581,liblibc-520a1cd7a1b3fe13,libcfg_if-83060ec5685761ae,libsmallvec-bf302dd4f103914d,liblock_api-16d46fed645f7bff,libscopeguard-7ec2214574194454,libhashbrown-f031177a2084d1ad,libequivalent-6a754676e6af62ae,libserde_core-21f22ac7b803fb0e,liballocator_api2-8d9c1e895dea53bd,libfoldhash-3b780c428974a407,libglow-fa9b53f7a747d4e2,libwgpu_types-d13f4a2f4ab34928,libthiserror-74556a6283a2a3a2,liblog-40ebd7d040175aeb,libbitflags-81c18dd570709ed4,libbytemuck-62ba48be5f87fbd7}.rlib" "<sysroot>/lib/rustlib/x86_64-unknown-linux-gnu/lib/{libstd-*,libpanic_unwind-*,libobject-*,libmemchr-*,libaddr2line-*,libgimli-*,libcfg_if-*,librustc_demangle-*,libstd_detect-*,libhashbrown-*,librustc_std_workspace_alloc-*,libminiz_oxide-*,libadler2-*,libunwind-*,liblibc-*,librustc_std_workspace_core-*,liballoc-*,libcore-*,libcompiler_builtins-*}.rlib" "-Wl,-Bdynamic" "-ldl" "-lgcc_s" "-lutil" "-lrt" "-lpthread" "-lm" "-ldl" "-lc" "-L" "/opt/rustwide/target/debug/examples/rustcWyVzRw/raw-dylibs" "-B<sysroot>/lib/rustlib/x86_64-unknown-linux-gnu/bin/gcc-ld" "-fuse-ld=lld" "-Wl,--eh-frame-hdr" "-Wl,-z,noexecstack" "-L" "<sysroot>/lib/rustlib/x86_64-unknown-linux-gnu/lib" "-o" "/opt/rustwide/target/debug/examples/time_sequence-ac91e3682fb2bca7" "-Wl,--gc-sections" "-pie" "-Wl,-z,relro,-z,now" "-nodefaultlibs"
[INFO] [stdout]   = note: some arguments are omitted. use `--verbose` to show all linker arguments
[INFO] [stdout]   = note: collect2: fatal error: ld terminated with signal 9 [Killed]
[INFO] [stdout]           compilation terminated.
[INFO] [stdout]           
[INFO] [stdout] 
[INFO] [stdout] 
[INFO] [stderr] error: could not compile `volta` (example "time_sequence") due to 1 previous error
[INFO] [stderr] error: could not compile `volta` (example "gpu") due to 1 previous error
[INFO] [stdout] error: linking with `cc` failed: exit status: 1
[INFO] [stdout]   |
[INFO] [stdout]   = note:  "cc" "-m64" "/opt/rustwide/target/debug/examples/rustc7JHiKn/symbols.o" "<2 object files omitted>" "-Wl,--as-needed" "-Wl,-Bstatic" "/opt/rustwide/target/debug/deps/{libvolta-836bbee0fdea8557,libmatrixmultiply-17dbd89cbc7b342d,librawpointer-10d892ea69c462d6,libpollster-cd22bb221b89e307,librand_distr-55a09db5d5e8167c,librand-cc4fbd7ac38ed37f,librand_chacha-93544194fce0bd64,libppv_lite86-cd556cdf62582d82,librand_core-aef51873e0852404,libgetrandom-306efa459aaadf86,libsafetensors-8a49ce879084d4eb,libserde_json-007706b4d80b8445,libmemchr-60b408e76a46f254,libitoa-f3a70a1441f7f89b,libzmij-10b8dae666154c6c,libserde-80a73d51d4f35601,libbincode-ae28aec15eb01861,libunty-1576d40d069bb744,libwgpu-c7c17f139580f4e2,libstatic_assertions-f0217ecdd817a834,libwgpu_core-321de7bfcce8fbfe,libwgpu_hal-9613989901a34519,librenderdoc_sys-4abf0efdfe195ac8,libkhronos_egl-0dcce2853f0ac2b3,libprofiling-aaf925c122df92f4,libordered_float-cd497bd07d3824ff,libgpu_descriptor-0d45f30c32e9b475,libhashbrown-efdb59ea1897c465,libfoldhash-07f233db1c671507,libgpu_descriptor_types-b51de680ed664f61,libgpu_alloc-532cf8367713f675,libgpu_alloc_types-918432181e91c67a,libash-53e3d25848ac7fa1,liblibloading-167bed3899b07f7e,libnaga-cc8fd99d1695a939,librustc_hash-4072dcbc9d7bd172,liblibm-fcdc73388b8e5e3e,libhexf_parse-72d4824186d79465,libunicode_ident-76924bfc03cc13f9,libbit_set-524126e2c4914b79,libbit_vec-5d09c28cf20034b6,libonce_cell-e9252a7b5119f3eb,libhalf-01e4c4aca9eaef8c,libnum_traits-e25eedff8c3b99b1,libzerocopy-c45ec1691d35526c,libcodespan_reporting-e1837d809ba15707,libunicode_width-c0be3735b741df1b,libindexmap-2b7501ee324aacf7,libspirv-2d18dbc4e7b920b7,libarrayvec-c7dde542da3995d2,libraw_window_handle-633e2839334924d0,libparking_lot-6d03b15a1e4d6510,libparking_lot_core-23d7c7addf04e581,liblibc-520a1cd7a1b3fe13,libcfg_if-83060ec5685761ae,libsmallvec-bf302dd4f103914d,liblock_api-16d46fed645f7bff,libscopeguard-7ec2214574194454,libhashbrown-f031177a2084d1ad,libequivalent-6a754676e6af62ae,libserde_core-21f22ac7b803fb0e,liballocator_api2-8d9c1e895dea53bd,libfoldhash-3b780c428974a407,libglow-fa9b53f7a747d4e2,libwgpu_types-d13f4a2f4ab34928,libthiserror-74556a6283a2a3a2,liblog-40ebd7d040175aeb,libbitflags-81c18dd570709ed4,libbytemuck-62ba48be5f87fbd7}.rlib" "<sysroot>/lib/rustlib/x86_64-unknown-linux-gnu/lib/{libstd-*,libpanic_unwind-*,libobject-*,libmemchr-*,libaddr2line-*,libgimli-*,libcfg_if-*,librustc_demangle-*,libstd_detect-*,libhashbrown-*,librustc_std_workspace_alloc-*,libminiz_oxide-*,libadler2-*,libunwind-*,liblibc-*,librustc_std_workspace_core-*,liballoc-*,libcore-*,libcompiler_builtins-*}.rlib" "-Wl,-Bdynamic" "-ldl" "-lgcc_s" "-lutil" "-lrt" "-lpthread" "-lm" "-ldl" "-lc" "-L" "/opt/rustwide/target/debug/examples/rustc7JHiKn/raw-dylibs" "-B<sysroot>/lib/rustlib/x86_64-unknown-linux-gnu/bin/gcc-ld" "-fuse-ld=lld" "-Wl,--eh-frame-hdr" "-Wl,-z,noexecstack" "-L" "<sysroot>/lib/rustlib/x86_64-unknown-linux-gnu/lib" "-o" "/opt/rustwide/target/debug/examples/readme1-6e20f7144b89e8d6" "-Wl,--gc-sections" "-pie" "-Wl,-z,relro,-z,now" "-nodefaultlibs"
[INFO] [stdout]   = note: some arguments are omitted. use `--verbose` to show all linker arguments
[INFO] [stdout]   = note: collect2: fatal error: ld terminated with signal 9 [Killed]
[INFO] [stdout]           compilation terminated.
[INFO] [stdout]           
[INFO] [stdout] 
[INFO] [stdout] 
[INFO] [stdout] error: linking with `cc` failed: exit status: 1
[INFO] [stdout]   |
[INFO] [stdout]   = note:  "cc" "-m64" "/opt/rustwide/target/debug/examples/rustchhvEI0/symbols.o" "<2 object files omitted>" "-Wl,--as-needed" "-Wl,-Bstatic" "/opt/rustwide/target/debug/deps/{libvolta-836bbee0fdea8557,libmatrixmultiply-17dbd89cbc7b342d,librawpointer-10d892ea69c462d6,libpollster-cd22bb221b89e307,librand_distr-55a09db5d5e8167c,librand-cc4fbd7ac38ed37f,librand_chacha-93544194fce0bd64,libppv_lite86-cd556cdf62582d82,librand_core-aef51873e0852404,libgetrandom-306efa459aaadf86,libsafetensors-8a49ce879084d4eb,libserde_json-007706b4d80b8445,libmemchr-60b408e76a46f254,libitoa-f3a70a1441f7f89b,libzmij-10b8dae666154c6c,libserde-80a73d51d4f35601,libbincode-ae28aec15eb01861,libunty-1576d40d069bb744,libwgpu-c7c17f139580f4e2,libstatic_assertions-f0217ecdd817a834,libwgpu_core-321de7bfcce8fbfe,libwgpu_hal-9613989901a34519,librenderdoc_sys-4abf0efdfe195ac8,libkhronos_egl-0dcce2853f0ac2b3,libprofiling-aaf925c122df92f4,libordered_float-cd497bd07d3824ff,libgpu_descriptor-0d45f30c32e9b475,libhashbrown-efdb59ea1897c465,libfoldhash-07f233db1c671507,libgpu_descriptor_types-b51de680ed664f61,libgpu_alloc-532cf8367713f675,libgpu_alloc_types-918432181e91c67a,libash-53e3d25848ac7fa1,liblibloading-167bed3899b07f7e,libnaga-cc8fd99d1695a939,librustc_hash-4072dcbc9d7bd172,liblibm-fcdc73388b8e5e3e,libhexf_parse-72d4824186d79465,libunicode_ident-76924bfc03cc13f9,libbit_set-524126e2c4914b79,libbit_vec-5d09c28cf20034b6,libonce_cell-e9252a7b5119f3eb,libhalf-01e4c4aca9eaef8c,libnum_traits-e25eedff8c3b99b1,libzerocopy-c45ec1691d35526c,libcodespan_reporting-e1837d809ba15707,libunicode_width-c0be3735b741df1b,libindexmap-2b7501ee324aacf7,libspirv-2d18dbc4e7b920b7,libarrayvec-c7dde542da3995d2,libraw_window_handle-633e2839334924d0,libparking_lot-6d03b15a1e4d6510,libparking_lot_core-23d7c7addf04e581,liblibc-520a1cd7a1b3fe13,libcfg_if-83060ec5685761ae,libsmallvec-bf302dd4f103914d,liblock_api-16d46fed645f7bff,libscopeguard-7ec2214574194454,libhashbrown-f031177a2084d1ad,libequivalent-6a754676e6af62ae,libserde_core-21f22ac7b803fb0e,liballocator_api2-8d9c1e895dea53bd,libfoldhash-3b780c428974a407,libglow-fa9b53f7a747d4e2,libwgpu_types-d13f4a2f4ab34928,libthiserror-74556a6283a2a3a2,liblog-40ebd7d040175aeb,libbitflags-81c18dd570709ed4,libbytemuck-62ba48be5f87fbd7}.rlib" "<sysroot>/lib/rustlib/x86_64-unknown-linux-gnu/lib/{libstd-*,libpanic_unwind-*,libobject-*,libmemchr-*,libaddr2line-*,libgimli-*,libcfg_if-*,librustc_demangle-*,libstd_detect-*,libhashbrown-*,librustc_std_workspace_alloc-*,libminiz_oxide-*,libadler2-*,libunwind-*,liblibc-*,librustc_std_workspace_core-*,liballoc-*,libcore-*,libcompiler_builtins-*}.rlib" "-Wl,-Bdynamic" "-ldl" "-lgcc_s" "-lutil" "-lrt" "-lpthread" "-lm" "-ldl" "-lc" "-L" "/opt/rustwide/target/debug/examples/rustchhvEI0/raw-dylibs" "-B<sysroot>/lib/rustlib/x86_64-unknown-linux-gnu/bin/gcc-ld" "-fuse-ld=lld" "-Wl,--eh-frame-hdr" "-Wl,-z,noexecstack" "-L" "<sysroot>/lib/rustlib/x86_64-unknown-linux-gnu/lib" "-o" "/opt/rustwide/target/debug/examples/regression-08527ff5ea64dbbb" "-Wl,--gc-sections" "-pie" "-Wl,-z,relro,-z,now" "-nodefaultlibs"
[INFO] [stdout]   = note: some arguments are omitted. use `--verbose` to show all linker arguments
[INFO] [stdout]   = note: collect2: fatal error: ld terminated with signal 9 [Killed]
[INFO] [stdout]           compilation terminated.
[INFO] [stdout]           
[INFO] [stdout] 
[INFO] [stdout] 
[INFO] [stderr] error: could not compile `volta` (example "readme1") due to 1 previous error
[INFO] [stderr] error: could not compile `volta` (example "regression") due to 1 previous error
[INFO] running `Command { std: "docker" "inspect" "9756ba36c547bdf52503de23fa6c2360ff40e49e3cfabd0b5c95823c43fd65e4", kill_on_drop: false }`
[INFO] running `Command { std: "docker" "rm" "-f" "9756ba36c547bdf52503de23fa6c2360ff40e49e3cfabd0b5c95823c43fd65e4", kill_on_drop: false }`
[INFO] [stdout] 9756ba36c547bdf52503de23fa6c2360ff40e49e3cfabd0b5c95823c43fd65e4
