[INFO] fetching crate voli 0.7.1...
[INFO] testing voli-0.7.1 against 1.100.0-beta.1 for beta-1.100-2
[INFO] extracting crate voli 0.7.1 into /workspace/builds/worker-2-tc2/source
[INFO] started tweaking crates.io crate voli 0.7.1
[INFO] removed 0 missing tests
[INFO] finished tweaking crates.io crate voli 0.7.1
[INFO] tweaked toml for crates.io crate voli 0.7.1 written to /workspace/builds/worker-2-tc2/source/Cargo.toml
[INFO] validating manifest of crates.io crate voli 0.7.1 on toolchain 1.100.0-beta.1
[INFO] running `Command { std: CARGO_HOME="/workspace/cargo-home" RUSTUP_HOME="/workspace/rustup-home" "/workspace/cargo-home/bin/cargo" "+1.100.0-beta.1" "metadata" "--manifest-path" "Cargo.toml" "--no-deps", kill_on_drop: false }`
[INFO] crate crates.io crate voli 0.7.1 already has a lockfile, it will not be regenerated
[INFO] running `Command { std: CARGO_HOME="/workspace/cargo-home" RUSTUP_HOME="/workspace/rustup-home" "/workspace/cargo-home/bin/cargo" "+1.100.0-beta.1" "fetch" "--manifest-path" "Cargo.toml", kill_on_drop: false }`
[INFO] [stderr]     Blocking waiting for file lock on package cache
[INFO] running `Command { std: "docker" "create" "-v" "/var/lib/crater-agent-workspace/builds/worker-2-tc2/source:/opt/rustwide/workdir:ro,Z" "-v" "/var/lib/crater-agent-workspace/builds/worker-2-tc2/target:/opt/rustwide/target:rw,Z" "-v" "/var/lib/crater-agent-workspace/cargo-home:/opt/rustwide/cargo-home:ro,Z" "-v" "/var/lib/crater-agent-workspace/rustup-home:/opt/rustwide/rustup-home:ro,Z" "-m" "1610612736" "--network" "none" "ghcr.io/rust-lang/crates-build-env/linux@sha256:3111399a4047eeb3a02b7a90e478d715f38a8c6669b5c4b49d30a17385265909" "sleep" "infinity", kill_on_drop: false }`
[INFO] [stdout] 070eb0f281fdc07cf5a4fabb6d0e58c3fa0fec4225d0fa6ee8a99f53931a3f2c
[INFO] running `Command { std: "docker" "start" "070eb0f281fdc07cf5a4fabb6d0e58c3fa0fec4225d0fa6ee8a99f53931a3f2c", kill_on_drop: false }`
[INFO] running `Command { std: "docker" "inspect" "070eb0f281fdc07cf5a4fabb6d0e58c3fa0fec4225d0fa6ee8a99f53931a3f2c", kill_on_drop: false }`
[INFO] running `Command { std: "docker" "exec" "-e" "SOURCE_DIR=/opt/rustwide/workdir" "-e" "CARGO_HOME=/opt/rustwide/cargo-home" "-e" "RUSTUP_HOME=/opt/rustwide/rustup-home" "-e" "CARGO_TARGET_DIR=/opt/rustwide/target" "-w" "/opt/rustwide/workdir" "--user" "0:0" "070eb0f281fdc07cf5a4fabb6d0e58c3fa0fec4225d0fa6ee8a99f53931a3f2c" "/opt/rustwide/cargo-home/bin/cargo" "+1.100.0-beta.1" "metadata" "--no-deps" "--format-version=1", kill_on_drop: false }`
[INFO] running `Command { std: "docker" "inspect" "070eb0f281fdc07cf5a4fabb6d0e58c3fa0fec4225d0fa6ee8a99f53931a3f2c", kill_on_drop: false }`
[INFO] running `Command { std: "docker" "exec" "-e" "SOURCE_DIR=/opt/rustwide/workdir" "-e" "CARGO_HOME=/opt/rustwide/cargo-home" "-e" "RUSTUP_HOME=/opt/rustwide/rustup-home" "-e" "CARGO_TARGET_DIR=/opt/rustwide/target" "-e" "CARGO_INCREMENTAL=0" "-e" "RUST_BACKTRACE=full" "-e" "RUSTFLAGS=--cap-lints=warn" "-e" "RUSTDOCFLAGS=--cap-lints=warn" "-w" "/opt/rustwide/workdir" "--user" "0:0" "070eb0f281fdc07cf5a4fabb6d0e58c3fa0fec4225d0fa6ee8a99f53931a3f2c" "/opt/rustwide/cargo-home/bin/cargo" "+1.100.0-beta.1" "build" "--frozen" "--message-format=json", kill_on_drop: false }`
[INFO] [stderr]    Compiling serde_core v1.0.229
[INFO] [stderr]    Compiling hybrid-array v0.4.13
[INFO] [stderr]    Compiling zerocopy v0.8.55
[INFO] [stderr]    Compiling simd-adler32 v0.3.10
[INFO] [stderr]    Compiling anstyle v1.0.14
[INFO] [stderr]    Compiling bitflags v2.13.1
[INFO] [stderr]    Compiling syn v2.0.119
[INFO] [stderr]    Compiling syn v3.0.3
[INFO] [stderr]    Compiling generic-array v0.14.7
[INFO] [stderr]    Compiling cc v1.3.0
[INFO] [stderr]    Compiling num-traits v0.2.19
[INFO] [stderr]    Compiling indexmap v2.14.0
[INFO] [stderr]    Compiling curve25519-dalek v4.1.3
[INFO] [stderr]    Compiling anstyle-parse v1.0.0
[INFO] [stderr]    Compiling getrandom v0.4.3
[INFO] [stderr]    Compiling zip v2.4.2
[INFO] [stderr]    Compiling rustix v1.1.4
[INFO] [stderr]    Compiling cpubits v0.1.1
[INFO] [stderr]    Compiling miniz_oxide v0.8.9
[INFO] [stderr]    Compiling portable-atomic v1.14.0
[INFO] [stderr]    Compiling arraydeque v0.5.1
[INFO] [stderr]    Compiling bumpalo v3.20.3
[INFO] [stderr]    Compiling colorchoice v1.0.5
[INFO] [stderr]    Compiling zeroize v1.9.0
[INFO] [stderr]    Compiling libbz2-rs-sys v0.2.5
[INFO] [stderr]    Compiling anstream v1.0.0
[INFO] [stderr]    Compiling granit-parser v0.0.7
[INFO] [stderr]    Compiling crypto-common v0.2.2
[INFO] [stderr]    Compiling block-padding v0.4.2
[INFO] [stderr]    Compiling block-buffer v0.12.1
[INFO] [stderr]    Compiling inout v0.2.2
[INFO] [stderr]    Compiling flate2 v1.1.9
[INFO] [stderr]    Compiling zopfli v0.8.3
[INFO] [stderr]    Compiling annotate-snippets v0.12.16
[INFO] [stderr]    Compiling encoding_rs_io v0.1.7
[INFO] [stderr]    Compiling filetime v0.2.29
[INFO] [stderr]    Compiling bzip2 v0.6.1
[INFO] [stderr]    Compiling block-buffer v0.10.4
[INFO] [stderr]    Compiling crypto-common v0.1.7
[INFO] [stderr]    Compiling cipher v0.5.2
[INFO] [stderr]    Compiling digest v0.11.3
[INFO] [stderr]    Compiling digest v0.10.7
[INFO] [stderr]    Compiling lzma-rust2 v0.16.5
[INFO] [stderr]    Compiling webpki-roots v0.25.4
[INFO] [stderr]    Compiling sha2 v0.11.0
[INFO] [stderr]    Compiling sha2 v0.10.9
[INFO] [stderr]    Compiling ppmd-rust v1.4.0
[INFO] [stderr]    Compiling clap_builder v4.6.2
[INFO] [stderr]    Compiling aes v0.9.1
[INFO] [stderr]    Compiling cbc v0.2.1
[INFO] [stderr]    Compiling console v0.15.11
[INFO] [stderr]    Compiling voli v0.7.1 (/opt/rustwide/workdir)
[INFO] [stderr]    Compiling number_prefix v0.4.0
[INFO] [stderr]    Compiling ring v0.17.14
[INFO] [stderr]    Compiling zstd-sys v2.0.16+zstd.1.5.7
[INFO] [stderr]    Compiling libsqlite3-sys v0.30.1
[INFO] [stderr]    Compiling xattr v1.6.1
[INFO] [stderr]    Compiling tempfile v3.27.0
[INFO] [stderr]    Compiling tar v0.4.46
[INFO] [stderr]    Compiling indicatif v0.17.11
[INFO] [stderr]    Compiling sevenz-rust2 v0.21.3
[INFO] [stderr]    Compiling serde_json v1.0.151
[INFO] [stderr]    Compiling rustls v0.21.12
[INFO] [stderr]    Compiling serde_derive v1.0.229
[INFO] [stderr]    Compiling thiserror-impl v2.0.19
[INFO] [stderr]    Compiling synstructure v0.13.2
[INFO] [stderr]    Compiling clap_derive v4.6.4
[INFO] [stderr]    Compiling zerofrom-derive v0.1.7
[INFO] [stderr]    Compiling yoke-derive v0.8.2
[INFO] [stderr]    Compiling displaydoc v0.2.6
[INFO] [stderr]    Compiling zerovec-derive v0.11.3
[INFO] [stderr]    Compiling curve25519-dalek-derive v0.1.1
[INFO] [stderr]    Compiling thiserror v2.0.19
[INFO] [stderr]    Compiling sct v0.7.1
[INFO] [stderr]    Compiling rustls-webpki v0.101.7
[INFO] [stderr]    Compiling ahash v0.8.12
[INFO] [stderr]    Compiling zerofrom v0.1.8
[INFO] [stderr]    Compiling yoke v0.8.3
[INFO] [stderr]    Compiling hashbrown v0.14.5
[INFO] [stderr]    Compiling serde-saphyr v0.0.29
[INFO] [stderr]    Compiling clap v4.6.4
[INFO] [stderr]    Compiling zerovec v0.11.6
[INFO] [stderr]    Compiling zerotrie v0.2.4
[INFO] [stderr]    Compiling zstd-safe v7.2.4
[INFO] [stderr]    Compiling ed25519-dalek v2.2.0
[INFO] [stderr]    Compiling hashlink v0.9.1
[INFO] [stderr]    Compiling zstd v0.13.3
[INFO] [stderr]    Compiling tinystr v0.8.3
[INFO] [stderr]    Compiling potential_utf v0.1.5
[INFO] [stderr]    Compiling icu_collections v2.2.0
[INFO] [stderr]    Compiling serde v1.0.229
[INFO] [stderr]    Compiling icu_locale_core v2.2.0
[INFO] [stderr]    Compiling toml_datetime v0.6.11
[INFO] [stderr]    Compiling serde_spanned v0.6.9
[INFO] [stderr]    Compiling toml_edit v0.22.27
[INFO] [stderr]    Compiling icu_provider v2.2.0
[INFO] [stderr]    Compiling icu_normalizer v2.2.0
[INFO] [stderr]    Compiling icu_properties v2.2.0
[INFO] [stderr]    Compiling idna_adapter v1.2.2
[INFO] [stderr]    Compiling idna v1.1.0
[INFO] [stderr]    Compiling url v2.5.8
[INFO] [stderr]    Compiling ureq v2.8.0
[INFO] [stderr]    Compiling toml v0.8.23
[INFO] [stderr]    Compiling rusqlite v0.32.1
[INFO] [stderr]    Compiling voli-core v0.7.1
[INFO] [stdout] error[E0432]: unresolved import `voli_core::remote`
[INFO] [stdout]   --> src/cmd_install.rs:18:16
[INFO] [stdout]    |
[INFO] [stdout] 18 | use voli_core::remote::{PrefetchStep, prefetch_remote};
[INFO] [stdout]    |                ^^^^^^ could not find `remote` in `voli_core`
[INFO] [stdout]    |
[INFO] [stdout] note: found an item that was configured out
[INFO] [stdout]   --> /opt/rustwide/cargo-home/registry/src/index.crates.io-1949cf8c6b5b557f/voli-core-0.7.1/src/lib.rs:16:9
[INFO] [stdout]    |
[INFO] [stdout] 15 | #[cfg(windows)]
[INFO] [stdout]    |       ------- the item is gated here
[INFO] [stdout] 16 | pub mod remote;
[INFO] [stdout]    |         ^^^^^^
[INFO] [stdout] 
[INFO] [stdout] 
[INFO] [stdout] error[E0432]: unresolved imports `voli_core::RemoteError`, `voli_core::RemoteReport`, `voli_core::SkillInstallReport`, `voli_core::SkillRemoteReport`, `voli_core::SkillStep`, `voli_core::Step`, `voli_core::env`, `voli_core::install_manifest`, `voli_core::install_remote_env`, `voli_core::install_skill_archive_many`, `voli_core::install_skill_remote_many`
[INFO] [stdout]   --> src/cmd_install.rs:20:33
[INFO] [stdout]    |
[INFO] [stdout] 20 |     Kind, Manifest, PackageRef, RemoteError, RemoteReport, SkillInstallReport, SkillRemoteReport,
[INFO] [stdout]    |                                 ^^^^^^^^^^^  ^^^^^^^^^^^^  ^^^^^^^^^^^^^^^^^^  ^^^^^^^^^^^^^^^^^ no `SkillRemoteReport` in the root
[INFO] [stdout]    |                                 |            |             |
[INFO] [stdout]    |                                 |            |             no `SkillInstallReport` in the root
[INFO] [stdout]    |                                 |            no `RemoteReport` in the root
[INFO] [stdout]    |                                 no `RemoteError` in the root
[INFO] [stdout] 21 |     SkillStep, SkillTarget, Step, env, install_manifest, install_remote_env,
[INFO] [stdout]    |     ^^^^^^^^^               ^^^^  ^^^  ^^^^^^^^^^^^^^^^  ^^^^^^^^^^^^^^^^^^ no `install_remote_env` in the root
[INFO] [stdout]    |     |                       |     |    |
[INFO] [stdout]    |     |                       |     |    no `install_manifest` in the root
[INFO] [stdout]    |     |                       |     no `env` in the root
[INFO] [stdout]    |     |                       no `Step` in the root
[INFO] [stdout]    |     no `SkillStep` in the root
[INFO] [stdout] 22 |     install_skill_archive_many, install_skill_remote_many,
[INFO] [stdout]    |     ^^^^^^^^^^^^^^^^^^^^^^^^^^  ^^^^^^^^^^^^^^^^^^^^^^^^^
[INFO] [stdout]    |     |
[INFO] [stdout]    |     no `install_skill_archive_many` in the root
[INFO] [stdout]    |
[INFO] [stdout] note: found an item that was configured out
[INFO] [stdout]   --> /opt/rustwide/cargo-home/registry/src/index.crates.io-1949cf8c6b5b557f/voli-core-0.7.1/src/lib.rs:41:5
[INFO] [stdout]    |
[INFO] [stdout] 39 | #[cfg(windows)]
[INFO] [stdout]    |       ------- the item is gated here
[INFO] [stdout] 40 | pub use remote::{
[INFO] [stdout] 41 |     RemoteError, RemoteReport, SkillRemoteReport, SkillStep, Step, UpgradeOutcome, install_remote,
[INFO] [stdout]    |     ^^^^^^^^^^^
[INFO] [stdout] note: found an item that was configured out
[INFO] [stdout]   --> /opt/rustwide/cargo-home/registry/src/index.crates.io-1949cf8c6b5b557f/voli-core-0.7.1/src/lib.rs:41:18
[INFO] [stdout]    |
[INFO] [stdout] 39 | #[cfg(windows)]
[INFO] [stdout]    |       ------- the item is gated here
[INFO] [stdout] 40 | pub use remote::{
[INFO] [stdout] 41 |     RemoteError, RemoteReport, SkillRemoteReport, SkillStep, Step, UpgradeOutcome, install_remote,
[INFO] [stdout]    |                  ^^^^^^^^^^^^
[INFO] [stdout] note: found an item that was configured out
[INFO] [stdout]   --> /opt/rustwide/cargo-home/registry/src/index.crates.io-1949cf8c6b5b557f/voli-core-0.7.1/src/lib.rs:48:17
[INFO] [stdout]    |
[INFO] [stdout] 46 | #[cfg(windows)]
[INFO] [stdout]    |       ------- the item is gated here
[INFO] [stdout] 47 | pub use skill::{
[INFO] [stdout] 48 |     SkillError, SkillInstallReport, SkillUninstallReport, install_skill_archive,
[INFO] [stdout]    |                 ^^^^^^^^^^^^^^^^^^
[INFO] [stdout] note: found an item that was configured out
[INFO] [stdout]   --> /opt/rustwide/cargo-home/registry/src/index.crates.io-1949cf8c6b5b557f/voli-core-0.7.1/src/lib.rs:41:32
[INFO] [stdout]    |
[INFO] [stdout] 39 | #[cfg(windows)]
[INFO] [stdout]    |       ------- the item is gated here
[INFO] [stdout] 40 | pub use remote::{
[INFO] [stdout] 41 |     RemoteError, RemoteReport, SkillRemoteReport, SkillStep, Step, UpgradeOutcome, install_remote,
[INFO] [stdout]    |                                ^^^^^^^^^^^^^^^^^
[INFO] [stdout] note: found an item that was configured out
[INFO] [stdout]   --> /opt/rustwide/cargo-home/registry/src/index.crates.io-1949cf8c6b5b557f/voli-core-0.7.1/src/lib.rs:41:51
[INFO] [stdout]    |
[INFO] [stdout] 39 | #[cfg(windows)]
[INFO] [stdout]    |       ------- the item is gated here
[INFO] [stdout] 40 | pub use remote::{
[INFO] [stdout] 41 |     RemoteError, RemoteReport, SkillRemoteReport, SkillStep, Step, UpgradeOutcome, install_remote,
[INFO] [stdout]    |                                                   ^^^^^^^^^
[INFO] [stdout] note: found an item that was configured out
[INFO] [stdout]   --> /opt/rustwide/cargo-home/registry/src/index.crates.io-1949cf8c6b5b557f/voli-core-0.7.1/src/lib.rs:41:62
[INFO] [stdout]    |
[INFO] [stdout] 39 | #[cfg(windows)]
[INFO] [stdout]    |       ------- the item is gated here
[INFO] [stdout] 40 | pub use remote::{
[INFO] [stdout] 41 |     RemoteError, RemoteReport, SkillRemoteReport, SkillStep, Step, UpgradeOutcome, install_remote,
[INFO] [stdout]    |                                                              ^^^^
[INFO] [stdout]    = help: consider importing this module instead:
[INFO] [stdout]            std::env
[INFO] [stdout] note: found an item that was configured out
[INFO] [stdout]   --> /opt/rustwide/cargo-home/registry/src/index.crates.io-1949cf8c6b5b557f/voli-core-0.7.1/src/lib.rs:8:9
[INFO] [stdout]    |
[INFO] [stdout]  7 | #[cfg(windows)]
[INFO] [stdout]    |       ------- the item is gated here
[INFO] [stdout]  8 | pub mod env;
[INFO] [stdout]    |         ^^^
[INFO] [stdout] note: found an item that was configured out
[INFO] [stdout]   --> /opt/rustwide/cargo-home/registry/src/index.crates.io-1949cf8c6b5b557f/voli-core-0.7.1/src/lib.rs:31:48
[INFO] [stdout]    |
[INFO] [stdout] 28 | #[cfg(windows)]
[INFO] [stdout]    |       ------- the item is gated here
[INFO] [stdout] ...
[INFO] [stdout] 31 |     cleanup_versions, dir_size, install_local, install_manifest, skip_env, uninstall,
[INFO] [stdout]    |                                                ^^^^^^^^^^^^^^^^
[INFO] [stdout] note: found an item that was configured out
[INFO] [stdout]   --> /opt/rustwide/cargo-home/registry/src/index.crates.io-1949cf8c6b5b557f/voli-core-0.7.1/src/lib.rs:42:5
[INFO] [stdout]    |
[INFO] [stdout] 39 | #[cfg(windows)]
[INFO] [stdout]    |       ------- the item is gated here
[INFO] [stdout] ...
[INFO] [stdout] 42 |     install_remote_env, install_skill_remote, install_skill_remote_many, upgrade,
[INFO] [stdout]    |     ^^^^^^^^^^^^^^^^^^
[INFO] [stdout] note: found an item that was configured out
[INFO] [stdout]   --> /opt/rustwide/cargo-home/registry/src/index.crates.io-1949cf8c6b5b557f/voli-core-0.7.1/src/lib.rs:49:5
[INFO] [stdout]    |
[INFO] [stdout] 46 | #[cfg(windows)]
[INFO] [stdout]    |       ------- the item is gated here
[INFO] [stdout] ...
[INFO] [stdout] 49 |     install_skill_archive_many, install_skill_archive_scoped, uninstall_installed_skill,
[INFO] [stdout]    |     ^^^^^^^^^^^^^^^^^^^^^^^^^^
[INFO] [stdout] help: a similar name exists in the module
[INFO] [stdout]    |
[INFO] [stdout] 21 -     SkillStep, SkillTarget, Step, env, install_manifest, install_remote_env,
[INFO] [stdout] 21 +     SkillScope, SkillTarget, Step, env, install_manifest, install_remote_env,
[INFO] [stdout]    |
[INFO] [stdout] 
[INFO] [stdout] 
[INFO] [stdout] error[E0432]: unresolved imports `voli_core::Action`, `voli_core::InstallError`, `voli_core::RemoteError`, `voli_core::State`, `voli_core::UpgradeOutcome`, `voli_core::env`, `voli_core::uninstall`, `voli_core::uninstall_installed_skill`, `voli_core::uninstall_skill_scoped`, `voli_core::upgrade`
[INFO] [stdout]   --> src/main.rs:14:5
[INFO] [stdout]    |
[INFO] [stdout] 14 |     Action, FetchError, InstallError, Kind, PackageRef, Paths, RemoteError, State, UpgradeOutcome,
[INFO] [stdout]    |     ^^^^^^              ^^^^^^^^^^^^                           ^^^^^^^^^^^  ^^^^^  ^^^^^^^^^^^^^^ no `UpgradeOutcome` in the root
[INFO] [stdout]    |     |                   |                                      |            |
[INFO] [stdout]    |     |                   |                                      |            no `State` in the root
[INFO] [stdout]    |     |                   |                                      no `RemoteError` in the root
[INFO] [stdout]    |     |                   no `InstallError` in the root
[INFO] [stdout]    |     no `Action` in the root
[INFO] [stdout] 15 |     config, env, uninstall, uninstall_installed_skill, uninstall_skill_scoped, upgrade,
[INFO] [stdout]    |             ^^^  ^^^^^^^^^  ^^^^^^^^^^^^^^^^^^^^^^^^^  ^^^^^^^^^^^^^^^^^^^^^^  ^^^^^^^ no `upgrade` in the root
[INFO] [stdout]    |             |    |          |                          |
[INFO] [stdout]    |             |    |          |                          no `uninstall_skill_scoped` in the root
[INFO] [stdout]    |             |    |          no `uninstall_installed_skill` in the root
[INFO] [stdout]    |             |    no `uninstall` in the root
[INFO] [stdout]    |             no `env` in the root
[INFO] [stdout]    |
[INFO] [stdout] note: found an item that was configured out
[INFO] [stdout]   --> /opt/rustwide/cargo-home/registry/src/index.crates.io-1949cf8c6b5b557f/voli-core-0.7.1/src/lib.rs:30:5
[INFO] [stdout]    |
[INFO] [stdout] 28 | #[cfg(windows)]
[INFO] [stdout]    |       ------- the item is gated here
[INFO] [stdout] 29 | pub use install::{
[INFO] [stdout] 30 |     Action, DirRole, EnvConsent, InstallError, InstallReport, UninstallReport, UpgradeReport,
[INFO] [stdout]    |     ^^^^^^
[INFO] [stdout] note: found an item that was configured out
[INFO] [stdout]   --> /opt/rustwide/cargo-home/registry/src/index.crates.io-1949cf8c6b5b557f/voli-core-0.7.1/src/lib.rs:30:34
[INFO] [stdout]    |
[INFO] [stdout] 28 | #[cfg(windows)]
[INFO] [stdout]    |       ------- the item is gated here
[INFO] [stdout] 29 | pub use install::{
[INFO] [stdout] 30 |     Action, DirRole, EnvConsent, InstallError, InstallReport, UninstallReport, UpgradeReport,
[INFO] [stdout]    |                                  ^^^^^^^^^^^^
[INFO] [stdout] note: found an item that was configured out
[INFO] [stdout]   --> /opt/rustwide/cargo-home/registry/src/index.crates.io-1949cf8c6b5b557f/voli-core-0.7.1/src/lib.rs:41:5
[INFO] [stdout]    |
[INFO] [stdout] 39 | #[cfg(windows)]
[INFO] [stdout]    |       ------- the item is gated here
[INFO] [stdout] 40 | pub use remote::{
[INFO] [stdout] 41 |     RemoteError, RemoteReport, SkillRemoteReport, SkillStep, Step, UpgradeOutcome, install_remote,
[INFO] [stdout]    |     ^^^^^^^^^^^
[INFO] [stdout] note: found an item that was configured out
[INFO] [stdout]   --> /opt/rustwide/cargo-home/registry/src/index.crates.io-1949cf8c6b5b557f/voli-core-0.7.1/src/lib.rs:53:60
[INFO] [stdout]    |
[INFO] [stdout] 52 | #[cfg(windows)]
[INFO] [stdout]    |       ------- the item is gated here
[INFO] [stdout] 53 | pub use state::{InstalledPkg, InstalledSkill, SkillAction, State};
[INFO] [stdout]    |                                                            ^^^^^
[INFO] [stdout] note: found an item that was configured out
[INFO] [stdout]   --> /opt/rustwide/cargo-home/registry/src/index.crates.io-1949cf8c6b5b557f/voli-core-0.7.1/src/lib.rs:41:68
[INFO] [stdout]    |
[INFO] [stdout] 39 | #[cfg(windows)]
[INFO] [stdout]    |       ------- the item is gated here
[INFO] [stdout] 40 | pub use remote::{
[INFO] [stdout] 41 |     RemoteError, RemoteReport, SkillRemoteReport, SkillStep, Step, UpgradeOutcome, install_remote,
[INFO] [stdout]    |                                                                    ^^^^^^^^^^^^^^
[INFO] [stdout]    = help: consider importing this module instead:
[INFO] [stdout]            std::env
[INFO] [stdout] note: found an item that was configured out
[INFO] [stdout]   --> /opt/rustwide/cargo-home/registry/src/index.crates.io-1949cf8c6b5b557f/voli-core-0.7.1/src/lib.rs:8:9
[INFO] [stdout]    |
[INFO] [stdout]  7 | #[cfg(windows)]
[INFO] [stdout]    |       ------- the item is gated here
[INFO] [stdout]  8 | pub mod env;
[INFO] [stdout]    |         ^^^
[INFO] [stdout] note: found an item that was configured out
[INFO] [stdout]   --> /opt/rustwide/cargo-home/registry/src/index.crates.io-1949cf8c6b5b557f/voli-core-0.7.1/src/lib.rs:31:76
[INFO] [stdout]    |
[INFO] [stdout] 28 | #[cfg(windows)]
[INFO] [stdout]    |       ------- the item is gated here
[INFO] [stdout] ...
[INFO] [stdout] 31 |     cleanup_versions, dir_size, install_local, install_manifest, skip_env, uninstall,
[INFO] [stdout]    |                                                                            ^^^^^^^^^
[INFO] [stdout] note: found an item that was configured out
[INFO] [stdout]   --> /opt/rustwide/cargo-home/registry/src/index.crates.io-1949cf8c6b5b557f/voli-core-0.7.1/src/lib.rs:49:63
[INFO] [stdout]    |
[INFO] [stdout] 46 | #[cfg(windows)]
[INFO] [stdout]    |       ------- the item is gated here
[INFO] [stdout] ...
[INFO] [stdout] 49 |     install_skill_archive_many, install_skill_archive_scoped, uninstall_installed_skill,
[INFO] [stdout]    |                                                               ^^^^^^^^^^^^^^^^^^^^^^^^^
[INFO] [stdout] note: found an item that was configured out
[INFO] [stdout]   --> /opt/rustwide/cargo-home/registry/src/index.crates.io-1949cf8c6b5b557f/voli-core-0.7.1/src/lib.rs:50:22
[INFO] [stdout]    |
[INFO] [stdout] 46 | #[cfg(windows)]
[INFO] [stdout]    |       ------- the item is gated here
[INFO] [stdout] ...
[INFO] [stdout] 50 |     uninstall_skill, uninstall_skill_scoped,
[INFO] [stdout]    |                      ^^^^^^^^^^^^^^^^^^^^^^
[INFO] [stdout] note: found an item that was configured out
[INFO] [stdout]   --> /opt/rustwide/cargo-home/registry/src/index.crates.io-1949cf8c6b5b557f/voli-core-0.7.1/src/lib.rs:42:74
[INFO] [stdout]    |
[INFO] [stdout] 39 | #[cfg(windows)]
[INFO] [stdout]    |       ------- the item is gated here
[INFO] [stdout] ...
[INFO] [stdout] 42 |     install_remote_env, install_skill_remote, install_skill_remote_many, upgrade,
[INFO] [stdout]    |                                                                          ^^^^^^^
[INFO] [stdout] 
[INFO] [stdout] 
[INFO] [stdout] error[E0432]: unresolved import `voli_core::cleanup_versions`
[INFO] [stdout]    --> src/main.rs:729:9
[INFO] [stdout]     |
[INFO] [stdout] 729 |     use voli_core::cleanup_versions;
[INFO] [stdout]     |         ^^^^^^^^^^^----------------
[INFO] [stdout]     |                    |
[INFO] [stdout]     |                    no `cleanup_versions` in the root
[INFO] [stdout]     |
[INFO] [stdout] note: found an item that was configured out
[INFO] [stdout]    --> /opt/rustwide/cargo-home/registry/src/index.crates.io-1949cf8c6b5b557f/voli-core-0.7.1/src/lib.rs:31:5
[INFO] [stdout]     |
[INFO] [stdout]  28 | #[cfg(windows)]
[INFO] [stdout]     |       ------- the item is gated here
[INFO] [stdout] ...
[INFO] [stdout]  31 |     cleanup_versions, dir_size, install_local, install_manifest, skip_env, uninstall,
[INFO] [stdout]     |     ^^^^^^^^^^^^^^^^
[INFO] [stdout] 
[INFO] [stdout] 
[INFO] [stdout] error[E0432]: unresolved import `voli_core::Action`
[INFO] [stdout]     --> src/main.rs:1921:9
[INFO] [stdout]      |
[INFO] [stdout] 1921 |     use voli_core::Action;
[INFO] [stdout]      |         ^^^^^^^^^^^------
[INFO] [stdout]      |                    |
[INFO] [stdout]      |                    no `Action` in the root
[INFO] [stdout]      |
[INFO] [stdout] note: found an item that was configured out
[INFO] [stdout]     --> /opt/rustwide/cargo-home/registry/src/index.crates.io-1949cf8c6b5b557f/voli-core-0.7.1/src/lib.rs:30:5
[INFO] [stdout]      |
[INFO] [stdout]   28 | #[cfg(windows)]
[INFO] [stdout]      |       ------- the item is gated here
[INFO] [stdout]   29 | pub use install::{
[INFO] [stdout]   30 |     Action, DirRole, EnvConsent, InstallError, InstallReport, UninstallReport, UpgradeReport,
[INFO] [stdout]      |     ^^^^^^
[INFO] [stdout] 
[INFO] [stdout] 
[INFO] [stdout] error[E0433]: cannot find `selfinstall` in `voli_core`
[INFO] [stdout]    --> src/main.rs:864:20
[INFO] [stdout]     |
[INFO] [stdout] 864 |         voli_core::selfinstall::self_install_with_steps(&root, None, &env_subkey(), &mut |step| {
[INFO] [stdout]     |                    ^^^^^^^^^^^ could not find `selfinstall` in `voli_core`
[INFO] [stdout]     |
[INFO] [stdout] note: found an item that was configured out
[INFO] [stdout]    --> /opt/rustwide/cargo-home/registry/src/index.crates.io-1949cf8c6b5b557f/voli-core-0.7.1/src/lib.rs:18:9
[INFO] [stdout]     |
[INFO] [stdout]  17 | #[cfg(windows)]
[INFO] [stdout]     |       ------- the item is gated here
[INFO] [stdout]  18 | pub mod selfinstall;
[INFO] [stdout]     |         ^^^^^^^^^^^
[INFO] [stdout] 
[INFO] [stdout] 
[INFO] [stdout] error[E0433]: cannot find `selfinstall` in `voli_core`
[INFO] [stdout]    --> src/main.rs:866:28
[INFO] [stdout]     |
[INFO] [stdout] 866 |                 voli_core::selfinstall::SelfInstallStep::Binaries => {
[INFO] [stdout]     |                            ^^^^^^^^^^^ could not find `selfinstall` in `voli_core`
[INFO] [stdout]     |
[INFO] [stdout] note: found an item that was configured out
[INFO] [stdout]    --> /opt/rustwide/cargo-home/registry/src/index.crates.io-1949cf8c6b5b557f/voli-core-0.7.1/src/lib.rs:18:9
[INFO] [stdout]     |
[INFO] [stdout]  17 | #[cfg(windows)]
[INFO] [stdout]     |       ------- the item is gated here
[INFO] [stdout]  18 | pub mod selfinstall;
[INFO] [stdout]     |         ^^^^^^^^^^^
[INFO] [stdout] 
[INFO] [stdout] 
[INFO] [stdout] error[E0433]: cannot find `selfinstall` in `voli_core`
[INFO] [stdout]    --> src/main.rs:869:28
[INFO] [stdout]     |
[INFO] [stdout] 869 |                 voli_core::selfinstall::SelfInstallStep::Path => {
[INFO] [stdout]     |                            ^^^^^^^^^^^ could not find `selfinstall` in `voli_core`
[INFO] [stdout]     |
[INFO] [stdout] note: found an item that was configured out
[INFO] [stdout]    --> /opt/rustwide/cargo-home/registry/src/index.crates.io-1949cf8c6b5b557f/voli-core-0.7.1/src/lib.rs:18:9
[INFO] [stdout]     |
[INFO] [stdout]  17 | #[cfg(windows)]
[INFO] [stdout]     |       ------- the item is gated here
[INFO] [stdout]  18 | pub mod selfinstall;
[INFO] [stdout]     |         ^^^^^^^^^^^
[INFO] [stdout] 
[INFO] [stdout] 
[INFO] [stdout] error[E0433]: cannot find `selfinstall` in `voli_core`
[INFO] [stdout]    --> src/main.rs:872:28
[INFO] [stdout]     |
[INFO] [stdout] 872 |                 voli_core::selfinstall::SelfInstallStep::Finalizing => {
[INFO] [stdout]     |                            ^^^^^^^^^^^ could not find `selfinstall` in `voli_core`
[INFO] [stdout]     |
[INFO] [stdout] note: found an item that was configured out
[INFO] [stdout]    --> /opt/rustwide/cargo-home/registry/src/index.crates.io-1949cf8c6b5b557f/voli-core-0.7.1/src/lib.rs:18:9
[INFO] [stdout]     |
[INFO] [stdout]  17 | #[cfg(windows)]
[INFO] [stdout]     |       ------- the item is gated here
[INFO] [stdout]  18 | pub mod selfinstall;
[INFO] [stdout]     |         ^^^^^^^^^^^
[INFO] [stdout] 
[INFO] [stdout] 
[INFO] [stdout] error[E0433]: cannot find `uninstall_reg` in `voli_core`
[INFO] [stdout]     --> src/main.rs:1853:31
[INFO] [stdout]      |
[INFO] [stdout] 1853 |         let base = voli_core::uninstall_reg::uninstall_base();
[INFO] [stdout]      |                               ^^^^^^^^^^^^^ could not find `uninstall_reg` in `voli_core`
[INFO] [stdout]      |
[INFO] [stdout] note: found an item that was configured out
[INFO] [stdout]     --> /opt/rustwide/cargo-home/registry/src/index.crates.io-1949cf8c6b5b557f/voli-core-0.7.1/src/lib.rs:24:9
[INFO] [stdout]      |
[INFO] [stdout]   23 | #[cfg(windows)]
[INFO] [stdout]      |       ------- the item is gated here
[INFO] [stdout]   24 | pub mod uninstall_reg;
[INFO] [stdout]      |         ^^^^^^^^^^^^^
[INFO] [stdout] 
[INFO] [stdout] 
[INFO] [stdout] error[E0433]: cannot find `uninstall_reg` in `voli_core`
[INFO] [stdout]     --> src/main.rs:1854:26
[INFO] [stdout]      |
[INFO] [stdout] 1854 |         match voli_core::uninstall_reg::list_voli_keys(&base) {
[INFO] [stdout]      |                          ^^^^^^^^^^^^^ could not find `uninstall_reg` in `voli_core`
[INFO] [stdout]      |
[INFO] [stdout] note: found an item that was configured out
[INFO] [stdout]     --> /opt/rustwide/cargo-home/registry/src/index.crates.io-1949cf8c6b5b557f/voli-core-0.7.1/src/lib.rs:24:9
[INFO] [stdout]      |
[INFO] [stdout]   23 | #[cfg(windows)]
[INFO] [stdout]      |       ------- the item is gated here
[INFO] [stdout]   24 | pub mod uninstall_reg;
[INFO] [stdout]      |         ^^^^^^^^^^^^^
[INFO] [stdout] 
[INFO] [stdout] 
[INFO] [stdout] error[E0425]: cannot find type `InstalledPkg` in crate `voli_core`
[INFO] [stdout]     --> src/main.rs:1917:22
[INFO] [stdout]      |
[INFO] [stdout] 1917 |     pkg: &voli_core::InstalledPkg,
[INFO] [stdout]      |                      ^^^^^^^^^^^^ not found in `voli_core`
[INFO] [stdout]      |
[INFO] [stdout] note: found an item that was configured out
[INFO] [stdout]     --> /opt/rustwide/cargo-home/registry/src/index.crates.io-1949cf8c6b5b557f/voli-core-0.7.1/src/lib.rs:53:17
[INFO] [stdout]      |
[INFO] [stdout]   52 | #[cfg(windows)]
[INFO] [stdout]      |       ------- the item is gated here
[INFO] [stdout]   53 | pub use state::{InstalledPkg, InstalledSkill, SkillAction, State};
[INFO] [stdout]      |                 ^^^^^^^^^^^^
[INFO] [stdout] 
[INFO] [stdout] 
[INFO] [stdout] warning: method call on a diverging inference variable
[INFO] [stdout]    --> src/main.rs:422:28
[INFO] [stdout]     |
[INFO] [stdout] 422 |     let pkgs = match state.list() {
[INFO] [stdout]     |                            ^^^^
[INFO] [stdout]     |
[INFO] [stdout]     = help: consider providing a type annotation
[INFO] [stdout]     = warning: this was previously accepted by the compiler but is being phased out; it will become a hard error in a future release!
[INFO] [stdout]     = note: for more information, see issue #156047 <https://github.com/rust-lang/rust/issues/156047>
[INFO] [stdout]     = note: `#[warn(method_call_on_diverging_infer_var)]` (part of `#[warn(future_incompatible)]`) on by default
[INFO] [stdout] 
[INFO] [stdout] 
[INFO] [stdout] error[E0599]: no method named `list` found for type `!` in the current scope
[INFO] [stdout]    --> src/main.rs:422:28
[INFO] [stdout]     |
[INFO] [stdout] 422 |     let pkgs = match state.list() {
[INFO] [stdout]     |                            ^^^^
[INFO] [stdout]     |
[INFO] [stdout] help: there is a method `lt` with a similar name, but with different arguments
[INFO] [stdout]    --> /rustc/e3feeb59cd1bdd011a2bfcc0747b55125d9b8527/library/core/src/cmp.rs:1502:4
[INFO] [stdout] 
[INFO] [stdout] 
[INFO] [stdout] error[E0599]: no method named `list_skills` found for type `!` in the current scope
[INFO] [stdout]    --> src/main.rs:429:30
[INFO] [stdout]     |
[INFO] [stdout] 429 |     let skills = match state.list_skills() {
[INFO] [stdout]     |                              ^^^^^^^^^^^ method not found in `!`
[INFO] [stdout] 
[INFO] [stdout] 
[INFO] [stdout] warning: unreachable call
[INFO] [stdout]    --> src/main.rs:429:30
[INFO] [stdout]     |
[INFO] [stdout] 429 |     let skills = match state.list_skills() {
[INFO] [stdout]     |                        ----- ^^^^^^^^^^^ unreachable call
[INFO] [stdout]     |                        |
[INFO] [stdout]     |                        any code following this expression is unreachable
[INFO] [stdout]     |
[INFO] [stdout]     = note: `#[warn(unreachable_code)]` (part of `#[warn(unused)]`) on by default
[INFO] [stdout] 
[INFO] [stdout] 
[INFO] [stdout] warning: method call on a diverging inference variable
[INFO] [stdout]    --> src/main.rs:439:14
[INFO] [stdout]     |
[INFO] [stdout] 439 |             .iter()
[INFO] [stdout]     |              ^^^^
[INFO] [stdout]     |
[INFO] [stdout]     = help: consider providing a type annotation
[INFO] [stdout]     = warning: this was previously accepted by the compiler but is being phased out; it will become a hard error in a future release!
[INFO] [stdout]     = note: for more information, see issue #156047 <https://github.com/rust-lang/rust/issues/156047>
[INFO] [stdout] 
[INFO] [stdout] 
[INFO] [stdout] error[E0599]: no method named `iter` found for type `!` in the current scope
[INFO] [stdout]    --> src/main.rs:439:14
[INFO] [stdout]     |
[INFO] [stdout] 438 |         let mut arr: Vec<_> = pkgs
[INFO] [stdout] 439 |             .iter()
[INFO] [stdout]     |              ^^^^ method not found in `!`
[INFO] [stdout] 
[INFO] [stdout] 
[INFO] [stdout] warning: method call on a diverging inference variable
[INFO] [stdout]    --> src/main.rs:449:27
[INFO] [stdout]     |
[INFO] [stdout] 449 |         arr.extend(skills.iter().map(|skill| {
[INFO] [stdout]     |                           ^^^^
[INFO] [stdout]     |
[INFO] [stdout]     = help: consider providing a type annotation
[INFO] [stdout]     = warning: this was previously accepted by the compiler but is being phased out; it will become a hard error in a future release!
[INFO] [stdout]     = note: for more information, see issue #156047 <https://github.com/rust-lang/rust/issues/156047>
[INFO] [stdout] 
[INFO] [stdout] 
[INFO] [stdout] error[E0599]: no method named `iter` found for type `!` in the current scope
[INFO] [stdout]    --> src/main.rs:449:27
[INFO] [stdout]     |
[INFO] [stdout] 449 |         arr.extend(skills.iter().map(|skill| {
[INFO] [stdout]     |                           ^^^^ method not found in `!`
[INFO] [stdout] 
[INFO] [stdout] 
[INFO] [stdout] error[E0599]: no method named `is_empty` found for type `!` in the current scope
[INFO] [stdout]    --> src/main.rs:460:20
[INFO] [stdout]     |
[INFO] [stdout] 460 |     } else if pkgs.is_empty() && skills.is_empty() {
[INFO] [stdout]     |                    ^^^^^^^^ method not found in `!`
[INFO] [stdout] 
[INFO] [stdout] 
[INFO] [stdout] warning: unreachable call
[INFO] [stdout]    --> src/main.rs:460:20
[INFO] [stdout]     |
[INFO] [stdout] 460 |     } else if pkgs.is_empty() && skills.is_empty() {
[INFO] [stdout]     |               ---- ^^^^^^^^ unreachable call
[INFO] [stdout]     |               |
[INFO] [stdout]     |               any code following this expression is unreachable
[INFO] [stdout] 
[INFO] [stdout] 
[INFO] [stdout] error[E0599]: no method named `is_empty` found for type `!` in the current scope
[INFO] [stdout]    --> src/main.rs:460:41
[INFO] [stdout]     |
[INFO] [stdout] 460 |     } else if pkgs.is_empty() && skills.is_empty() {
[INFO] [stdout]     |                                         ^^^^^^^^ method not found in `!`
[INFO] [stdout] 
[INFO] [stdout] 
[INFO] [stdout] warning: unreachable call
[INFO] [stdout]    --> src/main.rs:460:41
[INFO] [stdout]     |
[INFO] [stdout] 460 |     } else if pkgs.is_empty() && skills.is_empty() {
[INFO] [stdout]     |                                  ------ ^^^^^^^^ unreachable call
[INFO] [stdout]     |                                  |
[INFO] [stdout]     |                                  any code following this expression is unreachable
[INFO] [stdout] 
[INFO] [stdout] 
[INFO] [stdout] error[E0277]: `&!` is not an iterator
[INFO] [stdout]    --> src/main.rs:463:18
[INFO] [stdout]     |
[INFO] [stdout] 463 |         for p in &pkgs {
[INFO] [stdout]     |                  ^^^^^ `&!` is not an iterator
[INFO] [stdout]     |
[INFO] [stdout]     = help: the trait `Iterator` is not implemented for `&!`
[INFO] [stdout]     = note: required for `&!` to implement `IntoIterator`
[INFO] [stdout] 
[INFO] [stdout] 
[INFO] [stdout] error[E0277]: `&!` is not an iterator
[INFO] [stdout]    --> src/main.rs:466:22
[INFO] [stdout]     |
[INFO] [stdout] 466 |         for skill in &skills {
[INFO] [stdout]     |                      ^^^^^^^ `&!` is not an iterator
[INFO] [stdout]     |
[INFO] [stdout]     = help: the trait `Iterator` is not implemented for `&!`
[INFO] [stdout]     = note: required for `&!` to implement `IntoIterator`
[INFO] [stdout] 
[INFO] [stdout] 
[INFO] [stdout] warning: method call on a diverging inference variable
[INFO] [stdout]    --> src/main.rs:488:21
[INFO] [stdout]     |
[INFO] [stdout] 488 |         match state.list() {
[INFO] [stdout]     |                     ^^^^
[INFO] [stdout]     |
[INFO] [stdout]     = help: consider providing a type annotation
[INFO] [stdout]     = warning: this was previously accepted by the compiler but is being phased out; it will become a hard error in a future release!
[INFO] [stdout]     = note: for more information, see issue #156047 <https://github.com/rust-lang/rust/issues/156047>
[INFO] [stdout] 
[INFO] [stdout] 
[INFO] [stdout] error[E0599]: no method named `list` found for type `!` in the current scope
[INFO] [stdout]    --> src/main.rs:488:21
[INFO] [stdout]     |
[INFO] [stdout] 488 |         match state.list() {
[INFO] [stdout]     |                     ^^^^
[INFO] [stdout]     |
[INFO] [stdout] help: there is a method `lt` with a similar name, but with different arguments
[INFO] [stdout]    --> /rustc/e3feeb59cd1bdd011a2bfcc0747b55125d9b8527/library/core/src/cmp.rs:1502:4
[INFO] [stdout] 
[INFO] [stdout] 
[INFO] [stdout] warning: method call on a diverging inference variable
[INFO] [stdout]    --> src/main.rs:632:17
[INFO] [stdout]     |
[INFO] [stdout] 632 |     match state.set_pinned(&package_ref.name, pin) {
[INFO] [stdout]     |                 ^^^^^^^^^^
[INFO] [stdout]     |
[INFO] [stdout]     = help: consider providing a type annotation
[INFO] [stdout]     = warning: this was previously accepted by the compiler but is being phased out; it will become a hard error in a future release!
[INFO] [stdout]     = note: for more information, see issue #156047 <https://github.com/rust-lang/rust/issues/156047>
[INFO] [stdout] 
[INFO] [stdout] 
[INFO] [stdout] error[E0599]: no method named `set_pinned` found for type `!` in the current scope
[INFO] [stdout]    --> src/main.rs:632:17
[INFO] [stdout]     |
[INFO] [stdout] 632 |     match state.set_pinned(&package_ref.name, pin) {
[INFO] [stdout]     |                 ^^^^^^^^^^ method not found in `!`
[INFO] [stdout] 
[INFO] [stdout] 
[INFO] [stdout] warning: method call on a diverging inference variable
[INFO] [stdout]    --> src/main.rs:670:15
[INFO] [stdout]     |
[INFO] [stdout] 670 |     if !state.is_installed(&package).unwrap_or(false) {
[INFO] [stdout]     |               ^^^^^^^^^^^^
[INFO] [stdout]     |
[INFO] [stdout]     = help: consider providing a type annotation
[INFO] [stdout]     = warning: this was previously accepted by the compiler but is being phased out; it will become a hard error in a future release!
[INFO] [stdout]     = note: for more information, see issue #156047 <https://github.com/rust-lang/rust/issues/156047>
[INFO] [stdout] 
[INFO] [stdout] 
[INFO] [stdout] error[E0599]: no method named `is_installed` found for type `!` in the current scope
[INFO] [stdout]    --> src/main.rs:670:15
[INFO] [stdout]     |
[INFO] [stdout] 670 |     if !state.is_installed(&package).unwrap_or(false) {
[INFO] [stdout]     |               ^^^^^^^^^^^^ method not found in `!`
[INFO] [stdout] 
[INFO] [stdout] 
[INFO] [stdout] error[E0599]: no method named `actions_for` found for type `!` in the current scope
[INFO] [stdout]    --> src/main.rs:674:31
[INFO] [stdout]     |
[INFO] [stdout] 674 |     let actions = match state.actions_for(&package) {
[INFO] [stdout]     |                               ^^^^^^^^^^^ method not found in `!`
[INFO] [stdout] 
[INFO] [stdout] 
[INFO] [stdout] warning: unreachable expression
[INFO] [stdout]    --> src/main.rs:674:43
[INFO] [stdout]     |
[INFO] [stdout] 674 |     let actions = match state.actions_for(&package) {
[INFO] [stdout]     |                         -----             ^^^^^^^^ unreachable expression
[INFO] [stdout]     |                         |
[INFO] [stdout]     |                         any code following this expression is unreachable
[INFO] [stdout] 
[INFO] [stdout] 
[INFO] [stdout] warning: method call on a diverging inference variable
[INFO] [stdout]    --> src/main.rs:740:28
[INFO] [stdout]     |
[INFO] [stdout] 740 |     let pkgs = match state.list() {
[INFO] [stdout]     |                            ^^^^
[INFO] [stdout]     |
[INFO] [stdout]     = help: consider providing a type annotation
[INFO] [stdout]     = warning: this was previously accepted by the compiler but is being phased out; it will become a hard error in a future release!
[INFO] [stdout]     = note: for more information, see issue #156047 <https://github.com/rust-lang/rust/issues/156047>
[INFO] [stdout] 
[INFO] [stdout] 
[INFO] [stdout] error[E0599]: no method named `list` found for type `!` in the current scope
[INFO] [stdout]    --> src/main.rs:740:28
[INFO] [stdout]     |
[INFO] [stdout] 740 |     let pkgs = match state.list() {
[INFO] [stdout]     |                            ^^^^
[INFO] [stdout]     |
[INFO] [stdout] help: there is a method `lt` with a similar name, but with different arguments
[INFO] [stdout]    --> /rustc/e3feeb59cd1bdd011a2bfcc0747b55125d9b8527/library/core/src/cmp.rs:1502:4
[INFO] [stdout] 
[INFO] [stdout] 
[INFO] [stdout] warning: method call on a diverging inference variable
[INFO] [stdout]     --> src/main.rs:1426:41
[INFO] [stdout]      |
[INFO] [stdout] 1426 |     let pkgs: Vec<String> = match state.list() {
[INFO] [stdout]      |                                         ^^^^
[INFO] [stdout]      |
[INFO] [stdout]      = help: consider providing a type annotation
[INFO] [stdout]      = warning: this was previously accepted by the compiler but is being phased out; it will become a hard error in a future release!
[INFO] [stdout]      = note: for more information, see issue #156047 <https://github.com/rust-lang/rust/issues/156047>
[INFO] [stdout] 
[INFO] [stdout] 
[INFO] [stdout] error[E0599]: no method named `list` found for type `!` in the current scope
[INFO] [stdout]     --> src/main.rs:1426:41
[INFO] [stdout]      |
[INFO] [stdout] 1426 |     let pkgs: Vec<String> = match state.list() {
[INFO] [stdout]      |                                         ^^^^
[INFO] [stdout]      |
[INFO] [stdout] help: there is a method `lt` with a similar name, but with different arguments
[INFO] [stdout]     --> /rustc/e3feeb59cd1bdd011a2bfcc0747b55125d9b8527/library/core/src/cmp.rs:1502:4
[INFO] [stdout] 
[INFO] [stdout] 
[INFO] [stdout] error[E0599]: no method named `list_skills` found for type `!` in the current scope
[INFO] [stdout]     --> src/main.rs:1437:30
[INFO] [stdout]      |
[INFO] [stdout] 1437 |     let skills = match state.list_skills() {
[INFO] [stdout]      |                              ^^^^^^^^^^^ method not found in `!`
[INFO] [stdout] 
[INFO] [stdout] 
[INFO] [stdout] warning: unreachable call
[INFO] [stdout]     --> src/main.rs:1437:30
[INFO] [stdout]      |
[INFO] [stdout] 1437 |     let skills = match state.list_skills() {
[INFO] [stdout]      |                        ----- ^^^^^^^^^^^ unreachable call
[INFO] [stdout]      |                        |
[INFO] [stdout]      |                        any code following this expression is unreachable
[INFO] [stdout] 
[INFO] [stdout] 
[INFO] [stdout] warning: unreachable call
[INFO] [stdout]     --> src/main.rs:1444:5
[INFO] [stdout]      |
[INFO] [stdout] 1444 |     drop(state);
[INFO] [stdout]      |     ^^^^ ----- any code following this expression is unreachable
[INFO] [stdout]      |     |
[INFO] [stdout]      |     unreachable call
[INFO] [stdout] 
[INFO] [stdout] 
[INFO] [stdout] warning: method call on a diverging inference variable
[INFO] [stdout]     --> src/main.rs:1459:20
[INFO] [stdout]      |
[INFO] [stdout] 1459 |         if !skills.is_empty() {
[INFO] [stdout]      |                    ^^^^^^^^
[INFO] [stdout]      |
[INFO] [stdout]      = help: consider providing a type annotation
[INFO] [stdout]      = warning: this was previously accepted by the compiler but is being phased out; it will become a hard error in a future release!
[INFO] [stdout]      = note: for more information, see issue #156047 <https://github.com/rust-lang/rust/issues/156047>
[INFO] [stdout] 
[INFO] [stdout] 
[INFO] [stdout] error[E0599]: no method named `is_empty` found for type `!` in the current scope
[INFO] [stdout]     --> src/main.rs:1459:20
[INFO] [stdout]      |
[INFO] [stdout] 1459 |         if !skills.is_empty() {
[INFO] [stdout]      |                    ^^^^^^^^ method not found in `!`
[INFO] [stdout] 
[INFO] [stdout] 
[INFO] [stdout] error[E0599]: no method named `iter` found for type `!` in the current scope
[INFO] [stdout]     --> src/main.rs:1461:18
[INFO] [stdout]      |
[INFO] [stdout] 1460 |             let names: Vec<String> = skills
[INFO] [stdout] 1461 |                 .iter()
[INFO] [stdout]      |                  ^^^^ method not found in `!`
[INFO] [stdout] 
[INFO] [stdout] 
[INFO] [stdout] warning: unreachable call
[INFO] [stdout]     --> src/main.rs:1461:18
[INFO] [stdout]      |
[INFO] [stdout] 1460 |             let names: Vec<String> = skills
[INFO] [stdout]      |                                      ------ any code following this expression is unreachable
[INFO] [stdout] 1461 |                 .iter()
[INFO] [stdout]      |                  ^^^^ unreachable call
[INFO] [stdout] 
[INFO] [stdout] 
[INFO] [stdout] error[E0599]: no method named `len` found for type `!` in the current scope
[INFO] [stdout]     --> src/main.rs:1466:24
[INFO] [stdout]      |
[INFO] [stdout] 1466 |                 skills.len(),
[INFO] [stdout]      |                        ^^^
[INFO] [stdout]      |
[INFO] [stdout] help: there is a method `le` with a similar name, but with different arguments
[INFO] [stdout]     --> /rustc/e3feeb59cd1bdd011a2bfcc0747b55125d9b8527/library/core/src/cmp.rs:1520:4
[INFO] [stdout] 
[INFO] [stdout] 
[INFO] [stdout] warning: unreachable call
[INFO] [stdout]     --> src/main.rs:1466:24
[INFO] [stdout]      |
[INFO] [stdout] 1466 |                 skills.len(),
[INFO] [stdout]      |                 ------ ^^^ unreachable call
[INFO] [stdout]      |                 |
[INFO] [stdout]      |                 any code following this expression is unreachable
[INFO] [stdout] 
[INFO] [stdout] 
[INFO] [stdout] error[E0599]: no method named `is_empty` found for type `!` in the current scope
[INFO] [stdout]     --> src/main.rs:1489:16
[INFO] [stdout]      |
[INFO] [stdout] 1489 |     if !skills.is_empty() {
[INFO] [stdout]      |                ^^^^^^^^ method not found in `!`
[INFO] [stdout] 
[INFO] [stdout] 
[INFO] [stdout] warning: unreachable call
[INFO] [stdout]     --> src/main.rs:1489:16
[INFO] [stdout]      |
[INFO] [stdout] 1489 |     if !skills.is_empty() {
[INFO] [stdout]      |         ------ ^^^^^^^^ unreachable call
[INFO] [stdout]      |         |
[INFO] [stdout]      |         any code following this expression is unreachable
[INFO] [stdout] 
[INFO] [stdout] 
[INFO] [stdout] error[E0277]: `&!` is not an iterator
[INFO] [stdout]     --> src/main.rs:1493:22
[INFO] [stdout]      |
[INFO] [stdout] 1493 |         for skill in &skills {
[INFO] [stdout]      |                      ^^^^^^^ `&!` is not an iterator
[INFO] [stdout]      |
[INFO] [stdout]      = help: the trait `Iterator` is not implemented for `&!`
[INFO] [stdout]      = note: required for `&!` to implement `IntoIterator`
[INFO] [stdout] 
[INFO] [stdout] 
[INFO] [stdout] warning: method call on a diverging inference variable
[INFO] [stdout]     --> src/main.rs:1533:36
[INFO] [stdout]      |
[INFO] [stdout] 1533 |         if let Ok(actions) = state.actions_for("@voli") {
[INFO] [stdout]      |                                    ^^^^^^^^^^^
[INFO] [stdout]      |
[INFO] [stdout]      = help: consider providing a type annotation
[INFO] [stdout]      = warning: this was previously accepted by the compiler but is being phased out; it will become a hard error in a future release!
[INFO] [stdout]      = note: for more information, see issue #156047 <https://github.com/rust-lang/rust/issues/156047>
[INFO] [stdout] 
[INFO] [stdout] 
[INFO] [stdout] error[E0599]: no method named `actions_for` found for type `!` in the current scope
[INFO] [stdout]     --> src/main.rs:1533:36
[INFO] [stdout]      |
[INFO] [stdout] 1533 |         if let Ok(actions) = state.actions_for("@voli") {
[INFO] [stdout]      |                                    ^^^^^^^^^^^ method not found in `!`
[INFO] [stdout] 
[INFO] [stdout] 
[INFO] [stdout] error[E0599]: no method named `remove_package` found for type `!` in the current scope
[INFO] [stdout]     --> src/main.rs:1547:23
[INFO] [stdout]      |
[INFO] [stdout] 1547 |         let _ = state.remove_package("@voli");
[INFO] [stdout]      |                       ^^^^^^^^^^^^^^ method not found in `!`
[INFO] [stdout] 
[INFO] [stdout] 
[INFO] [stdout] warning: unreachable expression
[INFO] [stdout]     --> src/main.rs:1547:38
[INFO] [stdout]      |
[INFO] [stdout] 1547 |         let _ = state.remove_package("@voli");
[INFO] [stdout]      |                 -----                ^^^^^^^ unreachable expression
[INFO] [stdout]      |                 |
[INFO] [stdout]      |                 any code following this expression is unreachable
[INFO] [stdout] 
[INFO] [stdout] 
[INFO] [stdout] Some errors have detailed explanations: E0277, E0425, E0432, E0433, E0599.
[INFO] [stdout] 
[INFO] [stdout] For more information about an error, try `rustc --explain E0277`.
[INFO] [stdout] 
[INFO] [stderr] error: could not compile `voli` (bin "voli") due to 34 previous errors; 30 warnings emitted
[INFO] running `Command { std: "docker" "inspect" "070eb0f281fdc07cf5a4fabb6d0e58c3fa0fec4225d0fa6ee8a99f53931a3f2c", kill_on_drop: false }`
[INFO] running `Command { std: "docker" "rm" "-f" "070eb0f281fdc07cf5a4fabb6d0e58c3fa0fec4225d0fa6ee8a99f53931a3f2c", kill_on_drop: false }`
[INFO] [stdout] 070eb0f281fdc07cf5a4fabb6d0e58c3fa0fec4225d0fa6ee8a99f53931a3f2c
