[INFO] fetching crate vkontakte 0.1.0...
[INFO] testing vkontakte-0.1.0 against 1.99.0-beta.8 for beta-1.100-2
[INFO] extracting crate vkontakte 0.1.0 into /workspace/builds/worker-3-tc1/source
[INFO] started tweaking crates.io crate vkontakte 0.1.0
[INFO] removed 0 missing examples
[INFO] removed 0 missing tests
[INFO] finished tweaking crates.io crate vkontakte 0.1.0
[INFO] tweaked toml for crates.io crate vkontakte 0.1.0 written to /workspace/builds/worker-3-tc1/source/Cargo.toml
[INFO] validating manifest of crates.io crate vkontakte 0.1.0 on toolchain 1.99.0-beta.8
[INFO] running `Command { std: CARGO_HOME="/workspace/cargo-home" RUSTUP_HOME="/workspace/rustup-home" "/workspace/cargo-home/bin/cargo" "+1.99.0-beta.8" "metadata" "--manifest-path" "Cargo.toml" "--no-deps", kill_on_drop: false }`
[INFO] crate crates.io crate vkontakte 0.1.0 already has a lockfile, it will not be regenerated
[INFO] running `Command { std: CARGO_HOME="/workspace/cargo-home" RUSTUP_HOME="/workspace/rustup-home" "/workspace/cargo-home/bin/cargo" "+1.99.0-beta.8" "fetch" "--manifest-path" "Cargo.toml", kill_on_drop: false }`
[INFO] [stderr]     Updating crates.io index
[INFO] [stderr]  Downloading crates ...
[INFO] [stderr]   Downloaded vkontakte-macros v0.1.0
[INFO] [stderr]   Downloaded redox_syscall v0.9.0
[INFO] [stderr]   Downloaded wasm-bindgen-futures v0.4.72
[INFO] [stderr]   Downloaded openssl-sys v0.9.116
[INFO] [stderr]   Downloaded mockito v1.7.2
[INFO] [stderr]   Downloaded nonzero_ext v0.3.0
[INFO] [stderr]   Downloaded no-std-compat v0.4.1
[INFO] [stderr]   Downloaded futures-timer v3.0.4
[INFO] [stderr]   Downloaded spinning_top v0.3.0
[INFO] [stderr]   Downloaded governor v0.6.3
[INFO] [stderr]   Downloaded openssl v0.10.80
[INFO] [stderr]   Downloaded redis v1.4.1
[INFO] running `Command { std: "docker" "create" "-v" "/var/lib/crater-agent-workspace/builds/worker-3-tc1/source:/opt/rustwide/workdir:ro,Z" "-v" "/var/lib/crater-agent-workspace/builds/worker-3-tc1/target:/opt/rustwide/target:rw,Z" "-v" "/var/lib/crater-agent-workspace/cargo-home:/opt/rustwide/cargo-home:ro,Z" "-v" "/var/lib/crater-agent-workspace/rustup-home:/opt/rustwide/rustup-home:ro,Z" "-m" "1610612736" "--network" "none" "ghcr.io/rust-lang/crates-build-env/linux@sha256:3111399a4047eeb3a02b7a90e478d715f38a8c6669b5c4b49d30a17385265909" "sleep" "infinity", kill_on_drop: false }`
[INFO] [stdout] 538847ba8317aed3b653541b38adcea4879bb8314ea1f60b1305a1018cb5d0d1
[INFO] running `Command { std: "docker" "start" "538847ba8317aed3b653541b38adcea4879bb8314ea1f60b1305a1018cb5d0d1", kill_on_drop: false }`
[INFO] running `Command { std: "docker" "inspect" "538847ba8317aed3b653541b38adcea4879bb8314ea1f60b1305a1018cb5d0d1", kill_on_drop: false }`
[INFO] running `Command { std: "docker" "exec" "-e" "SOURCE_DIR=/opt/rustwide/workdir" "-e" "CARGO_HOME=/opt/rustwide/cargo-home" "-e" "RUSTUP_HOME=/opt/rustwide/rustup-home" "-e" "CARGO_TARGET_DIR=/opt/rustwide/target" "-w" "/opt/rustwide/workdir" "--user" "0:0" "538847ba8317aed3b653541b38adcea4879bb8314ea1f60b1305a1018cb5d0d1" "/opt/rustwide/cargo-home/bin/cargo" "+1.99.0-beta.8" "metadata" "--no-deps" "--format-version=1", kill_on_drop: false }`
[INFO] running `Command { std: "docker" "inspect" "538847ba8317aed3b653541b38adcea4879bb8314ea1f60b1305a1018cb5d0d1", kill_on_drop: false }`
[INFO] running `Command { std: "docker" "exec" "-e" "SOURCE_DIR=/opt/rustwide/workdir" "-e" "CARGO_HOME=/opt/rustwide/cargo-home" "-e" "RUSTUP_HOME=/opt/rustwide/rustup-home" "-e" "CARGO_TARGET_DIR=/opt/rustwide/target" "-e" "CARGO_INCREMENTAL=0" "-e" "RUST_BACKTRACE=full" "-e" "RUSTFLAGS=--cap-lints=warn" "-e" "RUSTDOCFLAGS=--cap-lints=warn" "-w" "/opt/rustwide/workdir" "--user" "0:0" "538847ba8317aed3b653541b38adcea4879bb8314ea1f60b1305a1018cb5d0d1" "/opt/rustwide/cargo-home/bin/cargo" "+1.99.0-beta.8" "build" "--frozen" "--message-format=json", kill_on_drop: false }`
[INFO] [stderr]    Compiling memchr v2.8.1
[INFO] [stderr]    Compiling zerofrom-derive v0.1.7
[INFO] [stderr]    Compiling yoke-derive v0.8.2
[INFO] [stderr]    Compiling log v0.4.30
[INFO] [stderr]    Compiling zerovec-derive v0.11.3
[INFO] [stderr]    Compiling displaydoc v0.2.6
[INFO] [stderr]    Compiling futures-macro v0.3.32
[INFO] [stderr]    Compiling futures-channel v0.3.32
[INFO] [stderr]    Compiling http v1.4.1
[INFO] [stderr]    Compiling pkg-config v0.3.33
[INFO] [stderr]    Compiling parking_lot_core v0.9.12
[INFO] [stderr]    Compiling errno v0.3.14
[INFO] [stderr]    Compiling mio v1.2.1
[INFO] [stderr]    Compiling socket2 v0.6.4
[INFO] [stderr]    Compiling cc v1.2.63
[INFO] [stderr]    Compiling litemap v0.8.2
[INFO] [stderr]    Compiling parking_lot v0.12.5
[INFO] [stderr]    Compiling signal-hook-registry v1.4.8
[INFO] [stderr]    Compiling tracing v0.1.44
[INFO] [stderr]    Compiling writeable v0.6.3
[INFO] [stderr]    Compiling bitflags v2.11.1
[INFO] [stderr]    Compiling icu_normalizer_data v2.2.0
[INFO] [stderr]    Compiling icu_properties_data v2.2.0
[INFO] [stderr]    Compiling tokio v1.52.3
[INFO] [stderr]    Compiling indexmap v2.14.0
[INFO] [stderr]    Compiling openssl v0.10.80
[INFO] [stderr]    Compiling sync_wrapper v1.0.2
[INFO] [stderr]    Compiling http-body v1.0.1
[INFO] [stderr]    Compiling openssl-macros v0.1.1
[INFO] [stderr]    Compiling http-body-util v0.1.3
[INFO] [stderr]    Compiling aho-corasick v1.1.4
[INFO] [stderr]    Compiling getrandom v0.2.17
[INFO] [stderr]    Compiling ipnet v2.12.0
[INFO] [stderr]    Compiling unicase v2.9.0
[INFO] [stderr]    Compiling regex-syntax v0.8.10
[INFO] [stderr]    Compiling serde_json v1.0.150
[INFO] [stderr]    Compiling rand_core v0.6.4
[INFO] [stderr]    Compiling serde v1.0.228
[INFO] [stderr]    Compiling hashbrown v0.14.5
[INFO] [stderr]    Compiling futures-util v0.3.32
[INFO] [stderr]    Compiling portable-atomic v1.13.1
[INFO] [stderr]    Compiling mime_guess v2.0.5
[INFO] [stderr]    Compiling rand_chacha v0.3.1
[INFO] [stderr]    Compiling raw-cpuid v11.6.0
[INFO] [stderr]    Compiling async-trait v0.1.89
[INFO] [stderr]    Compiling rustls-pki-types v1.14.1
[INFO] [stderr]    Compiling rand v0.8.6
[INFO] [stderr]    Compiling zerofrom v0.1.8
[INFO] [stderr]    Compiling yoke v0.8.2
[INFO] [stderr]    Compiling serde_path_to_error v0.1.20
[INFO] [stderr]    Compiling zerovec v0.11.6
[INFO] [stderr]    Compiling zerotrie v0.2.4
[INFO] [stderr]    Compiling serde_urlencoded v0.7.1
[INFO] [stderr]    Compiling dashmap v5.5.3
[INFO] [stderr]    Compiling tracing-log v0.2.0
[INFO] [stderr]    Compiling openssl-sys v0.9.116
[INFO] [stderr]    Compiling spinning_top v0.3.0
[INFO] [stderr]    Compiling encoding_rs v0.8.35
[INFO] [stderr]    Compiling async-stream-impl v0.3.6
[INFO] [stderr]    Compiling thiserror-impl v1.0.69
[INFO] [stderr]    Compiling matchit v0.7.3
[INFO] [stderr]    Compiling futures-timer v3.0.4
[INFO] [stderr]    Compiling nonzero_ext v0.3.0
[INFO] [stderr]    Compiling regex-automata v0.4.14
[INFO] [stderr]    Compiling no-std-compat v0.4.1
[INFO] [stderr]    Compiling dashmap v6.2.1
[INFO] [stderr]    Compiling uuid v1.23.2
[INFO] [stderr]    Compiling async-stream v0.3.6
[INFO] [stderr]    Compiling tinystr v0.8.3
[INFO] [stderr]    Compiling potential_utf v0.1.5
[INFO] [stderr]    Compiling native-tls v0.2.18
[INFO] [stderr]    Compiling icu_collections v2.2.0
[INFO] [stderr]    Compiling icu_locale_core v2.2.0
[INFO] [stderr]    Compiling quanta v0.12.6
[INFO] [stderr]    Compiling thiserror v1.0.69
[INFO] [stderr]    Compiling futures-executor v0.3.32
[INFO] [stderr]    Compiling axum-core v0.4.5
[INFO] [stderr]    Compiling futures v0.3.32
[INFO] [stderr]    Compiling governor v0.6.3
[INFO] [stderr]    Compiling icu_provider v2.2.0
[INFO] [stderr]    Compiling icu_normalizer v2.2.0
[INFO] [stderr]    Compiling icu_properties v2.2.0
[INFO] [stderr]    Compiling matchers v0.2.0
[INFO] [stderr]    Compiling regex v1.12.3
[INFO] [stderr]    Compiling tracing-subscriber v0.3.23
[INFO] [stderr]    Compiling idna_adapter v1.2.2
[INFO] [stderr]    Compiling idna v1.1.0
[INFO] [stderr]    Compiling url v2.5.8
[INFO] [stderr]    Compiling tokio-util v0.7.18
[INFO] [stderr]    Compiling tower v0.5.3
[INFO] [stderr]    Compiling tokio-native-tls v0.3.1
[INFO] [stderr]    Compiling tower-http v0.6.11
[INFO] [stderr]    Compiling h2 v0.4.14
[INFO] [stderr]    Compiling hyper v1.10.1
[INFO] [stderr]    Compiling hyper-util v0.1.20
[INFO] [stderr]    Compiling hyper-tls v0.6.0
[INFO] [stderr]    Compiling axum v0.7.9
[INFO] [stderr]    Compiling reqwest v0.12.28
[INFO] [stderr]    Compiling vkontakte v0.1.0 (/opt/rustwide/workdir)
[INFO] [stderr]     Finished `dev` profile [unoptimized + debuginfo] target(s) in 44.29s
[INFO] running `Command { std: "docker" "inspect" "538847ba8317aed3b653541b38adcea4879bb8314ea1f60b1305a1018cb5d0d1", kill_on_drop: false }`
[INFO] running `Command { std: "docker" "exec" "-e" "SOURCE_DIR=/opt/rustwide/workdir" "-e" "CARGO_HOME=/opt/rustwide/cargo-home" "-e" "RUSTUP_HOME=/opt/rustwide/rustup-home" "-e" "CARGO_TARGET_DIR=/opt/rustwide/target" "-e" "CARGO_INCREMENTAL=0" "-e" "RUST_BACKTRACE=full" "-e" "RUSTFLAGS=--cap-lints=warn" "-e" "RUSTDOCFLAGS=--cap-lints=warn" "-w" "/opt/rustwide/workdir" "--user" "0:0" "538847ba8317aed3b653541b38adcea4879bb8314ea1f60b1305a1018cb5d0d1" "/opt/rustwide/cargo-home/bin/cargo" "+1.99.0-beta.8" "test" "--frozen" "--no-run" "--message-format=json", kill_on_drop: false }`
[INFO] [stderr]    Compiling tokio v1.52.3
[INFO] [stderr]    Compiling assert-json-diff v2.0.2
[INFO] [stderr]    Compiling colored v3.1.1
[INFO] [stderr]    Compiling similar v2.7.0
[INFO] [stderr]    Compiling tokio-util v0.7.18
[INFO] [stderr]    Compiling tower v0.5.3
[INFO] [stderr]    Compiling tokio-native-tls v0.3.1
[INFO] [stderr]    Compiling tokio-stream v0.1.18
[INFO] [stderr]    Compiling tokio-test v0.4.5
[INFO] [stderr]    Compiling tower-http v0.6.11
[INFO] [stderr]    Compiling h2 v0.4.14
[INFO] [stderr]    Compiling hyper v1.10.1
[INFO] [stderr]    Compiling hyper-util v0.1.20
[INFO] [stderr]    Compiling hyper-tls v0.6.0
[INFO] [stderr]    Compiling axum v0.7.9
[INFO] [stderr]    Compiling mockito v1.7.2
[INFO] [stderr]    Compiling reqwest v0.12.28
[INFO] [stderr]    Compiling vkontakte v0.1.0 (/opt/rustwide/workdir)
[INFO] [stderr] error: could not compile `vkontakte` (example "callback_server")
[INFO] [stderr] 
[INFO] [stderr] Caused by:
[INFO] [stderr]   process didn't exit successfully: `/opt/rustwide/rustup-home/toolchains/1.99.0-beta.8-x86_64-unknown-linux-gnu/bin/rustc --crate-name callback_server --edition=2021 examples/callback_server.rs --error-format=json --json=diagnostic-rendered-ansi,artifacts,future-incompat --crate-type bin --emit=dep-info,link -C embed-bitcode=no -C debuginfo=2 --cfg 'feature="default"' --check-cfg 'cfg(docsrs,test)' --check-cfg 'cfg(feature, values("default", "macros", "postgres", "redis"))' -C metadata=64b39ca4890fce90 -C extra-filename=-d0725384a171cbec --out-dir /opt/rustwide/target/debug/examples -L dependency=/opt/rustwide/target/debug/deps --extern async_stream=/opt/rustwide/target/debug/deps/libasync_stream-17d86ef5fef7654b.rlib --extern async_trait=/opt/rustwide/target/debug/deps/libasync_trait-3453bb6e76f3ba47.so --extern axum=/opt/rustwide/target/debug/deps/libaxum-5c5ce8747279a54c.rlib --extern dashmap=/opt/rustwide/target/debug/deps/libdashmap-a2ef911dac2b41df.rlib --extern futures=/opt/rustwide/target/debug/deps/libfutures-d4d5438792c6a3f1.rlib --extern governor=/opt/rustwide/target/debug/deps/libgovernor-f7f6e5fe5a92770d.rlib --extern mockito=/opt/rustwide/target/debug/deps/libmockito-5ee947c7db3bf618.rlib --extern rand=/opt/rustwide/target/debug/deps/librand-d53885058137d659.rlib --extern regex=/opt/rustwide/target/debug/deps/libregex-2d1b89e4147c3bac.rlib --extern reqwest=/opt/rustwide/target/debug/deps/libreqwest-da87b547c4a971c7.rlib --extern serde=/opt/rustwide/target/debug/deps/libserde-0e6778ac27690a20.rlib --extern serde_json=/opt/rustwide/target/debug/deps/libserde_json-52a5a1e17ad40987.rlib --extern thiserror=/opt/rustwide/target/debug/deps/libthiserror-305297abc8a52265.rlib --extern tokio=/opt/rustwide/target/debug/deps/libtokio-79c6a7058a38b923.rlib --extern tokio_test=/opt/rustwide/target/debug/deps/libtokio_test-56776aaf2c785234.rlib --extern tracing=/opt/rustwide/target/debug/deps/libtracing-096fc5271b090822.rlib --extern tracing_subscriber=/opt/rustwide/target/debug/deps/libtracing_subscriber-e62e53f69d78a2aa.rlib --extern uuid=/opt/rustwide/target/debug/deps/libuuid-39e506122d55b327.rlib --extern vkontakte=/opt/rustwide/target/debug/deps/libvkontakte-35e84071c30e615d.rlib --cap-lints=warn` (signal: 9, SIGKILL: kill)
[INFO] [stderr] warning: build failed, waiting for other jobs to finish...
[INFO] [stderr] error: could not compile `vkontakte` (example "user_bot")
[INFO] [stderr] 
[INFO] [stderr] Caused by:
[INFO] [stderr]   process didn't exit successfully: `/opt/rustwide/rustup-home/toolchains/1.99.0-beta.8-x86_64-unknown-linux-gnu/bin/rustc --crate-name user_bot --edition=2021 examples/user_bot.rs --error-format=json --json=diagnostic-rendered-ansi,artifacts,future-incompat --crate-type bin --emit=dep-info,link -C embed-bitcode=no -C debuginfo=2 --cfg 'feature="default"' --check-cfg 'cfg(docsrs,test)' --check-cfg 'cfg(feature, values("default", "macros", "postgres", "redis"))' -C metadata=a956b738588b94ef -C extra-filename=-506db457ed4eef11 --out-dir /opt/rustwide/target/debug/examples -L dependency=/opt/rustwide/target/debug/deps --extern async_stream=/opt/rustwide/target/debug/deps/libasync_stream-17d86ef5fef7654b.rlib --extern async_trait=/opt/rustwide/target/debug/deps/libasync_trait-3453bb6e76f3ba47.so --extern axum=/opt/rustwide/target/debug/deps/libaxum-5c5ce8747279a54c.rlib --extern dashmap=/opt/rustwide/target/debug/deps/libdashmap-a2ef911dac2b41df.rlib --extern futures=/opt/rustwide/target/debug/deps/libfutures-d4d5438792c6a3f1.rlib --extern governor=/opt/rustwide/target/debug/deps/libgovernor-f7f6e5fe5a92770d.rlib --extern mockito=/opt/rustwide/target/debug/deps/libmockito-5ee947c7db3bf618.rlib --extern rand=/opt/rustwide/target/debug/deps/librand-d53885058137d659.rlib --extern regex=/opt/rustwide/target/debug/deps/libregex-2d1b89e4147c3bac.rlib --extern reqwest=/opt/rustwide/target/debug/deps/libreqwest-da87b547c4a971c7.rlib --extern serde=/opt/rustwide/target/debug/deps/libserde-0e6778ac27690a20.rlib --extern serde_json=/opt/rustwide/target/debug/deps/libserde_json-52a5a1e17ad40987.rlib --extern thiserror=/opt/rustwide/target/debug/deps/libthiserror-305297abc8a52265.rlib --extern tokio=/opt/rustwide/target/debug/deps/libtokio-79c6a7058a38b923.rlib --extern tokio_test=/opt/rustwide/target/debug/deps/libtokio_test-56776aaf2c785234.rlib --extern tracing=/opt/rustwide/target/debug/deps/libtracing-096fc5271b090822.rlib --extern tracing_subscriber=/opt/rustwide/target/debug/deps/libtracing_subscriber-e62e53f69d78a2aa.rlib --extern uuid=/opt/rustwide/target/debug/deps/libuuid-39e506122d55b327.rlib --extern vkontakte=/opt/rustwide/target/debug/deps/libvkontakte-35e84071c30e615d.rlib --cap-lints=warn` (signal: 9, SIGKILL: kill)
[INFO] [stderr] error: could not compile `vkontakte` (test "fsm_tests")
[INFO] [stderr] 
[INFO] [stderr] Caused by:
[INFO] [stderr]   process didn't exit successfully: `/opt/rustwide/rustup-home/toolchains/1.99.0-beta.8-x86_64-unknown-linux-gnu/bin/rustc --crate-name fsm_tests --edition=2021 tests/fsm_tests.rs --error-format=json --json=diagnostic-rendered-ansi,artifacts,future-incompat --emit=dep-info,link -C embed-bitcode=no -C debuginfo=2 --test --cfg 'feature="default"' --check-cfg 'cfg(docsrs,test)' --check-cfg 'cfg(feature, values("default", "macros", "postgres", "redis"))' -C metadata=393a20ec5d29ae33 -C extra-filename=-044f2445b06a3a25 --out-dir /opt/rustwide/target/debug/deps -L dependency=/opt/rustwide/target/debug/deps --extern async_stream=/opt/rustwide/target/debug/deps/libasync_stream-17d86ef5fef7654b.rlib --extern async_trait=/opt/rustwide/target/debug/deps/libasync_trait-3453bb6e76f3ba47.so --extern axum=/opt/rustwide/target/debug/deps/libaxum-5c5ce8747279a54c.rlib --extern dashmap=/opt/rustwide/target/debug/deps/libdashmap-a2ef911dac2b41df.rlib --extern futures=/opt/rustwide/target/debug/deps/libfutures-d4d5438792c6a3f1.rlib --extern governor=/opt/rustwide/target/debug/deps/libgovernor-f7f6e5fe5a92770d.rlib --extern mockito=/opt/rustwide/target/debug/deps/libmockito-5ee947c7db3bf618.rlib --extern rand=/opt/rustwide/target/debug/deps/librand-d53885058137d659.rlib --extern regex=/opt/rustwide/target/debug/deps/libregex-2d1b89e4147c3bac.rlib --extern reqwest=/opt/rustwide/target/debug/deps/libreqwest-da87b547c4a971c7.rlib --extern serde=/opt/rustwide/target/debug/deps/libserde-0e6778ac27690a20.rlib --extern serde_json=/opt/rustwide/target/debug/deps/libserde_json-52a5a1e17ad40987.rlib --extern thiserror=/opt/rustwide/target/debug/deps/libthiserror-305297abc8a52265.rlib --extern tokio=/opt/rustwide/target/debug/deps/libtokio-79c6a7058a38b923.rlib --extern tokio_test=/opt/rustwide/target/debug/deps/libtokio_test-56776aaf2c785234.rlib --extern tracing=/opt/rustwide/target/debug/deps/libtracing-096fc5271b090822.rlib --extern tracing_subscriber=/opt/rustwide/target/debug/deps/libtracing_subscriber-e62e53f69d78a2aa.rlib --extern uuid=/opt/rustwide/target/debug/deps/libuuid-39e506122d55b327.rlib --extern vkontakte=/opt/rustwide/target/debug/deps/libvkontakte-35e84071c30e615d.rlib --cap-lints=warn` (signal: 9, SIGKILL: kill)
[INFO] [stdout] error: linking with `cc` failed: exit status: 1
[INFO] [stdout]   |
[INFO] [stdout]   = note:  "cc" "-m64" "/opt/rustwide/target/debug/deps/rustcjzTHvU/symbols.o" "<3 object files omitted>" "-Wl,--as-needed" "-Wl,-Bstatic" "<sysroot>/lib/rustlib/x86_64-unknown-linux-gnu/lib/{libtest-*,libgetopts-*,librustc_std_workspace_std-*}.rlib" "/opt/rustwide/target/debug/deps/{libvkontakte-35e84071c30e615d,libreqwest-da87b547c4a971c7,librustls_pki_types-fc5637970849fdde,libzeroize-7f213bea776ca5b6,libhyper_tls-98d42ec191980e6d,libtokio_native_tls-5659cdb9acfd7579,libencoding_rs-c7a67ac351c2b19f,libmime_guess-96fc0112437da5c5,libunicase-14ef8cc0d70eefb8,libtower_http-20327547d30be943,libnative_tls-23d7026ffc4a17a7,libopenssl_probe-6b1b371432012237,libopenssl-e752776f41172200,libbitflags-6f28739f8eecf78f,libforeign_types-4fe1886d5d9265b9,libforeign_types_shared-47b443a4583fd949,libopenssl_sys-2174a9bb82e16587,liburl-59c5b58eaea220a2,libidna-df6053b38c6bb4d5,libidna_adapter-589f8dac832396a9,libicu_properties-ec6289b42539aff9,libicu_properties_data-e6cf238fc98dd59d,libicu_normalizer-de95e3e71b680b9f,libicu_normalizer_data-8fea05bee0bb4e49,libicu_collections-b30a0c5b23d3a9c1,libutf8_iter-51566bbad89f3a68,libpotential_utf-0c3d767a9fda37b1,libicu_provider-934117bcef62158a,libicu_locale_core-4b321a80321ce1b6,libtinystr-d02a5ec8458ffbfd,liblitemap-dc288f07f8f61193,libwriteable-48b3e52227924bb5,libzerovec-64453c2b57e04116,libzerotrie-86867832a79bbcc7,libyoke-477b98923d9496a9,libstable_deref_trait-63cbf3f3d3f94e56,libzerofrom-aa2bed5d30bbc07f,libthiserror-305297abc8a52265,libdashmap-a2ef911dac2b41df,libhashbrown-7535884dad52ee2f,libcrossbeam_utils-f696a08ab1e94e7a,libregex-2d1b89e4147c3bac,libregex_automata-722267ac02d077c1,libaho_corasick-b5ab6b2cbd1acbb3,libregex_syntax-6d6ee545e2ffad72,librand-d53885058137d659,librand_chacha-ef538e9aa5cddc2f,libppv_lite86-f194c8abd5acb8df,libzerocopy-1fea66547122bcc4,librand_core-86e43b95b9d88fa9,libgetrandom-f25a51f78d9871ba,libaxum-5c5ce8747279a54c,libserde_path_to_error-ceb929358e62d172,libserde_urlencoded-8b496b8bcd77153e,libryu-1f4f40e4352371e5,libform_urlencoded-58b0f0edb59b40d2,libhyper_util-13e096b271a17fc6,libbase64-32787b0325ea6df8,libpercent_encoding-fa055ecaa1e57cfa,libipnet-61ca7a5e1c2863d4,libhyper-73011db8881ea487,libwant-7a6260b9c50f1479,libtry_lock-8fa2f6971035be84,libhttparse-8c9b827b8f345444,libh2-85fb52683b83f6fd,libindexmap-b92bb9c25241b995,libequivalent-6a754676e6af62ae,libhashbrown-d7214d631586fd51,libfnv-79e2cbfbe03dcd16,libtokio_util-f5972654997ed87e,libatomic_waker-06950c8c08d2b8fa,libhttpdate-331798cefc82cc7e,libmatchit-616cb01453b9e7d4,libserde-0e6778ac27690a20,libaxum_core-25a94f5dbe9889ca,libmime-0188e0814ca7ddbf,libhttp_body_util-4c062f446893de2a,libhttp_body-7456ed1522344ebf,libhttp-c02de8dcf5641f93,libtracing-096fc5271b090822,liblog-1367470a129d2e36,libtracing_core-d26029c784af5925,libonce_cell-b5bdc597ed9676b3,libtower-75f7b0718a4bb92a,libsync_wrapper-6bdfbc29c4269203,libtower_layer-d908dd771b239ecd,libtower_service-3fb88d28c2218805,libfutures-d4d5438792c6a3f1,libfutures_executor-43b934a2caca7559,libfutures_util-919814dacf91c248,libfutures_io-a8805bd12b2ab705,libslab-0582d648e59ab406,libfutures_channel-04b287164a72dbf0,libfutures_sink-3971bde37bb30e19,libfutures_task-36f327cfab86eddc,libasync_stream-17d86ef5fef7654b,libfutures_core-1121ff913ed87f93,libtokio-79c6a7058a38b923,libsignal_hook_registry-97fb91977beb15cc,liberrno-40a43d7c8a9b8122,libsocket2-73b9b85db3553b3d,libbytes-2ed9460101f17bbf,libmio-43415d66e2ceb9f1,libparking_lot-080783593a730975,libparking_lot_core-bccd0786fb787739,liblibc-612664c2206eec43,libcfg_if-83060ec5685761ae,libsmallvec-bc3128fdd57228fc,liblock_api-16d46fed645f7bff,libscopeguard-7ec2214574194454,libpin_project_lite-0a15d51c77964692,libserde_json-52a5a1e17ad40987,libmemchr-0ebdc93958defebb,libitoa-5de11b3b23bfe572,libzmij-ef63f1da73704b4c,libserde_core-21f22ac7b803fb0e}.rlib" "<sysroot>/lib/rustlib/x86_64-unknown-linux-gnu/lib/{libstd-*,libpanic_unwind-*,libobject-*,libmemchr-*,libaddr2line-*,libgimli-*,libcfg_if-*,librustc_demangle-*,libstd_detect-*,libhashbrown-*,librustc_std_workspace_alloc-*,libminiz_oxide-*,libadler2-*,libunwind-*,liblibc-*,librustc_std_workspace_core-*,liballoc-*,libcore-*,libcompiler_builtins-*}.rlib" "-Wl,-Bdynamic" "-lssl" "-lcrypto" "-lgcc_s" "-lutil" "-lrt" "-lpthread" "-lm" "-ldl" "-lc" "-L" "/opt/rustwide/target/debug/deps/rustcjzTHvU/raw-dylibs" "-B<sysroot>/lib/rustlib/x86_64-unknown-linux-gnu/bin/gcc-ld" "-fuse-ld=lld" "-Wl,--eh-frame-hdr" "-Wl,-z,noexecstack" "-L" "<sysroot>/lib/rustlib/x86_64-unknown-linux-gnu/lib" "-o" "/opt/rustwide/target/debug/deps/rules_extended_tests-722782f658df3cfc" "-Wl,--gc-sections" "-pie" "-Wl,-z,relro,-z,now" "-nodefaultlibs"
[INFO] [stdout]   = note: some arguments are omitted. use `--verbose` to show all linker arguments
[INFO] [stdout]   = note: collect2: fatal error: ld terminated with signal 9 [Killed]
[INFO] [stdout]           compilation terminated.
[INFO] [stdout]           
[INFO] [stdout] 
[INFO] [stdout] 
[INFO] [stdout] error: linking with `cc` failed: exit status: 1
[INFO] [stdout]   |
[INFO] [stdout]   = note:  "cc" "-m64" "/opt/rustwide/target/debug/deps/rustcttjzDu/symbols.o" "<3 object files omitted>" "-Wl,--as-needed" "-Wl,-Bstatic" "<sysroot>/lib/rustlib/x86_64-unknown-linux-gnu/lib/{libtest-*,libgetopts-*,librustc_std_workspace_std-*}.rlib" "/opt/rustwide/target/debug/deps/{libvkontakte-35e84071c30e615d,libreqwest-da87b547c4a971c7,librustls_pki_types-fc5637970849fdde,libzeroize-7f213bea776ca5b6,libhyper_tls-98d42ec191980e6d,libtokio_native_tls-5659cdb9acfd7579,libencoding_rs-c7a67ac351c2b19f,libmime_guess-96fc0112437da5c5,libunicase-14ef8cc0d70eefb8,libtower_http-20327547d30be943,libnative_tls-23d7026ffc4a17a7,libopenssl_probe-6b1b371432012237,libopenssl-e752776f41172200,libbitflags-6f28739f8eecf78f,libforeign_types-4fe1886d5d9265b9,libforeign_types_shared-47b443a4583fd949,libopenssl_sys-2174a9bb82e16587,liburl-59c5b58eaea220a2,libidna-df6053b38c6bb4d5,libidna_adapter-589f8dac832396a9,libicu_properties-ec6289b42539aff9,libicu_properties_data-e6cf238fc98dd59d,libicu_normalizer-de95e3e71b680b9f,libicu_normalizer_data-8fea05bee0bb4e49,libicu_collections-b30a0c5b23d3a9c1,libutf8_iter-51566bbad89f3a68,libpotential_utf-0c3d767a9fda37b1,libicu_provider-934117bcef62158a,libicu_locale_core-4b321a80321ce1b6,libtinystr-d02a5ec8458ffbfd,liblitemap-dc288f07f8f61193,libwriteable-48b3e52227924bb5,libzerovec-64453c2b57e04116,libzerotrie-86867832a79bbcc7,libyoke-477b98923d9496a9,libstable_deref_trait-63cbf3f3d3f94e56,libzerofrom-aa2bed5d30bbc07f,libthiserror-305297abc8a52265,libdashmap-a2ef911dac2b41df,libhashbrown-7535884dad52ee2f,libcrossbeam_utils-f696a08ab1e94e7a,libregex-2d1b89e4147c3bac,libregex_automata-722267ac02d077c1,libaho_corasick-b5ab6b2cbd1acbb3,libregex_syntax-6d6ee545e2ffad72,librand-d53885058137d659,librand_chacha-ef538e9aa5cddc2f,libppv_lite86-f194c8abd5acb8df,libzerocopy-1fea66547122bcc4,librand_core-86e43b95b9d88fa9,libgetrandom-f25a51f78d9871ba,libaxum-5c5ce8747279a54c,libserde_path_to_error-ceb929358e62d172,libserde_urlencoded-8b496b8bcd77153e,libryu-1f4f40e4352371e5,libform_urlencoded-58b0f0edb59b40d2,libhyper_util-13e096b271a17fc6,libbase64-32787b0325ea6df8,libpercent_encoding-fa055ecaa1e57cfa,libipnet-61ca7a5e1c2863d4,libhyper-73011db8881ea487,libwant-7a6260b9c50f1479,libtry_lock-8fa2f6971035be84,libhttparse-8c9b827b8f345444,libh2-85fb52683b83f6fd,libindexmap-b92bb9c25241b995,libequivalent-6a754676e6af62ae,libhashbrown-d7214d631586fd51,libfnv-79e2cbfbe03dcd16,libtokio_util-f5972654997ed87e,libatomic_waker-06950c8c08d2b8fa,libhttpdate-331798cefc82cc7e,libmatchit-616cb01453b9e7d4,libserde-0e6778ac27690a20,libaxum_core-25a94f5dbe9889ca,libmime-0188e0814ca7ddbf,libhttp_body_util-4c062f446893de2a,libhttp_body-7456ed1522344ebf,libhttp-c02de8dcf5641f93,libtracing-096fc5271b090822,liblog-1367470a129d2e36,libtracing_core-d26029c784af5925,libonce_cell-b5bdc597ed9676b3,libtower-75f7b0718a4bb92a,libsync_wrapper-6bdfbc29c4269203,libtower_layer-d908dd771b239ecd,libtower_service-3fb88d28c2218805,libfutures-d4d5438792c6a3f1,libfutures_executor-43b934a2caca7559,libfutures_util-919814dacf91c248,libfutures_io-a8805bd12b2ab705,libslab-0582d648e59ab406,libfutures_channel-04b287164a72dbf0,libfutures_sink-3971bde37bb30e19,libfutures_task-36f327cfab86eddc,libasync_stream-17d86ef5fef7654b,libfutures_core-1121ff913ed87f93,libtokio-79c6a7058a38b923,libsignal_hook_registry-97fb91977beb15cc,liberrno-40a43d7c8a9b8122,libsocket2-73b9b85db3553b3d,libbytes-2ed9460101f17bbf,libmio-43415d66e2ceb9f1,libparking_lot-080783593a730975,libparking_lot_core-bccd0786fb787739,liblibc-612664c2206eec43,libcfg_if-83060ec5685761ae,libsmallvec-bc3128fdd57228fc,liblock_api-16d46fed645f7bff,libscopeguard-7ec2214574194454,libpin_project_lite-0a15d51c77964692,libserde_json-52a5a1e17ad40987,libmemchr-0ebdc93958defebb,libitoa-5de11b3b23bfe572,libzmij-ef63f1da73704b4c,libserde_core-21f22ac7b803fb0e}.rlib" "<sysroot>/lib/rustlib/x86_64-unknown-linux-gnu/lib/{libstd-*,libpanic_unwind-*,libobject-*,libmemchr-*,libaddr2line-*,libgimli-*,libcfg_if-*,librustc_demangle-*,libstd_detect-*,libhashbrown-*,librustc_std_workspace_alloc-*,libminiz_oxide-*,libadler2-*,libunwind-*,liblibc-*,librustc_std_workspace_core-*,liballoc-*,libcore-*,libcompiler_builtins-*}.rlib" "-Wl,-Bdynamic" "-lssl" "-lcrypto" "-lgcc_s" "-lutil" "-lrt" "-lpthread" "-lm" "-ldl" "-lc" "-L" "/opt/rustwide/target/debug/deps/rustcttjzDu/raw-dylibs" "-B<sysroot>/lib/rustlib/x86_64-unknown-linux-gnu/bin/gcc-ld" "-fuse-ld=lld" "-Wl,--eh-frame-hdr" "-Wl,-z,noexecstack" "-L" "<sysroot>/lib/rustlib/x86_64-unknown-linux-gnu/lib" "-o" "/opt/rustwide/target/debug/deps/payload_validator_tests-0a69ffa6ee2e2706" "-Wl,--gc-sections" "-pie" "-Wl,-z,relro,-z,now" "-nodefaultlibs"
[INFO] [stdout]   = note: some arguments are omitted. use `--verbose` to show all linker arguments
[INFO] [stdout]   = note: collect2: fatal error: ld terminated with signal 9 [Killed]
[INFO] [stdout]           compilation terminated.
[INFO] [stdout]           
[INFO] [stdout] 
[INFO] [stdout] 
[INFO] [stderr] error: could not compile `vkontakte` (test "rules_extended_tests") due to 1 previous error
[INFO] [stderr] error: could not compile `vkontakte` (test "payload_validator_tests") due to 1 previous error
[INFO] [stdout] error: linking with `cc` failed: exit status: 1
[INFO] [stdout]   |
[INFO] [stdout]   = note:  "cc" "-m64" "/opt/rustwide/target/debug/deps/rustcLD5rEL/symbols.o" "<3 object files omitted>" "-Wl,--as-needed" "-Wl,-Bstatic" "<sysroot>/lib/rustlib/x86_64-unknown-linux-gnu/lib/{libtest-*,libgetopts-*,librustc_std_workspace_std-*}.rlib" "/opt/rustwide/target/debug/deps/{libvkontakte-35e84071c30e615d,libreqwest-da87b547c4a971c7,librustls_pki_types-fc5637970849fdde,libzeroize-7f213bea776ca5b6,libhyper_tls-98d42ec191980e6d,libtokio_native_tls-5659cdb9acfd7579,libencoding_rs-c7a67ac351c2b19f,libmime_guess-96fc0112437da5c5,libunicase-14ef8cc0d70eefb8,libtower_http-20327547d30be943,libnative_tls-23d7026ffc4a17a7,libopenssl_probe-6b1b371432012237,libopenssl-e752776f41172200,libbitflags-6f28739f8eecf78f,libforeign_types-4fe1886d5d9265b9,libforeign_types_shared-47b443a4583fd949,libopenssl_sys-2174a9bb82e16587,liburl-59c5b58eaea220a2,libidna-df6053b38c6bb4d5,libidna_adapter-589f8dac832396a9,libicu_properties-ec6289b42539aff9,libicu_properties_data-e6cf238fc98dd59d,libicu_normalizer-de95e3e71b680b9f,libicu_normalizer_data-8fea05bee0bb4e49,libicu_collections-b30a0c5b23d3a9c1,libutf8_iter-51566bbad89f3a68,libpotential_utf-0c3d767a9fda37b1,libicu_provider-934117bcef62158a,libicu_locale_core-4b321a80321ce1b6,libtinystr-d02a5ec8458ffbfd,liblitemap-dc288f07f8f61193,libwriteable-48b3e52227924bb5,libzerovec-64453c2b57e04116,libzerotrie-86867832a79bbcc7,libyoke-477b98923d9496a9,libstable_deref_trait-63cbf3f3d3f94e56,libzerofrom-aa2bed5d30bbc07f,libthiserror-305297abc8a52265,libdashmap-a2ef911dac2b41df,libhashbrown-7535884dad52ee2f,libcrossbeam_utils-f696a08ab1e94e7a,libregex-2d1b89e4147c3bac,libregex_automata-722267ac02d077c1,libaho_corasick-b5ab6b2cbd1acbb3,libregex_syntax-6d6ee545e2ffad72,librand-d53885058137d659,librand_chacha-ef538e9aa5cddc2f,libppv_lite86-f194c8abd5acb8df,libzerocopy-1fea66547122bcc4,librand_core-86e43b95b9d88fa9,libgetrandom-f25a51f78d9871ba,libaxum-5c5ce8747279a54c,libserde_path_to_error-ceb929358e62d172,libserde_urlencoded-8b496b8bcd77153e,libryu-1f4f40e4352371e5,libform_urlencoded-58b0f0edb59b40d2,libhyper_util-13e096b271a17fc6,libbase64-32787b0325ea6df8,libpercent_encoding-fa055ecaa1e57cfa,libipnet-61ca7a5e1c2863d4,libhyper-73011db8881ea487,libwant-7a6260b9c50f1479,libtry_lock-8fa2f6971035be84,libhttparse-8c9b827b8f345444,libh2-85fb52683b83f6fd,libindexmap-b92bb9c25241b995,libequivalent-6a754676e6af62ae,libhashbrown-d7214d631586fd51,libfnv-79e2cbfbe03dcd16,libtokio_util-f5972654997ed87e,libatomic_waker-06950c8c08d2b8fa,libhttpdate-331798cefc82cc7e,libmatchit-616cb01453b9e7d4,libserde-0e6778ac27690a20,libaxum_core-25a94f5dbe9889ca,libmime-0188e0814ca7ddbf,libhttp_body_util-4c062f446893de2a,libhttp_body-7456ed1522344ebf,libhttp-c02de8dcf5641f93,libtracing-096fc5271b090822,liblog-1367470a129d2e36,libtracing_core-d26029c784af5925,libonce_cell-b5bdc597ed9676b3,libtower-75f7b0718a4bb92a,libsync_wrapper-6bdfbc29c4269203,libtower_layer-d908dd771b239ecd,libtower_service-3fb88d28c2218805,libfutures-d4d5438792c6a3f1,libfutures_executor-43b934a2caca7559,libfutures_util-919814dacf91c248,libfutures_io-a8805bd12b2ab705,libslab-0582d648e59ab406,libfutures_channel-04b287164a72dbf0,libfutures_sink-3971bde37bb30e19,libfutures_task-36f327cfab86eddc,libasync_stream-17d86ef5fef7654b,libfutures_core-1121ff913ed87f93,libtokio-79c6a7058a38b923,libsignal_hook_registry-97fb91977beb15cc,liberrno-40a43d7c8a9b8122,libsocket2-73b9b85db3553b3d,libbytes-2ed9460101f17bbf,libmio-43415d66e2ceb9f1,libparking_lot-080783593a730975,libparking_lot_core-bccd0786fb787739,liblibc-612664c2206eec43,libcfg_if-83060ec5685761ae,libsmallvec-bc3128fdd57228fc,liblock_api-16d46fed645f7bff,libscopeguard-7ec2214574194454,libpin_project_lite-0a15d51c77964692,libserde_json-52a5a1e17ad40987,libmemchr-0ebdc93958defebb,libitoa-5de11b3b23bfe572,libzmij-ef63f1da73704b4c,libserde_core-21f22ac7b803fb0e}.rlib" "<sysroot>/lib/rustlib/x86_64-unknown-linux-gnu/lib/{libstd-*,libpanic_unwind-*,libobject-*,libmemchr-*,libaddr2line-*,libgimli-*,libcfg_if-*,librustc_demangle-*,libstd_detect-*,libhashbrown-*,librustc_std_workspace_alloc-*,libminiz_oxide-*,libadler2-*,libunwind-*,liblibc-*,librustc_std_workspace_core-*,liballoc-*,libcore-*,libcompiler_builtins-*}.rlib" "-Wl,-Bdynamic" "-lssl" "-lcrypto" "-lgcc_s" "-lutil" "-lrt" "-lpthread" "-lm" "-ldl" "-lc" "-L" "/opt/rustwide/target/debug/deps/rustcLD5rEL/raw-dylibs" "-B<sysroot>/lib/rustlib/x86_64-unknown-linux-gnu/bin/gcc-ld" "-fuse-ld=lld" "-Wl,--eh-frame-hdr" "-Wl,-z,noexecstack" "-L" "<sysroot>/lib/rustlib/x86_64-unknown-linux-gnu/lib" "-o" "/opt/rustwide/target/debug/deps/rules_tests-001b1406dc13f548" "-Wl,--gc-sections" "-pie" "-Wl,-z,relro,-z,now" "-nodefaultlibs"
[INFO] [stdout]   = note: some arguments are omitted. use `--verbose` to show all linker arguments
[INFO] [stdout]   = note: collect2: fatal error: ld terminated with signal 9 [Killed]
[INFO] [stdout]           compilation terminated.
[INFO] [stdout]           
[INFO] [stdout] 
[INFO] [stdout] 
[INFO] [stderr] error: could not compile `vkontakte` (test "rules_tests") due to 1 previous error
[INFO] running `Command { std: "docker" "inspect" "538847ba8317aed3b653541b38adcea4879bb8314ea1f60b1305a1018cb5d0d1", kill_on_drop: false }`
[INFO] running `Command { std: "docker" "rm" "-f" "538847ba8317aed3b653541b38adcea4879bb8314ea1f60b1305a1018cb5d0d1", kill_on_drop: false }`
[INFO] [stdout] 538847ba8317aed3b653541b38adcea4879bb8314ea1f60b1305a1018cb5d0d1
