[INFO] fetching crate vize_impeto 0.429.1...
[INFO] testing vize_impeto-0.429.1 against 1.99.0-beta.8 for beta-1.100-2
[INFO] extracting crate vize_impeto 0.429.1 into /workspace/builds/worker-0-tc1/source
[INFO] started tweaking crates.io crate vize_impeto 0.429.1
[INFO] removed 0 missing tests
[INFO] finished tweaking crates.io crate vize_impeto 0.429.1
[INFO] tweaked toml for crates.io crate vize_impeto 0.429.1 written to /workspace/builds/worker-0-tc1/source/Cargo.toml
[INFO] validating manifest of crates.io crate vize_impeto 0.429.1 on toolchain 1.99.0-beta.8
[INFO] running `Command { std: CARGO_HOME="/workspace/cargo-home" RUSTUP_HOME="/workspace/rustup-home" "/workspace/cargo-home/bin/cargo" "+1.99.0-beta.8" "metadata" "--manifest-path" "Cargo.toml" "--no-deps", kill_on_drop: false }`
[INFO] crate crates.io crate vize_impeto 0.429.1 already has a lockfile, it will not be regenerated
[INFO] running `Command { std: CARGO_HOME="/workspace/cargo-home" RUSTUP_HOME="/workspace/rustup-home" "/workspace/cargo-home/bin/cargo" "+1.99.0-beta.8" "fetch" "--manifest-path" "Cargo.toml", kill_on_drop: false }`
[INFO] [stderr]     Blocking waiting for file lock on package cache
[INFO] [stderr]     Updating crates.io index
[INFO] [stderr]     Blocking waiting for file lock on package cache
[INFO] [stderr]  Downloading crates ...
[INFO] [stderr]   Downloaded vize_davinci_derive v0.429.1
[INFO] [stderr]   Downloaded vize_carton v0.429.1
[INFO] [stderr]   Downloaded vize_davinci v0.429.1
[INFO] running `Command { std: "docker" "create" "-v" "/var/lib/crater-agent-workspace/builds/worker-0-tc1/source:/opt/rustwide/workdir:ro,Z" "-v" "/var/lib/crater-agent-workspace/builds/worker-0-tc1/target:/opt/rustwide/target:rw,Z" "-v" "/var/lib/crater-agent-workspace/cargo-home:/opt/rustwide/cargo-home:ro,Z" "-v" "/var/lib/crater-agent-workspace/rustup-home:/opt/rustwide/rustup-home:ro,Z" "-m" "1610612736" "--network" "none" "ghcr.io/rust-lang/crates-build-env/linux@sha256:3111399a4047eeb3a02b7a90e478d715f38a8c6669b5c4b49d30a17385265909" "sleep" "infinity", kill_on_drop: false }`
[INFO] [stdout] ef3018ff0b8d1f6482052be20836c3988dab3b7ba67d654602801a25aed51f4c
[INFO] running `Command { std: "docker" "start" "ef3018ff0b8d1f6482052be20836c3988dab3b7ba67d654602801a25aed51f4c", kill_on_drop: false }`
[INFO] running `Command { std: "docker" "inspect" "ef3018ff0b8d1f6482052be20836c3988dab3b7ba67d654602801a25aed51f4c", kill_on_drop: false }`
[INFO] running `Command { std: "docker" "exec" "-e" "SOURCE_DIR=/opt/rustwide/workdir" "-e" "CARGO_HOME=/opt/rustwide/cargo-home" "-e" "RUSTUP_HOME=/opt/rustwide/rustup-home" "-e" "CARGO_TARGET_DIR=/opt/rustwide/target" "-w" "/opt/rustwide/workdir" "--user" "0:0" "ef3018ff0b8d1f6482052be20836c3988dab3b7ba67d654602801a25aed51f4c" "/opt/rustwide/cargo-home/bin/cargo" "+1.99.0-beta.8" "metadata" "--no-deps" "--format-version=1", kill_on_drop: false }`
[INFO] running `Command { std: "docker" "inspect" "ef3018ff0b8d1f6482052be20836c3988dab3b7ba67d654602801a25aed51f4c", kill_on_drop: false }`
[INFO] running `Command { std: "docker" "exec" "-e" "SOURCE_DIR=/opt/rustwide/workdir" "-e" "CARGO_HOME=/opt/rustwide/cargo-home" "-e" "RUSTUP_HOME=/opt/rustwide/rustup-home" "-e" "CARGO_TARGET_DIR=/opt/rustwide/target" "-e" "CARGO_INCREMENTAL=0" "-e" "RUST_BACKTRACE=full" "-e" "RUSTFLAGS=--cap-lints=warn" "-e" "RUSTDOCFLAGS=--cap-lints=warn" "-w" "/opt/rustwide/workdir" "--user" "0:0" "ef3018ff0b8d1f6482052be20836c3988dab3b7ba67d654602801a25aed51f4c" "/opt/rustwide/cargo-home/bin/cargo" "+1.99.0-beta.8" "build" "--frozen" "--message-format=json", kill_on_drop: false }`
[INFO] [stderr]    Compiling siphasher v1.0.3
[INFO] [stderr]    Compiling fastrand v2.4.1
[INFO] [stderr]    Compiling object v0.39.1
[INFO] [stderr]    Compiling syn v2.0.117
[INFO] [stderr]    Compiling syn v3.0.5
[INFO] [stderr]    Compiling num-traits v0.2.19
[INFO] [stderr]    Compiling cc v1.2.62
[INFO] [stderr]    Compiling allocator-api2 v0.2.21
[INFO] [stderr]    Compiling owo-colors v4.3.0
[INFO] [stderr]    Compiling oxc_data_structures v0.142.0
[INFO] [stderr]    Compiling unicode-linebreak v0.1.5
[INFO] [stderr]    Compiling smawk v0.3.2
[INFO] [stderr]    Compiling unicode-segmentation v1.13.3
[INFO] [stderr]    Compiling oxc_estree v0.142.0
[INFO] [stderr]    Compiling serde_bytes v0.11.19
[INFO] [stderr]    Compiling nonmax v0.5.5
[INFO] [stderr]    Compiling serde_json v1.0.149
[INFO] [stderr]    Compiling bitflags v2.13.1
[INFO] [stderr]    Compiling unicode-id-start v1.4.0
[INFO] [stderr]    Compiling cow-utils v0.1.3
[INFO] [stderr]    Compiling which v8.0.5
[INFO] [stderr]    Compiling xxhash-rust v0.8.18
[INFO] [stderr]    Compiling phf_shared v0.14.0
[INFO] [stderr]    Compiling phf_shared v0.13.1
[INFO] [stderr]    Compiling textwrap v0.16.2
[INFO] [stderr]    Compiling smallvec v1.15.2
[INFO] [stderr]    Compiling hashbrown v0.17.1
[INFO] [stderr]    Compiling phf_generator v0.14.0
[INFO] [stderr]    Compiling phf v0.14.0
[INFO] [stderr]    Compiling simdutf8 v0.1.5
[INFO] [stderr]    Compiling phf_generator v0.13.1
[INFO] [stderr]    Compiling rmp v0.8.15
[INFO] [stderr]    Compiling oxc_allocator v0.142.0
[INFO] [stderr]    Compiling stacker v0.1.25
[INFO] [stderr]    Compiling thiserror-impl v2.0.20
[INFO] [stderr]    Compiling oxc_ast_macros v0.142.0
[INFO] [stderr]    Compiling serde_derive v1.0.228
[INFO] [stderr]    Compiling oxc-miette-derive v3.0.1
[INFO] [stderr]    Compiling phf_macros v0.14.0
[INFO] [stderr]    Compiling pklrust-derive v0.9.0
[INFO] [stderr]    Compiling phf_macros v0.13.1
[INFO] [stderr]    Compiling vize_davinci_derive v0.429.1
[INFO] [stderr]    Compiling thiserror v2.0.20
[INFO] [stderr]    Compiling ar_archive_writer v0.5.3
[INFO] [stderr]    Compiling oxc-miette v3.0.1
[INFO] [stderr]    Compiling phf v0.13.1
[INFO] [stderr]    Compiling psm v0.1.31
[INFO] [stderr]    Compiling serde v1.0.228
[INFO] [stderr]    Compiling compact_str v0.10.0
[INFO] [stderr]    Compiling oxc_index v5.0.0
[INFO] [stderr]    Compiling rmp-serde v1.3.1
[INFO] [stderr]    Compiling rmpv v1.3.1
[INFO] [stderr]    Compiling oxc_str v0.142.0
[INFO] [stderr]    Compiling oxc_span v0.142.0
[INFO] [stderr]    Compiling oxc_syntax v0.142.0
[INFO] [stderr]    Compiling pklrust v0.9.0
[INFO] [stderr]    Compiling vize_carton v0.429.1
[INFO] [stderr]    Compiling vize_davinci v0.429.1
[INFO] [stderr]    Compiling vize_impeto v0.429.1 (/opt/rustwide/workdir)
[INFO] [stderr]     Finished `dev` profile [unoptimized + debuginfo] target(s) in 26.03s
[INFO] running `Command { std: "docker" "inspect" "ef3018ff0b8d1f6482052be20836c3988dab3b7ba67d654602801a25aed51f4c", kill_on_drop: false }`
[INFO] running `Command { std: "docker" "exec" "-e" "SOURCE_DIR=/opt/rustwide/workdir" "-e" "CARGO_HOME=/opt/rustwide/cargo-home" "-e" "RUSTUP_HOME=/opt/rustwide/rustup-home" "-e" "CARGO_TARGET_DIR=/opt/rustwide/target" "-e" "CARGO_INCREMENTAL=0" "-e" "RUST_BACKTRACE=full" "-e" "RUSTFLAGS=--cap-lints=warn" "-e" "RUSTDOCFLAGS=--cap-lints=warn" "-w" "/opt/rustwide/workdir" "--user" "0:0" "ef3018ff0b8d1f6482052be20836c3988dab3b7ba67d654602801a25aed51f4c" "/opt/rustwide/cargo-home/bin/cargo" "+1.99.0-beta.8" "test" "--frozen" "--no-run" "--message-format=json", kill_on_drop: false }`
[INFO] [stderr]    Compiling vize_impeto v0.429.1 (/opt/rustwide/workdir)
[INFO] [stdout] error[E0433]: cannot find module or crate `toml` in this scope
[INFO] [stdout]   --> tests/optimization_budgets.rs:28:19
[INFO] [stdout]    |
[INFO] [stdout] 28 |         .and_then(toml::Value::as_integer)
[INFO] [stdout]    |                   ^^^^ use of unresolved module or unlinked crate `toml`
[INFO] [stdout]    |
[INFO] [stdout]    = help: if you wanted to use a crate named `toml`, use `cargo add toml` to add it to your `Cargo.toml`
[INFO] [stdout] 
[INFO] [stdout] 
[INFO] [stdout] error[E0433]: cannot find module or crate `toml` in this scope
[INFO] [stdout]   --> tests/optimization_budgets.rs:35:19
[INFO] [stdout]    |
[INFO] [stdout] 35 |         .and_then(toml::Value::as_str)
[INFO] [stdout]    |                   ^^^^ use of unresolved module or unlinked crate `toml`
[INFO] [stdout]    |
[INFO] [stdout]    = help: if you wanted to use a crate named `toml`, use `cargo add toml` to add it to your `Cargo.toml`
[INFO] [stdout] 
[INFO] [stdout] 
[INFO] [stdout] error[E0433]: cannot find module or crate `toml` in this scope
[INFO] [stdout]   --> tests/optimization_budgets.rs:61:19
[INFO] [stdout]    |
[INFO] [stdout] 61 |         .and_then(toml::Value::as_table)
[INFO] [stdout]    |                   ^^^^ use of unresolved module or unlinked crate `toml`
[INFO] [stdout]    |
[INFO] [stdout]    = help: if you wanted to use a crate named `toml`, use `cargo add toml` to add it to your `Cargo.toml`
[INFO] [stdout] 
[INFO] [stdout] 
[INFO] [stdout] error[E0433]: cannot find module or crate `toml` in this scope
[INFO] [stdout]   --> tests/optimization_budgets.rs:87:19
[INFO] [stdout]    |
[INFO] [stdout] 87 |         .and_then(toml::Value::as_array)
[INFO] [stdout]    |                   ^^^^ use of unresolved module or unlinked crate `toml`
[INFO] [stdout]    |
[INFO] [stdout]    = help: if you wanted to use a crate named `toml`, use `cargo add toml` to add it to your `Cargo.toml`
[INFO] [stdout] 
[INFO] [stdout] 
[INFO] [stdout] error[E0433]: cannot find module or crate `toml` in this scope
[INFO] [stdout]   --> tests/optimization_budgets.rs:23:5
[INFO] [stdout]    |
[INFO] [stdout] 23 |     toml::from_str(&text).expect("budgets.toml parses")
[INFO] [stdout]    |     ^^^^ use of unresolved module or unlinked crate `toml`
[INFO] [stdout]    |
[INFO] [stdout]    = help: if you wanted to use a crate named `toml`, use `cargo add toml` to add it to your `Cargo.toml`
[INFO] [stdout] 
[INFO] [stdout] 
[INFO] [stdout] error[E0433]: cannot find module or crate `toml` in this scope
[INFO] [stdout]   --> tests/optimization_budgets.rs:16:17
[INFO] [stdout]    |
[INFO] [stdout] 16 | fn budgets() -> toml::Value {
[INFO] [stdout]    |                 ^^^^ use of unresolved module or unlinked crate `toml`
[INFO] [stdout]    |
[INFO] [stdout]    = help: if you wanted to use a crate named `toml`, use `cargo add toml` to add it to your `Cargo.toml`
[INFO] [stdout] 
[INFO] [stdout] 
[INFO] [stdout] error[E0433]: cannot find module or crate `toml` in this scope
[INFO] [stdout]   --> tests/optimization_budgets.rs:39:20
[INFO] [stdout]    |
[INFO] [stdout] 39 | fn parse_row(row: &toml::Value) -> OptimizationBudget {
[INFO] [stdout]    |                    ^^^^ use of unresolved module or unlinked crate `toml`
[INFO] [stdout]    |
[INFO] [stdout]    = help: if you wanted to use a crate named `toml`, use `cargo add toml` to add it to your `Cargo.toml`
[INFO] [stdout] 
[INFO] [stdout] 
[INFO] [stdout] error[E0433]: cannot find module or crate `toml` in this scope
[INFO] [stdout]   --> tests/optimization_budgets.rs:26:20
[INFO] [stdout]    |
[INFO] [stdout] 26 | fn u32_field(row: &toml::Value, field: &str) -> u32 {
[INFO] [stdout]    |                    ^^^^ use of unresolved module or unlinked crate `toml`
[INFO] [stdout]    |
[INFO] [stdout]    = help: if you wanted to use a crate named `toml`, use `cargo add toml` to add it to your `Cargo.toml`
[INFO] [stdout] 
[INFO] [stdout] 
[INFO] [stdout] error[E0433]: cannot find module or crate `toml` in this scope
[INFO] [stdout]   --> tests/optimization_budgets.rs:33:27
[INFO] [stdout]    |
[INFO] [stdout] 33 | fn str_field<'a>(row: &'a toml::Value, field: &str) -> &'a str {
[INFO] [stdout]    |                           ^^^^ use of unresolved module or unlinked crate `toml`
[INFO] [stdout]    |
[INFO] [stdout]    = help: if you wanted to use a crate named `toml`, use `cargo add toml` to add it to your `Cargo.toml`
[INFO] [stdout] 
[INFO] [stdout] 
[INFO] [stdout] For more information about this error, try `rustc --explain E0433`.
[INFO] [stdout] 
[INFO] [stderr] error: could not compile `vize_impeto` (test "optimization_budgets") due to 9 previous errors
[INFO] [stderr] warning: build failed, waiting for other jobs to finish...
[INFO] running `Command { std: "docker" "inspect" "ef3018ff0b8d1f6482052be20836c3988dab3b7ba67d654602801a25aed51f4c", kill_on_drop: false }`
[INFO] running `Command { std: "docker" "rm" "-f" "ef3018ff0b8d1f6482052be20836c3988dab3b7ba67d654602801a25aed51f4c", kill_on_drop: false }`
[INFO] [stdout] ef3018ff0b8d1f6482052be20836c3988dab3b7ba67d654602801a25aed51f4c
