[INFO] fetching crate vize_croquis 0.429.2...
[INFO] testing vize_croquis-0.429.2 against 1.99.0-beta.8 for beta-1.100-2
[INFO] extracting crate vize_croquis 0.429.2 into /workspace/builds/worker-4-tc1/source
[INFO] started tweaking crates.io crate vize_croquis 0.429.2
[INFO] removed 0 missing tests
[INFO] finished tweaking crates.io crate vize_croquis 0.429.2
[INFO] tweaked toml for crates.io crate vize_croquis 0.429.2 written to /workspace/builds/worker-4-tc1/source/Cargo.toml
[INFO] validating manifest of crates.io crate vize_croquis 0.429.2 on toolchain 1.99.0-beta.8
[INFO] running `Command { std: CARGO_HOME="/workspace/cargo-home" RUSTUP_HOME="/workspace/rustup-home" "/workspace/cargo-home/bin/cargo" "+1.99.0-beta.8" "metadata" "--manifest-path" "Cargo.toml" "--no-deps", kill_on_drop: false }`
[INFO] crate crates.io crate vize_croquis 0.429.2 already has a lockfile, it will not be regenerated
[INFO] running `Command { std: CARGO_HOME="/workspace/cargo-home" RUSTUP_HOME="/workspace/rustup-home" "/workspace/cargo-home/bin/cargo" "+1.99.0-beta.8" "fetch" "--manifest-path" "Cargo.toml", kill_on_drop: false }`
[INFO] [stderr]     Updating crates.io index
[INFO] [stderr]  Downloading crates ...
[INFO] [stderr]   Downloaded vize_l0 v0.429.2
[INFO] [stderr]   Downloaded vize_relief v0.429.2
[INFO] [stderr]   Downloaded smawk v0.3.2
[INFO] [stderr]   Downloaded cow-utils v0.1.3
[INFO] [stderr]   Downloaded oxc_ast_macros v0.142.0
[INFO] [stderr]   Downloaded vize_davinci_derive v0.429.2
[INFO] [stderr]   Downloaded pklrust-derive v0.9.0
[INFO] [stderr]   Downloaded oxc_diagnostics v0.142.0
[INFO] [stderr]   Downloaded pklrust v0.9.0
[INFO] [stderr]   Downloaded oxc_str v0.142.0
[INFO] [stderr]   Downloaded oxc-miette-derive v3.0.1
[INFO] [stderr]   Downloaded oxc_index v5.0.0
[INFO] [stderr]   Downloaded self_cell v1.2.2
[INFO] [stderr]   Downloaded index_vec v0.1.4
[INFO] [stderr]   Downloaded rmpv v1.3.1
[INFO] [stderr]   Downloaded owo-colors v4.3.0
[INFO] [stderr]   Downloaded which v8.0.5
[INFO] [stderr]   Downloaded oxc_estree v0.142.0
[INFO] [stderr]   Downloaded oxc_span v0.142.0
[INFO] [stderr]   Downloaded dragonbox_ecma v0.1.12
[INFO] [stderr]   Downloaded oxc_syntax v0.142.0
[INFO] [stderr]   Downloaded unicode-id-start v1.4.0
[INFO] [stderr]   Downloaded textwrap v0.16.2
[INFO] [stderr]   Downloaded oxc_regular_expression v0.142.0
[INFO] [stderr]   Downloaded oxc_ecmascript v0.142.0
[INFO] [stderr]   Downloaded thin-vec v0.2.20
[INFO] [stderr]   Downloaded vize_l3 v0.429.2
[INFO] [stderr]   Downloaded htmlize v1.1.0
[INFO] [stderr]   Downloaded oxc_data_structures v0.142.0
[INFO] [stderr]   Downloaded oxc_ast_visit v0.142.0
[INFO] [stderr]   Downloaded vize_armature v0.429.2
[INFO] [stderr]   Downloaded vize_l1 v0.429.2
[INFO] [stderr]   Downloaded oxc_semantic v0.142.0
[INFO] [stderr]   Downloaded compact_str v0.10.0
[INFO] [stderr]   Downloaded oxc-miette v3.0.1
[INFO] [stderr]   Downloaded oxc_allocator v0.142.0
[INFO] [stderr]   Downloaded vize_carton v0.429.2
[INFO] [stderr]   Downloaded oxc_parser v0.142.0
[INFO] [stderr]   Downloaded oxc_ast v0.142.0
[INFO] [stderr]   Downloaded vize_davinci v0.429.2
[INFO] running `Command { std: "docker" "create" "-v" "/var/lib/crater-agent-workspace/builds/worker-4-tc1/source:/opt/rustwide/workdir:ro,Z" "-v" "/var/lib/crater-agent-workspace/builds/worker-4-tc1/target:/opt/rustwide/target:rw,Z" "-v" "/var/lib/crater-agent-workspace/cargo-home:/opt/rustwide/cargo-home:ro,Z" "-v" "/var/lib/crater-agent-workspace/rustup-home:/opt/rustwide/rustup-home:ro,Z" "-m" "1610612736" "--network" "none" "ghcr.io/rust-lang/crates-build-env/linux@sha256:3111399a4047eeb3a02b7a90e478d715f38a8c6669b5c4b49d30a17385265909" "sleep" "infinity", kill_on_drop: false }`
[INFO] [stdout] eb63bcf4f41f0ea75122c354f9baa677c5eb07e4536a78845e46b2e982e59cc3
[INFO] running `Command { std: "docker" "start" "eb63bcf4f41f0ea75122c354f9baa677c5eb07e4536a78845e46b2e982e59cc3", kill_on_drop: false }`
[INFO] running `Command { std: "docker" "inspect" "eb63bcf4f41f0ea75122c354f9baa677c5eb07e4536a78845e46b2e982e59cc3", kill_on_drop: false }`
[INFO] running `Command { std: "docker" "exec" "-e" "SOURCE_DIR=/opt/rustwide/workdir" "-e" "CARGO_HOME=/opt/rustwide/cargo-home" "-e" "RUSTUP_HOME=/opt/rustwide/rustup-home" "-e" "CARGO_TARGET_DIR=/opt/rustwide/target" "-w" "/opt/rustwide/workdir" "--user" "0:0" "eb63bcf4f41f0ea75122c354f9baa677c5eb07e4536a78845e46b2e982e59cc3" "/opt/rustwide/cargo-home/bin/cargo" "+1.99.0-beta.8" "metadata" "--no-deps" "--format-version=1", kill_on_drop: false }`
[INFO] running `Command { std: "docker" "inspect" "eb63bcf4f41f0ea75122c354f9baa677c5eb07e4536a78845e46b2e982e59cc3", kill_on_drop: false }`
[INFO] running `Command { std: "docker" "exec" "-e" "SOURCE_DIR=/opt/rustwide/workdir" "-e" "CARGO_HOME=/opt/rustwide/cargo-home" "-e" "RUSTUP_HOME=/opt/rustwide/rustup-home" "-e" "CARGO_TARGET_DIR=/opt/rustwide/target" "-e" "CARGO_INCREMENTAL=0" "-e" "RUST_BACKTRACE=full" "-e" "RUSTFLAGS=--cap-lints=warn" "-e" "RUSTDOCFLAGS=--cap-lints=warn" "-w" "/opt/rustwide/workdir" "--user" "0:0" "eb63bcf4f41f0ea75122c354f9baa677c5eb07e4536a78845e46b2e982e59cc3" "/opt/rustwide/cargo-home/bin/cargo" "+1.99.0-beta.8" "build" "--frozen" "--message-format=json", kill_on_drop: false }`
[INFO] [stderr]    Compiling siphasher v1.0.3
[INFO] [stderr]    Compiling fastrand v2.4.1
[INFO] [stderr]    Compiling owo-colors v4.3.0
[INFO] [stderr]    Compiling syn v3.0.5
[INFO] [stderr]    Compiling serde_derive v1.0.228
[INFO] [stderr]    Compiling smawk v0.3.2
[INFO] [stderr]    Compiling allocator-api2 v0.2.21
[INFO] [stderr]    Compiling unicode-linebreak v0.1.5
[INFO] [stderr]    Compiling castaway v0.2.4
[INFO] [stderr]    Compiling oxc-miette-derive v3.0.1
[INFO] [stderr]    Compiling oxc_data_structures v0.142.0
[INFO] [stderr]    Compiling phf_shared v0.14.0
[INFO] [stderr]    Compiling textwrap v0.16.2
[INFO] [stderr]    Compiling static_assertions v1.1.0
[INFO] [stderr]    Compiling rustc-hash v2.1.3
[INFO] [stderr]    Compiling hashbrown v0.17.1
[INFO] [stderr]    Compiling unicode-segmentation v1.13.3
[INFO] [stderr]    Compiling phf_generator v0.14.0
[INFO] [stderr]    Compiling phf v0.14.0
[INFO] [stderr]    Compiling oxc_estree v0.142.0
[INFO] [stderr]    Compiling phf_macros v0.14.0
[INFO] [stderr]    Compiling phf_shared v0.13.1
[INFO] [stderr]    Compiling cow-utils v0.1.3
[INFO] [stderr]    Compiling dragonbox_ecma v0.1.12
[INFO] [stderr]    Compiling bitflags v2.13.1
[INFO] [stderr]    Compiling oxc_allocator v0.142.0
[INFO] [stderr]    Compiling nonmax v0.5.5
[INFO] [stderr]    Compiling object v0.39.1
[INFO] [stderr]    Compiling unicode-id-start v1.4.0
[INFO] [stderr]    Compiling phf_generator v0.13.1
[INFO] [stderr]    Compiling libc v0.2.189
[INFO] [stderr]    Compiling rmp v0.8.15
[INFO] [stderr]    Compiling phf_macros v0.13.1
[INFO] [stderr]    Compiling stacker v0.1.25
[INFO] [stderr]    Compiling serde_json v1.0.149
[INFO] [stderr]    Compiling pklrust-derive v0.9.0
[INFO] [stderr]    Compiling serde_core v1.0.228
[INFO] [stderr]    Compiling xxhash-rust v0.8.18
[INFO] [stderr]    Compiling phf v0.13.1
[INFO] [stderr]    Compiling simdutf8 v0.1.5
[INFO] [stderr]    Compiling phf_codegen v0.13.1
[INFO] [stderr]    Compiling vize_davinci_derive v0.429.2
[INFO] [stderr]    Compiling num-bigint v0.5.1
[INFO] [stderr]    Compiling pastey v0.1.1
[INFO] [stderr]    Compiling which v8.0.5
[INFO] [stderr]    Compiling aho-corasick v1.1.4
[INFO] [stderr]    Compiling regex-syntax v0.8.11
[INFO] [stderr]    Compiling seq-macro v0.3.6
[INFO] [stderr]    Compiling serde v1.0.228
[INFO] [stderr]    Compiling itertools v0.15.0
[INFO] [stderr]    Compiling compact_str v0.10.0
[INFO] [stderr]    Compiling oxc_index v5.0.0
[INFO] [stderr]    Compiling thiserror-impl v2.0.20
[INFO] [stderr]    Compiling oxc_str v0.142.0
[INFO] [stderr]    Compiling oxc_ast_macros v0.142.0
[INFO] [stderr]    Compiling smallvec v1.15.2
[INFO] [stderr]    Compiling rmp-serde v1.3.1
[INFO] [stderr]    Compiling rmpv v1.3.1
[INFO] [stderr]    Compiling parking_lot_core v0.9.12
[INFO] [stderr]    Compiling regex-automata v0.4.18
[INFO] [stderr]    Compiling ar_archive_writer v0.5.3
[INFO] [stderr]    Compiling hashbrown v0.14.5
[INFO] [stderr]    Compiling self_cell v1.2.2
[INFO] [stderr]    Compiling thin-vec v0.2.20
[INFO] [stderr]    Compiling index_vec v0.1.4
[INFO] [stderr]    Compiling thiserror v2.0.20
[INFO] [stderr]    Compiling oxc-miette v3.0.1
[INFO] [stderr]    Compiling pklrust v0.9.0
[INFO] [stderr]    Compiling dashmap v6.2.1
[INFO] [stderr]    Compiling psm v0.1.31
[INFO] [stderr]    Compiling htmlize v1.1.0
[INFO] [stderr]    Compiling oxc_span v0.142.0
[INFO] [stderr]    Compiling oxc_diagnostics v0.142.0
[INFO] [stderr]    Compiling oxc_syntax v0.142.0
[INFO] [stderr]    Compiling oxc_regular_expression v0.142.0
[INFO] [stderr]    Compiling vize_carton v0.429.2
[INFO] [stderr]    Compiling oxc_ast v0.142.0
[INFO] [stderr]    Compiling regex v1.13.1
[INFO] [stderr]    Compiling vize_l0 v0.429.2
[INFO] [stderr]    Compiling vize_davinci v0.429.2
[INFO] [stderr]    Compiling vize_l3 v0.429.2
[INFO] [stderr]    Compiling oxc_ast_visit v0.142.0
[INFO] [stderr]    Compiling oxc_ecmascript v0.142.0
[INFO] [stderr]    Compiling oxc_parser v0.142.0
[INFO] [stderr]    Compiling vize_relief v0.429.2
[INFO] [stderr]    Compiling oxc_semantic v0.142.0
[INFO] [stderr]    Compiling vize_l1 v0.429.2
[INFO] [stderr]    Compiling vize_armature v0.429.2
[INFO] [stderr]    Compiling vize_croquis v0.429.2 (/opt/rustwide/workdir)
[INFO] [stderr]     Finished `dev` profile [unoptimized + debuginfo] target(s) in 2m 01s
[INFO] running `Command { std: "docker" "inspect" "eb63bcf4f41f0ea75122c354f9baa677c5eb07e4536a78845e46b2e982e59cc3", kill_on_drop: false }`
[INFO] running `Command { std: "docker" "exec" "-e" "SOURCE_DIR=/opt/rustwide/workdir" "-e" "CARGO_HOME=/opt/rustwide/cargo-home" "-e" "RUSTUP_HOME=/opt/rustwide/rustup-home" "-e" "CARGO_TARGET_DIR=/opt/rustwide/target" "-e" "CARGO_INCREMENTAL=0" "-e" "RUST_BACKTRACE=full" "-e" "RUSTFLAGS=--cap-lints=warn" "-e" "RUSTDOCFLAGS=--cap-lints=warn" "-w" "/opt/rustwide/workdir" "--user" "0:0" "eb63bcf4f41f0ea75122c354f9baa677c5eb07e4536a78845e46b2e982e59cc3" "/opt/rustwide/cargo-home/bin/cargo" "+1.99.0-beta.8" "test" "--frozen" "--no-run" "--message-format=json", kill_on_drop: false }`
[INFO] [stderr]    Compiling vize_croquis v0.429.2 (/opt/rustwide/workdir)
[INFO] [stdout] error[E0433]: cannot find module or crate `vize_atelier_sfc` in this scope
[INFO] [stdout]  --> tests/declaration_ts.rs:8:5
[INFO] [stdout]   |
[INFO] [stdout] 8 | use vize_atelier_sfc::croquis::{SfcCroquisOptions, analyze_sfc_descriptor};
[INFO] [stdout]   |     ^^^^^^^^^^^^^^^^ use of unresolved module or unlinked crate `vize_atelier_sfc`
[INFO] [stdout]   |
[INFO] [stdout]   = help: if you wanted to use a crate named `vize_atelier_sfc`, use `cargo add vize_atelier_sfc` to add it to your `Cargo.toml`
[INFO] [stdout] 
[INFO] [stdout] 
[INFO] [stdout] error[E0433]: cannot find module or crate `vize_atelier_sfc` in this scope
[INFO] [stdout]  --> tests/fact_spec/runner.rs:9:5
[INFO] [stdout]   |
[INFO] [stdout] 9 | use vize_atelier_sfc::croquis::{SfcCroquisOptions, analyze_sfc_descriptor};
[INFO] [stdout]   |     ^^^^^^^^^^^^^^^^ use of unresolved module or unlinked crate `vize_atelier_sfc`
[INFO] [stdout]   |
[INFO] [stdout]   = help: if you wanted to use a crate named `vize_atelier_sfc`, use `cargo add vize_atelier_sfc` to add it to your `Cargo.toml`
[INFO] [stdout] 
[INFO] [stdout] 
[INFO] [stdout] error[E0432]: unresolved import `vize_atelier_sfc`
[INFO] [stdout]  --> tests/declaration_ts.rs:9:5
[INFO] [stdout]   |
[INFO] [stdout] 9 | use vize_atelier_sfc::{SfcParseOptions, parse_sfc};
[INFO] [stdout]   |     ^^^^^^^^^^^^^^^^ use of unresolved module or unlinked crate `vize_atelier_sfc`
[INFO] [stdout]   |
[INFO] [stdout]   = help: if you wanted to use a crate named `vize_atelier_sfc`, use `cargo add vize_atelier_sfc` to add it to your `Cargo.toml`
[INFO] [stdout] 
[INFO] [stdout] 
[INFO] [stdout] error[E0433]: cannot find module or crate `vize_atelier_sfc` in this scope
[INFO] [stdout]    --> tests/fact_spec/main.rs:167:9
[INFO] [stdout]     |
[INFO] [stdout] 167 |     use vize_atelier_sfc::croquis::{SfcCroquisOptions, analyze_sfc_descriptor};
[INFO] [stdout]     |         ^^^^^^^^^^^^^^^^ use of unresolved module or unlinked crate `vize_atelier_sfc`
[INFO] [stdout]     |
[INFO] [stdout]     = help: if you wanted to use a crate named `vize_atelier_sfc`, use `cargo add vize_atelier_sfc` to add it to your `Cargo.toml`
[INFO] [stdout] 
[INFO] [stdout] 
[INFO] [stdout] error[E0432]: unresolved import `vize_atelier_sfc`
[INFO] [stdout]   --> tests/fact_spec/runner.rs:10:5
[INFO] [stdout]    |
[INFO] [stdout] 10 | use vize_atelier_sfc::{SfcParseOptions, parse_sfc};
[INFO] [stdout]    |     ^^^^^^^^^^^^^^^^ use of unresolved module or unlinked crate `vize_atelier_sfc`
[INFO] [stdout]    |
[INFO] [stdout]    = help: if you wanted to use a crate named `vize_atelier_sfc`, use `cargo add vize_atelier_sfc` to add it to your `Cargo.toml`
[INFO] [stdout] 
[INFO] [stdout] 
[INFO] [stdout] error[E0432]: unresolved import `vize_atelier_sfc`
[INFO] [stdout]    --> tests/fact_spec/main.rs:168:9
[INFO] [stdout]     |
[INFO] [stdout] 168 |     use vize_atelier_sfc::{SfcParseOptions, parse_sfc};
[INFO] [stdout]     |         ^^^^^^^^^^^^^^^^ use of unresolved module or unlinked crate `vize_atelier_sfc`
[INFO] [stdout]     |
[INFO] [stdout]     = help: if you wanted to use a crate named `vize_atelier_sfc`, use `cargo add vize_atelier_sfc` to add it to your `Cargo.toml`
[INFO] [stdout] 
[INFO] [stdout] 
[INFO] [stdout] error[E0433]: cannot find module or crate `insta` in this scope
[INFO] [stdout]   --> tests/declaration_ts.rs:44:5
[INFO] [stdout]    |
[INFO] [stdout] 44 |     insta::assert_snapshot!("function_typed_prop_declaration", declaration.as_str());
[INFO] [stdout]    |     ^^^^^ use of unresolved module or unlinked crate `insta`
[INFO] [stdout] 
[INFO] [stdout] 
[INFO] [stdout] error[E0433]: cannot find module or crate `insta` in this scope
[INFO] [stdout]   --> tests/declaration_ts.rs:70:5
[INFO] [stdout]    |
[INFO] [stdout] 70 |     insta::assert_snapshot!("benchmark_generic_prop_declaration", declaration.as_str());
[INFO] [stdout]    |     ^^^^^ use of unresolved module or unlinked crate `insta`
[INFO] [stdout] 
[INFO] [stdout] 
[INFO] [stdout] Some errors have detailed explanations: E0432, E0433.
[INFO] [stdout] 
[INFO] [stdout] For more information about an error, try `rustc --explain E0432`.
[INFO] [stdout] 
[INFO] [stderr] error: could not compile `vize_croquis` (test "declaration_ts") due to 4 previous errors
[INFO] [stderr] warning: build failed, waiting for other jobs to finish...
[INFO] [stdout] error[E0433]: cannot find module or crate `davinci_harness` in this scope
[INFO] [stdout]   --> tests/fact_spec/main.rs:59:21
[INFO] [stdout]    |
[INFO] [stdout] 59 |     for fixture in &davinci_harness::fixtures::LADDER {
[INFO] [stdout]    |                     ^^^^^^^^^^^^^^^ use of unresolved module or unlinked crate `davinci_harness`
[INFO] [stdout]    |
[INFO] [stdout]    = help: if you wanted to use a crate named `davinci_harness`, use `cargo add davinci_harness` to add it to your `Cargo.toml`
[INFO] [stdout] 
[INFO] [stdout] 
[INFO] [stdout] Some errors have detailed explanations: E0432, E0433.
[INFO] [stdout] 
[INFO] [stdout] For more information about an error, try `rustc --explain E0432`.
[INFO] [stdout] 
[INFO] [stderr] error: could not compile `vize_croquis` (test "fact_spec") due to 5 previous errors
[INFO] [stdout] error[E0432]: unresolved import `insta`
[INFO] [stdout]   --> src/scope/chain/tests.rs:10:5
[INFO] [stdout]    |
[INFO] [stdout] 10 | use insta::assert_snapshot;
[INFO] [stdout]    |     ^^^^^ use of unresolved module or unlinked crate `insta`
[INFO] [stdout]    |
[INFO] [stdout]    = help: if you wanted to use a crate named `insta`, use `cargo add insta` to add it to your `Cargo.toml`
[INFO] [stdout] 
[INFO] [stdout] 
[INFO] [stdout] error[E0432]: unresolved import `insta`
[INFO] [stdout]   --> src/scope/types.rs:55:9
[INFO] [stdout]    |
[INFO] [stdout] 55 |     use insta::assert_snapshot;
[INFO] [stdout]    |         ^^^^^ use of unresolved module or unlinked crate `insta`
[INFO] [stdout]    |
[INFO] [stdout]    = help: if you wanted to use a crate named `insta`, use `cargo add insta` to add it to your `Cargo.toml`
[INFO] [stdout] 
[INFO] [stdout] 
[INFO] [stdout] error[E0432]: unresolved import `tempfile`
[INFO] [stdout]    --> src/import_resolver.rs:528:9
[INFO] [stdout]     |
[INFO] [stdout] 528 |     use tempfile::tempdir;
[INFO] [stdout]     |         ^^^^^^^^ use of unresolved module or unlinked crate `tempfile`
[INFO] [stdout]     |
[INFO] [stdout]     = help: if you wanted to use a crate named `tempfile`, use `cargo add tempfile` to add it to your `Cargo.toml`
[INFO] [stdout] 
[INFO] [stdout] 
[INFO] [stdout] error[E0432]: unresolved import `insta`
[INFO] [stdout]  --> src/drawer/tests/snapshots.rs:8:9
[INFO] [stdout]   |
[INFO] [stdout] 8 |     use insta::assert_snapshot;
[INFO] [stdout]   |         ^^^^^ use of unresolved module or unlinked crate `insta`
[INFO] [stdout]   |
[INFO] [stdout]   = help: if you wanted to use a crate named `insta`, use `cargo add insta` to add it to your `Cargo.toml`
[INFO] [stdout] 
[INFO] [stdout] 
[INFO] [stdout] error[E0432]: unresolved import `insta`
[INFO] [stdout]   --> src/drawer/tests/snapshots.rs:89:9
[INFO] [stdout]    |
[INFO] [stdout] 89 |     use insta::assert_snapshot;
[INFO] [stdout]    |         ^^^^^ use of unresolved module or unlinked crate `insta`
[INFO] [stdout]    |
[INFO] [stdout]    = help: if you wanted to use a crate named `insta`, use `cargo add insta` to add it to your `Cargo.toml`
[INFO] [stdout] 
[INFO] [stdout] 
[INFO] [stdout] error[E0432]: unresolved import `insta`
[INFO] [stdout]    --> src/drawer/tests/snapshots.rs:128:9
[INFO] [stdout]     |
[INFO] [stdout] 128 |     use insta::assert_snapshot;
[INFO] [stdout]     |         ^^^^^ use of unresolved module or unlinked crate `insta`
[INFO] [stdout]     |
[INFO] [stdout]     = help: if you wanted to use a crate named `insta`, use `cargo add insta` to add it to your `Cargo.toml`
[INFO] [stdout] 
[INFO] [stdout] 
[INFO] [stdout] error[E0432]: unresolved import `insta`
[INFO] [stdout]     --> src/script_parser/tests.rs:1137:9
[INFO] [stdout]      |
[INFO] [stdout] 1137 |     use insta::assert_snapshot;
[INFO] [stdout]      |         ^^^^^ use of unresolved module or unlinked crate `insta`
[INFO] [stdout]      |
[INFO] [stdout]      = help: if you wanted to use a crate named `insta`, use `cargo add insta` to add it to your `Cargo.toml`
[INFO] [stdout] 
[INFO] [stdout] 
[INFO] [stdout] error[E0432]: unresolved import `insta`
[INFO] [stdout]     --> src/script_parser/tests.rs:1208:9
[INFO] [stdout]      |
[INFO] [stdout] 1208 |     use insta::assert_snapshot;
[INFO] [stdout]      |         ^^^^^ use of unresolved module or unlinked crate `insta`
[INFO] [stdout]      |
[INFO] [stdout]      = help: if you wanted to use a crate named `insta`, use `cargo add insta` to add it to your `Cargo.toml`
[INFO] [stdout] 
[INFO] [stdout] 
[INFO] [stdout] error[E0432]: unresolved import `insta`
[INFO] [stdout]     --> src/script_parser/tests.rs:1678:9
[INFO] [stdout]      |
[INFO] [stdout] 1678 |     use insta::assert_snapshot;
[INFO] [stdout]      |         ^^^^^ use of unresolved module or unlinked crate `insta`
[INFO] [stdout]      |
[INFO] [stdout]      = help: if you wanted to use a crate named `insta`, use `cargo add insta` to add it to your `Cargo.toml`
[INFO] [stdout] 
[INFO] [stdout] 
[INFO] [stdout] error[E0433]: cannot find module or crate `insta` in this scope
[INFO] [stdout]   --> src/reactivity_overlay_tests.rs:73:5
[INFO] [stdout]    |
[INFO] [stdout] 73 |     insta::assert_snapshot!(json);
[INFO] [stdout]    |     ^^^^^ use of unresolved module or unlinked crate `insta`
[INFO] [stdout] 
[INFO] [stdout] 
[INFO] [stdout] error[E0433]: cannot find module or crate `insta` in this scope
[INFO] [stdout]   --> src/reactivity_overlay_tests.rs:30:5
[INFO] [stdout]    |
[INFO] [stdout] 30 |     insta::assert_snapshot!(json);
[INFO] [stdout]    |     ^^^^^ use of unresolved module or unlinked crate `insta`
[INFO] [stdout] 
[INFO] [stdout] 
[INFO] [stdout] error[E0433]: cannot find module or crate `insta` in this scope
[INFO] [stdout]    --> src/effect_graph_builder_tests.rs:154:5
[INFO] [stdout]     |
[INFO] [stdout] 154 |     insta::assert_snapshot!(json);
[INFO] [stdout]     |     ^^^^^ use of unresolved module or unlinked crate `insta`
[INFO] [stdout] 
[INFO] [stdout] 
[INFO] [stdout] error[E0433]: cannot find module or crate `insta` in this scope
[INFO] [stdout]    --> src/sfc/parse/tests.rs:498:5
[INFO] [stdout]     |
[INFO] [stdout] 498 |     insta::assert_debug_snapshot!(err);
[INFO] [stdout]     |     ^^^^^ use of unresolved module or unlinked crate `insta`
[INFO] [stdout] 
[INFO] [stdout] 
[INFO] [stdout] error[E0433]: cannot find module or crate `insta` in this scope
[INFO] [stdout]    --> src/sfc/parse/tests.rs:484:5
[INFO] [stdout]     |
[INFO] [stdout] 484 |     insta::assert_debug_snapshot!(result.script_setup.unwrap());
[INFO] [stdout]     |     ^^^^^ use of unresolved module or unlinked crate `insta`
[INFO] [stdout] 
[INFO] [stdout] 
[INFO] [stdout] error[E0433]: cannot find module or crate `insta` in this scope
[INFO] [stdout]    --> src/sfc/parse/tests.rs:463:5
[INFO] [stdout]     |
[INFO] [stdout] 463 |     insta::assert_debug_snapshot!(script);
[INFO] [stdout]     |     ^^^^^ use of unresolved module or unlinked crate `insta`
[INFO] [stdout] 
[INFO] [stdout] 
[INFO] [stdout] error[E0433]: cannot find module or crate `insta` in this scope
[INFO] [stdout]    --> src/sfc/parse/tests.rs:448:5
[INFO] [stdout]     |
[INFO] [stdout] 448 |     insta::assert_debug_snapshot!(script);
[INFO] [stdout]     |     ^^^^^ use of unresolved module or unlinked crate `insta`
[INFO] [stdout] 
[INFO] [stdout] 
[INFO] [stdout] error[E0433]: cannot find module or crate `insta` in this scope
[INFO] [stdout]    --> src/sfc/parse/tests.rs:426:5
[INFO] [stdout]     |
[INFO] [stdout] 426 |     insta::assert_debug_snapshot!(script);
[INFO] [stdout]     |     ^^^^^ use of unresolved module or unlinked crate `insta`
[INFO] [stdout] 
[INFO] [stdout] 
[INFO] [stdout] error[E0433]: cannot find module or crate `insta` in this scope
[INFO] [stdout]    --> src/sfc/parse/tests.rs:406:5
[INFO] [stdout]     |
[INFO] [stdout] 406 |     insta::assert_debug_snapshot!(script);
[INFO] [stdout]     |     ^^^^^ use of unresolved module or unlinked crate `insta`
[INFO] [stdout] 
[INFO] [stdout] 
[INFO] [stdout] error[E0433]: cannot find module or crate `insta` in this scope
[INFO] [stdout]    --> src/sfc/parse/tests.rs:377:5
[INFO] [stdout]     |
[INFO] [stdout] 377 |     insta::assert_debug_snapshot!(template);
[INFO] [stdout]     |     ^^^^^ use of unresolved module or unlinked crate `insta`
[INFO] [stdout] 
[INFO] [stdout] 
[INFO] [stdout] error[E0433]: cannot find module or crate `insta` in this scope
[INFO] [stdout]    --> src/sfc/parse/tests.rs:373:5
[INFO] [stdout]     |
[INFO] [stdout] 373 |     insta::assert_debug_snapshot!(script);
[INFO] [stdout]     |     ^^^^^ use of unresolved module or unlinked crate `insta`
[INFO] [stdout] 
[INFO] [stdout] 
[INFO] [stdout] error[E0433]: cannot find module or crate `insta` in this scope
[INFO] [stdout]    --> src/sfc/parse/tests.rs:347:5
[INFO] [stdout]     |
[INFO] [stdout] 347 |     insta::assert_debug_snapshot!(script);
[INFO] [stdout]     |     ^^^^^ use of unresolved module or unlinked crate `insta`
[INFO] [stdout] 
[INFO] [stdout] 
[INFO] [stdout] error[E0433]: cannot find module or crate `insta` in this scope
[INFO] [stdout]    --> src/sfc/parse/tests.rs:310:5
[INFO] [stdout]     |
[INFO] [stdout] 310 |     insta::assert_debug_snapshot!(script);
[INFO] [stdout]     |     ^^^^^ use of unresolved module or unlinked crate `insta`
[INFO] [stdout] 
[INFO] [stdout] 
[INFO] [stdout] error[E0433]: cannot find module or crate `insta` in this scope
[INFO] [stdout]    --> src/sfc/parse/tests.rs:295:5
[INFO] [stdout]     |
[INFO] [stdout] 295 |     insta::assert_debug_snapshot!(script);
[INFO] [stdout]     |     ^^^^^ use of unresolved module or unlinked crate `insta`
[INFO] [stdout] 
[INFO] [stdout] 
[INFO] [stdout] error[E0433]: cannot find module or crate `insta` in this scope
[INFO] [stdout]    --> src/sfc/parse/tests.rs:277:5
[INFO] [stdout]     |
[INFO] [stdout] 277 |     insta::assert_debug_snapshot!(script);
[INFO] [stdout]     |     ^^^^^ use of unresolved module or unlinked crate `insta`
[INFO] [stdout] 
[INFO] [stdout] 
[INFO] [stdout] error[E0433]: cannot find module or crate `insta` in this scope
[INFO] [stdout]    --> src/sfc/parse/tests.rs:263:5
[INFO] [stdout]     |
[INFO] [stdout] 263 |     insta::assert_debug_snapshot!(script);
[INFO] [stdout]     |     ^^^^^ use of unresolved module or unlinked crate `insta`
[INFO] [stdout] 
[INFO] [stdout] 
[INFO] [stdout] error[E0433]: cannot find module or crate `insta` in this scope
[INFO] [stdout]    --> src/sfc/parse/tests.rs:249:5
[INFO] [stdout]     |
[INFO] [stdout] 249 |     insta::assert_debug_snapshot!(script);
[INFO] [stdout]     |     ^^^^^ use of unresolved module or unlinked crate `insta`
[INFO] [stdout] 
[INFO] [stdout] 
[INFO] [stdout] error[E0433]: cannot find module or crate `insta` in this scope
[INFO] [stdout]    --> src/sfc/parse/tests.rs:229:5
[INFO] [stdout]     |
[INFO] [stdout] 229 |     insta::assert_debug_snapshot!(template);
[INFO] [stdout]     |     ^^^^^ use of unresolved module or unlinked crate `insta`
[INFO] [stdout] 
[INFO] [stdout] 
[INFO] [stdout] error[E0433]: cannot find module or crate `insta` in this scope
[INFO] [stdout]    --> src/sfc/parse/tests.rs:197:5
[INFO] [stdout]     |
[INFO] [stdout] 197 |     insta::assert_debug_snapshot!(template);
[INFO] [stdout]     |     ^^^^^ use of unresolved module or unlinked crate `insta`
[INFO] [stdout] 
[INFO] [stdout] 
[INFO] [stdout] error[E0433]: cannot find module or crate `insta` in this scope
[INFO] [stdout]    --> src/sfc/parse/tests.rs:181:5
[INFO] [stdout]     |
[INFO] [stdout] 181 |     insta::assert_debug_snapshot!(template);
[INFO] [stdout]     |     ^^^^^ use of unresolved module or unlinked crate `insta`
[INFO] [stdout] 
[INFO] [stdout] 
[INFO] [stdout] error[E0433]: cannot find module or crate `insta` in this scope
[INFO] [stdout]    --> src/sfc/parse/tests.rs:158:5
[INFO] [stdout]     |
[INFO] [stdout] 158 |     insta::assert_debug_snapshot!(template);
[INFO] [stdout]     |     ^^^^^ use of unresolved module or unlinked crate `insta`
[INFO] [stdout] 
[INFO] [stdout] 
[INFO] [stdout] error[E0433]: cannot find module or crate `insta` in this scope
[INFO] [stdout]    --> src/script_parser/tests.rs:349:5
[INFO] [stdout]     |
[INFO] [stdout] 349 |     insta::assert_snapshot!(output);
[INFO] [stdout]     |     ^^^^^ use of unresolved module or unlinked crate `insta`
[INFO] [stdout] 
[INFO] [stdout] 
[INFO] [stdout] error[E0433]: cannot find module or crate `insta` in this scope
[INFO] [stdout]    --> src/script_parser/tests.rs:319:5
[INFO] [stdout]     |
[INFO] [stdout] 319 |     insta::assert_snapshot!(output);
[INFO] [stdout]     |     ^^^^^ use of unresolved module or unlinked crate `insta`
[INFO] [stdout] 
[INFO] [stdout] 
[INFO] [stdout] error[E0433]: cannot find module or crate `insta` in this scope
[INFO] [stdout]    --> src/script_parser/tests.rs:297:5
[INFO] [stdout]     |
[INFO] [stdout] 297 |     insta::assert_debug_snapshot!(result);
[INFO] [stdout]     |     ^^^^^ use of unresolved module or unlinked crate `insta`
[INFO] [stdout] 
[INFO] [stdout] 
[INFO] [stdout] error[E0433]: cannot find module or crate `insta` in this scope
[INFO] [stdout]    --> src/script_parser/tests.rs:285:5
[INFO] [stdout]     |
[INFO] [stdout] 285 |     insta::assert_debug_snapshot!(result);
[INFO] [stdout]     |     ^^^^^ use of unresolved module or unlinked crate `insta`
[INFO] [stdout] 
[INFO] [stdout] 
[INFO] [stdout] error[E0433]: cannot find module or crate `insta` in this scope
[INFO] [stdout]    --> src/reactivity_tracking/tracker.rs:511:9
[INFO] [stdout]     |
[INFO] [stdout] 511 |         insta::assert_snapshot!(md.as_str());
[INFO] [stdout]     |         ^^^^^ use of unresolved module or unlinked crate `insta`
[INFO] [stdout] 
[INFO] [stdout] 
[INFO] [stdout] error[E0433]: cannot find module or crate `insta` in this scope
[INFO] [stdout]    --> src/drawer/tests/snapshots.rs:208:5
[INFO] [stdout]     |
[INFO] [stdout] 208 |     insta::assert_debug_snapshot!(expressions);
[INFO] [stdout]     |     ^^^^^ use of unresolved module or unlinked crate `insta`
[INFO] [stdout] 
[INFO] [stdout] 
[INFO] [stdout] error[E0433]: cannot find module or crate `insta` in this scope
[INFO] [stdout]   --> src/drawer/tests/script.rs:19:5
[INFO] [stdout]    |
[INFO] [stdout] 19 |     insta::assert_debug_snapshot!(summary);
[INFO] [stdout]    |     ^^^^^ use of unresolved module or unlinked crate `insta`
[INFO] [stdout] 
[INFO] [stdout] 
[INFO] [stdout] error[E0433]: cannot find module or crate `insta` in this scope
[INFO] [stdout]    --> src/drawer/template/tests.rs:333:5
[INFO] [stdout]     |
[INFO] [stdout] 333 |     insta::assert_debug_snapshot!(expressions);
[INFO] [stdout]     |     ^^^^^ use of unresolved module or unlinked crate `insta`
[INFO] [stdout] 
[INFO] [stdout] 
[INFO] [stdout] warning: unused import: `BlockKind`
[INFO] [stdout]   --> src/scope/types.rs:54:17
[INFO] [stdout]    |
[INFO] [stdout] 54 |     use super::{BlockKind, JsRuntime, ScopeBinding, ScopeData, ScopeId, ScopeKind, Span};
[INFO] [stdout]    |                 ^^^^^^^^^
[INFO] [stdout]    |
[INFO] [stdout]    = note: `#[warn(unused_imports)]` (part of `#[warn(unused)]`) on by default
[INFO] [stdout] 
[INFO] [stdout] 
[INFO] [stdout] Some errors have detailed explanations: E0432, E0433.
[INFO] [stdout] 
[INFO] [stdout] For more information about an error, try `rustc --explain E0432`.
[INFO] [stdout] 
[INFO] [stderr] error: could not compile `vize_croquis` (lib test) due to 38 previous errors; 1 warning emitted
[INFO] running `Command { std: "docker" "inspect" "eb63bcf4f41f0ea75122c354f9baa677c5eb07e4536a78845e46b2e982e59cc3", kill_on_drop: false }`
[INFO] running `Command { std: "docker" "rm" "-f" "eb63bcf4f41f0ea75122c354f9baa677c5eb07e4536a78845e46b2e982e59cc3", kill_on_drop: false }`
[INFO] [stdout] eb63bcf4f41f0ea75122c354f9baa677c5eb07e4536a78845e46b2e982e59cc3
