[INFO] fetching crate vize_canon 0.429.2...
[INFO] testing vize_canon-0.429.2 against 1.99.0-beta.8 for beta-1.100-2
[INFO] extracting crate vize_canon 0.429.2 into /workspace/builds/worker-7-tc1/source
[INFO] started tweaking crates.io crate vize_canon 0.429.2
[INFO] removed 0 missing tests
[INFO] finished tweaking crates.io crate vize_canon 0.429.2
[INFO] tweaked toml for crates.io crate vize_canon 0.429.2 written to /workspace/builds/worker-7-tc1/source/Cargo.toml
[INFO] validating manifest of crates.io crate vize_canon 0.429.2 on toolchain 1.99.0-beta.8
[INFO] running `Command { std: CARGO_HOME="/workspace/cargo-home" RUSTUP_HOME="/workspace/rustup-home" "/workspace/cargo-home/bin/cargo" "+1.99.0-beta.8" "metadata" "--manifest-path" "Cargo.toml" "--no-deps", kill_on_drop: false }`
[INFO] crate crates.io crate vize_canon 0.429.2 already has a lockfile, it will not be regenerated
[INFO] running `Command { std: CARGO_HOME="/workspace/cargo-home" RUSTUP_HOME="/workspace/rustup-home" "/workspace/cargo-home/bin/cargo" "+1.99.0-beta.8" "fetch" "--manifest-path" "Cargo.toml", kill_on_drop: false }`
[INFO] [stderr]     Updating crates.io index
[INFO] [stderr]  Downloading crates ...
[INFO] [stderr]   Downloaded which v8.0.5
[INFO] [stderr]   Downloaded vize_l0 v0.429.2
[INFO] [stderr]   Downloaded pklrust v0.9.0
[INFO] [stderr]   Downloaded vize_relief v0.429.2
[INFO] [stderr]   Downloaded hmac-sha1-compact v1.1.7
[INFO] [stderr]   Downloaded oxc_ast_macros v0.142.0
[INFO] [stderr]   Downloaded pklrust-derive v0.9.0
[INFO] [stderr]   Downloaded corsa_lsp v1.14.0
[INFO] [stderr]   Downloaded nonmax v0.5.5
[INFO] [stderr]   Downloaded oxc_diagnostics v0.142.0
[INFO] [stderr]   Downloaded owo-colors v4.3.0
[INFO] [stderr]   Downloaded rmpv v1.3.1
[INFO] [stderr]   Downloaded index_vec v0.1.4
[INFO] [stderr]   Downloaded corsa_jsonrpc v1.14.0
[INFO] [stderr]   Downloaded vize_davinci_derive v0.429.2
[INFO] [stderr]   Downloaded corsa_runtime v1.14.0
[INFO] [stderr]   Downloaded oxc_compat v0.142.0
[INFO] [stderr]   Downloaded json-escape-simd v3.0.2
[INFO] [stderr]   Downloaded unicode-id-start v1.4.0
[INFO] [stderr]   Downloaded oxc_syntax v0.142.0
[INFO] [stderr]   Downloaded oxc_estree v0.142.0
[INFO] [stderr]   Downloaded oxc_span v0.142.0
[INFO] [stderr]   Downloaded oxc_index v5.0.0
[INFO] [stderr]   Downloaded cow-utils v0.1.3
[INFO] [stderr]   Downloaded oxc_str v0.142.0
[INFO] [stderr]   Downloaded oxc-miette-derive v3.0.1
[INFO] [stderr]   Downloaded corsa_client v1.14.0
[INFO] [stderr]   Downloaded oxc_data_structures v0.142.0
[INFO] [stderr]   Downloaded vize_l3 v0.429.2
[INFO] [stderr]   Downloaded junction v2.0.0
[INFO] [stderr]   Downloaded corsa_orchestrator v1.14.0
[INFO] [stderr]   Downloaded thin-vec v0.2.20
[INFO] [stderr]   Downloaded vize_l2_to_l3 v0.429.2
[INFO] [stderr]   Downloaded dragonbox_ecma v0.1.12
[INFO] [stderr]   Downloaded oxc_sourcemap v8.1.2
[INFO] [stderr]   Downloaded oxc_regular_expression v0.142.0
[INFO] [stderr]   Downloaded vize_armature v0.429.2
[INFO] [stderr]   Downloaded oxc_codegen v0.142.0
[INFO] [stderr]   Downloaded corsa v1.14.0
[INFO] [stderr]   Downloaded oxc_ast_visit v0.142.0
[INFO] [stderr]   Downloaded oxc_ecmascript v0.142.0
[INFO] [stderr]   Downloaded htmlize v1.1.0
[INFO] [stderr]   Downloaded num-bigint v0.5.1
[INFO] [stderr]   Downloaded vize_l1 v0.429.2
[INFO] [stderr]   Downloaded oxc_traverse v0.142.0
[INFO] [stderr]   Downloaded oxc_semantic v0.142.0
[INFO] [stderr]   Downloaded base64 v0.23.0
[INFO] [stderr]   Downloaded compact_str v0.10.0
[INFO] [stderr]   Downloaded oxc-miette v3.0.1
[INFO] [stderr]   Downloaded vize_l2 v0.429.2
[INFO] [stderr]   Downloaded vize_atelier_dom v0.429.2
[INFO] [stderr]   Downloaded oxc_allocator v0.142.0
[INFO] [stderr]   Downloaded oxc-browserslist v3.0.12
[INFO] [stderr]   Downloaded vize_atelier_ssr v0.429.2
[INFO] [stderr]   Downloaded corsa_core v1.14.0
[INFO] [stderr]   Downloaded vize_carton v0.429.2
[INFO] [stderr]   Downloaded oxc_parser v0.142.0
[INFO] [stderr]   Downloaded vize_atelier_jsx v0.429.2
[INFO] [stderr]   Downloaded vize_davinci v0.429.2
[INFO] [stderr]   Downloaded oxc_ast v0.142.0
[INFO] [stderr]   Downloaded oxc_transformer v0.142.0
[INFO] [stderr]   Downloaded vize_atelier_vapor v0.429.2
[INFO] [stderr]   Downloaded vize_atelier_core v0.429.2
[INFO] [stderr]   Downloaded vize_croquis v0.429.2
[INFO] [stderr]   Downloaded vize_l1_to_l2 v0.429.2
[INFO] [stderr]   Downloaded vize_atelier_sfc v0.429.2
[INFO] running `Command { std: "docker" "create" "-v" "/var/lib/crater-agent-workspace/builds/worker-7-tc1/source:/opt/rustwide/workdir:ro,Z" "-v" "/var/lib/crater-agent-workspace/builds/worker-7-tc1/target:/opt/rustwide/target:rw,Z" "-v" "/var/lib/crater-agent-workspace/cargo-home:/opt/rustwide/cargo-home:ro,Z" "-v" "/var/lib/crater-agent-workspace/rustup-home:/opt/rustwide/rustup-home:ro,Z" "-m" "1610612736" "--network" "none" "ghcr.io/rust-lang/crates-build-env/linux@sha256:3111399a4047eeb3a02b7a90e478d715f38a8c6669b5c4b49d30a17385265909" "sleep" "infinity", kill_on_drop: false }`
[INFO] [stdout] 3a8ae0eb76348abac96e19b6d41d5e9bec6be95f6530b46ffa24c32854fb82c2
[INFO] running `Command { std: "docker" "start" "3a8ae0eb76348abac96e19b6d41d5e9bec6be95f6530b46ffa24c32854fb82c2", kill_on_drop: false }`
[INFO] running `Command { std: "docker" "inspect" "3a8ae0eb76348abac96e19b6d41d5e9bec6be95f6530b46ffa24c32854fb82c2", kill_on_drop: false }`
[INFO] running `Command { std: "docker" "exec" "-e" "SOURCE_DIR=/opt/rustwide/workdir" "-e" "CARGO_HOME=/opt/rustwide/cargo-home" "-e" "RUSTUP_HOME=/opt/rustwide/rustup-home" "-e" "CARGO_TARGET_DIR=/opt/rustwide/target" "-w" "/opt/rustwide/workdir" "--user" "0:0" "3a8ae0eb76348abac96e19b6d41d5e9bec6be95f6530b46ffa24c32854fb82c2" "/opt/rustwide/cargo-home/bin/cargo" "+1.99.0-beta.8" "metadata" "--no-deps" "--format-version=1", kill_on_drop: false }`
[INFO] running `Command { std: "docker" "inspect" "3a8ae0eb76348abac96e19b6d41d5e9bec6be95f6530b46ffa24c32854fb82c2", kill_on_drop: false }`
[INFO] running `Command { std: "docker" "exec" "-e" "SOURCE_DIR=/opt/rustwide/workdir" "-e" "CARGO_HOME=/opt/rustwide/cargo-home" "-e" "RUSTUP_HOME=/opt/rustwide/rustup-home" "-e" "CARGO_TARGET_DIR=/opt/rustwide/target" "-e" "CARGO_INCREMENTAL=0" "-e" "RUST_BACKTRACE=full" "-e" "RUSTFLAGS=--cap-lints=warn" "-e" "RUSTDOCFLAGS=--cap-lints=warn" "-w" "/opt/rustwide/workdir" "--user" "0:0" "3a8ae0eb76348abac96e19b6d41d5e9bec6be95f6530b46ffa24c32854fb82c2" "/opt/rustwide/cargo-home/bin/cargo" "+1.99.0-beta.8" "build" "--frozen" "--message-format=json", kill_on_drop: false }`
[INFO] [stderr]    Compiling fastrand v2.4.1
[INFO] [stderr]    Compiling phf_shared v0.14.0
[INFO] [stderr]    Compiling str_indices v0.4.4
[INFO] [stderr]    Compiling allocator-api2 v0.2.21
[INFO] [stderr]    Compiling owo-colors v4.3.0
[INFO] [stderr]    Compiling smawk v0.3.2
[INFO] [stderr]    Compiling syn v2.0.117
[INFO] [stderr]    Compiling syn v3.0.5
[INFO] [stderr]    Compiling num-traits v0.2.19
[INFO] [stderr]    Compiling oxc_estree v0.142.0
[INFO] [stderr]    Compiling dragonbox_ecma v0.1.12
[INFO] [stderr]    Compiling bitflags v2.13.1
[INFO] [stderr]    Compiling cow-utils v0.1.3
[INFO] [stderr]    Compiling serde_json v1.0.149
[INFO] [stderr]    Compiling unicode-id-start v1.4.0
[INFO] [stderr]    Compiling nonmax v0.5.5
[INFO] [stderr]    Compiling memchr v2.8.3
[INFO] [stderr]    Compiling textwrap v0.16.2
[INFO] [stderr]    Compiling phf_shared v0.13.1
[INFO] [stderr]    Compiling object v0.39.1
[INFO] [stderr]    Compiling stacker v0.1.25
[INFO] [stderr]    Compiling serde_bytes v0.11.19
[INFO] [stderr]    Compiling which v8.0.5
[INFO] [stderr]    Compiling serde_core v1.0.228
[INFO] [stderr]    Compiling phf_generator v0.14.0
[INFO] [stderr]    Compiling phf v0.14.0
[INFO] [stderr]    Compiling phf_generator v0.13.1
[INFO] [stderr]    Compiling base64 v0.23.0
[INFO] [stderr]    Compiling phf v0.13.1
[INFO] [stderr]    Compiling itertools v0.15.0
[INFO] [stderr]    Compiling hashbrown v0.17.1
[INFO] [stderr]    Compiling phf_codegen v0.13.1
[INFO] [stderr]    Compiling self_cell v1.2.2
[INFO] [stderr]    Compiling miniz_oxide v0.9.1
[INFO] [stderr]    Compiling oxc_sourcemap v8.1.2
[INFO] [stderr]    Compiling base64-simd v0.8.0
[INFO] [stderr]    Compiling aho-corasick v1.1.4
[INFO] [stderr]    Compiling json-escape-simd v3.0.2
[INFO] [stderr]    Compiling hmac-sha1-compact v1.1.7
[INFO] [stderr]    Compiling typenum v1.20.0
[INFO] [stderr]    Compiling rmp v0.8.15
[INFO] [stderr]    Compiling num-integer v0.1.46
[INFO] [stderr]    Compiling index_vec v0.1.4
[INFO] [stderr]    Compiling thin-vec v0.2.20
[INFO] [stderr]    Compiling fluent-uri v0.1.4
[INFO] [stderr]    Compiling num-bigint v0.5.1
[INFO] [stderr]    Compiling crossbeam-epoch v0.9.20
[INFO] [stderr]    Compiling const-oid v0.10.2
[INFO] [stderr]    Compiling indexmap v2.14.0
[INFO] [stderr]    Compiling option-ext v0.2.0
[INFO] [stderr]    Compiling rustix v1.1.4
[INFO] [stderr]    Compiling glob v0.3.4
[INFO] [stderr]    Compiling dirs-sys v0.5.0
[INFO] [stderr]    Compiling dirs v6.0.0
[INFO] [stderr]    Compiling crossbeam-deque v0.8.6
[INFO] [stderr]    Compiling hybrid-array v0.4.10
[INFO] [stderr]    Compiling rayon-core v1.13.0
[INFO] [stderr]    Compiling regex-automata v0.4.18
[INFO] [stderr]    Compiling rayon v1.12.0
[INFO] [stderr]    Compiling tempfile v3.27.0
[INFO] [stderr]    Compiling block-buffer v0.12.0
[INFO] [stderr]    Compiling crypto-common v0.2.1
[INFO] [stderr]    Compiling digest v0.11.2
[INFO] [stderr]    Compiling sha2 v0.11.0
[INFO] [stderr]    Compiling thiserror-impl v2.0.20
[INFO] [stderr]    Compiling oxc_ast_macros v0.142.0
[INFO] [stderr]    Compiling serde_derive v1.0.228
[INFO] [stderr]    Compiling phf_macros v0.14.0
[INFO] [stderr]    Compiling oxc-miette-derive v3.0.1
[INFO] [stderr]    Compiling phf_macros v0.13.1
[INFO] [stderr]    Compiling pklrust-derive v0.9.0
[INFO] [stderr]    Compiling vize_davinci_derive v0.429.2
[INFO] [stderr]    Compiling serde_repr v0.1.20
[INFO] [stderr]    Compiling futures-macro v0.3.32
[INFO] [stderr]    Compiling tracing-attributes v0.1.31
[INFO] [stderr]    Compiling regex v1.13.1
[INFO] [stderr]    Compiling htmlize v1.1.0
[INFO] [stderr]    Compiling thiserror v2.0.20
[INFO] [stderr]    Compiling cobs v0.3.0
[INFO] [stderr]    Compiling futures-util v0.3.32
[INFO] [stderr]    Compiling tracing v0.1.44
[INFO] [stderr]    Compiling oxc-miette v3.0.1
[INFO] [stderr]    Compiling ar_archive_writer v0.5.3
[INFO] [stderr]    Compiling oxc_diagnostics v0.142.0
[INFO] [stderr]    Compiling psm v0.1.31
[INFO] [stderr]    Compiling serde v1.0.228
[INFO] [stderr]    Compiling smallvec v1.15.2
[INFO] [stderr]    Compiling compact_str v0.10.0
[INFO] [stderr]    Compiling oxc_index v5.0.0
[INFO] [stderr]    Compiling rmpv v1.3.1
[INFO] [stderr]    Compiling rmp-serde v1.3.1
[INFO] [stderr]    Compiling postcard v1.1.3
[INFO] [stderr]    Compiling lsp-types v0.97.0
[INFO] [stderr]    Compiling oxc-browserslist v3.0.12
[INFO] [stderr]    Compiling ropey v1.6.1
[INFO] [stderr]    Compiling parking_lot_core v0.9.12
[INFO] [stderr]    Compiling corsa_runtime v1.14.0
[INFO] [stderr]    Compiling corsa_core v1.14.0
[INFO] [stderr]    Compiling dashmap v6.2.1
[INFO] [stderr]    Compiling parking_lot v0.12.5
[INFO] [stderr]    Compiling pklrust v0.9.0
[INFO] [stderr]    Compiling oxc_data_structures v0.142.0
[INFO] [stderr]    Compiling oxc_allocator v0.142.0
[INFO] [stderr]    Compiling oxc_str v0.142.0
[INFO] [stderr]    Compiling oxc_span v0.142.0
[INFO] [stderr]    Compiling futures-executor v0.3.32
[INFO] [stderr]    Compiling oxc_syntax v0.142.0
[INFO] [stderr]    Compiling oxc_regular_expression v0.142.0
[INFO] [stderr]    Compiling futures v0.3.32
[INFO] [stderr]    Compiling corsa_jsonrpc v1.14.0
[INFO] [stderr]    Compiling vize_carton v0.429.2
[INFO] [stderr]    Compiling oxc_compat v0.142.0
[INFO] [stderr]    Compiling oxc_ast v0.142.0
[INFO] [stderr]    Compiling vize_l0 v0.429.2
[INFO] [stderr]    Compiling vize_davinci v0.429.2
[INFO] [stderr]    Compiling vize_l3 v0.429.2
[INFO] [stderr]    Compiling oxc_ecmascript v0.142.0
[INFO] [stderr]    Compiling oxc_ast_visit v0.142.0
[INFO] [stderr]    Compiling oxc_parser v0.142.0
[INFO] [stderr]    Compiling oxc_semantic v0.142.0
[INFO] [stderr]    Compiling vize_relief v0.429.2
[INFO] [stderr]    Compiling vize_l1 v0.429.2
[INFO] [stderr]    Compiling corsa_client v1.14.0
[INFO] [stderr]    Compiling corsa_lsp v1.14.0
[INFO] [stderr]    Compiling oxc_traverse v0.142.0
[INFO] [stderr]    Compiling oxc_codegen v0.142.0
[INFO] [stderr]    Compiling vize_l2 v0.429.2
[INFO] [stderr]    Compiling vize_armature v0.429.2
[INFO] [stderr]    Compiling vize_croquis v0.429.2
[INFO] [stderr]    Compiling vize_l2_to_l3 v0.429.2
[INFO] [stderr]    Compiling corsa_orchestrator v1.14.0
[INFO] [stderr]    Compiling oxc_transformer v0.142.0
[INFO] [stderr]    Compiling corsa v1.14.0
[INFO] [stderr]    Compiling vize_atelier_core v0.429.2
[INFO] [stderr]    Compiling vize_l1_to_l2 v0.429.2
[INFO] [stderr]    Compiling vize_atelier_ssr v0.429.2
[INFO] [stderr]    Compiling vize_atelier_vapor v0.429.2
[INFO] [stderr]    Compiling vize_atelier_dom v0.429.2
[INFO] [stderr]    Compiling vize_atelier_sfc v0.429.2
[INFO] [stderr]    Compiling vize_atelier_jsx v0.429.2
[INFO] [stderr]    Compiling vize_canon v0.429.2 (/opt/rustwide/workdir)
[INFO] [stderr]     Finished `dev` profile [unoptimized + debuginfo] target(s) in 2m 14s
[INFO] running `Command { std: "docker" "inspect" "3a8ae0eb76348abac96e19b6d41d5e9bec6be95f6530b46ffa24c32854fb82c2", kill_on_drop: false }`
[INFO] running `Command { std: "docker" "exec" "-e" "SOURCE_DIR=/opt/rustwide/workdir" "-e" "CARGO_HOME=/opt/rustwide/cargo-home" "-e" "RUSTUP_HOME=/opt/rustwide/rustup-home" "-e" "CARGO_TARGET_DIR=/opt/rustwide/target" "-e" "CARGO_INCREMENTAL=0" "-e" "RUST_BACKTRACE=full" "-e" "RUSTFLAGS=--cap-lints=warn" "-e" "RUSTDOCFLAGS=--cap-lints=warn" "-w" "/opt/rustwide/workdir" "--user" "0:0" "3a8ae0eb76348abac96e19b6d41d5e9bec6be95f6530b46ffa24c32854fb82c2" "/opt/rustwide/cargo-home/bin/cargo" "+1.99.0-beta.8" "test" "--frozen" "--no-run" "--message-format=json", kill_on_drop: false }`
[INFO] [stderr]    Compiling vize_canon v0.429.2 (/opt/rustwide/workdir)
[INFO] [stdout] error: couldn't read `src/virtual_ts/tests/options_api_instance/writable_computed/../../../../../../../tests/fixtures/typechecker/options-api-computed-setters/HoistedSetter.vue`: No such file or directory (os error 2)
[INFO] [stdout]   --> src/virtual_ts/tests/options_api_instance/writable_computed/setter_fixtures.rs:11:13
[INFO] [stdout]    |
[INFO] [stdout] 11 | /             include_str!(
[INFO] [stdout] 12 | |                 "../../../../../../../tests/fixtures/typechecker/options-api-computed-setters/HoistedSetter.vue"
[INFO] [stdout] 13 | |             ),
[INFO] [stdout]    | |_____________^
[INFO] [stdout] 
[INFO] [stdout] 
[INFO] [stdout] error: couldn't read `src/virtual_ts/tests/options_api_instance/writable_computed/../../../../../../../tests/fixtures/typechecker/options-api-computed-setters/HoistedSetter.bindings.json`: No such file or directory (os error 2)
[INFO] [stdout]   --> src/virtual_ts/tests/options_api_instance/writable_computed/setter_fixtures.rs:14:13
[INFO] [stdout]    |
[INFO] [stdout] 14 | /             include_str!(
[INFO] [stdout] 15 | |                 "../../../../../../../tests/fixtures/typechecker/options-api-computed-setters/HoistedSetter.bindings.json"
[INFO] [stdout] 16 | |             ),
[INFO] [stdout]    | |_____________^
[INFO] [stdout] 
[INFO] [stdout] 
[INFO] [stdout] error: couldn't read `src/virtual_ts/tests/options_api_instance/writable_computed/../../../../../../../tests/fixtures/typechecker/options-api-computed-setters/WrappedOptions.vue`: No such file or directory (os error 2)
[INFO] [stdout]   --> src/virtual_ts/tests/options_api_instance/writable_computed/setter_fixtures.rs:20:13
[INFO] [stdout]    |
[INFO] [stdout] 20 | /             include_str!(
[INFO] [stdout] 21 | |                 "../../../../../../../tests/fixtures/typechecker/options-api-computed-setters/WrappedOptions.vue"
[INFO] [stdout] 22 | |             ),
[INFO] [stdout]    | |_____________^
[INFO] [stdout] 
[INFO] [stdout] 
[INFO] [stdout] error: couldn't read `src/virtual_ts/tests/options_api_instance/writable_computed/../../../../../../../tests/fixtures/typechecker/options-api-computed-setters/WrappedOptions.bindings.json`: No such file or directory (os error 2)
[INFO] [stdout]   --> src/virtual_ts/tests/options_api_instance/writable_computed/setter_fixtures.rs:23:13
[INFO] [stdout]    |
[INFO] [stdout] 23 | /             include_str!(
[INFO] [stdout] 24 | |                 "../../../../../../../tests/fixtures/typechecker/options-api-computed-setters/WrappedOptions.bindings.json"
[INFO] [stdout] 25 | |             ),
[INFO] [stdout]    | |_____________^
[INFO] [stdout] 
[INFO] [stdout] 
[INFO] [stdout] error: couldn't read `src/virtual_ts/tests/options_api_instance/writable_computed/../../../../../../../tests/fixtures/typechecker/options-api-computed-setters/WrappedSetters.vue`: No such file or directory (os error 2)
[INFO] [stdout]   --> src/virtual_ts/tests/options_api_instance/writable_computed/setter_fixtures.rs:29:13
[INFO] [stdout]    |
[INFO] [stdout] 29 | /             include_str!(
[INFO] [stdout] 30 | |                 "../../../../../../../tests/fixtures/typechecker/options-api-computed-setters/WrappedSetters.vue"
[INFO] [stdout] 31 | |             ),
[INFO] [stdout]    | |_____________^
[INFO] [stdout] 
[INFO] [stdout] 
[INFO] [stdout] error: couldn't read `src/virtual_ts/tests/options_api_instance/writable_computed/../../../../../../../tests/fixtures/typechecker/options-api-computed-setters/WrappedSetters.bindings.json`: No such file or directory (os error 2)
[INFO] [stdout]   --> src/virtual_ts/tests/options_api_instance/writable_computed/setter_fixtures.rs:32:13
[INFO] [stdout]    |
[INFO] [stdout] 32 | /             include_str!(
[INFO] [stdout] 33 | |                 "../../../../../../../tests/fixtures/typechecker/options-api-computed-setters/WrappedSetters.bindings.json"
[INFO] [stdout] 34 | |             ),
[INFO] [stdout]    | |_____________^
[INFO] [stdout] 
[INFO] [stdout] 
[INFO] [stdout] error: couldn't read `src/virtual_ts/tests/options_api_instance/writable_computed/../../../../../../../tests/fixtures/typechecker/options-api-computed-setters/ShadowedSetter.vue`: No such file or directory (os error 2)
[INFO] [stdout]   --> src/virtual_ts/tests/options_api_instance/writable_computed/setter_fixtures.rs:38:13
[INFO] [stdout]    |
[INFO] [stdout] 38 | /             include_str!(
[INFO] [stdout] 39 | |                 "../../../../../../../tests/fixtures/typechecker/options-api-computed-setters/ShadowedSetter.vue"
[INFO] [stdout] 40 | |             ),
[INFO] [stdout]    | |_____________^
[INFO] [stdout] 
[INFO] [stdout] 
[INFO] [stdout] error: couldn't read `src/virtual_ts/tests/options_api_instance/writable_computed/../../../../../../../tests/fixtures/typechecker/options-api-computed-setters/ShadowedSetter.bindings.json`: No such file or directory (os error 2)
[INFO] [stdout]   --> src/virtual_ts/tests/options_api_instance/writable_computed/setter_fixtures.rs:41:13
[INFO] [stdout]    |
[INFO] [stdout] 41 | /             include_str!(
[INFO] [stdout] 42 | |                 "../../../../../../../tests/fixtures/typechecker/options-api-computed-setters/ShadowedSetter.bindings.json"
[INFO] [stdout] 43 | |             ),
[INFO] [stdout]    | |_____________^
[INFO] [stdout] 
[INFO] [stdout] 
[INFO] [stdout] error[E0433]: cannot find module or crate `insta` in this scope
[INFO] [stdout]   --> src/checker.rs:62:9
[INFO] [stdout]    |
[INFO] [stdout] 62 |         insta::assert_debug_snapshot!(result);
[INFO] [stdout]    |         ^^^^^ use of unresolved module or unlinked crate `insta`
[INFO] [stdout] 
[INFO] [stdout] 
[INFO] [stdout] error[E0433]: cannot find module or crate `insta` in this scope
[INFO] [stdout]    --> src/sfc_typecheck/tests.rs:455:5
[INFO] [stdout]     |
[INFO] [stdout] 455 |     insta::assert_debug_snapshot!(stable_snapshot_result(result));
[INFO] [stdout]     |     ^^^^^ use of unresolved module or unlinked crate `insta`
[INFO] [stdout] 
[INFO] [stdout] 
[INFO] [stdout] error[E0433]: cannot find module or crate `insta` in this scope
[INFO] [stdout]    --> src/sfc_typecheck/tests.rs:754:5
[INFO] [stdout]     |
[INFO] [stdout] 754 |     insta::assert_snapshot!(virtual_ts.as_str());
[INFO] [stdout]     |     ^^^^^ use of unresolved module or unlinked crate `insta`
[INFO] [stdout] 
[INFO] [stdout] 
[INFO] [stdout] error[E0433]: cannot find module or crate `insta` in this scope
[INFO] [stdout]    --> src/sfc_typecheck/tests.rs:937:5
[INFO] [stdout]     |
[INFO] [stdout] 937 |     insta::assert_debug_snapshot!(stable_snapshot_result(result));
[INFO] [stdout]     |     ^^^^^ use of unresolved module or unlinked crate `insta`
[INFO] [stdout] 
[INFO] [stdout] 
[INFO] [stdout] error[E0433]: cannot find module or crate `insta` in this scope
[INFO] [stdout]     --> src/sfc_typecheck/tests.rs:1124:5
[INFO] [stdout]      |
[INFO] [stdout] 1124 |     insta::assert_debug_snapshot!(stable_snapshot_result(result));
[INFO] [stdout]      |     ^^^^^ use of unresolved module or unlinked crate `insta`
[INFO] [stdout] 
[INFO] [stdout] 
[INFO] [stdout] error[E0433]: cannot find module or crate `insta` in this scope
[INFO] [stdout]     --> src/sfc_typecheck/tests.rs:1254:5
[INFO] [stdout]      |
[INFO] [stdout] 1254 |     insta::assert_snapshot!(vts.as_str());
[INFO] [stdout]      |     ^^^^^ use of unresolved module or unlinked crate `insta`
[INFO] [stdout] 
[INFO] [stdout] 
[INFO] [stdout] error[E0433]: cannot find module or crate `insta` in this scope
[INFO] [stdout]   --> src/virtual_ts/tests.rs:30:5
[INFO] [stdout]    |
[INFO] [stdout] 30 |     insta::with_settings!({ snapshot_path => "../../snapshots" }, {
[INFO] [stdout]    |     ^^^^^ use of unresolved module or unlinked crate `insta`
[INFO] [stdout] 
[INFO] [stdout] 
[INFO] [stdout] error[E0433]: cannot find module or crate `insta` in this scope
[INFO] [stdout]    --> src/batch/error.rs:209:9
[INFO] [stdout]     |
[INFO] [stdout] 209 |         insta::assert_snapshot!(msg.as_str());
[INFO] [stdout]     |         ^^^^^ use of unresolved module or unlinked crate `insta`
[INFO] [stdout] 
[INFO] [stdout] 
[INFO] [stdout] error[E0433]: cannot find module or crate `insta` in this scope
[INFO] [stdout]    --> src/batch/error.rs:220:9
[INFO] [stdout]     |
[INFO] [stdout] 220 |         insta::assert_snapshot!(msg.as_str());
[INFO] [stdout]     |         ^^^^^ use of unresolved module or unlinked crate `insta`
[INFO] [stdout] 
[INFO] [stdout] 
[INFO] [stdout] error[E0433]: cannot find module or crate `insta` in this scope
[INFO] [stdout]    --> src/batch/executor/diagnostics/tests.rs:184:5
[INFO] [stdout]     |
[INFO] [stdout] 184 |     insta::assert_debug_snapshot!("maps_unmapped_diagnostics_snapshot", diagnostics);
[INFO] [stdout]     |     ^^^^^ use of unresolved module or unlinked crate `insta`
[INFO] [stdout] 
[INFO] [stdout] 
[INFO] [stdout] error[E0433]: cannot find module or crate `insta` in this scope
[INFO] [stdout]    --> src/batch/type_checker/tests/generic_props/declaration_emit.rs:118:5
[INFO] [stdout]     |
[INFO] [stdout] 118 |     insta::with_settings!({
[INFO] [stdout]     |     ^^^^^ use of unresolved module or unlinked crate `insta`
[INFO] [stdout] 
[INFO] [stdout] 
[INFO] [stdout] error[E0433]: cannot find module or crate `insta` in this scope
[INFO] [stdout]   --> src/batch/type_checker/tests.rs:51:5
[INFO] [stdout]    |
[INFO] [stdout] 51 |     insta::with_settings!({
[INFO] [stdout]    |     ^^^^^ use of unresolved module or unlinked crate `insta`
[INFO] [stdout] 
[INFO] [stdout] 
[INFO] [stdout] error[E0433]: cannot find module or crate `insta` in this scope
[INFO] [stdout]   --> src/batch/type_checker/tests.rs:79:5
[INFO] [stdout]    |
[INFO] [stdout] 79 |     insta::with_settings!({
[INFO] [stdout]    |     ^^^^^ use of unresolved module or unlinked crate `insta`
[INFO] [stdout] 
[INFO] [stdout] 
[INFO] [stdout] error[E0433]: cannot find module or crate `insta` in this scope
[INFO] [stdout]     --> src/batch/type_checker/tests.rs:1236:5
[INFO] [stdout]      |
[INFO] [stdout] 1236 |     insta::with_settings!({
[INFO] [stdout]      |     ^^^^^ use of unresolved module or unlinked crate `insta`
[INFO] [stdout] 
[INFO] [stdout] 
[INFO] [stdout] error[E0433]: cannot find module or crate `insta` in this scope
[INFO] [stdout]     --> src/batch/type_checker/tests.rs:1290:5
[INFO] [stdout]      |
[INFO] [stdout] 1290 |     insta::with_settings!({
[INFO] [stdout]      |     ^^^^^ use of unresolved module or unlinked crate `insta`
[INFO] [stdout] 
[INFO] [stdout] 
[INFO] [stdout] error[E0433]: cannot find module or crate `insta` in this scope
[INFO] [stdout]     --> src/batch/type_checker/tests.rs:1729:5
[INFO] [stdout]      |
[INFO] [stdout] 1729 |     insta::with_settings!({
[INFO] [stdout]      |     ^^^^^ use of unresolved module or unlinked crate `insta`
[INFO] [stdout] 
[INFO] [stdout] 
[INFO] [stdout] error[E0433]: cannot find module or crate `insta` in this scope
[INFO] [stdout]     --> src/batch/type_checker/tests.rs:1762:5
[INFO] [stdout]      |
[INFO] [stdout] 1762 |     insta::with_settings!({
[INFO] [stdout]      |     ^^^^^ use of unresolved module or unlinked crate `insta`
[INFO] [stdout] 
[INFO] [stdout] 
[INFO] [stdout] error[E0433]: cannot find module or crate `insta` in this scope
[INFO] [stdout]     --> src/batch/type_checker/tests.rs:1817:5
[INFO] [stdout]      |
[INFO] [stdout] 1817 |     insta::with_settings!({
[INFO] [stdout]      |     ^^^^^ use of unresolved module or unlinked crate `insta`
[INFO] [stdout] 
[INFO] [stdout] 
[INFO] [stdout] error[E0433]: cannot find module or crate `insta` in this scope
[INFO] [stdout]   --> src/batch/virtual_project/jsx_codegen_tests.rs:15:5
[INFO] [stdout]    |
[INFO] [stdout] 15 |     insta::assert_snapshot!(format!("{name}_code"), generated.code.as_str());
[INFO] [stdout]    |     ^^^^^ use of unresolved module or unlinked crate `insta`
[INFO] [stdout] 
[INFO] [stdout] 
[INFO] [stdout] error[E0433]: cannot find module or crate `insta` in this scope
[INFO] [stdout]   --> src/batch/virtual_project/jsx_codegen_tests.rs:16:5
[INFO] [stdout]    |
[INFO] [stdout] 16 |     insta::assert_debug_snapshot!(
[INFO] [stdout]    |     ^^^^^ use of unresolved module or unlinked crate `insta`
[INFO] [stdout] 
[INFO] [stdout] 
[INFO] [stdout] error[E0433]: cannot find module or crate `insta` in this scope
[INFO] [stdout]   --> src/batch/virtual_project/jsx_codegen_tests.rs:20:5
[INFO] [stdout]    |
[INFO] [stdout] 20 |     insta::assert_debug_snapshot!(format!("{name}_diagnostics"), generated.diagnostics);
[INFO] [stdout]    |     ^^^^^ use of unresolved module or unlinked crate `insta`
[INFO] [stdout] 
[INFO] [stdout] 
[INFO] [stdout] error[E0433]: cannot find module or crate `insta` in this scope
[INFO] [stdout]   --> src/batch/virtual_project/jsx_codegen_tests.rs:71:5
[INFO] [stdout]    |
[INFO] [stdout] 71 |     insta::assert_snapshot!("jsx_file_mode_code", generated.code.as_str());
[INFO] [stdout]    |     ^^^^^ use of unresolved module or unlinked crate `insta`
[INFO] [stdout] 
[INFO] [stdout] 
[INFO] [stdout] error[E0433]: cannot find module or crate `insta` in this scope
[INFO] [stdout]   --> src/batch/virtual_project/jsx_codegen_tests.rs:72:5
[INFO] [stdout]    |
[INFO] [stdout] 72 |     insta::assert_debug_snapshot!(
[INFO] [stdout]    |     ^^^^^ use of unresolved module or unlinked crate `insta`
[INFO] [stdout] 
[INFO] [stdout] 
[INFO] [stdout] error[E0433]: cannot find module or crate `insta` in this scope
[INFO] [stdout]   --> src/batch/virtual_project/jsx_codegen_tests.rs:76:5
[INFO] [stdout]    |
[INFO] [stdout] 76 |     insta::assert_debug_snapshot!("jsx_file_mode_diagnostics", generated.diagnostics);
[INFO] [stdout]    |     ^^^^^ use of unresolved module or unlinked crate `insta`
[INFO] [stdout] 
[INFO] [stdout] 
[INFO] [stdout] error[E0433]: cannot find module or crate `insta` in this scope
[INFO] [stdout]   --> src/batch/virtual_project/tests/ref_arity.rs:58:5
[INFO] [stdout]    |
[INFO] [stdout] 58 |     insta::assert_snapshot!(
[INFO] [stdout]    |     ^^^^^ use of unresolved module or unlinked crate `insta`
[INFO] [stdout] 
[INFO] [stdout] 
[INFO] [stdout] error[E0433]: cannot find module or crate `insta` in this scope
[INFO] [stdout]   --> src/batch/virtual_project/tests/ref_arity.rs:62:5
[INFO] [stdout]    |
[INFO] [stdout] 62 |     insta::assert_snapshot!("dialect_v2", snapshot_text(v2_content.as_str()));
[INFO] [stdout]    |     ^^^^^ use of unresolved module or unlinked crate `insta`
[INFO] [stdout] 
[INFO] [stdout] 
[INFO] [stdout] error[E0433]: cannot find module or crate `insta` in this scope
[INFO] [stdout]    --> src/batch/virtual_project/tests.rs:132:5
[INFO] [stdout]     |
[INFO] [stdout] 132 |     insta::assert_snapshot!("vue_module_stubs_inert", stubs.as_str());
[INFO] [stdout]     |     ^^^^^ use of unresolved module or unlinked crate `insta`
[INFO] [stdout] 
[INFO] [stdout] 
[INFO] [stdout] error[E0433]: cannot find module or crate `insta` in this scope
[INFO] [stdout]    --> src/batch/virtual_project/tests.rs:267:5
[INFO] [stdout]     |
[INFO] [stdout] 267 |     insta::assert_snapshot!(virtual_file.content.as_str());
[INFO] [stdout]     |     ^^^^^ use of unresolved module or unlinked crate `insta`
[INFO] [stdout] 
[INFO] [stdout] 
[INFO] [stdout] error[E0433]: cannot find module or crate `insta` in this scope
[INFO] [stdout]    --> src/batch/virtual_project/tests.rs:297:5
[INFO] [stdout]     |
[INFO] [stdout] 297 |     insta::assert_snapshot!(virtual_file.content.as_str());
[INFO] [stdout]     |     ^^^^^ use of unresolved module or unlinked crate `insta`
[INFO] [stdout] 
[INFO] [stdout] 
[INFO] [stdout] error[E0433]: cannot find module or crate `insta` in this scope
[INFO] [stdout]    --> src/batch/virtual_project/tests.rs:362:5
[INFO] [stdout]     |
[INFO] [stdout] 362 |     insta::assert_snapshot!(
[INFO] [stdout]     |     ^^^^^ use of unresolved module or unlinked crate `insta`
[INFO] [stdout] 
[INFO] [stdout] 
[INFO] [stdout] error[E0433]: cannot find module or crate `insta` in this scope
[INFO] [stdout]    --> src/batch/virtual_project/tests.rs:395:5
[INFO] [stdout]     |
[INFO] [stdout] 395 |     insta::assert_debug_snapshot!(
[INFO] [stdout]     |     ^^^^^ use of unresolved module or unlinked crate `insta`
[INFO] [stdout] 
[INFO] [stdout] 
[INFO] [stdout] error[E0433]: cannot find module or crate `insta` in this scope
[INFO] [stdout]    --> src/batch/virtual_project/tests.rs:450:5
[INFO] [stdout]     |
[INFO] [stdout] 450 |     insta::assert_debug_snapshot!(
[INFO] [stdout]     |     ^^^^^ use of unresolved module or unlinked crate `insta`
[INFO] [stdout] 
[INFO] [stdout] 
[INFO] [stdout] error[E0433]: cannot find module or crate `insta` in this scope
[INFO] [stdout]    --> src/batch/virtual_project/tests.rs:456:5
[INFO] [stdout]     |
[INFO] [stdout] 456 |     insta::assert_snapshot!(
[INFO] [stdout]     |     ^^^^^ use of unresolved module or unlinked crate `insta`
[INFO] [stdout] 
[INFO] [stdout] 
[INFO] [stdout] error[E0433]: cannot find module or crate `insta` in this scope
[INFO] [stdout]    --> src/batch/virtual_project/tests.rs:498:5
[INFO] [stdout]     |
[INFO] [stdout] 498 |     insta::assert_snapshot!(
[INFO] [stdout]     |     ^^^^^ use of unresolved module or unlinked crate `insta`
[INFO] [stdout] 
[INFO] [stdout] 
[INFO] [stdout] error[E0433]: cannot find module or crate `insta` in this scope
[INFO] [stdout]    --> src/batch/virtual_project/tests.rs:563:5
[INFO] [stdout]     |
[INFO] [stdout] 563 |     insta::assert_snapshot!(
[INFO] [stdout]     |     ^^^^^ use of unresolved module or unlinked crate `insta`
[INFO] [stdout] 
[INFO] [stdout] 
[INFO] [stdout] error[E0433]: cannot find module or crate `insta` in this scope
[INFO] [stdout]    --> src/batch/virtual_project/tests.rs:616:5
[INFO] [stdout]     |
[INFO] [stdout] 616 |     insta::assert_snapshot!(
[INFO] [stdout]     |     ^^^^^ use of unresolved module or unlinked crate `insta`
[INFO] [stdout] 
[INFO] [stdout] 
[INFO] [stdout] error[E0433]: cannot find module or crate `insta` in this scope
[INFO] [stdout]    --> src/batch/virtual_project/tests.rs:660:5
[INFO] [stdout]     |
[INFO] [stdout] 660 |     insta::assert_snapshot!(
[INFO] [stdout]     |     ^^^^^ use of unresolved module or unlinked crate `insta`
[INFO] [stdout] 
[INFO] [stdout] 
[INFO] [stdout] error[E0433]: cannot find module or crate `insta` in this scope
[INFO] [stdout]    --> src/batch/virtual_project/tests.rs:664:5
[INFO] [stdout]     |
[INFO] [stdout] 664 |     insta::assert_snapshot!(
[INFO] [stdout]     |     ^^^^^ use of unresolved module or unlinked crate `insta`
[INFO] [stdout] 
[INFO] [stdout] 
[INFO] [stdout] error[E0433]: cannot find module or crate `insta` in this scope
[INFO] [stdout]    --> src/batch/virtual_project/tests.rs:668:5
[INFO] [stdout]     |
[INFO] [stdout] 668 |     insta::assert_snapshot!(
[INFO] [stdout]     |     ^^^^^ use of unresolved module or unlinked crate `insta`
[INFO] [stdout] 
[INFO] [stdout] 
[INFO] [stdout] error[E0433]: cannot find module or crate `insta` in this scope
[INFO] [stdout]    --> src/batch/virtual_project/tests.rs:850:5
[INFO] [stdout]     |
[INFO] [stdout] 850 |     insta::assert_snapshot!("pruned_helpers", helpers_content.as_str());
[INFO] [stdout]     |     ^^^^^ use of unresolved module or unlinked crate `insta`
[INFO] [stdout] 
[INFO] [stdout] 
[INFO] [stdout] error[E0433]: cannot find module or crate `insta` in this scope
[INFO] [stdout]    --> src/batch/virtual_project/tests.rs:852:5
[INFO] [stdout]     |
[INFO] [stdout] 852 |     insta::assert_snapshot!("pruned_tsconfig", tsconfig_content.as_str());
[INFO] [stdout]     |     ^^^^^ use of unresolved module or unlinked crate `insta`
[INFO] [stdout] 
[INFO] [stdout] 
[INFO] [stdout] error[E0433]: cannot find module or crate `insta` in this scope
[INFO] [stdout]    --> src/batch/virtual_project/tests.rs:856:5
[INFO] [stdout]     |
[INFO] [stdout] 856 |     insta::assert_snapshot!("pruned_generated_vue", snapshot_text(generated.as_str()));
[INFO] [stdout]     |     ^^^^^ use of unresolved module or unlinked crate `insta`
[INFO] [stdout] 
[INFO] [stdout] 
[INFO] [stdout] error[E0433]: cannot find module or crate `insta` in this scope
[INFO] [stdout]     --> src/batch/virtual_project/tests.rs:1060:5
[INFO] [stdout]      |
[INFO] [stdout] 1060 |     insta::assert_snapshot!(stripped.as_str());
[INFO] [stdout]      |     ^^^^^ use of unresolved module or unlinked crate `insta`
[INFO] [stdout] 
[INFO] [stdout] 
[INFO] [stdout] error[E0433]: cannot find module or crate `insta` in this scope
[INFO] [stdout]     --> src/batch/virtual_project/tests.rs:1105:5
[INFO] [stdout]      |
[INFO] [stdout] 1105 |     insta::assert_snapshot!(
[INFO] [stdout]      |     ^^^^^ use of unresolved module or unlinked crate `insta`
[INFO] [stdout] 
[INFO] [stdout] 
[INFO] [stdout] error[E0433]: cannot find module or crate `insta` in this scope
[INFO] [stdout]     --> src/batch/virtual_project/tests.rs:1139:5
[INFO] [stdout]      |
[INFO] [stdout] 1139 |     insta::assert_snapshot!(
[INFO] [stdout]      |     ^^^^^ use of unresolved module or unlinked crate `insta`
[INFO] [stdout] 
[INFO] [stdout] 
[INFO] [stdout] error[E0433]: cannot find module or crate `insta` in this scope
[INFO] [stdout]     --> src/batch/virtual_project/tests.rs:1165:5
[INFO] [stdout]      |
[INFO] [stdout] 1165 |     insta::assert_snapshot!(
[INFO] [stdout]      |     ^^^^^ use of unresolved module or unlinked crate `insta`
[INFO] [stdout] 
[INFO] [stdout] 
[INFO] [stdout] error[E0433]: cannot find module or crate `insta` in this scope
[INFO] [stdout]     --> src/batch/virtual_project/tests.rs:1192:5
[INFO] [stdout]      |
[INFO] [stdout] 1192 |     insta::assert_snapshot!(
[INFO] [stdout]      |     ^^^^^ use of unresolved module or unlinked crate `insta`
[INFO] [stdout] 
[INFO] [stdout] 
[INFO] [stdout] error[E0433]: cannot find module or crate `insta` in this scope
[INFO] [stdout]     --> src/batch/virtual_project/tests.rs:1219:5
[INFO] [stdout]      |
[INFO] [stdout] 1219 |     insta::assert_snapshot!(
[INFO] [stdout]      |     ^^^^^ use of unresolved module or unlinked crate `insta`
[INFO] [stdout] 
[INFO] [stdout] 
[INFO] [stdout] error[E0433]: cannot find module or crate `insta` in this scope
[INFO] [stdout]     --> src/batch/virtual_project/tests.rs:1247:5
[INFO] [stdout]      |
[INFO] [stdout] 1247 |     insta::assert_snapshot!(
[INFO] [stdout]      |     ^^^^^ use of unresolved module or unlinked crate `insta`
[INFO] [stdout] 
[INFO] [stdout] 
[INFO] [stdout] error[E0433]: cannot find module or crate `insta` in this scope
[INFO] [stdout]     --> src/batch/virtual_project/tests.rs:1275:5
[INFO] [stdout]      |
[INFO] [stdout] 1275 |     insta::assert_snapshot!(
[INFO] [stdout]      |     ^^^^^ use of unresolved module or unlinked crate `insta`
[INFO] [stdout] 
[INFO] [stdout] 
[INFO] [stdout] error[E0433]: cannot find module or crate `insta` in this scope
[INFO] [stdout]   --> src/tests.rs:41:9
[INFO] [stdout]    |
[INFO] [stdout] 41 |         insta::assert_snapshot!("virtual_ts_simple_component", virtual_ts);
[INFO] [stdout]    |         ^^^^^ use of unresolved module or unlinked crate `insta`
[INFO] [stdout] 
[INFO] [stdout] 
[INFO] [stdout] error[E0433]: cannot find module or crate `insta` in this scope
[INFO] [stdout]   --> src/tests.rs:61:9
[INFO] [stdout]    |
[INFO] [stdout] 61 |         insta::assert_snapshot!("virtual_ts_with_props", virtual_ts);
[INFO] [stdout]    |         ^^^^^ use of unresolved module or unlinked crate `insta`
[INFO] [stdout] 
[INFO] [stdout] 
[INFO] [stdout] error[E0433]: cannot find module or crate `insta` in this scope
[INFO] [stdout]   --> src/tests.rs:85:9
[INFO] [stdout]    |
[INFO] [stdout] 85 |         insta::assert_snapshot!("virtual_ts_with_emits", virtual_ts);
[INFO] [stdout]    |         ^^^^^ use of unresolved module or unlinked crate `insta`
[INFO] [stdout] 
[INFO] [stdout] 
[INFO] [stdout] error[E0433]: cannot find module or crate `insta` in this scope
[INFO] [stdout]    --> src/tests.rs:105:9
[INFO] [stdout]     |
[INFO] [stdout] 105 |         insta::assert_snapshot!("virtual_ts_with_v_for", virtual_ts);
[INFO] [stdout]     |         ^^^^^ use of unresolved module or unlinked crate `insta`
[INFO] [stdout] 
[INFO] [stdout] 
[INFO] [stdout] error[E0433]: cannot find module or crate `insta` in this scope
[INFO] [stdout]    --> src/tests.rs:125:9
[INFO] [stdout]     |
[INFO] [stdout] 125 |         insta::assert_snapshot!("virtual_ts_with_slots", virtual_ts);
[INFO] [stdout]     |         ^^^^^ use of unresolved module or unlinked crate `insta`
[INFO] [stdout] 
[INFO] [stdout] 
[INFO] [stdout] error[E0433]: cannot find module or crate `insta` in this scope
[INFO] [stdout]    --> src/tests.rs:171:9
[INFO] [stdout]     |
[INFO] [stdout] 171 |         insta::assert_snapshot!("virtual_ts_complex_component", virtual_ts);
[INFO] [stdout]     |         ^^^^^ use of unresolved module or unlinked crate `insta`
[INFO] [stdout] 
[INFO] [stdout] 
[INFO] [stdout] error[E0433]: cannot find module or crate `insta` in this scope
[INFO] [stdout]    --> src/tests.rs:189:9
[INFO] [stdout]     |
[INFO] [stdout] 189 |         insta::assert_snapshot!("virtual_ts_with_composables", virtual_ts);
[INFO] [stdout]     |         ^^^^^ use of unresolved module or unlinked crate `insta`
[INFO] [stdout] 
[INFO] [stdout] 
[INFO] [stdout] error[E0433]: cannot find module or crate `insta` in this scope
[INFO] [stdout]    --> src/tests.rs:214:9
[INFO] [stdout]     |
[INFO] [stdout] 214 |         insta::assert_snapshot!("virtual_ts_v_for_destructuring", virtual_ts);
[INFO] [stdout]     |         ^^^^^ use of unresolved module or unlinked crate `insta`
[INFO] [stdout] 
[INFO] [stdout] 
[INFO] [stdout] error[E0433]: cannot find module or crate `insta` in this scope
[INFO] [stdout]    --> src/tests.rs:240:9
[INFO] [stdout]     |
[INFO] [stdout] 240 |         insta::assert_snapshot!("virtual_ts_nested_v_if_v_else", virtual_ts);
[INFO] [stdout]     |         ^^^^^ use of unresolved module or unlinked crate `insta`
[INFO] [stdout] 
[INFO] [stdout] 
[INFO] [stdout] error[E0433]: cannot find module or crate `insta` in this scope
[INFO] [stdout]    --> src/tests.rs:275:9
[INFO] [stdout]     |
[INFO] [stdout] 275 |         insta::assert_snapshot!("virtual_ts_scoped_slots", virtual_ts);
[INFO] [stdout]     |         ^^^^^ use of unresolved module or unlinked crate `insta`
[INFO] [stdout] 
[INFO] [stdout] 
[INFO] [stdout] error[E0433]: cannot find module or crate `insta` in this scope
[INFO] [stdout]    --> src/tests.rs:300:9
[INFO] [stdout]     |
[INFO] [stdout] 300 |         insta::assert_snapshot!("virtual_ts_v_model", virtual_ts);
[INFO] [stdout]     |         ^^^^^ use of unresolved module or unlinked crate `insta`
[INFO] [stdout] 
[INFO] [stdout] 
[INFO] [stdout] error[E0433]: cannot find module or crate `insta` in this scope
[INFO] [stdout]    --> src/tests.rs:316:9
[INFO] [stdout]     |
[INFO] [stdout] 316 |         insta::assert_snapshot!("virtual_ts_with_define_model", virtual_ts);
[INFO] [stdout]     |         ^^^^^ use of unresolved module or unlinked crate `insta`
[INFO] [stdout] 
[INFO] [stdout] 
[INFO] [stdout] error[E0433]: cannot find module or crate `insta` in this scope
[INFO] [stdout]    --> src/tests.rs:336:9
[INFO] [stdout]     |
[INFO] [stdout] 336 |         insta::assert_snapshot!("virtual_ts_template_refs", virtual_ts);
[INFO] [stdout]     |         ^^^^^ use of unresolved module or unlinked crate `insta`
[INFO] [stdout] 
[INFO] [stdout] 
[INFO] [stdout] error[E0433]: cannot find module or crate `insta` in this scope
[INFO] [stdout]    --> src/tests.rs:365:9
[INFO] [stdout]     |
[INFO] [stdout] 365 |         insta::assert_snapshot!("virtual_ts_generic_component", virtual_ts);
[INFO] [stdout]     |         ^^^^^ use of unresolved module or unlinked crate `insta`
[INFO] [stdout] 
[INFO] [stdout] 
[INFO] [stdout] error[E0433]: cannot find module or crate `insta` in this scope
[INFO] [stdout]    --> src/tests.rs:457:9
[INFO] [stdout]     |
[INFO] [stdout] 457 |         insta::assert_snapshot!("virtual_ts_dynamic_component", virtual_ts);
[INFO] [stdout]     |         ^^^^^ use of unresolved module or unlinked crate `insta`
[INFO] [stdout] 
[INFO] [stdout] 
[INFO] [stderr] error: could not compile `vize_canon` (test "lsp_import_resolution")
[INFO] [stderr] 
[INFO] [stderr] Caused by:
[INFO] [stderr]   process didn't exit successfully: `/opt/rustwide/rustup-home/toolchains/1.99.0-beta.8-x86_64-unknown-linux-gnu/bin/rustc --crate-name lsp_import_resolution --edition=2024 tests/lsp_import_resolution.rs --error-format=json --json=diagnostic-rendered-ansi,artifacts,future-incompat --emit=dep-info,link -C embed-bitcode=no -C debuginfo=2 '--deny=clippy::wildcard_imports' '--deny=clippy::unwrap_used' '--deny=clippy::unreachable' '--deny=clippy::unimplemented' --warn=unexpected_cfgs '--deny=clippy::todo' '--deny=clippy::string_slice' '--deny=clippy::panic_in_result_fn' '--deny=clippy::panic' '--deny=clippy::indexing_slicing' '--deny=clippy::get_unwrap' '--deny=clippy::expect_used' '--deny=clippy::allow_attributes_without_reason' '--deny=clippy::allow_attributes' --check-cfg 'cfg(coverage)' --test --cfg 'feature="default"' --cfg 'feature="native"' --check-cfg 'cfg(docsrs,test)' --check-cfg 'cfg(feature, values("davinci-differential", "default", "legacy", "legacy-differential", "native"))' -C metadata=acd71d06176cabef -C extra-filename=-51a3873a0f919e7b --out-dir /opt/rustwide/target/debug/deps -L dependency=/opt/rustwide/target/debug/deps --extern corsa=/opt/rustwide/target/debug/deps/libcorsa-3e331278fccc9f05.rlib --extern corsa_lsp=/opt/rustwide/target/debug/deps/libcorsa_lsp-10e7b4e0800ccb5a.rlib --extern dashmap=/opt/rustwide/target/debug/deps/libdashmap-9d07964970c041d4.rlib --extern dirs=/opt/rustwide/target/debug/deps/libdirs-678ca70ff0ea31ca.rlib --extern futures=/opt/rustwide/target/debug/deps/libfutures-7e8a596c0163b9dd.rlib --extern glob=/opt/rustwide/target/debug/deps/libglob-9ed1b461ddded6dd.rlib --extern libc=/opt/rustwide/target/debug/deps/liblibc-32464e1b8391e223.rlib --extern lsp_types=/opt/rustwide/target/debug/deps/liblsp_types-74404bb0de416f79.rlib --extern oxc_allocator=/opt/rustwide/target/debug/deps/liboxc_allocator-7bf9af797974f4b2.rlib --extern oxc_ast=/opt/rustwide/target/debug/deps/liboxc_ast-9804864bcffba619.rlib --extern oxc_ast_visit=/opt/rustwide/target/debug/deps/liboxc_ast_visit-a74bc66a3ffd3a9f.rlib --extern oxc_diagnostics=/opt/rustwide/target/debug/deps/liboxc_diagnostics-dad07569d2332528.rlib --extern oxc_parser=/opt/rustwide/target/debug/deps/liboxc_parser-0dc3eaf0b9692629.rlib --extern oxc_semantic=/opt/rustwide/target/debug/deps/liboxc_semantic-fbf4917748cc506f.rlib --extern oxc_sourcemap=/opt/rustwide/target/debug/deps/liboxc_sourcemap-295252c166fe6471.rlib --extern oxc_span=/opt/rustwide/target/debug/deps/liboxc_span-f530c3440cdeec21.rlib --extern oxc_syntax=/opt/rustwide/target/debug/deps/liboxc_syntax-3fa0cdbf93aa2176.rlib --extern rayon=/opt/rustwide/target/debug/deps/librayon-d69de9089b79b778.rlib --extern serde=/opt/rustwide/target/debug/deps/libserde-163e9ba99a0113b3.rlib --extern serde_json=/opt/rustwide/target/debug/deps/libserde_json-810ce07da754b52d.rlib --extern sha2=/opt/rustwide/target/debug/deps/libsha2-2cd8d66afa40a636.rlib --extern tempfile=/opt/rustwide/target/debug/deps/libtempfile-f6cf1ef12e5d3f0f.rlib --extern thiserror=/opt/rustwide/target/debug/deps/libthiserror-e6cf790bb75b01e5.rlib --extern tracing=/opt/rustwide/target/debug/deps/libtracing-904ed6b7605081f8.rlib --extern vize_armature=/opt/rustwide/target/debug/deps/libvize_armature-50d5ccb734b5ef49.rlib --extern vize_atelier_core=/opt/rustwide/target/debug/deps/libvize_atelier_core-8b63256744e6d741.rlib --extern vize_atelier_jsx=/opt/rustwide/target/debug/deps/libvize_atelier_jsx-3f1a1ba186731cae.rlib --extern vize_atelier_sfc=/opt/rustwide/target/debug/deps/libvize_atelier_sfc-35a89455988b4453.rlib --extern vize_canon=/opt/rustwide/target/debug/deps/libvize_canon-1f679de4b6b65397.rlib --extern vize_croquis=/opt/rustwide/target/debug/deps/libvize_croquis-edbf57ef215002a1.rlib --extern vize_davinci=/opt/rustwide/target/debug/deps/libvize_davinci-d07b7989d57d2041.rlib --extern vize_l0=/opt/rustwide/target/debug/deps/libvize_l0-0f3272abe832bb22.rlib --extern vize_l1=/opt/rustwide/target/debug/deps/libvize_l1-36dc28263bc3e5eb.rlib --extern vize_l1_to_l2=/opt/rustwide/target/debug/deps/libvize_l1_to_l2-377365cae875f3d5.rlib --extern vize_l2=/opt/rustwide/target/debug/deps/libvize_l2-618d6237038e7442.rlib --extern vize_relief=/opt/rustwide/target/debug/deps/libvize_relief-583ea2fa60f5ef7f.rlib --extern walkdir=/opt/rustwide/target/debug/deps/libwalkdir-7cc6f300a6f0bf06.rlib --cap-lints=warn -L native=/opt/rustwide/target/debug/build/psm-54d708982ade22d9/out` (signal: 9, SIGKILL: kill)
[INFO] [stderr] warning: build failed, waiting for other jobs to finish...
[INFO] [stderr] error: could not compile `vize_canon` (test "lsp_vue_references")
[INFO] [stderr] 
[INFO] [stderr] Caused by:
[INFO] [stderr]   process didn't exit successfully: `/opt/rustwide/rustup-home/toolchains/1.99.0-beta.8-x86_64-unknown-linux-gnu/bin/rustc --crate-name lsp_vue_references --edition=2024 tests/lsp_vue_references.rs --error-format=json --json=diagnostic-rendered-ansi,artifacts,future-incompat --emit=dep-info,link -C embed-bitcode=no -C debuginfo=2 '--deny=clippy::wildcard_imports' '--deny=clippy::unwrap_used' '--deny=clippy::unreachable' '--deny=clippy::unimplemented' --warn=unexpected_cfgs '--deny=clippy::todo' '--deny=clippy::string_slice' '--deny=clippy::panic_in_result_fn' '--deny=clippy::panic' '--deny=clippy::indexing_slicing' '--deny=clippy::get_unwrap' '--deny=clippy::expect_used' '--deny=clippy::allow_attributes_without_reason' '--deny=clippy::allow_attributes' --check-cfg 'cfg(coverage)' --test --cfg 'feature="default"' --cfg 'feature="native"' --check-cfg 'cfg(docsrs,test)' --check-cfg 'cfg(feature, values("davinci-differential", "default", "legacy", "legacy-differential", "native"))' -C metadata=4a8784710eae0394 -C extra-filename=-77c45d3fddd939b9 --out-dir /opt/rustwide/target/debug/deps -L dependency=/opt/rustwide/target/debug/deps --extern corsa=/opt/rustwide/target/debug/deps/libcorsa-3e331278fccc9f05.rlib --extern corsa_lsp=/opt/rustwide/target/debug/deps/libcorsa_lsp-10e7b4e0800ccb5a.rlib --extern dashmap=/opt/rustwide/target/debug/deps/libdashmap-9d07964970c041d4.rlib --extern dirs=/opt/rustwide/target/debug/deps/libdirs-678ca70ff0ea31ca.rlib --extern futures=/opt/rustwide/target/debug/deps/libfutures-7e8a596c0163b9dd.rlib --extern glob=/opt/rustwide/target/debug/deps/libglob-9ed1b461ddded6dd.rlib --extern libc=/opt/rustwide/target/debug/deps/liblibc-32464e1b8391e223.rlib --extern lsp_types=/opt/rustwide/target/debug/deps/liblsp_types-74404bb0de416f79.rlib --extern oxc_allocator=/opt/rustwide/target/debug/deps/liboxc_allocator-7bf9af797974f4b2.rlib --extern oxc_ast=/opt/rustwide/target/debug/deps/liboxc_ast-9804864bcffba619.rlib --extern oxc_ast_visit=/opt/rustwide/target/debug/deps/liboxc_ast_visit-a74bc66a3ffd3a9f.rlib --extern oxc_diagnostics=/opt/rustwide/target/debug/deps/liboxc_diagnostics-dad07569d2332528.rlib --extern oxc_parser=/opt/rustwide/target/debug/deps/liboxc_parser-0dc3eaf0b9692629.rlib --extern oxc_semantic=/opt/rustwide/target/debug/deps/liboxc_semantic-fbf4917748cc506f.rlib --extern oxc_sourcemap=/opt/rustwide/target/debug/deps/liboxc_sourcemap-295252c166fe6471.rlib --extern oxc_span=/opt/rustwide/target/debug/deps/liboxc_span-f530c3440cdeec21.rlib --extern oxc_syntax=/opt/rustwide/target/debug/deps/liboxc_syntax-3fa0cdbf93aa2176.rlib --extern rayon=/opt/rustwide/target/debug/deps/librayon-d69de9089b79b778.rlib --extern serde=/opt/rustwide/target/debug/deps/libserde-163e9ba99a0113b3.rlib --extern serde_json=/opt/rustwide/target/debug/deps/libserde_json-810ce07da754b52d.rlib --extern sha2=/opt/rustwide/target/debug/deps/libsha2-2cd8d66afa40a636.rlib --extern tempfile=/opt/rustwide/target/debug/deps/libtempfile-f6cf1ef12e5d3f0f.rlib --extern thiserror=/opt/rustwide/target/debug/deps/libthiserror-e6cf790bb75b01e5.rlib --extern tracing=/opt/rustwide/target/debug/deps/libtracing-904ed6b7605081f8.rlib --extern vize_armature=/opt/rustwide/target/debug/deps/libvize_armature-50d5ccb734b5ef49.rlib --extern vize_atelier_core=/opt/rustwide/target/debug/deps/libvize_atelier_core-8b63256744e6d741.rlib --extern vize_atelier_jsx=/opt/rustwide/target/debug/deps/libvize_atelier_jsx-3f1a1ba186731cae.rlib --extern vize_atelier_sfc=/opt/rustwide/target/debug/deps/libvize_atelier_sfc-35a89455988b4453.rlib --extern vize_canon=/opt/rustwide/target/debug/deps/libvize_canon-1f679de4b6b65397.rlib --extern vize_croquis=/opt/rustwide/target/debug/deps/libvize_croquis-edbf57ef215002a1.rlib --extern vize_davinci=/opt/rustwide/target/debug/deps/libvize_davinci-d07b7989d57d2041.rlib --extern vize_l0=/opt/rustwide/target/debug/deps/libvize_l0-0f3272abe832bb22.rlib --extern vize_l1=/opt/rustwide/target/debug/deps/libvize_l1-36dc28263bc3e5eb.rlib --extern vize_l1_to_l2=/opt/rustwide/target/debug/deps/libvize_l1_to_l2-377365cae875f3d5.rlib --extern vize_l2=/opt/rustwide/target/debug/deps/libvize_l2-618d6237038e7442.rlib --extern vize_relief=/opt/rustwide/target/debug/deps/libvize_relief-583ea2fa60f5ef7f.rlib --extern walkdir=/opt/rustwide/target/debug/deps/libwalkdir-7cc6f300a6f0bf06.rlib --cap-lints=warn -L native=/opt/rustwide/target/debug/build/psm-54d708982ade22d9/out` (signal: 9, SIGKILL: kill)
[INFO] [stderr] error: could not compile `vize_canon` (lib test) due to 73 previous errors
[INFO] [stderr] 
[INFO] [stderr] Caused by:
[INFO] [stderr]   process didn't exit successfully: `/opt/rustwide/rustup-home/toolchains/1.99.0-beta.8-x86_64-unknown-linux-gnu/bin/rustc --crate-name vize_canon --edition=2024 src/lib.rs --error-format=json --json=diagnostic-rendered-ansi,artifacts,future-incompat --emit=dep-info,link -C embed-bitcode=no -C debuginfo=2 '--deny=clippy::wildcard_imports' '--deny=clippy::unwrap_used' '--deny=clippy::unreachable' '--deny=clippy::unimplemented' --warn=unexpected_cfgs '--deny=clippy::todo' '--deny=clippy::string_slice' '--deny=clippy::panic_in_result_fn' '--deny=clippy::panic' '--deny=clippy::indexing_slicing' '--deny=clippy::get_unwrap' '--deny=clippy::expect_used' '--deny=clippy::allow_attributes_without_reason' '--deny=clippy::allow_attributes' --check-cfg 'cfg(coverage)' --test --cfg 'feature="default"' --cfg 'feature="native"' --check-cfg 'cfg(docsrs,test)' --check-cfg 'cfg(feature, values("davinci-differential", "default", "legacy", "legacy-differential", "native"))' -C metadata=74cb74c9bc68226e -C extra-filename=-07fa31f88f6ac09d --out-dir /opt/rustwide/target/debug/deps -L dependency=/opt/rustwide/target/debug/deps --extern corsa=/opt/rustwide/target/debug/deps/libcorsa-3e331278fccc9f05.rlib --extern corsa_lsp=/opt/rustwide/target/debug/deps/libcorsa_lsp-10e7b4e0800ccb5a.rlib --extern dashmap=/opt/rustwide/target/debug/deps/libdashmap-9d07964970c041d4.rlib --extern dirs=/opt/rustwide/target/debug/deps/libdirs-678ca70ff0ea31ca.rlib --extern futures=/opt/rustwide/target/debug/deps/libfutures-7e8a596c0163b9dd.rlib --extern glob=/opt/rustwide/target/debug/deps/libglob-9ed1b461ddded6dd.rlib --extern libc=/opt/rustwide/target/debug/deps/liblibc-32464e1b8391e223.rlib --extern lsp_types=/opt/rustwide/target/debug/deps/liblsp_types-74404bb0de416f79.rlib --extern oxc_allocator=/opt/rustwide/target/debug/deps/liboxc_allocator-7bf9af797974f4b2.rlib --extern oxc_ast=/opt/rustwide/target/debug/deps/liboxc_ast-9804864bcffba619.rlib --extern oxc_ast_visit=/opt/rustwide/target/debug/deps/liboxc_ast_visit-a74bc66a3ffd3a9f.rlib --extern oxc_diagnostics=/opt/rustwide/target/debug/deps/liboxc_diagnostics-dad07569d2332528.rlib --extern oxc_parser=/opt/rustwide/target/debug/deps/liboxc_parser-0dc3eaf0b9692629.rlib --extern oxc_semantic=/opt/rustwide/target/debug/deps/liboxc_semantic-fbf4917748cc506f.rlib --extern oxc_sourcemap=/opt/rustwide/target/debug/deps/liboxc_sourcemap-295252c166fe6471.rlib --extern oxc_span=/opt/rustwide/target/debug/deps/liboxc_span-f530c3440cdeec21.rlib --extern oxc_syntax=/opt/rustwide/target/debug/deps/liboxc_syntax-3fa0cdbf93aa2176.rlib --extern rayon=/opt/rustwide/target/debug/deps/librayon-d69de9089b79b778.rlib --extern serde=/opt/rustwide/target/debug/deps/libserde-163e9ba99a0113b3.rlib --extern serde_json=/opt/rustwide/target/debug/deps/libserde_json-810ce07da754b52d.rlib --extern sha2=/opt/rustwide/target/debug/deps/libsha2-2cd8d66afa40a636.rlib --extern tempfile=/opt/rustwide/target/debug/deps/libtempfile-f6cf1ef12e5d3f0f.rlib --extern thiserror=/opt/rustwide/target/debug/deps/libthiserror-e6cf790bb75b01e5.rlib --extern tracing=/opt/rustwide/target/debug/deps/libtracing-904ed6b7605081f8.rlib --extern vize_armature=/opt/rustwide/target/debug/deps/libvize_armature-50d5ccb734b5ef49.rlib --extern vize_atelier_core=/opt/rustwide/target/debug/deps/libvize_atelier_core-8b63256744e6d741.rlib --extern vize_atelier_jsx=/opt/rustwide/target/debug/deps/libvize_atelier_jsx-3f1a1ba186731cae.rlib --extern vize_atelier_sfc=/opt/rustwide/target/debug/deps/libvize_atelier_sfc-35a89455988b4453.rlib --extern vize_croquis=/opt/rustwide/target/debug/deps/libvize_croquis-edbf57ef215002a1.rlib --extern vize_davinci=/opt/rustwide/target/debug/deps/libvize_davinci-d07b7989d57d2041.rlib --extern vize_l0=/opt/rustwide/target/debug/deps/libvize_l0-0f3272abe832bb22.rlib --extern vize_l1=/opt/rustwide/target/debug/deps/libvize_l1-36dc28263bc3e5eb.rlib --extern vize_l1_to_l2=/opt/rustwide/target/debug/deps/libvize_l1_to_l2-377365cae875f3d5.rlib --extern vize_l2=/opt/rustwide/target/debug/deps/libvize_l2-618d6237038e7442.rlib --extern vize_relief=/opt/rustwide/target/debug/deps/libvize_relief-583ea2fa60f5ef7f.rlib --extern walkdir=/opt/rustwide/target/debug/deps/libwalkdir-7cc6f300a6f0bf06.rlib --cap-lints=warn -L native=/opt/rustwide/target/debug/build/psm-54d708982ade22d9/out` (signal: 9, SIGKILL: kill)
[INFO] [stderr] error: could not compile `vize_canon` (test "tsconfig_option_diagnostics")
[INFO] [stderr] 
[INFO] [stderr] Caused by:
[INFO] [stderr]   process didn't exit successfully: `/opt/rustwide/rustup-home/toolchains/1.99.0-beta.8-x86_64-unknown-linux-gnu/bin/rustc --crate-name tsconfig_option_diagnostics --edition=2024 tests/tsconfig_option_diagnostics.rs --error-format=json --json=diagnostic-rendered-ansi,artifacts,future-incompat --emit=dep-info,link -C embed-bitcode=no -C debuginfo=2 '--deny=clippy::wildcard_imports' '--deny=clippy::unwrap_used' '--deny=clippy::unreachable' '--deny=clippy::unimplemented' --warn=unexpected_cfgs '--deny=clippy::todo' '--deny=clippy::string_slice' '--deny=clippy::panic_in_result_fn' '--deny=clippy::panic' '--deny=clippy::indexing_slicing' '--deny=clippy::get_unwrap' '--deny=clippy::expect_used' '--deny=clippy::allow_attributes_without_reason' '--deny=clippy::allow_attributes' --check-cfg 'cfg(coverage)' --test --cfg 'feature="default"' --cfg 'feature="native"' --check-cfg 'cfg(docsrs,test)' --check-cfg 'cfg(feature, values("davinci-differential", "default", "legacy", "legacy-differential", "native"))' -C metadata=5b16da29484c50ab -C extra-filename=-ee94a3858a52d6b5 --out-dir /opt/rustwide/target/debug/deps -L dependency=/opt/rustwide/target/debug/deps --extern corsa=/opt/rustwide/target/debug/deps/libcorsa-3e331278fccc9f05.rlib --extern corsa_lsp=/opt/rustwide/target/debug/deps/libcorsa_lsp-10e7b4e0800ccb5a.rlib --extern dashmap=/opt/rustwide/target/debug/deps/libdashmap-9d07964970c041d4.rlib --extern dirs=/opt/rustwide/target/debug/deps/libdirs-678ca70ff0ea31ca.rlib --extern futures=/opt/rustwide/target/debug/deps/libfutures-7e8a596c0163b9dd.rlib --extern glob=/opt/rustwide/target/debug/deps/libglob-9ed1b461ddded6dd.rlib --extern libc=/opt/rustwide/target/debug/deps/liblibc-32464e1b8391e223.rlib --extern lsp_types=/opt/rustwide/target/debug/deps/liblsp_types-74404bb0de416f79.rlib --extern oxc_allocator=/opt/rustwide/target/debug/deps/liboxc_allocator-7bf9af797974f4b2.rlib --extern oxc_ast=/opt/rustwide/target/debug/deps/liboxc_ast-9804864bcffba619.rlib --extern oxc_ast_visit=/opt/rustwide/target/debug/deps/liboxc_ast_visit-a74bc66a3ffd3a9f.rlib --extern oxc_diagnostics=/opt/rustwide/target/debug/deps/liboxc_diagnostics-dad07569d2332528.rlib --extern oxc_parser=/opt/rustwide/target/debug/deps/liboxc_parser-0dc3eaf0b9692629.rlib --extern oxc_semantic=/opt/rustwide/target/debug/deps/liboxc_semantic-fbf4917748cc506f.rlib --extern oxc_sourcemap=/opt/rustwide/target/debug/deps/liboxc_sourcemap-295252c166fe6471.rlib --extern oxc_span=/opt/rustwide/target/debug/deps/liboxc_span-f530c3440cdeec21.rlib --extern oxc_syntax=/opt/rustwide/target/debug/deps/liboxc_syntax-3fa0cdbf93aa2176.rlib --extern rayon=/opt/rustwide/target/debug/deps/librayon-d69de9089b79b778.rlib --extern serde=/opt/rustwide/target/debug/deps/libserde-163e9ba99a0113b3.rlib --extern serde_json=/opt/rustwide/target/debug/deps/libserde_json-810ce07da754b52d.rlib --extern sha2=/opt/rustwide/target/debug/deps/libsha2-2cd8d66afa40a636.rlib --extern tempfile=/opt/rustwide/target/debug/deps/libtempfile-f6cf1ef12e5d3f0f.rlib --extern thiserror=/opt/rustwide/target/debug/deps/libthiserror-e6cf790bb75b01e5.rlib --extern tracing=/opt/rustwide/target/debug/deps/libtracing-904ed6b7605081f8.rlib --extern vize_armature=/opt/rustwide/target/debug/deps/libvize_armature-50d5ccb734b5ef49.rlib --extern vize_atelier_core=/opt/rustwide/target/debug/deps/libvize_atelier_core-8b63256744e6d741.rlib --extern vize_atelier_jsx=/opt/rustwide/target/debug/deps/libvize_atelier_jsx-3f1a1ba186731cae.rlib --extern vize_atelier_sfc=/opt/rustwide/target/debug/deps/libvize_atelier_sfc-35a89455988b4453.rlib --extern vize_canon=/opt/rustwide/target/debug/deps/libvize_canon-1f679de4b6b65397.rlib --extern vize_croquis=/opt/rustwide/target/debug/deps/libvize_croquis-edbf57ef215002a1.rlib --extern vize_davinci=/opt/rustwide/target/debug/deps/libvize_davinci-d07b7989d57d2041.rlib --extern vize_l0=/opt/rustwide/target/debug/deps/libvize_l0-0f3272abe832bb22.rlib --extern vize_l1=/opt/rustwide/target/debug/deps/libvize_l1-36dc28263bc3e5eb.rlib --extern vize_l1_to_l2=/opt/rustwide/target/debug/deps/libvize_l1_to_l2-377365cae875f3d5.rlib --extern vize_l2=/opt/rustwide/target/debug/deps/libvize_l2-618d6237038e7442.rlib --extern vize_relief=/opt/rustwide/target/debug/deps/libvize_relief-583ea2fa60f5ef7f.rlib --extern walkdir=/opt/rustwide/target/debug/deps/libwalkdir-7cc6f300a6f0bf06.rlib --cap-lints=warn -L native=/opt/rustwide/target/debug/build/psm-54d708982ade22d9/out` (signal: 9, SIGKILL: kill)
[INFO] [stderr] error: could not compile `vize_canon` (test "auto_import_ref_unwrap")
[INFO] [stderr] 
[INFO] [stderr] Caused by:
[INFO] [stderr]   process didn't exit successfully: `/opt/rustwide/rustup-home/toolchains/1.99.0-beta.8-x86_64-unknown-linux-gnu/bin/rustc --crate-name auto_import_ref_unwrap --edition=2024 tests/auto_import_ref_unwrap.rs --error-format=json --json=diagnostic-rendered-ansi,artifacts,future-incompat --emit=dep-info,link -C embed-bitcode=no -C debuginfo=2 '--deny=clippy::wildcard_imports' '--deny=clippy::unwrap_used' '--deny=clippy::unreachable' '--deny=clippy::unimplemented' --warn=unexpected_cfgs '--deny=clippy::todo' '--deny=clippy::string_slice' '--deny=clippy::panic_in_result_fn' '--deny=clippy::panic' '--deny=clippy::indexing_slicing' '--deny=clippy::get_unwrap' '--deny=clippy::expect_used' '--deny=clippy::allow_attributes_without_reason' '--deny=clippy::allow_attributes' --check-cfg 'cfg(coverage)' --test --cfg 'feature="default"' --cfg 'feature="native"' --check-cfg 'cfg(docsrs,test)' --check-cfg 'cfg(feature, values("davinci-differential", "default", "legacy", "legacy-differential", "native"))' -C metadata=321a50ced17fda55 -C extra-filename=-50c6098f5b8d0a0a --out-dir /opt/rustwide/target/debug/deps -L dependency=/opt/rustwide/target/debug/deps --extern corsa=/opt/rustwide/target/debug/deps/libcorsa-3e331278fccc9f05.rlib --extern corsa_lsp=/opt/rustwide/target/debug/deps/libcorsa_lsp-10e7b4e0800ccb5a.rlib --extern dashmap=/opt/rustwide/target/debug/deps/libdashmap-9d07964970c041d4.rlib --extern dirs=/opt/rustwide/target/debug/deps/libdirs-678ca70ff0ea31ca.rlib --extern futures=/opt/rustwide/target/debug/deps/libfutures-7e8a596c0163b9dd.rlib --extern glob=/opt/rustwide/target/debug/deps/libglob-9ed1b461ddded6dd.rlib --extern libc=/opt/rustwide/target/debug/deps/liblibc-32464e1b8391e223.rlib --extern lsp_types=/opt/rustwide/target/debug/deps/liblsp_types-74404bb0de416f79.rlib --extern oxc_allocator=/opt/rustwide/target/debug/deps/liboxc_allocator-7bf9af797974f4b2.rlib --extern oxc_ast=/opt/rustwide/target/debug/deps/liboxc_ast-9804864bcffba619.rlib --extern oxc_ast_visit=/opt/rustwide/target/debug/deps/liboxc_ast_visit-a74bc66a3ffd3a9f.rlib --extern oxc_diagnostics=/opt/rustwide/target/debug/deps/liboxc_diagnostics-dad07569d2332528.rlib --extern oxc_parser=/opt/rustwide/target/debug/deps/liboxc_parser-0dc3eaf0b9692629.rlib --extern oxc_semantic=/opt/rustwide/target/debug/deps/liboxc_semantic-fbf4917748cc506f.rlib --extern oxc_sourcemap=/opt/rustwide/target/debug/deps/liboxc_sourcemap-295252c166fe6471.rlib --extern oxc_span=/opt/rustwide/target/debug/deps/liboxc_span-f530c3440cdeec21.rlib --extern oxc_syntax=/opt/rustwide/target/debug/deps/liboxc_syntax-3fa0cdbf93aa2176.rlib --extern rayon=/opt/rustwide/target/debug/deps/librayon-d69de9089b79b778.rlib --extern serde=/opt/rustwide/target/debug/deps/libserde-163e9ba99a0113b3.rlib --extern serde_json=/opt/rustwide/target/debug/deps/libserde_json-810ce07da754b52d.rlib --extern sha2=/opt/rustwide/target/debug/deps/libsha2-2cd8d66afa40a636.rlib --extern tempfile=/opt/rustwide/target/debug/deps/libtempfile-f6cf1ef12e5d3f0f.rlib --extern thiserror=/opt/rustwide/target/debug/deps/libthiserror-e6cf790bb75b01e5.rlib --extern tracing=/opt/rustwide/target/debug/deps/libtracing-904ed6b7605081f8.rlib --extern vize_armature=/opt/rustwide/target/debug/deps/libvize_armature-50d5ccb734b5ef49.rlib --extern vize_atelier_core=/opt/rustwide/target/debug/deps/libvize_atelier_core-8b63256744e6d741.rlib --extern vize_atelier_jsx=/opt/rustwide/target/debug/deps/libvize_atelier_jsx-3f1a1ba186731cae.rlib --extern vize_atelier_sfc=/opt/rustwide/target/debug/deps/libvize_atelier_sfc-35a89455988b4453.rlib --extern vize_canon=/opt/rustwide/target/debug/deps/libvize_canon-1f679de4b6b65397.rlib --extern vize_croquis=/opt/rustwide/target/debug/deps/libvize_croquis-edbf57ef215002a1.rlib --extern vize_davinci=/opt/rustwide/target/debug/deps/libvize_davinci-d07b7989d57d2041.rlib --extern vize_l0=/opt/rustwide/target/debug/deps/libvize_l0-0f3272abe832bb22.rlib --extern vize_l1=/opt/rustwide/target/debug/deps/libvize_l1-36dc28263bc3e5eb.rlib --extern vize_l1_to_l2=/opt/rustwide/target/debug/deps/libvize_l1_to_l2-377365cae875f3d5.rlib --extern vize_l2=/opt/rustwide/target/debug/deps/libvize_l2-618d6237038e7442.rlib --extern vize_relief=/opt/rustwide/target/debug/deps/libvize_relief-583ea2fa60f5ef7f.rlib --extern walkdir=/opt/rustwide/target/debug/deps/libwalkdir-7cc6f300a6f0bf06.rlib --cap-lints=warn -L native=/opt/rustwide/target/debug/build/psm-54d708982ade22d9/out` (signal: 9, SIGKILL: kill)
[INFO] [stderr] error: could not compile `vize_canon` (test "jsx_component_props")
[INFO] [stderr] 
[INFO] [stderr] Caused by:
[INFO] [stderr]   process didn't exit successfully: `/opt/rustwide/rustup-home/toolchains/1.99.0-beta.8-x86_64-unknown-linux-gnu/bin/rustc --crate-name jsx_component_props --edition=2024 tests/jsx_component_props.rs --error-format=json --json=diagnostic-rendered-ansi,artifacts,future-incompat --emit=dep-info,link -C embed-bitcode=no -C debuginfo=2 '--deny=clippy::wildcard_imports' '--deny=clippy::unwrap_used' '--deny=clippy::unreachable' '--deny=clippy::unimplemented' --warn=unexpected_cfgs '--deny=clippy::todo' '--deny=clippy::string_slice' '--deny=clippy::panic_in_result_fn' '--deny=clippy::panic' '--deny=clippy::indexing_slicing' '--deny=clippy::get_unwrap' '--deny=clippy::expect_used' '--deny=clippy::allow_attributes_without_reason' '--deny=clippy::allow_attributes' --check-cfg 'cfg(coverage)' --test --cfg 'feature="default"' --cfg 'feature="native"' --check-cfg 'cfg(docsrs,test)' --check-cfg 'cfg(feature, values("davinci-differential", "default", "legacy", "legacy-differential", "native"))' -C metadata=b5ff88f77a23fb74 -C extra-filename=-a4644f66d09d4f9e --out-dir /opt/rustwide/target/debug/deps -L dependency=/opt/rustwide/target/debug/deps --extern corsa=/opt/rustwide/target/debug/deps/libcorsa-3e331278fccc9f05.rlib --extern corsa_lsp=/opt/rustwide/target/debug/deps/libcorsa_lsp-10e7b4e0800ccb5a.rlib --extern dashmap=/opt/rustwide/target/debug/deps/libdashmap-9d07964970c041d4.rlib --extern dirs=/opt/rustwide/target/debug/deps/libdirs-678ca70ff0ea31ca.rlib --extern futures=/opt/rustwide/target/debug/deps/libfutures-7e8a596c0163b9dd.rlib --extern glob=/opt/rustwide/target/debug/deps/libglob-9ed1b461ddded6dd.rlib --extern libc=/opt/rustwide/target/debug/deps/liblibc-32464e1b8391e223.rlib --extern lsp_types=/opt/rustwide/target/debug/deps/liblsp_types-74404bb0de416f79.rlib --extern oxc_allocator=/opt/rustwide/target/debug/deps/liboxc_allocator-7bf9af797974f4b2.rlib --extern oxc_ast=/opt/rustwide/target/debug/deps/liboxc_ast-9804864bcffba619.rlib --extern oxc_ast_visit=/opt/rustwide/target/debug/deps/liboxc_ast_visit-a74bc66a3ffd3a9f.rlib --extern oxc_diagnostics=/opt/rustwide/target/debug/deps/liboxc_diagnostics-dad07569d2332528.rlib --extern oxc_parser=/opt/rustwide/target/debug/deps/liboxc_parser-0dc3eaf0b9692629.rlib --extern oxc_semantic=/opt/rustwide/target/debug/deps/liboxc_semantic-fbf4917748cc506f.rlib --extern oxc_sourcemap=/opt/rustwide/target/debug/deps/liboxc_sourcemap-295252c166fe6471.rlib --extern oxc_span=/opt/rustwide/target/debug/deps/liboxc_span-f530c3440cdeec21.rlib --extern oxc_syntax=/opt/rustwide/target/debug/deps/liboxc_syntax-3fa0cdbf93aa2176.rlib --extern rayon=/opt/rustwide/target/debug/deps/librayon-d69de9089b79b778.rlib --extern serde=/opt/rustwide/target/debug/deps/libserde-163e9ba99a0113b3.rlib --extern serde_json=/opt/rustwide/target/debug/deps/libserde_json-810ce07da754b52d.rlib --extern sha2=/opt/rustwide/target/debug/deps/libsha2-2cd8d66afa40a636.rlib --extern tempfile=/opt/rustwide/target/debug/deps/libtempfile-f6cf1ef12e5d3f0f.rlib --extern thiserror=/opt/rustwide/target/debug/deps/libthiserror-e6cf790bb75b01e5.rlib --extern tracing=/opt/rustwide/target/debug/deps/libtracing-904ed6b7605081f8.rlib --extern vize_armature=/opt/rustwide/target/debug/deps/libvize_armature-50d5ccb734b5ef49.rlib --extern vize_atelier_core=/opt/rustwide/target/debug/deps/libvize_atelier_core-8b63256744e6d741.rlib --extern vize_atelier_jsx=/opt/rustwide/target/debug/deps/libvize_atelier_jsx-3f1a1ba186731cae.rlib --extern vize_atelier_sfc=/opt/rustwide/target/debug/deps/libvize_atelier_sfc-35a89455988b4453.rlib --extern vize_canon=/opt/rustwide/target/debug/deps/libvize_canon-1f679de4b6b65397.rlib --extern vize_croquis=/opt/rustwide/target/debug/deps/libvize_croquis-edbf57ef215002a1.rlib --extern vize_davinci=/opt/rustwide/target/debug/deps/libvize_davinci-d07b7989d57d2041.rlib --extern vize_l0=/opt/rustwide/target/debug/deps/libvize_l0-0f3272abe832bb22.rlib --extern vize_l1=/opt/rustwide/target/debug/deps/libvize_l1-36dc28263bc3e5eb.rlib --extern vize_l1_to_l2=/opt/rustwide/target/debug/deps/libvize_l1_to_l2-377365cae875f3d5.rlib --extern vize_l2=/opt/rustwide/target/debug/deps/libvize_l2-618d6237038e7442.rlib --extern vize_relief=/opt/rustwide/target/debug/deps/libvize_relief-583ea2fa60f5ef7f.rlib --extern walkdir=/opt/rustwide/target/debug/deps/libwalkdir-7cc6f300a6f0bf06.rlib --cap-lints=warn -L native=/opt/rustwide/target/debug/build/psm-54d708982ade22d9/out` (signal: 9, SIGKILL: kill)
[INFO] [stderr] error: could not compile `vize_canon` (test "nuxt_false_positives")
[INFO] [stderr] 
[INFO] [stderr] Caused by:
[INFO] [stderr]   process didn't exit successfully: `/opt/rustwide/rustup-home/toolchains/1.99.0-beta.8-x86_64-unknown-linux-gnu/bin/rustc --crate-name nuxt_false_positives --edition=2024 tests/nuxt_false_positives.rs --error-format=json --json=diagnostic-rendered-ansi,artifacts,future-incompat --emit=dep-info,link -C embed-bitcode=no -C debuginfo=2 '--deny=clippy::wildcard_imports' '--deny=clippy::unwrap_used' '--deny=clippy::unreachable' '--deny=clippy::unimplemented' --warn=unexpected_cfgs '--deny=clippy::todo' '--deny=clippy::string_slice' '--deny=clippy::panic_in_result_fn' '--deny=clippy::panic' '--deny=clippy::indexing_slicing' '--deny=clippy::get_unwrap' '--deny=clippy::expect_used' '--deny=clippy::allow_attributes_without_reason' '--deny=clippy::allow_attributes' --check-cfg 'cfg(coverage)' --test --cfg 'feature="default"' --cfg 'feature="native"' --check-cfg 'cfg(docsrs,test)' --check-cfg 'cfg(feature, values("davinci-differential", "default", "legacy", "legacy-differential", "native"))' -C metadata=a6b2d2f1e2c4ef78 -C extra-filename=-b815f1475ae76e56 --out-dir /opt/rustwide/target/debug/deps -L dependency=/opt/rustwide/target/debug/deps --extern corsa=/opt/rustwide/target/debug/deps/libcorsa-3e331278fccc9f05.rlib --extern corsa_lsp=/opt/rustwide/target/debug/deps/libcorsa_lsp-10e7b4e0800ccb5a.rlib --extern dashmap=/opt/rustwide/target/debug/deps/libdashmap-9d07964970c041d4.rlib --extern dirs=/opt/rustwide/target/debug/deps/libdirs-678ca70ff0ea31ca.rlib --extern futures=/opt/rustwide/target/debug/deps/libfutures-7e8a596c0163b9dd.rlib --extern glob=/opt/rustwide/target/debug/deps/libglob-9ed1b461ddded6dd.rlib --extern libc=/opt/rustwide/target/debug/deps/liblibc-32464e1b8391e223.rlib --extern lsp_types=/opt/rustwide/target/debug/deps/liblsp_types-74404bb0de416f79.rlib --extern oxc_allocator=/opt/rustwide/target/debug/deps/liboxc_allocator-7bf9af797974f4b2.rlib --extern oxc_ast=/opt/rustwide/target/debug/deps/liboxc_ast-9804864bcffba619.rlib --extern oxc_ast_visit=/opt/rustwide/target/debug/deps/liboxc_ast_visit-a74bc66a3ffd3a9f.rlib --extern oxc_diagnostics=/opt/rustwide/target/debug/deps/liboxc_diagnostics-dad07569d2332528.rlib --extern oxc_parser=/opt/rustwide/target/debug/deps/liboxc_parser-0dc3eaf0b9692629.rlib --extern oxc_semantic=/opt/rustwide/target/debug/deps/liboxc_semantic-fbf4917748cc506f.rlib --extern oxc_sourcemap=/opt/rustwide/target/debug/deps/liboxc_sourcemap-295252c166fe6471.rlib --extern oxc_span=/opt/rustwide/target/debug/deps/liboxc_span-f530c3440cdeec21.rlib --extern oxc_syntax=/opt/rustwide/target/debug/deps/liboxc_syntax-3fa0cdbf93aa2176.rlib --extern rayon=/opt/rustwide/target/debug/deps/librayon-d69de9089b79b778.rlib --extern serde=/opt/rustwide/target/debug/deps/libserde-163e9ba99a0113b3.rlib --extern serde_json=/opt/rustwide/target/debug/deps/libserde_json-810ce07da754b52d.rlib --extern sha2=/opt/rustwide/target/debug/deps/libsha2-2cd8d66afa40a636.rlib --extern tempfile=/opt/rustwide/target/debug/deps/libtempfile-f6cf1ef12e5d3f0f.rlib --extern thiserror=/opt/rustwide/target/debug/deps/libthiserror-e6cf790bb75b01e5.rlib --extern tracing=/opt/rustwide/target/debug/deps/libtracing-904ed6b7605081f8.rlib --extern vize_armature=/opt/rustwide/target/debug/deps/libvize_armature-50d5ccb734b5ef49.rlib --extern vize_atelier_core=/opt/rustwide/target/debug/deps/libvize_atelier_core-8b63256744e6d741.rlib --extern vize_atelier_jsx=/opt/rustwide/target/debug/deps/libvize_atelier_jsx-3f1a1ba186731cae.rlib --extern vize_atelier_sfc=/opt/rustwide/target/debug/deps/libvize_atelier_sfc-35a89455988b4453.rlib --extern vize_canon=/opt/rustwide/target/debug/deps/libvize_canon-1f679de4b6b65397.rlib --extern vize_croquis=/opt/rustwide/target/debug/deps/libvize_croquis-edbf57ef215002a1.rlib --extern vize_davinci=/opt/rustwide/target/debug/deps/libvize_davinci-d07b7989d57d2041.rlib --extern vize_l0=/opt/rustwide/target/debug/deps/libvize_l0-0f3272abe832bb22.rlib --extern vize_l1=/opt/rustwide/target/debug/deps/libvize_l1-36dc28263bc3e5eb.rlib --extern vize_l1_to_l2=/opt/rustwide/target/debug/deps/libvize_l1_to_l2-377365cae875f3d5.rlib --extern vize_l2=/opt/rustwide/target/debug/deps/libvize_l2-618d6237038e7442.rlib --extern vize_relief=/opt/rustwide/target/debug/deps/libvize_relief-583ea2fa60f5ef7f.rlib --extern walkdir=/opt/rustwide/target/debug/deps/libwalkdir-7cc6f300a6f0bf06.rlib --cap-lints=warn -L native=/opt/rustwide/target/debug/build/psm-54d708982ade22d9/out` (signal: 9, SIGKILL: kill)
[INFO] [stderr] error: could not compile `vize_canon` (test "event_handler_narrowing")
[INFO] [stderr] 
[INFO] [stderr] Caused by:
[INFO] [stderr]   process didn't exit successfully: `/opt/rustwide/rustup-home/toolchains/1.99.0-beta.8-x86_64-unknown-linux-gnu/bin/rustc --crate-name event_handler_narrowing --edition=2024 tests/event_handler_narrowing.rs --error-format=json --json=diagnostic-rendered-ansi,artifacts,future-incompat --emit=dep-info,link -C embed-bitcode=no -C debuginfo=2 '--deny=clippy::wildcard_imports' '--deny=clippy::unwrap_used' '--deny=clippy::unreachable' '--deny=clippy::unimplemented' --warn=unexpected_cfgs '--deny=clippy::todo' '--deny=clippy::string_slice' '--deny=clippy::panic_in_result_fn' '--deny=clippy::panic' '--deny=clippy::indexing_slicing' '--deny=clippy::get_unwrap' '--deny=clippy::expect_used' '--deny=clippy::allow_attributes_without_reason' '--deny=clippy::allow_attributes' --check-cfg 'cfg(coverage)' --test --cfg 'feature="default"' --cfg 'feature="native"' --check-cfg 'cfg(docsrs,test)' --check-cfg 'cfg(feature, values("davinci-differential", "default", "legacy", "legacy-differential", "native"))' -C metadata=29d9b48170e7b781 -C extra-filename=-64b8a6485dd77c3b --out-dir /opt/rustwide/target/debug/deps -L dependency=/opt/rustwide/target/debug/deps --extern corsa=/opt/rustwide/target/debug/deps/libcorsa-3e331278fccc9f05.rlib --extern corsa_lsp=/opt/rustwide/target/debug/deps/libcorsa_lsp-10e7b4e0800ccb5a.rlib --extern dashmap=/opt/rustwide/target/debug/deps/libdashmap-9d07964970c041d4.rlib --extern dirs=/opt/rustwide/target/debug/deps/libdirs-678ca70ff0ea31ca.rlib --extern futures=/opt/rustwide/target/debug/deps/libfutures-7e8a596c0163b9dd.rlib --extern glob=/opt/rustwide/target/debug/deps/libglob-9ed1b461ddded6dd.rlib --extern libc=/opt/rustwide/target/debug/deps/liblibc-32464e1b8391e223.rlib --extern lsp_types=/opt/rustwide/target/debug/deps/liblsp_types-74404bb0de416f79.rlib --extern oxc_allocator=/opt/rustwide/target/debug/deps/liboxc_allocator-7bf9af797974f4b2.rlib --extern oxc_ast=/opt/rustwide/target/debug/deps/liboxc_ast-9804864bcffba619.rlib --extern oxc_ast_visit=/opt/rustwide/target/debug/deps/liboxc_ast_visit-a74bc66a3ffd3a9f.rlib --extern oxc_diagnostics=/opt/rustwide/target/debug/deps/liboxc_diagnostics-dad07569d2332528.rlib --extern oxc_parser=/opt/rustwide/target/debug/deps/liboxc_parser-0dc3eaf0b9692629.rlib --extern oxc_semantic=/opt/rustwide/target/debug/deps/liboxc_semantic-fbf4917748cc506f.rlib --extern oxc_sourcemap=/opt/rustwide/target/debug/deps/liboxc_sourcemap-295252c166fe6471.rlib --extern oxc_span=/opt/rustwide/target/debug/deps/liboxc_span-f530c3440cdeec21.rlib --extern oxc_syntax=/opt/rustwide/target/debug/deps/liboxc_syntax-3fa0cdbf93aa2176.rlib --extern rayon=/opt/rustwide/target/debug/deps/librayon-d69de9089b79b778.rlib --extern serde=/opt/rustwide/target/debug/deps/libserde-163e9ba99a0113b3.rlib --extern serde_json=/opt/rustwide/target/debug/deps/libserde_json-810ce07da754b52d.rlib --extern sha2=/opt/rustwide/target/debug/deps/libsha2-2cd8d66afa40a636.rlib --extern tempfile=/opt/rustwide/target/debug/deps/libtempfile-f6cf1ef12e5d3f0f.rlib --extern thiserror=/opt/rustwide/target/debug/deps/libthiserror-e6cf790bb75b01e5.rlib --extern tracing=/opt/rustwide/target/debug/deps/libtracing-904ed6b7605081f8.rlib --extern vize_armature=/opt/rustwide/target/debug/deps/libvize_armature-50d5ccb734b5ef49.rlib --extern vize_atelier_core=/opt/rustwide/target/debug/deps/libvize_atelier_core-8b63256744e6d741.rlib --extern vize_atelier_jsx=/opt/rustwide/target/debug/deps/libvize_atelier_jsx-3f1a1ba186731cae.rlib --extern vize_atelier_sfc=/opt/rustwide/target/debug/deps/libvize_atelier_sfc-35a89455988b4453.rlib --extern vize_canon=/opt/rustwide/target/debug/deps/libvize_canon-1f679de4b6b65397.rlib --extern vize_croquis=/opt/rustwide/target/debug/deps/libvize_croquis-edbf57ef215002a1.rlib --extern vize_davinci=/opt/rustwide/target/debug/deps/libvize_davinci-d07b7989d57d2041.rlib --extern vize_l0=/opt/rustwide/target/debug/deps/libvize_l0-0f3272abe832bb22.rlib --extern vize_l1=/opt/rustwide/target/debug/deps/libvize_l1-36dc28263bc3e5eb.rlib --extern vize_l1_to_l2=/opt/rustwide/target/debug/deps/libvize_l1_to_l2-377365cae875f3d5.rlib --extern vize_l2=/opt/rustwide/target/debug/deps/libvize_l2-618d6237038e7442.rlib --extern vize_relief=/opt/rustwide/target/debug/deps/libvize_relief-583ea2fa60f5ef7f.rlib --extern walkdir=/opt/rustwide/target/debug/deps/libwalkdir-7cc6f300a6f0bf06.rlib --cap-lints=warn -L native=/opt/rustwide/target/debug/build/psm-54d708982ade22d9/out` (signal: 9, SIGKILL: kill)
[INFO] [stdout] error: linking with `cc` failed: exit status: 1
[INFO] [stdout]   |
[INFO] [stdout]   = note:  "cc" "-m64" "/opt/rustwide/target/debug/deps/rustcgC5WrL/symbols.o" "<2 object files omitted>" "-Wl,--as-needed" "-Wl,-Bstatic" "<sysroot>/lib/rustlib/x86_64-unknown-linux-gnu/lib/{libtest-*,libgetopts-*,librustc_std_workspace_std-*}.rlib" "/opt/rustwide/target/debug/deps/{libvize_canon-1f679de4b6b65397,libtempfile-f6cf1ef12e5d3f0f,libgetrandom-5a317ebbf9d5adbe,libfastrand-8c711c36072d5b5b,librustix-ca0280933604b7a4,liblinux_raw_sys-0b6cde911e9a3109,libdirs-678ca70ff0ea31ca,libdirs_sys-9b5b26daf8732554,liboption_ext-61303ef911796993,libwalkdir-7cc6f300a6f0bf06,libsame_file-ff49545450c0b63c,libtracing-904ed6b7605081f8,libtracing_core-89b602bc4a7d7f8a,libfutures-7e8a596c0163b9dd,libfutures_executor-25fc60708d51fabc,libfutures_util-5c8af726dbd24ab7,libfutures_io-a8805bd12b2ab705,libslab-ed301aba3460fb05,libfutures_channel-709aca3cddebd0a0,libpin_project_lite-0a15d51c77964692,libfutures_sink-2422b5cc970bfebd,libfutures_task-36f327cfab86eddc,libfutures_core-0e1ee7e484a09e5a,libcorsa-3e331278fccc9f05,libcorsa_orchestrator-97687c1187b14608,libcorsa_lsp-10e7b4e0800ccb5a,libcorsa_client-632dbb9641b2085d,liblsp_types-74404bb0de416f79,libfluent_uri-8092464a87997395,libbitflags-dde12b0d7d495b50,libcorsa_jsonrpc-e621d2b53b1d28bc,libparking_lot-9546a2f0abc876f4,liblog-f16ce4b64309590f,libcorsa_runtime-30db95222c23fe81,libcorsa_core-aa3ad614e6ded4a5,libglob-9ed1b461ddded6dd,librayon-d69de9089b79b778,librayon_core-35c8aab5fe3d049d,libcrossbeam_deque-055f098e821a63e6,libcrossbeam_epoch-567bb89aeff17335,libvize_atelier_jsx-3f1a1ba186731cae,libvize_atelier_sfc-35a89455988b4453,libvize_atelier_ssr-6e3e2581f1ae0897,libvize_atelier_dom-92dad83b818fc60c,libvize_atelier_vapor-bfb5808b396b5dae,libvize_l1_to_l2-377365cae875f3d5,libvize_l2_to_l3-0f41e74706ad9510,libvize_l2-618d6237038e7442,libsha2-2cd8d66afa40a636,libcpufeatures-6c1f78f4142e3013,libdigest-9e1f2fa2af9a732a,libconst_oid-58507ca40e062d76,libcrypto_common-f8dadbda02534dee,libblock_buffer-9e041e258e47a854,libhybrid_array-f154a5ea8d1c9baf,libtypenum-16ceaa0b6a024548,libvize_atelier_core-8b63256744e6d741,liboxc_transformer-44af635948c2ac65,libhmac_sha1_compact-b2fadc029e148031,libbase64-a9f21970b68a990f,liboxc_compat-ad0b5ab26bab09dd,libbrowserslist-d48f474ce99621dc,libpostcard-aef55e3eaa6abd15,libcobs-c66954102d9a1cd7,libminiz_oxide-e50ab72f79639e23,libadler2-1712579794513681,libindexmap-7ddd6bd769fe1f96,libequivalent-6a754676e6af62ae,liboxc_traverse-2fbbdd1ac4c4f2e4,liboxc_codegen-02b192c2429859c9,liboxc_sourcemap-295252c166fe6471,libbase64_simd-d78819428296f469,liboutref-a8d151a70d892957,libvsimd-df18ed82e402df6e,libjson_escape_simd-86fdb83be52178d9,libvize_croquis-edbf57ef215002a1,libregex-a1b554e8e6300dae,libregex_automata-9a2d5bae83948b40,libaho_corasick-66f2297d49343770,libregex_syntax-801391c65a42f645,libthin_vec-62eb60a5acf4ea4d,libdashmap-9d07964970c041d4,liblock_api-16d46fed645f7bff,libscopeguard-7ec2214574194454,libhashbrown-7535884dad52ee2f,libcrossbeam_utils-f696a08ab1e94e7a,libparking_lot_core-75684b1673d52a62,libvize_armature-50d5ccb734b5ef49,libvize_l1-36dc28263bc3e5eb,libhtmlize-461b2cfd42ebcfd8,liboxc_semantic-fbf4917748cc506f,libself_cell-77f1462d73d9bcc4,libitertools-33be4394ed084734,libeither-e5ea87bd27ac73a9,libvize_l3-1939fd2475a71dce,liboxc_parser-0dc3eaf0b9692629,liboxc_ecmascript-2c133888d0e01fe0,libnum_bigint-0bfebc05efe6f505,libnum_integer-e1dae9bde9b8ffd5,libnum_traits-61451ab850bd490d,libvize_relief-583ea2fa60f5ef7f,liboxc_ast_visit-a74bc66a3ffd3a9f,liboxc_ast-9804864bcffba619,liboxc_regular_expression-8bc284db1f8e7bd6,liboxc_diagnostics-dad07569d2332528,libpercent_encoding-fa055ecaa1e57cfa,libindex_vec-8ac8de6f55f0d00e,libvize_davinci-d07b7989d57d2041,libvize_l0-0f3272abe832bb22,libvize_carton-5b5f3c792b878ca4,libsimdutf8-a1de2a2d793955cc,libstacker-9c455c0c6390919b,libpsm-1f97fd2bc81b2f27,libwhich-639fc2d676b2d165,liblibc-32464e1b8391e223,libonce_cell-b5bdc597ed9676b3,libxxhash_rust-21bd6dff5bc15cf9,liboxc_syntax-3fa0cdbf93aa2176,libdragonbox_ecma-dd0b719dca40db99,liboxc_span-f530c3440cdeec21,libmiette-2ebf93a58bfbe6e1,libtextwrap-9f4aa087cfd8615e,libunicode_linebreak-a9faaa33c69d8a42,libsmawk-f6e85575b00c6c1b,libunicode_width-c0be3735b741df1b,libunicode_segmentation-7adb7faea6d97d51,libowo_colors-82d5c6a9d9667c3a,libthiserror-e6cf790bb75b01e5,liboxc_estree-e6684c9e0dfae08b,libphf-0f863269bfcb7f8a,libphf_shared-17b709aea585ba7a,libunicode_id_start-cf8593a8180d15c3,libcow_utils-50eb4229e283ebd8,liboxc_str-b4fdd621f2b0772c,liboxc_index-6098e40d5d67b3e5,libnonmax-4c42d357389c16a9,libbitflags-aacfbdb4a98376aa,libphf-68306b63f29b4ab1,libphf_shared-aff62bb2023023c3,libsiphasher-b16e808df37ae9fc,libcompact_str-65df8095bd3f5fa9,libcfg_if-83060ec5685761ae,libstatic_assertions-f0217ecdd817a834,libcastaway-e04a9b7886ef0139,libserde_json-810ce07da754b52d,libmemchr-a932478bde794617,libitoa-5de11b3b23bfe572,libzmij-ef63f1da73704b4c,liboxc_allocator-7bf9af797974f4b2,libhashbrown-450509d861020548,librustc_hash-b8839ccb4a020d2d,liboxc_data_structures-1cc135838f4ee4e6,libropey-0eaf7a568ded35a3,libstr_indices-36fa73e8c6d94865,libsmallvec-9d7ec35b2c475e28,libserde-163e9ba99a0113b3,libserde_core-21f22ac7b803fb0e,liballocator_api2-a8e0e4a62af7c576}.rlib" "<sysroot>/lib/rustlib/x86_64-unknown-linux-gnu/lib/{libstd-*,libpanic_unwind-*,libobject-*,libmemchr-*,libaddr2line-*,libgimli-*,libcfg_if-*,librustc_demangle-*,libstd_detect-*,libhashbrown-*,librustc_std_workspace_alloc-*,libminiz_oxide-*,libadler2-*,libunwind-*,liblibc-*,librustc_std_workspace_core-*,liballoc-*,libcore-*,libcompiler_builtins-*}.rlib" "-Wl,-Bdynamic" "-lgcc_s" "-lutil" "-lrt" "-lpthread" "-lm" "-ldl" "-lc" "-L" "/opt/rustwide/target/debug/deps/rustcgC5WrL/raw-dylibs" "-B<sysroot>/lib/rustlib/x86_64-unknown-linux-gnu/bin/gcc-ld" "-fuse-ld=lld" "-Wl,--eh-frame-hdr" "-Wl,-z,noexecstack" "-L" "/opt/rustwide/target/debug/build/psm-54d708982ade22d9/out" "-L" "<sysroot>/lib/rustlib/x86_64-unknown-linux-gnu/lib" "-o" "/opt/rustwide/target/debug/deps/imported_ref_unwrap-1fc081cf32e6f53c" "-Wl,--gc-sections" "-pie" "-Wl,-z,relro,-z,now" "-nodefaultlibs"
[INFO] [stdout]   = note: some arguments are omitted. use `--verbose` to show all linker arguments
[INFO] [stdout]   = note: collect2: fatal error: ld terminated with signal 9 [Killed]
[INFO] [stdout]           compilation terminated.
[INFO] [stdout]           
[INFO] [stdout] 
[INFO] [stdout] 
[INFO] [stderr] error: could not compile `vize_canon` (test "imported_ref_unwrap") due to 1 previous error
[INFO] [stdout] error: linking with `cc` failed: exit status: 1
[INFO] [stdout]   |
[INFO] [stdout]   = note:  "cc" "-m64" "/opt/rustwide/target/debug/deps/rustcrinMCO/symbols.o" "<2 object files omitted>" "-Wl,--as-needed" "-Wl,-Bstatic" "<sysroot>/lib/rustlib/x86_64-unknown-linux-gnu/lib/{libtest-*,libgetopts-*,librustc_std_workspace_std-*}.rlib" "/opt/rustwide/target/debug/deps/{libvize_canon-1f679de4b6b65397,libtempfile-f6cf1ef12e5d3f0f,libgetrandom-5a317ebbf9d5adbe,libfastrand-8c711c36072d5b5b,librustix-ca0280933604b7a4,liblinux_raw_sys-0b6cde911e9a3109,libdirs-678ca70ff0ea31ca,libdirs_sys-9b5b26daf8732554,liboption_ext-61303ef911796993,libwalkdir-7cc6f300a6f0bf06,libsame_file-ff49545450c0b63c,libtracing-904ed6b7605081f8,libtracing_core-89b602bc4a7d7f8a,libfutures-7e8a596c0163b9dd,libfutures_executor-25fc60708d51fabc,libfutures_util-5c8af726dbd24ab7,libfutures_io-a8805bd12b2ab705,libslab-ed301aba3460fb05,libfutures_channel-709aca3cddebd0a0,libpin_project_lite-0a15d51c77964692,libfutures_sink-2422b5cc970bfebd,libfutures_task-36f327cfab86eddc,libfutures_core-0e1ee7e484a09e5a,libcorsa-3e331278fccc9f05,libcorsa_orchestrator-97687c1187b14608,libcorsa_lsp-10e7b4e0800ccb5a,libcorsa_client-632dbb9641b2085d,liblsp_types-74404bb0de416f79,libfluent_uri-8092464a87997395,libbitflags-dde12b0d7d495b50,libcorsa_jsonrpc-e621d2b53b1d28bc,libparking_lot-9546a2f0abc876f4,liblog-f16ce4b64309590f,libcorsa_runtime-30db95222c23fe81,libcorsa_core-aa3ad614e6ded4a5,libglob-9ed1b461ddded6dd,librayon-d69de9089b79b778,librayon_core-35c8aab5fe3d049d,libcrossbeam_deque-055f098e821a63e6,libcrossbeam_epoch-567bb89aeff17335,libvize_atelier_jsx-3f1a1ba186731cae,libvize_atelier_sfc-35a89455988b4453,libvize_atelier_ssr-6e3e2581f1ae0897,libvize_atelier_dom-92dad83b818fc60c,libvize_atelier_vapor-bfb5808b396b5dae,libvize_l1_to_l2-377365cae875f3d5,libvize_l2_to_l3-0f41e74706ad9510,libvize_l2-618d6237038e7442,libsha2-2cd8d66afa40a636,libcpufeatures-6c1f78f4142e3013,libdigest-9e1f2fa2af9a732a,libconst_oid-58507ca40e062d76,libcrypto_common-f8dadbda02534dee,libblock_buffer-9e041e258e47a854,libhybrid_array-f154a5ea8d1c9baf,libtypenum-16ceaa0b6a024548,libvize_atelier_core-8b63256744e6d741,liboxc_transformer-44af635948c2ac65,libhmac_sha1_compact-b2fadc029e148031,libbase64-a9f21970b68a990f,liboxc_compat-ad0b5ab26bab09dd,libbrowserslist-d48f474ce99621dc,libpostcard-aef55e3eaa6abd15,libcobs-c66954102d9a1cd7,libminiz_oxide-e50ab72f79639e23,libadler2-1712579794513681,libindexmap-7ddd6bd769fe1f96,libequivalent-6a754676e6af62ae,liboxc_traverse-2fbbdd1ac4c4f2e4,liboxc_codegen-02b192c2429859c9,liboxc_sourcemap-295252c166fe6471,libbase64_simd-d78819428296f469,liboutref-a8d151a70d892957,libvsimd-df18ed82e402df6e,libjson_escape_simd-86fdb83be52178d9,libvize_croquis-edbf57ef215002a1,libregex-a1b554e8e6300dae,libregex_automata-9a2d5bae83948b40,libaho_corasick-66f2297d49343770,libregex_syntax-801391c65a42f645,libthin_vec-62eb60a5acf4ea4d,libdashmap-9d07964970c041d4,liblock_api-16d46fed645f7bff,libscopeguard-7ec2214574194454,libhashbrown-7535884dad52ee2f,libcrossbeam_utils-f696a08ab1e94e7a,libparking_lot_core-75684b1673d52a62,libvize_armature-50d5ccb734b5ef49,libvize_l1-36dc28263bc3e5eb,libhtmlize-461b2cfd42ebcfd8,liboxc_semantic-fbf4917748cc506f,libself_cell-77f1462d73d9bcc4,libitertools-33be4394ed084734,libeither-e5ea87bd27ac73a9,libvize_l3-1939fd2475a71dce,liboxc_parser-0dc3eaf0b9692629,liboxc_ecmascript-2c133888d0e01fe0,libnum_bigint-0bfebc05efe6f505,libnum_integer-e1dae9bde9b8ffd5,libnum_traits-61451ab850bd490d,libvize_relief-583ea2fa60f5ef7f,liboxc_ast_visit-a74bc66a3ffd3a9f,liboxc_ast-9804864bcffba619,liboxc_regular_expression-8bc284db1f8e7bd6,liboxc_diagnostics-dad07569d2332528,libpercent_encoding-fa055ecaa1e57cfa,libindex_vec-8ac8de6f55f0d00e,libvize_davinci-d07b7989d57d2041,libvize_l0-0f3272abe832bb22,libvize_carton-5b5f3c792b878ca4,libsimdutf8-a1de2a2d793955cc,libstacker-9c455c0c6390919b,libpsm-1f97fd2bc81b2f27,libwhich-639fc2d676b2d165,liblibc-32464e1b8391e223,libonce_cell-b5bdc597ed9676b3,libxxhash_rust-21bd6dff5bc15cf9,liboxc_syntax-3fa0cdbf93aa2176,libdragonbox_ecma-dd0b719dca40db99,liboxc_span-f530c3440cdeec21,libmiette-2ebf93a58bfbe6e1,libtextwrap-9f4aa087cfd8615e,libunicode_linebreak-a9faaa33c69d8a42,libsmawk-f6e85575b00c6c1b,libunicode_width-c0be3735b741df1b,libunicode_segmentation-7adb7faea6d97d51,libowo_colors-82d5c6a9d9667c3a,libthiserror-e6cf790bb75b01e5,liboxc_estree-e6684c9e0dfae08b,libphf-0f863269bfcb7f8a,libphf_shared-17b709aea585ba7a,libunicode_id_start-cf8593a8180d15c3,libcow_utils-50eb4229e283ebd8,liboxc_str-b4fdd621f2b0772c,liboxc_index-6098e40d5d67b3e5,libnonmax-4c42d357389c16a9,libbitflags-aacfbdb4a98376aa,libphf-68306b63f29b4ab1,libphf_shared-aff62bb2023023c3,libsiphasher-b16e808df37ae9fc,libcompact_str-65df8095bd3f5fa9,libcfg_if-83060ec5685761ae,libstatic_assertions-f0217ecdd817a834,libcastaway-e04a9b7886ef0139,libserde_json-810ce07da754b52d,libmemchr-a932478bde794617,libitoa-5de11b3b23bfe572,libzmij-ef63f1da73704b4c,liboxc_allocator-7bf9af797974f4b2,libhashbrown-450509d861020548,librustc_hash-b8839ccb4a020d2d,liboxc_data_structures-1cc135838f4ee4e6,libropey-0eaf7a568ded35a3,libstr_indices-36fa73e8c6d94865,libsmallvec-9d7ec35b2c475e28,libserde-163e9ba99a0113b3,libserde_core-21f22ac7b803fb0e,liballocator_api2-a8e0e4a62af7c576}.rlib" "<sysroot>/lib/rustlib/x86_64-unknown-linux-gnu/lib/{libstd-*,libpanic_unwind-*,libobject-*,libmemchr-*,libaddr2line-*,libgimli-*,libcfg_if-*,librustc_demangle-*,libstd_detect-*,libhashbrown-*,librustc_std_workspace_alloc-*,libminiz_oxide-*,libadler2-*,libunwind-*,liblibc-*,librustc_std_workspace_core-*,liballoc-*,libcore-*,libcompiler_builtins-*}.rlib" "-Wl,-Bdynamic" "-lgcc_s" "-lutil" "-lrt" "-lpthread" "-lm" "-ldl" "-lc" "-L" "/opt/rustwide/target/debug/deps/rustcrinMCO/raw-dylibs" "-B<sysroot>/lib/rustlib/x86_64-unknown-linux-gnu/bin/gcc-ld" "-fuse-ld=lld" "-Wl,--eh-frame-hdr" "-Wl,-z,noexecstack" "-L" "/opt/rustwide/target/debug/build/psm-54d708982ade22d9/out" "-L" "<sysroot>/lib/rustlib/x86_64-unknown-linux-gnu/lib" "-o" "/opt/rustwide/target/debug/deps/voicevox_adoption_patterns-d68820bb91004a57" "-Wl,--gc-sections" "-pie" "-Wl,-z,relro,-z,now" "-nodefaultlibs"
[INFO] [stdout]   = note: some arguments are omitted. use `--verbose` to show all linker arguments
[INFO] [stdout]   = note: collect2: fatal error: ld terminated with signal 9 [Killed]
[INFO] [stdout]           compilation terminated.
[INFO] [stdout]           
[INFO] [stdout] 
[INFO] [stdout] 
[INFO] [stderr] error: could not compile `vize_canon` (test "voicevox_adoption_patterns") due to 1 previous error
[INFO] [stdout] error: linking with `cc` failed: exit status: 1
[INFO] [stdout]   |
[INFO] [stdout]   = note:  "cc" "-m64" "/opt/rustwide/target/debug/deps/rustcSSJQc5/symbols.o" "<2 object files omitted>" "-Wl,--as-needed" "-Wl,-Bstatic" "<sysroot>/lib/rustlib/x86_64-unknown-linux-gnu/lib/{libtest-*,libgetopts-*,librustc_std_workspace_std-*}.rlib" "/opt/rustwide/target/debug/deps/{libvize_canon-1f679de4b6b65397,libtempfile-f6cf1ef12e5d3f0f,libgetrandom-5a317ebbf9d5adbe,libfastrand-8c711c36072d5b5b,librustix-ca0280933604b7a4,liblinux_raw_sys-0b6cde911e9a3109,libdirs-678ca70ff0ea31ca,libdirs_sys-9b5b26daf8732554,liboption_ext-61303ef911796993,libwalkdir-7cc6f300a6f0bf06,libsame_file-ff49545450c0b63c,libtracing-904ed6b7605081f8,libtracing_core-89b602bc4a7d7f8a,libfutures-7e8a596c0163b9dd,libfutures_executor-25fc60708d51fabc,libfutures_util-5c8af726dbd24ab7,libfutures_io-a8805bd12b2ab705,libslab-ed301aba3460fb05,libfutures_channel-709aca3cddebd0a0,libpin_project_lite-0a15d51c77964692,libfutures_sink-2422b5cc970bfebd,libfutures_task-36f327cfab86eddc,libfutures_core-0e1ee7e484a09e5a,libcorsa-3e331278fccc9f05,libcorsa_orchestrator-97687c1187b14608,libcorsa_lsp-10e7b4e0800ccb5a,libcorsa_client-632dbb9641b2085d,liblsp_types-74404bb0de416f79,libfluent_uri-8092464a87997395,libbitflags-dde12b0d7d495b50,libcorsa_jsonrpc-e621d2b53b1d28bc,libparking_lot-9546a2f0abc876f4,liblog-f16ce4b64309590f,libcorsa_runtime-30db95222c23fe81,libcorsa_core-aa3ad614e6ded4a5,libglob-9ed1b461ddded6dd,librayon-d69de9089b79b778,librayon_core-35c8aab5fe3d049d,libcrossbeam_deque-055f098e821a63e6,libcrossbeam_epoch-567bb89aeff17335,libvize_atelier_jsx-3f1a1ba186731cae,libvize_atelier_sfc-35a89455988b4453,libvize_atelier_ssr-6e3e2581f1ae0897,libvize_atelier_dom-92dad83b818fc60c,libvize_atelier_vapor-bfb5808b396b5dae,libvize_l1_to_l2-377365cae875f3d5,libvize_l2_to_l3-0f41e74706ad9510,libvize_l2-618d6237038e7442,libsha2-2cd8d66afa40a636,libcpufeatures-6c1f78f4142e3013,libdigest-9e1f2fa2af9a732a,libconst_oid-58507ca40e062d76,libcrypto_common-f8dadbda02534dee,libblock_buffer-9e041e258e47a854,libhybrid_array-f154a5ea8d1c9baf,libtypenum-16ceaa0b6a024548,libvize_atelier_core-8b63256744e6d741,liboxc_transformer-44af635948c2ac65,libhmac_sha1_compact-b2fadc029e148031,libbase64-a9f21970b68a990f,liboxc_compat-ad0b5ab26bab09dd,libbrowserslist-d48f474ce99621dc,libpostcard-aef55e3eaa6abd15,libcobs-c66954102d9a1cd7,libminiz_oxide-e50ab72f79639e23,libadler2-1712579794513681,libindexmap-7ddd6bd769fe1f96,libequivalent-6a754676e6af62ae,liboxc_traverse-2fbbdd1ac4c4f2e4,liboxc_codegen-02b192c2429859c9,liboxc_sourcemap-295252c166fe6471,libbase64_simd-d78819428296f469,liboutref-a8d151a70d892957,libvsimd-df18ed82e402df6e,libjson_escape_simd-86fdb83be52178d9,libvize_croquis-edbf57ef215002a1,libregex-a1b554e8e6300dae,libregex_automata-9a2d5bae83948b40,libaho_corasick-66f2297d49343770,libregex_syntax-801391c65a42f645,libthin_vec-62eb60a5acf4ea4d,libdashmap-9d07964970c041d4,liblock_api-16d46fed645f7bff,libscopeguard-7ec2214574194454,libhashbrown-7535884dad52ee2f,libcrossbeam_utils-f696a08ab1e94e7a,libparking_lot_core-75684b1673d52a62,libvize_armature-50d5ccb734b5ef49,libvize_l1-36dc28263bc3e5eb,libhtmlize-461b2cfd42ebcfd8,liboxc_semantic-fbf4917748cc506f,libself_cell-77f1462d73d9bcc4,libitertools-33be4394ed084734,libeither-e5ea87bd27ac73a9,libvize_l3-1939fd2475a71dce,liboxc_parser-0dc3eaf0b9692629,liboxc_ecmascript-2c133888d0e01fe0,libnum_bigint-0bfebc05efe6f505,libnum_integer-e1dae9bde9b8ffd5,libnum_traits-61451ab850bd490d,libvize_relief-583ea2fa60f5ef7f,liboxc_ast_visit-a74bc66a3ffd3a9f,liboxc_ast-9804864bcffba619,liboxc_regular_expression-8bc284db1f8e7bd6,liboxc_diagnostics-dad07569d2332528,libpercent_encoding-fa055ecaa1e57cfa,libindex_vec-8ac8de6f55f0d00e,libvize_davinci-d07b7989d57d2041,libvize_l0-0f3272abe832bb22,libvize_carton-5b5f3c792b878ca4,libsimdutf8-a1de2a2d793955cc,libstacker-9c455c0c6390919b,libpsm-1f97fd2bc81b2f27,libwhich-639fc2d676b2d165,liblibc-32464e1b8391e223,libonce_cell-b5bdc597ed9676b3,libxxhash_rust-21bd6dff5bc15cf9,liboxc_syntax-3fa0cdbf93aa2176,libdragonbox_ecma-dd0b719dca40db99,liboxc_span-f530c3440cdeec21,libmiette-2ebf93a58bfbe6e1,libtextwrap-9f4aa087cfd8615e,libunicode_linebreak-a9faaa33c69d8a42,libsmawk-f6e85575b00c6c1b,libunicode_width-c0be3735b741df1b,libunicode_segmentation-7adb7faea6d97d51,libowo_colors-82d5c6a9d9667c3a,libthiserror-e6cf790bb75b01e5,liboxc_estree-e6684c9e0dfae08b,libphf-0f863269bfcb7f8a,libphf_shared-17b709aea585ba7a,libunicode_id_start-cf8593a8180d15c3,libcow_utils-50eb4229e283ebd8,liboxc_str-b4fdd621f2b0772c,liboxc_index-6098e40d5d67b3e5,libnonmax-4c42d357389c16a9,libbitflags-aacfbdb4a98376aa,libphf-68306b63f29b4ab1,libphf_shared-aff62bb2023023c3,libsiphasher-b16e808df37ae9fc,libcompact_str-65df8095bd3f5fa9,libcfg_if-83060ec5685761ae,libstatic_assertions-f0217ecdd817a834,libcastaway-e04a9b7886ef0139,libserde_json-810ce07da754b52d,libmemchr-a932478bde794617,libitoa-5de11b3b23bfe572,libzmij-ef63f1da73704b4c,liboxc_allocator-7bf9af797974f4b2,libhashbrown-450509d861020548,librustc_hash-b8839ccb4a020d2d,liboxc_data_structures-1cc135838f4ee4e6,libropey-0eaf7a568ded35a3,libstr_indices-36fa73e8c6d94865,libsmallvec-9d7ec35b2c475e28,libserde-163e9ba99a0113b3,libserde_core-21f22ac7b803fb0e,liballocator_api2-a8e0e4a62af7c576}.rlib" "<sysroot>/lib/rustlib/x86_64-unknown-linux-gnu/lib/{libstd-*,libpanic_unwind-*,libobject-*,libmemchr-*,libaddr2line-*,libgimli-*,libcfg_if-*,librustc_demangle-*,libstd_detect-*,libhashbrown-*,librustc_std_workspace_alloc-*,libminiz_oxide-*,libadler2-*,libunwind-*,liblibc-*,librustc_std_workspace_core-*,liballoc-*,libcore-*,libcompiler_builtins-*}.rlib" "-Wl,-Bdynamic" "-lgcc_s" "-lutil" "-lrt" "-lpthread" "-lm" "-ldl" "-lc" "-L" "/opt/rustwide/target/debug/deps/rustcSSJQc5/raw-dylibs" "-B<sysroot>/lib/rustlib/x86_64-unknown-linux-gnu/bin/gcc-ld" "-fuse-ld=lld" "-Wl,--eh-frame-hdr" "-Wl,-z,noexecstack" "-L" "/opt/rustwide/target/debug/build/psm-54d708982ade22d9/out" "-L" "<sysroot>/lib/rustlib/x86_64-unknown-linux-gnu/lib" "-o" "/opt/rustwide/target/debug/deps/sfc_experimentals-e55b1134724aa56f" "-Wl,--gc-sections" "-pie" "-Wl,-z,relro,-z,now" "-nodefaultlibs"
[INFO] [stdout]   = note: some arguments are omitted. use `--verbose` to show all linker arguments
[INFO] [stdout]   = note: collect2: fatal error: ld terminated with signal 9 [Killed]
[INFO] [stdout]           compilation terminated.
[INFO] [stdout]           
[INFO] [stdout] 
[INFO] [stdout] 
[INFO] [stderr] error: could not compile `vize_canon` (test "sfc_experimentals") due to 1 previous error
[INFO] [stdout] error: linking with `cc` failed: exit status: 1
[INFO] [stdout]   |
[INFO] [stdout]   = note:  "cc" "-m64" "/opt/rustwide/target/debug/deps/rustcB7z7oc/symbols.o" "<2 object files omitted>" "-Wl,--as-needed" "-Wl,-Bstatic" "<sysroot>/lib/rustlib/x86_64-unknown-linux-gnu/lib/{libtest-*,libgetopts-*,librustc_std_workspace_std-*}.rlib" "/opt/rustwide/target/debug/deps/{libvize_canon-1f679de4b6b65397,libtempfile-f6cf1ef12e5d3f0f,libgetrandom-5a317ebbf9d5adbe,libfastrand-8c711c36072d5b5b,librustix-ca0280933604b7a4,liblinux_raw_sys-0b6cde911e9a3109,libdirs-678ca70ff0ea31ca,libdirs_sys-9b5b26daf8732554,liboption_ext-61303ef911796993,libwalkdir-7cc6f300a6f0bf06,libsame_file-ff49545450c0b63c,libtracing-904ed6b7605081f8,libtracing_core-89b602bc4a7d7f8a,libfutures-7e8a596c0163b9dd,libfutures_executor-25fc60708d51fabc,libfutures_util-5c8af726dbd24ab7,libfutures_io-a8805bd12b2ab705,libslab-ed301aba3460fb05,libfutures_channel-709aca3cddebd0a0,libpin_project_lite-0a15d51c77964692,libfutures_sink-2422b5cc970bfebd,libfutures_task-36f327cfab86eddc,libfutures_core-0e1ee7e484a09e5a,libcorsa-3e331278fccc9f05,libcorsa_orchestrator-97687c1187b14608,libcorsa_lsp-10e7b4e0800ccb5a,libcorsa_client-632dbb9641b2085d,liblsp_types-74404bb0de416f79,libfluent_uri-8092464a87997395,libbitflags-dde12b0d7d495b50,libcorsa_jsonrpc-e621d2b53b1d28bc,libparking_lot-9546a2f0abc876f4,liblog-f16ce4b64309590f,libcorsa_runtime-30db95222c23fe81,libcorsa_core-aa3ad614e6ded4a5,libglob-9ed1b461ddded6dd,librayon-d69de9089b79b778,librayon_core-35c8aab5fe3d049d,libcrossbeam_deque-055f098e821a63e6,libcrossbeam_epoch-567bb89aeff17335,libvize_atelier_jsx-3f1a1ba186731cae,libvize_atelier_sfc-35a89455988b4453,libvize_atelier_ssr-6e3e2581f1ae0897,libvize_atelier_dom-92dad83b818fc60c,libvize_atelier_vapor-bfb5808b396b5dae,libvize_l1_to_l2-377365cae875f3d5,libvize_l2_to_l3-0f41e74706ad9510,libvize_l2-618d6237038e7442,libsha2-2cd8d66afa40a636,libcpufeatures-6c1f78f4142e3013,libdigest-9e1f2fa2af9a732a,libconst_oid-58507ca40e062d76,libcrypto_common-f8dadbda02534dee,libblock_buffer-9e041e258e47a854,libhybrid_array-f154a5ea8d1c9baf,libtypenum-16ceaa0b6a024548,libvize_atelier_core-8b63256744e6d741,liboxc_transformer-44af635948c2ac65,libhmac_sha1_compact-b2fadc029e148031,libbase64-a9f21970b68a990f,liboxc_compat-ad0b5ab26bab09dd,libbrowserslist-d48f474ce99621dc,libpostcard-aef55e3eaa6abd15,libcobs-c66954102d9a1cd7,libminiz_oxide-e50ab72f79639e23,libadler2-1712579794513681,libindexmap-7ddd6bd769fe1f96,libequivalent-6a754676e6af62ae,liboxc_traverse-2fbbdd1ac4c4f2e4,liboxc_codegen-02b192c2429859c9,liboxc_sourcemap-295252c166fe6471,libbase64_simd-d78819428296f469,liboutref-a8d151a70d892957,libvsimd-df18ed82e402df6e,libjson_escape_simd-86fdb83be52178d9,libvize_croquis-edbf57ef215002a1,libregex-a1b554e8e6300dae,libregex_automata-9a2d5bae83948b40,libaho_corasick-66f2297d49343770,libregex_syntax-801391c65a42f645,libthin_vec-62eb60a5acf4ea4d,libdashmap-9d07964970c041d4,liblock_api-16d46fed645f7bff,libscopeguard-7ec2214574194454,libhashbrown-7535884dad52ee2f,libcrossbeam_utils-f696a08ab1e94e7a,libparking_lot_core-75684b1673d52a62,libvize_armature-50d5ccb734b5ef49,libvize_l1-36dc28263bc3e5eb,libhtmlize-461b2cfd42ebcfd8,liboxc_semantic-fbf4917748cc506f,libself_cell-77f1462d73d9bcc4,libitertools-33be4394ed084734,libeither-e5ea87bd27ac73a9,libvize_l3-1939fd2475a71dce,liboxc_parser-0dc3eaf0b9692629,liboxc_ecmascript-2c133888d0e01fe0,libnum_bigint-0bfebc05efe6f505,libnum_integer-e1dae9bde9b8ffd5,libnum_traits-61451ab850bd490d,libvize_relief-583ea2fa60f5ef7f,liboxc_ast_visit-a74bc66a3ffd3a9f,liboxc_ast-9804864bcffba619,liboxc_regular_expression-8bc284db1f8e7bd6,liboxc_diagnostics-dad07569d2332528,libpercent_encoding-fa055ecaa1e57cfa,libindex_vec-8ac8de6f55f0d00e,libvize_davinci-d07b7989d57d2041,libvize_l0-0f3272abe832bb22,libvize_carton-5b5f3c792b878ca4,libsimdutf8-a1de2a2d793955cc,libstacker-9c455c0c6390919b,libpsm-1f97fd2bc81b2f27,libwhich-639fc2d676b2d165,liblibc-32464e1b8391e223,libonce_cell-b5bdc597ed9676b3,libxxhash_rust-21bd6dff5bc15cf9,liboxc_syntax-3fa0cdbf93aa2176,libdragonbox_ecma-dd0b719dca40db99,liboxc_span-f530c3440cdeec21,libmiette-2ebf93a58bfbe6e1,libtextwrap-9f4aa087cfd8615e,libunicode_linebreak-a9faaa33c69d8a42,libsmawk-f6e85575b00c6c1b,libunicode_width-c0be3735b741df1b,libunicode_segmentation-7adb7faea6d97d51,libowo_colors-82d5c6a9d9667c3a,libthiserror-e6cf790bb75b01e5,liboxc_estree-e6684c9e0dfae08b,libphf-0f863269bfcb7f8a,libphf_shared-17b709aea585ba7a,libunicode_id_start-cf8593a8180d15c3,libcow_utils-50eb4229e283ebd8,liboxc_str-b4fdd621f2b0772c,liboxc_index-6098e40d5d67b3e5,libnonmax-4c42d357389c16a9,libbitflags-aacfbdb4a98376aa,libphf-68306b63f29b4ab1,libphf_shared-aff62bb2023023c3,libsiphasher-b16e808df37ae9fc,libcompact_str-65df8095bd3f5fa9,libcfg_if-83060ec5685761ae,libstatic_assertions-f0217ecdd817a834,libcastaway-e04a9b7886ef0139,libserde_json-810ce07da754b52d,libmemchr-a932478bde794617,libitoa-5de11b3b23bfe572,libzmij-ef63f1da73704b4c,liboxc_allocator-7bf9af797974f4b2,libhashbrown-450509d861020548,librustc_hash-b8839ccb4a020d2d,liboxc_data_structures-1cc135838f4ee4e6,libropey-0eaf7a568ded35a3,libstr_indices-36fa73e8c6d94865,libsmallvec-9d7ec35b2c475e28,libserde-163e9ba99a0113b3,libserde_core-21f22ac7b803fb0e,liballocator_api2-a8e0e4a62af7c576}.rlib" "<sysroot>/lib/rustlib/x86_64-unknown-linux-gnu/lib/{libstd-*,libpanic_unwind-*,libobject-*,libmemchr-*,libaddr2line-*,libgimli-*,libcfg_if-*,librustc_demangle-*,libstd_detect-*,libhashbrown-*,librustc_std_workspace_alloc-*,libminiz_oxide-*,libadler2-*,libunwind-*,liblibc-*,librustc_std_workspace_core-*,liballoc-*,libcore-*,libcompiler_builtins-*}.rlib" "-Wl,-Bdynamic" "-lgcc_s" "-lutil" "-lrt" "-lpthread" "-lm" "-ldl" "-lc" "-L" "/opt/rustwide/target/debug/deps/rustcB7z7oc/raw-dylibs" "-B<sysroot>/lib/rustlib/x86_64-unknown-linux-gnu/bin/gcc-ld" "-fuse-ld=lld" "-Wl,--eh-frame-hdr" "-Wl,-z,noexecstack" "-L" "/opt/rustwide/target/debug/build/psm-54d708982ade22d9/out" "-L" "<sysroot>/lib/rustlib/x86_64-unknown-linux-gnu/lib" "-o" "/opt/rustwide/target/debug/deps/component_slot_aliases-31919095ed0e3d46" "-Wl,--gc-sections" "-pie" "-Wl,-z,relro,-z,now" "-nodefaultlibs"
[INFO] [stdout]   = note: some arguments are omitted. use `--verbose` to show all linker arguments
[INFO] [stdout]   = note: collect2: fatal error: ld terminated with signal 9 [Killed]
[INFO] [stdout]           compilation terminated.
[INFO] [stdout]           
[INFO] [stdout] 
[INFO] [stdout] 
[INFO] [stderr] error: could not compile `vize_canon` (test "component_slot_aliases") due to 1 previous error
[INFO] [stdout] error: linking with `cc` failed: exit status: 1
[INFO] [stdout]   |
[INFO] [stdout]   = note:  "cc" "-m64" "/opt/rustwide/target/debug/deps/rustcpzyuHJ/symbols.o" "<2 object files omitted>" "-Wl,--as-needed" "-Wl,-Bstatic" "<sysroot>/lib/rustlib/x86_64-unknown-linux-gnu/lib/{libtest-*,libgetopts-*,librustc_std_workspace_std-*}.rlib" "/opt/rustwide/target/debug/deps/{libvize_canon-1f679de4b6b65397,libtempfile-f6cf1ef12e5d3f0f,libgetrandom-5a317ebbf9d5adbe,libfastrand-8c711c36072d5b5b,librustix-ca0280933604b7a4,liblinux_raw_sys-0b6cde911e9a3109,libdirs-678ca70ff0ea31ca,libdirs_sys-9b5b26daf8732554,liboption_ext-61303ef911796993,libwalkdir-7cc6f300a6f0bf06,libsame_file-ff49545450c0b63c,libtracing-904ed6b7605081f8,libtracing_core-89b602bc4a7d7f8a,libfutures-7e8a596c0163b9dd,libfutures_executor-25fc60708d51fabc,libfutures_util-5c8af726dbd24ab7,libfutures_io-a8805bd12b2ab705,libslab-ed301aba3460fb05,libfutures_channel-709aca3cddebd0a0,libpin_project_lite-0a15d51c77964692,libfutures_sink-2422b5cc970bfebd,libfutures_task-36f327cfab86eddc,libfutures_core-0e1ee7e484a09e5a,libcorsa-3e331278fccc9f05,libcorsa_orchestrator-97687c1187b14608,libcorsa_lsp-10e7b4e0800ccb5a,libcorsa_client-632dbb9641b2085d,liblsp_types-74404bb0de416f79,libfluent_uri-8092464a87997395,libbitflags-dde12b0d7d495b50,libcorsa_jsonrpc-e621d2b53b1d28bc,libparking_lot-9546a2f0abc876f4,liblog-f16ce4b64309590f,libcorsa_runtime-30db95222c23fe81,libcorsa_core-aa3ad614e6ded4a5,libglob-9ed1b461ddded6dd,librayon-d69de9089b79b778,librayon_core-35c8aab5fe3d049d,libcrossbeam_deque-055f098e821a63e6,libcrossbeam_epoch-567bb89aeff17335,libvize_atelier_jsx-3f1a1ba186731cae,libvize_atelier_sfc-35a89455988b4453,libvize_atelier_ssr-6e3e2581f1ae0897,libvize_atelier_dom-92dad83b818fc60c,libvize_atelier_vapor-bfb5808b396b5dae,libvize_l1_to_l2-377365cae875f3d5,libvize_l2_to_l3-0f41e74706ad9510,libvize_l2-618d6237038e7442,libsha2-2cd8d66afa40a636,libcpufeatures-6c1f78f4142e3013,libdigest-9e1f2fa2af9a732a,libconst_oid-58507ca40e062d76,libcrypto_common-f8dadbda02534dee,libblock_buffer-9e041e258e47a854,libhybrid_array-f154a5ea8d1c9baf,libtypenum-16ceaa0b6a024548,libvize_atelier_core-8b63256744e6d741,liboxc_transformer-44af635948c2ac65,libhmac_sha1_compact-b2fadc029e148031,libbase64-a9f21970b68a990f,liboxc_compat-ad0b5ab26bab09dd,libbrowserslist-d48f474ce99621dc,libpostcard-aef55e3eaa6abd15,libcobs-c66954102d9a1cd7,libminiz_oxide-e50ab72f79639e23,libadler2-1712579794513681,libindexmap-7ddd6bd769fe1f96,libequivalent-6a754676e6af62ae,liboxc_traverse-2fbbdd1ac4c4f2e4,liboxc_codegen-02b192c2429859c9,liboxc_sourcemap-295252c166fe6471,libbase64_simd-d78819428296f469,liboutref-a8d151a70d892957,libvsimd-df18ed82e402df6e,libjson_escape_simd-86fdb83be52178d9,libvize_croquis-edbf57ef215002a1,libregex-a1b554e8e6300dae,libregex_automata-9a2d5bae83948b40,libaho_corasick-66f2297d49343770,libregex_syntax-801391c65a42f645,libthin_vec-62eb60a5acf4ea4d,libdashmap-9d07964970c041d4,liblock_api-16d46fed645f7bff,libscopeguard-7ec2214574194454,libhashbrown-7535884dad52ee2f,libcrossbeam_utils-f696a08ab1e94e7a,libparking_lot_core-75684b1673d52a62,libvize_armature-50d5ccb734b5ef49,libvize_l1-36dc28263bc3e5eb,libhtmlize-461b2cfd42ebcfd8,liboxc_semantic-fbf4917748cc506f,libself_cell-77f1462d73d9bcc4,libitertools-33be4394ed084734,libeither-e5ea87bd27ac73a9,libvize_l3-1939fd2475a71dce,liboxc_parser-0dc3eaf0b9692629,liboxc_ecmascript-2c133888d0e01fe0,libnum_bigint-0bfebc05efe6f505,libnum_integer-e1dae9bde9b8ffd5,libnum_traits-61451ab850bd490d,libvize_relief-583ea2fa60f5ef7f,liboxc_ast_visit-a74bc66a3ffd3a9f,liboxc_ast-9804864bcffba619,liboxc_regular_expression-8bc284db1f8e7bd6,liboxc_diagnostics-dad07569d2332528,libpercent_encoding-fa055ecaa1e57cfa,libindex_vec-8ac8de6f55f0d00e,libvize_davinci-d07b7989d57d2041,libvize_l0-0f3272abe832bb22,libvize_carton-5b5f3c792b878ca4,libsimdutf8-a1de2a2d793955cc,libstacker-9c455c0c6390919b,libpsm-1f97fd2bc81b2f27,libwhich-639fc2d676b2d165,liblibc-32464e1b8391e223,libonce_cell-b5bdc597ed9676b3,libxxhash_rust-21bd6dff5bc15cf9,liboxc_syntax-3fa0cdbf93aa2176,libdragonbox_ecma-dd0b719dca40db99,liboxc_span-f530c3440cdeec21,libmiette-2ebf93a58bfbe6e1,libtextwrap-9f4aa087cfd8615e,libunicode_linebreak-a9faaa33c69d8a42,libsmawk-f6e85575b00c6c1b,libunicode_width-c0be3735b741df1b,libunicode_segmentation-7adb7faea6d97d51,libowo_colors-82d5c6a9d9667c3a,libthiserror-e6cf790bb75b01e5,liboxc_estree-e6684c9e0dfae08b,libphf-0f863269bfcb7f8a,libphf_shared-17b709aea585ba7a,libunicode_id_start-cf8593a8180d15c3,libcow_utils-50eb4229e283ebd8,liboxc_str-b4fdd621f2b0772c,liboxc_index-6098e40d5d67b3e5,libnonmax-4c42d357389c16a9,libbitflags-aacfbdb4a98376aa,libphf-68306b63f29b4ab1,libphf_shared-aff62bb2023023c3,libsiphasher-b16e808df37ae9fc,libcompact_str-65df8095bd3f5fa9,libcfg_if-83060ec5685761ae,libstatic_assertions-f0217ecdd817a834,libcastaway-e04a9b7886ef0139,libserde_json-810ce07da754b52d,libmemchr-a932478bde794617,libitoa-5de11b3b23bfe572,libzmij-ef63f1da73704b4c,liboxc_allocator-7bf9af797974f4b2,libhashbrown-450509d861020548,librustc_hash-b8839ccb4a020d2d,liboxc_data_structures-1cc135838f4ee4e6,libropey-0eaf7a568ded35a3,libstr_indices-36fa73e8c6d94865,libsmallvec-9d7ec35b2c475e28,libserde-163e9ba99a0113b3,libserde_core-21f22ac7b803fb0e,liballocator_api2-a8e0e4a62af7c576}.rlib" "<sysroot>/lib/rustlib/x86_64-unknown-linux-gnu/lib/{libstd-*,libpanic_unwind-*,libobject-*,libmemchr-*,libaddr2line-*,libgimli-*,libcfg_if-*,librustc_demangle-*,libstd_detect-*,libhashbrown-*,librustc_std_workspace_alloc-*,libminiz_oxide-*,libadler2-*,libunwind-*,liblibc-*,librustc_std_workspace_core-*,liballoc-*,libcore-*,libcompiler_builtins-*}.rlib" "-Wl,-Bdynamic" "-lgcc_s" "-lutil" "-lrt" "-lpthread" "-lm" "-ldl" "-lc" "-L" "/opt/rustwide/target/debug/deps/rustcpzyuHJ/raw-dylibs" "-B<sysroot>/lib/rustlib/x86_64-unknown-linux-gnu/bin/gcc-ld" "-fuse-ld=lld" "-Wl,--eh-frame-hdr" "-Wl,-z,noexecstack" "-L" "/opt/rustwide/target/debug/build/psm-54d708982ade22d9/out" "-L" "<sysroot>/lib/rustlib/x86_64-unknown-linux-gnu/lib" "-o" "/opt/rustwide/target/debug/deps/plain_script_namespace_hoisting-3b4486816df10289" "-Wl,--gc-sections" "-pie" "-Wl,-z,relro,-z,now" "-nodefaultlibs"
[INFO] [stdout]   = note: some arguments are omitted. use `--verbose` to show all linker arguments
[INFO] [stdout]   = note: collect2: fatal error: ld terminated with signal 9 [Killed]
[INFO] [stdout]           compilation terminated.
[INFO] [stdout]           
[INFO] [stdout] 
[INFO] [stdout] 
[INFO] [stderr] error: could not compile `vize_canon` (test "plain_script_namespace_hoisting") due to 1 previous error
[ERROR] error running command: no output for 300 seconds
[INFO] running `Command { std: "docker" "inspect" "3a8ae0eb76348abac96e19b6d41d5e9bec6be95f6530b46ffa24c32854fb82c2", kill_on_drop: false }`
[INFO] running `Command { std: "docker" "rm" "-f" "3a8ae0eb76348abac96e19b6d41d5e9bec6be95f6530b46ffa24c32854fb82c2", kill_on_drop: false }`
[INFO] [stdout] 3a8ae0eb76348abac96e19b6d41d5e9bec6be95f6530b46ffa24c32854fb82c2
