[INFO] fetching crate vize_atelier_vapor 0.429.2...
[INFO] testing vize_atelier_vapor-0.429.2 against 1.100.0-beta.1 for beta-1.100-2
[INFO] extracting crate vize_atelier_vapor 0.429.2 into /workspace/builds/worker-6-tc2/source
[INFO] started tweaking crates.io crate vize_atelier_vapor 0.429.2
[INFO] removed 0 missing examples
[INFO] removed 0 missing tests
[INFO] finished tweaking crates.io crate vize_atelier_vapor 0.429.2
[INFO] tweaked toml for crates.io crate vize_atelier_vapor 0.429.2 written to /workspace/builds/worker-6-tc2/source/Cargo.toml
[INFO] validating manifest of crates.io crate vize_atelier_vapor 0.429.2 on toolchain 1.100.0-beta.1
[INFO] running `Command { std: CARGO_HOME="/workspace/cargo-home" RUSTUP_HOME="/workspace/rustup-home" "/workspace/cargo-home/bin/cargo" "+1.100.0-beta.1" "metadata" "--manifest-path" "Cargo.toml" "--no-deps", kill_on_drop: false }`
[INFO] crate crates.io crate vize_atelier_vapor 0.429.2 already has a lockfile, it will not be regenerated
[INFO] running `Command { std: CARGO_HOME="/workspace/cargo-home" RUSTUP_HOME="/workspace/rustup-home" "/workspace/cargo-home/bin/cargo" "+1.100.0-beta.1" "fetch" "--manifest-path" "Cargo.toml", kill_on_drop: false }`
[INFO] running `Command { std: "docker" "create" "-v" "/var/lib/crater-agent-workspace/builds/worker-6-tc2/source:/opt/rustwide/workdir:ro,Z" "-v" "/var/lib/crater-agent-workspace/builds/worker-6-tc2/target:/opt/rustwide/target:rw,Z" "-v" "/var/lib/crater-agent-workspace/cargo-home:/opt/rustwide/cargo-home:ro,Z" "-v" "/var/lib/crater-agent-workspace/rustup-home:/opt/rustwide/rustup-home:ro,Z" "-m" "1610612736" "--network" "none" "ghcr.io/rust-lang/crates-build-env/linux@sha256:3111399a4047eeb3a02b7a90e478d715f38a8c6669b5c4b49d30a17385265909" "sleep" "infinity", kill_on_drop: false }`
[INFO] [stdout] 374efccbb3b0b9160a2b8f66a5b7d57e251c10404599bdec4d2d2ae613fa69bd
[INFO] running `Command { std: "docker" "start" "374efccbb3b0b9160a2b8f66a5b7d57e251c10404599bdec4d2d2ae613fa69bd", kill_on_drop: false }`
[INFO] running `Command { std: "docker" "inspect" "374efccbb3b0b9160a2b8f66a5b7d57e251c10404599bdec4d2d2ae613fa69bd", kill_on_drop: false }`
[INFO] running `Command { std: "docker" "exec" "-e" "SOURCE_DIR=/opt/rustwide/workdir" "-e" "CARGO_HOME=/opt/rustwide/cargo-home" "-e" "RUSTUP_HOME=/opt/rustwide/rustup-home" "-e" "CARGO_TARGET_DIR=/opt/rustwide/target" "-w" "/opt/rustwide/workdir" "--user" "0:0" "374efccbb3b0b9160a2b8f66a5b7d57e251c10404599bdec4d2d2ae613fa69bd" "/opt/rustwide/cargo-home/bin/cargo" "+1.100.0-beta.1" "metadata" "--no-deps" "--format-version=1", kill_on_drop: false }`
[INFO] running `Command { std: "docker" "inspect" "374efccbb3b0b9160a2b8f66a5b7d57e251c10404599bdec4d2d2ae613fa69bd", kill_on_drop: false }`
[INFO] running `Command { std: "docker" "exec" "-e" "SOURCE_DIR=/opt/rustwide/workdir" "-e" "CARGO_HOME=/opt/rustwide/cargo-home" "-e" "RUSTUP_HOME=/opt/rustwide/rustup-home" "-e" "CARGO_TARGET_DIR=/opt/rustwide/target" "-e" "CARGO_INCREMENTAL=0" "-e" "RUST_BACKTRACE=full" "-e" "RUSTFLAGS=--cap-lints=warn" "-e" "RUSTDOCFLAGS=--cap-lints=warn" "-w" "/opt/rustwide/workdir" "--user" "0:0" "374efccbb3b0b9160a2b8f66a5b7d57e251c10404599bdec4d2d2ae613fa69bd" "/opt/rustwide/cargo-home/bin/cargo" "+1.100.0-beta.1" "build" "--frozen" "--message-format=json", kill_on_drop: false }`
[INFO] [stderr]    Compiling siphasher v1.0.3
[INFO] [stderr]    Compiling fastrand v2.4.1
[INFO] [stderr]    Compiling memchr v2.8.3
[INFO] [stderr]    Compiling allocator-api2 v0.2.21
[INFO] [stderr]    Compiling rustc-hash v2.1.3
[INFO] [stderr]    Compiling owo-colors v4.3.0
[INFO] [stderr]    Compiling str_indices v0.4.4
[INFO] [stderr]    Compiling smawk v0.3.2
[INFO] [stderr]    Compiling unicode-width v0.2.2
[INFO] [stderr]    Compiling unicode-segmentation v1.13.3
[INFO] [stderr]    Compiling syn v2.0.117
[INFO] [stderr]    Compiling syn v3.0.5
[INFO] [stderr]    Compiling oxc_estree v0.142.0
[INFO] [stderr]    Compiling cow-utils v0.1.3
[INFO] [stderr]    Compiling dragonbox_ecma v0.1.12
[INFO] [stderr]    Compiling bitflags v2.13.1
[INFO] [stderr]    Compiling nonmax v0.5.5
[INFO] [stderr]    Compiling phf_shared v0.14.0
[INFO] [stderr]    Compiling unicode-id-start v1.4.0
[INFO] [stderr]    Compiling serde_json v1.0.149
[INFO] [stderr]    Compiling phf_shared v0.13.1
[INFO] [stderr]    Compiling textwrap v0.16.2
[INFO] [stderr]    Compiling object v0.39.1
[INFO] [stderr]    Compiling libc v0.2.189
[INFO] [stderr]    Compiling rmp v0.8.15
[INFO] [stderr]    Compiling stacker v0.1.25
[INFO] [stderr]    Compiling num-integer v0.1.46
[INFO] [stderr]    Compiling hashbrown v0.17.1
[INFO] [stderr]    Compiling phf v0.14.0
[INFO] [stderr]    Compiling phf_generator v0.14.0
[INFO] [stderr]    Compiling phf_generator v0.13.1
[INFO] [stderr]    Compiling byteorder v1.5.0
[INFO] [stderr]    Compiling xxhash-rust v0.8.18
[INFO] [stderr]    Compiling num-bigint v0.5.1
[INFO] [stderr]    Compiling simdutf8 v0.1.5
[INFO] [stderr]    Compiling phf_codegen v0.13.1
[INFO] [stderr]    Compiling phf v0.13.1
[INFO] [stderr]    Compiling itertools v0.15.0
[INFO] [stderr]    Compiling seq-macro v0.3.6
[INFO] [stderr]    Compiling pastey v0.1.1
[INFO] [stderr]    Compiling miniz_oxide v0.9.1
[INFO] [stderr]    Compiling aho-corasick v1.1.4
[INFO] [stderr]    Compiling regex-syntax v0.8.11
[INFO] [stderr]    Compiling oxc_sourcemap v8.1.2
[INFO] [stderr]    Compiling outref v0.5.2
[INFO] [stderr]    Compiling vsimd v0.8.0
[INFO] [stderr]    Compiling memoffset v0.9.1
[INFO] [stderr]    Compiling hashbrown v0.14.5
[INFO] [stderr]    Compiling json-escape-simd v3.0.2
[INFO] [stderr]    Compiling base64-simd v0.8.0
[INFO] [stderr]    Compiling hmac-sha1-compact v1.1.7
[INFO] [stderr]    Compiling indexmap v2.14.0
[INFO] [stderr]    Compiling index_vec v0.1.4
[INFO] [stderr]    Compiling thin-vec v0.2.20
[INFO] [stderr]    Compiling which v8.0.5
[INFO] [stderr]    Compiling base64 v0.23.0
[INFO] [stderr]    Compiling htmlize v1.1.0
[INFO] [stderr]    Compiling thiserror-impl v2.0.20
[INFO] [stderr]    Compiling oxc_ast_macros v0.142.0
[INFO] [stderr]    Compiling regex-automata v0.4.18
[INFO] [stderr]    Compiling serde_derive v1.0.228
[INFO] [stderr]    Compiling oxc-miette-derive v3.0.1
[INFO] [stderr]    Compiling phf_macros v0.14.0
[INFO] [stderr]    Compiling phf_macros v0.13.1
[INFO] [stderr]    Compiling pklrust-derive v0.9.0
[INFO] [stderr]    Compiling vize_davinci_derive v0.429.2
[INFO] [stderr]    Compiling thiserror v2.0.20
[INFO] [stderr]    Compiling ar_archive_writer v0.5.3
[INFO] [stderr]    Compiling oxc-miette v3.0.1
[INFO] [stderr]    Compiling cobs v0.3.0
[INFO] [stderr]    Compiling psm v0.1.31
[INFO] [stderr]    Compiling oxc_diagnostics v0.142.0
[INFO] [stderr]    Compiling regex v1.13.1
[INFO] [stderr]    Compiling serde v1.0.228
[INFO] [stderr]    Compiling smallvec v1.15.2
[INFO] [stderr]    Compiling compact_str v0.10.0
[INFO] [stderr]    Compiling oxc_index v5.0.0
[INFO] [stderr]    Compiling rmpv v1.3.1
[INFO] [stderr]    Compiling rmp-serde v1.3.1
[INFO] [stderr]    Compiling postcard v1.1.3
[INFO] [stderr]    Compiling ropey v1.6.1
[INFO] [stderr]    Compiling parking_lot_core v0.9.12
[INFO] [stderr]    Compiling oxc-browserslist v3.0.12
[INFO] [stderr]    Compiling dashmap v6.2.1
[INFO] [stderr]    Compiling pklrust v0.9.0
[INFO] [stderr]    Compiling oxc_data_structures v0.142.0
[INFO] [stderr]    Compiling oxc_allocator v0.142.0
[INFO] [stderr]    Compiling oxc_str v0.142.0
[INFO] [stderr]    Compiling oxc_span v0.142.0
[INFO] [stderr]    Compiling oxc_syntax v0.142.0
[INFO] [stderr]    Compiling oxc_regular_expression v0.142.0
[INFO] [stderr]    Compiling vize_carton v0.429.2
[INFO] [stderr]    Compiling oxc_compat v0.142.0
[INFO] [stderr]    Compiling oxc_ast v0.142.0
[INFO] [stderr]    Compiling vize_l0 v0.429.2
[INFO] [stderr]    Compiling vize_davinci v0.429.2
[INFO] [stderr]    Compiling vize_l3 v0.429.2
[INFO] [stderr]    Compiling oxc_ecmascript v0.142.0
[INFO] [stderr]    Compiling oxc_ast_visit v0.142.0
[INFO] [stderr]    Compiling oxc_parser v0.142.0
[INFO] [stderr]    Compiling oxc_semantic v0.142.0
[INFO] [stderr]    Compiling vize_relief v0.429.2
[INFO] [stderr]    Compiling vize_l1 v0.429.2
[INFO] [stderr]    Compiling oxc_traverse v0.142.0
[INFO] [stderr]    Compiling oxc_codegen v0.142.0
[INFO] [stderr]    Compiling vize_l2 v0.429.2
[INFO] [stderr]    Compiling vize_armature v0.429.2
[INFO] [stderr]    Compiling vize_l2_to_l3 v0.429.2
[INFO] [stderr]    Compiling vize_l1_to_l2 v0.429.2
[INFO] [stderr]    Compiling vize_croquis v0.429.2
[INFO] [stderr]    Compiling oxc_transformer v0.142.0
[INFO] [stderr]    Compiling vize_atelier_core v0.429.2
[INFO] [stderr]    Compiling vize_atelier_vapor v0.429.2 (/opt/rustwide/workdir)
[INFO] [stderr]     Finished `dev` profile [unoptimized + debuginfo] target(s) in 1m 05s
[INFO] running `Command { std: "docker" "inspect" "374efccbb3b0b9160a2b8f66a5b7d57e251c10404599bdec4d2d2ae613fa69bd", kill_on_drop: false }`
[INFO] running `Command { std: "docker" "exec" "-e" "SOURCE_DIR=/opt/rustwide/workdir" "-e" "CARGO_HOME=/opt/rustwide/cargo-home" "-e" "RUSTUP_HOME=/opt/rustwide/rustup-home" "-e" "CARGO_TARGET_DIR=/opt/rustwide/target" "-e" "CARGO_INCREMENTAL=0" "-e" "RUST_BACKTRACE=full" "-e" "RUSTFLAGS=--cap-lints=warn" "-e" "RUSTDOCFLAGS=--cap-lints=warn" "-w" "/opt/rustwide/workdir" "--user" "0:0" "374efccbb3b0b9160a2b8f66a5b7d57e251c10404599bdec4d2d2ae613fa69bd" "/opt/rustwide/cargo-home/bin/cargo" "+1.100.0-beta.1" "test" "--frozen" "--no-run" "--message-format=json", kill_on_drop: false }`
[INFO] [stderr]    Compiling vize_atelier_vapor v0.429.2 (/opt/rustwide/workdir)
[INFO] [stdout] error[E0433]: cannot find module or crate `davinci_harness` in this scope
[INFO] [stdout]   --> tests/davinci_walk_baseline.rs:28:5
[INFO] [stdout]    |
[INFO] [stdout] 28 | use davinci_harness::fixtures::{LADDER, template_block};
[INFO] [stdout]    |     ^^^^^^^^^^^^^^^ use of unresolved module or unlinked crate `davinci_harness`
[INFO] [stdout]    |
[INFO] [stdout]    = help: if you wanted to use a crate named `davinci_harness`, use `cargo add davinci_harness` to add it to your `Cargo.toml`
[INFO] [stdout] 
[INFO] [stdout] 
[INFO] [stdout] error[E0433]: cannot find module or crate `davinci_harness` in this scope
[INFO] [stdout]   --> tests/davinci_expr_reparse_floor.rs:17:5
[INFO] [stdout]    |
[INFO] [stdout] 17 | use davinci_harness::fixtures::{LADDER, template_block};
[INFO] [stdout]    |     ^^^^^^^^^^^^^^^ use of unresolved module or unlinked crate `davinci_harness`
[INFO] [stdout]    |
[INFO] [stdout]    = help: if you wanted to use a crate named `davinci_harness`, use `cargo add davinci_harness` to add it to your `Cargo.toml`
[INFO] [stdout] 
[INFO] [stdout] 
[INFO] [stdout] error: couldn't read `tests/../../../tests/formal/impeto/fixtures/rust-lowered-control-slots.template.txt`: No such file or directory (os error 2)
[INFO] [stdout]   --> tests/davinci_l3_compiled_trace.rs:35:5
[INFO] [stdout]    |
[INFO] [stdout] 35 |     include_str!("../../../tests/formal/impeto/fixtures/rust-lowered-control-slots.template.txt");
[INFO] [stdout]    |     ^^^^^^^^^^^^^^^^^^^^^^^^^^^^^^^^^^^^^^^^^^^^^^^^^^^^^^^^^^^^^^^^^^^^^^^^^^^^^^^^^^^^^^^^^^^^^
[INFO] [stdout] 
[INFO] [stdout] 
[INFO] [stdout] error: couldn't read `tests/../../../tests/formal/impeto/fixtures/rust-lowered-static-dynamic.vdom.trace`: No such file or directory (os error 2)
[INFO] [stdout]   --> tests/davinci_l3_compiled_trace.rs:41:21
[INFO] [stdout]    |
[INFO] [stdout] 41 |           vdom_trace: include_str!(
[INFO] [stdout]    |  _____________________^
[INFO] [stdout] 42 | |             "../../../tests/formal/impeto/fixtures/rust-lowered-static-dynamic.vdom.trace"
[INFO] [stdout] 43 | |         ),
[INFO] [stdout]    | |_________^
[INFO] [stdout] 
[INFO] [stdout] 
[INFO] [stdout] error: couldn't read `tests/../../../tests/formal/impeto/fixtures/rust-lowered-static-dynamic.vapor.trace`: No such file or directory (os error 2)
[INFO] [stdout]   --> tests/davinci_l3_compiled_trace.rs:44:22
[INFO] [stdout]    |
[INFO] [stdout] 44 |           vapor_trace: include_str!(
[INFO] [stdout]    |  ______________________^
[INFO] [stdout] 45 | |             "../../../tests/formal/impeto/fixtures/rust-lowered-static-dynamic.vapor.trace"
[INFO] [stdout] 46 | |         ),
[INFO] [stdout]    | |_________^
[INFO] [stdout] 
[INFO] [stdout] 
[INFO] [stdout] error: couldn't read `tests/../../../tests/formal/impeto/fixtures/rust-lowered-control-slots.vdom.trace`: No such file or directory (os error 2)
[INFO] [stdout]   --> tests/davinci_l3_compiled_trace.rs:51:21
[INFO] [stdout]    |
[INFO] [stdout] 51 |           vdom_trace: include_str!(
[INFO] [stdout]    |  _____________________^
[INFO] [stdout] 52 | |             "../../../tests/formal/impeto/fixtures/rust-lowered-control-slots.vdom.trace"
[INFO] [stdout] 53 | |         ),
[INFO] [stdout]    | |_________^
[INFO] [stdout] 
[INFO] [stdout] 
[INFO] [stdout] error: couldn't read `tests/../../../tests/formal/impeto/fixtures/rust-lowered-control-slots.vapor.trace`: No such file or directory (os error 2)
[INFO] [stdout]   --> tests/davinci_l3_compiled_trace.rs:54:22
[INFO] [stdout]    |
[INFO] [stdout] 54 |           vapor_trace: include_str!(
[INFO] [stdout]    |  ______________________^
[INFO] [stdout] 55 | |             "../../../tests/formal/impeto/fixtures/rust-lowered-control-slots.vapor.trace"
[INFO] [stdout] 56 | |         ),
[INFO] [stdout]    | |_________^
[INFO] [stdout] 
[INFO] [stdout] 
[INFO] [stdout] error[E0432]: unresolved import `vize_davinci`
[INFO] [stdout]   --> tests/davinci_walk_baseline.rs:32:5
[INFO] [stdout]    |
[INFO] [stdout] 32 | use vize_davinci::legacy_plan;
[INFO] [stdout]    |     ^^^^^^^^^^^^ use of unresolved module or unlinked crate `vize_davinci`
[INFO] [stdout]    |
[INFO] [stdout]    = help: if you wanted to use a crate named `vize_davinci`, use `cargo add vize_davinci` to add it to your `Cargo.toml`
[INFO] [stdout] 
[INFO] [stdout] 
[INFO] [stdout] error[E0432]: unresolved import `serde_json`
[INFO] [stdout]  --> tests/davinci_suspense_parity/trace.rs:3:5
[INFO] [stdout]   |
[INFO] [stdout] 3 | use serde_json::Value;
[INFO] [stdout]   |     ^^^^^^^^^^ use of unresolved module or unlinked crate `serde_json`
[INFO] [stdout]   |
[INFO] [stdout]   = help: if you wanted to use a crate named `serde_json`, use `cargo add serde_json` to add it to your `Cargo.toml`
[INFO] [stdout] 
[INFO] [stdout] 
[INFO] [stdout] error[E0432]: unresolved import `vize_atelier_dom`
[INFO] [stdout]   --> tests/davinci_l3_compiled_trace.rs:21:5
[INFO] [stdout]    |
[INFO] [stdout] 21 | use vize_atelier_dom::{DomCompilerOptions, compile_template_with_options};
[INFO] [stdout]    |     ^^^^^^^^^^^^^^^^ use of unresolved module or unlinked crate `vize_atelier_dom`
[INFO] [stdout]    |
[INFO] [stdout] help: there is a crate or module with a similar name
[INFO] [stdout]    |
[INFO] [stdout] 21 - use vize_atelier_dom::{DomCompilerOptions, compile_template_with_options};
[INFO] [stdout] 21 + use vize_atelier_core::{DomCompilerOptions, compile_template_with_options};
[INFO] [stdout]    |
[INFO] [stdout] 
[INFO] [stdout] 
[INFO] [stdout] error[E0432]: unresolved import `serde_json`
[INFO] [stdout]   --> tests/davinci_suspense_parity/main.rs:15:5
[INFO] [stdout]    |
[INFO] [stdout] 15 | use serde_json::{Value, json};
[INFO] [stdout]    |     ^^^^^^^^^^ use of unresolved module or unlinked crate `serde_json`
[INFO] [stdout]    |
[INFO] [stdout]    = help: if you wanted to use a crate named `serde_json`, use `cargo add serde_json` to add it to your `Cargo.toml`
[INFO] [stdout] 
[INFO] [stdout] 
[INFO] [stdout] error[E0432]: unresolved import `serde_json`
[INFO] [stdout]   --> tests/vapor_custom_directive_parity.rs:11:5
[INFO] [stdout]    |
[INFO] [stdout] 11 | use serde_json::json;
[INFO] [stdout]    |     ^^^^^^^^^^ use of unresolved module or unlinked crate `serde_json`
[INFO] [stdout]    |
[INFO] [stdout]    = help: if you wanted to use a crate named `serde_json`, use `cargo add serde_json` to add it to your `Cargo.toml`
[INFO] [stdout] 
[INFO] [stdout] 
[INFO] [stdout] error[E0433]: cannot find module or crate `insta` in this scope
[INFO] [stdout]    --> tests/vapor_custom_directive_parity.rs:126:9
[INFO] [stdout]     |
[INFO] [stdout] 126 |         insta::assert_debug_snapshot!(format!("directive_{case}"), actual);
[INFO] [stdout]     |         ^^^^^ use of unresolved module or unlinked crate `insta`
[INFO] [stdout] 
[INFO] [stdout] 
[INFO] [stdout] error[E0433]: cannot find module or crate `insta` in this scope
[INFO] [stdout]    --> tests/vapor_custom_directive_parity.rs:127:9
[INFO] [stdout]     |
[INFO] [stdout] 127 |         insta::assert_snapshot!(format!("directive_{case}_code"), parent.code);
[INFO] [stdout]     |         ^^^^^ use of unresolved module or unlinked crate `insta`
[INFO] [stdout] 
[INFO] [stdout] 
[INFO] [stdout] error[E0433]: cannot find module or crate `serde_json` in this scope
[INFO] [stdout]    --> tests/davinci_l3_compiled_trace.rs:153:19
[INFO] [stdout]     |
[INFO] [stdout] 153 |     let payload = serde_json::json!({
[INFO] [stdout]     |                   ^^^^^^^^^^ use of unresolved module or unlinked crate `serde_json`
[INFO] [stdout] 
[INFO] [stdout] 
[INFO] [stdout] error: couldn't read `tests/../../../tests/formal/impeto/fixtures/rust-lowered-static-dynamic.scenario.json`: No such file or directory (os error 2)
[INFO] [stdout]   --> tests/davinci_mounted_behavior.rs:80:51
[INFO] [stdout]    |
[INFO] [stdout] 80 |       let scenario: Scenario = serde_json::from_str(include_str!(
[INFO] [stdout]    |  ___________________________________________________^
[INFO] [stdout] 81 | |         "../../../tests/formal/impeto/fixtures/rust-lowered-static-dynamic.scenario.json"
[INFO] [stdout] 82 | |     ))
[INFO] [stdout]    | |_____^
[INFO] [stdout] 
[INFO] [stdout] 
[INFO] [stdout] error: couldn't read `tests/../../../tests/formal/impeto/fixtures/rust-lowered-static-dynamic.behavior.json`: No such file or directory (os error 2)
[INFO] [stdout]   --> tests/davinci_mounted_behavior.rs:84:52
[INFO] [stdout]    |
[INFO] [stdout] 84 |       let mut expected: Value = serde_json::from_str(include_str!(
[INFO] [stdout]    |  ____________________________________________________^
[INFO] [stdout] 85 | |         "../../../tests/formal/impeto/fixtures/rust-lowered-static-dynamic.behavior.json"
[INFO] [stdout] 86 | |     ))
[INFO] [stdout]    | |_____^
[INFO] [stdout] 
[INFO] [stdout] 
[INFO] [stdout] error: couldn't read `tests/../../../tests/formal/impeto/fixtures/rust-lowered-control-slots.scenario.json`: No such file or directory (os error 2)
[INFO] [stdout]    --> tests/davinci_mounted_behavior.rs:109:51
[INFO] [stdout]     |
[INFO] [stdout] 109 |       let scenario: Scenario = serde_json::from_str(include_str!(
[INFO] [stdout]     |  ___________________________________________________^
[INFO] [stdout] 110 | |         "../../../tests/formal/impeto/fixtures/rust-lowered-control-slots.scenario.json"
[INFO] [stdout] 111 | |     ))
[INFO] [stdout]     | |_____^
[INFO] [stdout] 
[INFO] [stdout] 
[INFO] [stdout] error: couldn't read `tests/../../../tests/formal/impeto/fixtures/rust-lowered-control-slots.behavior.json`: No such file or directory (os error 2)
[INFO] [stdout]    --> tests/davinci_mounted_behavior.rs:113:48
[INFO] [stdout]     |
[INFO] [stdout] 113 |       let expected: Value = serde_json::from_str(include_str!(
[INFO] [stdout]     |  ________________________________________________^
[INFO] [stdout] 114 | |         "../../../tests/formal/impeto/fixtures/rust-lowered-control-slots.behavior.json"
[INFO] [stdout] 115 | |     ))
[INFO] [stdout]     | |_____^
[INFO] [stdout] 
[INFO] [stdout] 
[INFO] [stdout] error: couldn't read `tests/../../../tests/formal/impeto/fixtures/rust-lowered-control-slots.template.txt`: No such file or directory (os error 2)
[INFO] [stdout]    --> tests/davinci_mounted_behavior.rs:118:9
[INFO] [stdout]     |
[INFO] [stdout] 118 | /         include_str!(
[INFO] [stdout] 119 | |             "../../../tests/formal/impeto/fixtures/rust-lowered-control-slots.template.txt"
[INFO] [stdout] 120 | |         )
[INFO] [stdout]     | |_________^
[INFO] [stdout] 
[INFO] [stdout] 
[INFO] [stdout] error[E0433]: cannot find module or crate `vize_davinci` in this scope
[INFO] [stdout]  --> tests/native_stage_capture.rs:7:5
[INFO] [stdout]   |
[INFO] [stdout] 7 | use vize_davinci::dump::{Dump, Mode};
[INFO] [stdout]   |     ^^^^^^^^^^^^ use of unresolved module or unlinked crate `vize_davinci`
[INFO] [stdout]   |
[INFO] [stdout]   = help: if you wanted to use a crate named `vize_davinci`, use `cargo add vize_davinci` to add it to your `Cargo.toml`
[INFO] [stdout] 
[INFO] [stdout] 
[INFO] [stdout] error[E0432]: unresolved import `serde_json`
[INFO] [stdout]  --> tests/davinci_structural_slots_parity/cases.rs:3:5
[INFO] [stdout]   |
[INFO] [stdout] 3 | use serde_json::Value;
[INFO] [stdout]   |     ^^^^^^^^^^ use of unresolved module or unlinked crate `serde_json`
[INFO] [stdout]   |
[INFO] [stdout]   = help: if you wanted to use a crate named `serde_json`, use `cargo add serde_json` to add it to your `Cargo.toml`
[INFO] [stdout] 
[INFO] [stdout] 
[INFO] [stdout] error[E0432]: unresolved import `serde_json`
[INFO] [stdout]  --> tests/davinci_structural_slots_parity/trace.rs:2:5
[INFO] [stdout]   |
[INFO] [stdout] 2 | use serde_json::Value;
[INFO] [stdout]   |     ^^^^^^^^^^ use of unresolved module or unlinked crate `serde_json`
[INFO] [stdout]   |
[INFO] [stdout]   = help: if you wanted to use a crate named `serde_json`, use `cargo add serde_json` to add it to your `Cargo.toml`
[INFO] [stdout] 
[INFO] [stdout] 
[INFO] [stdout] error[E0432]: unresolved import `serde_json`
[INFO] [stdout]   --> tests/davinci_structural_slots_parity/main.rs:14:5
[INFO] [stdout]    |
[INFO] [stdout] 14 | use serde_json::{Value, json};
[INFO] [stdout]    |     ^^^^^^^^^^ use of unresolved module or unlinked crate `serde_json`
[INFO] [stdout]    |
[INFO] [stdout]    = help: if you wanted to use a crate named `serde_json`, use `cargo add serde_json` to add it to your `Cargo.toml`
[INFO] [stdout] 
[INFO] [stdout] 
[INFO] [stdout] error[E0432]: unresolved import `serde_json`
[INFO] [stdout]  --> tests/compiler_fix_history.rs:3:5
[INFO] [stdout]   |
[INFO] [stdout] 3 | use serde_json::Value;
[INFO] [stdout]   |     ^^^^^^^^^^ use of unresolved module or unlinked crate `serde_json`
[INFO] [stdout]   |
[INFO] [stdout]   = help: if you wanted to use a crate named `serde_json`, use `cargo add serde_json` to add it to your `Cargo.toml`
[INFO] [stdout] 
[INFO] [stdout] 
[INFO] [stdout] error[E0432]: unresolved import `serde_json`
[INFO] [stdout]  --> tests/support/fix_history.rs:3:5
[INFO] [stdout]   |
[INFO] [stdout] 3 | use serde_json::{Value, json};
[INFO] [stdout]   |     ^^^^^^^^^^ use of unresolved module or unlinked crate `serde_json`
[INFO] [stdout]   |
[INFO] [stdout]   = help: if you wanted to use a crate named `serde_json`, use `cargo add serde_json` to add it to your `Cargo.toml`
[INFO] [stdout] 
[INFO] [stdout] 
[INFO] [stdout] For more information about this error, try `rustc --explain E0433`.
[INFO] [stdout] 
[INFO] [stdout] error[E0432]: unresolved import `serde_json`
[INFO] [stdout]   --> tests/davinci_mounted_behavior.rs:18:5
[INFO] [stdout]    |
[INFO] [stdout] 18 | use serde_json::{Map, Value, json};
[INFO] [stdout]    |     ^^^^^^^^^^ use of unresolved module or unlinked crate `serde_json`
[INFO] [stdout]    |
[INFO] [stdout]    = help: if you wanted to use a crate named `serde_json`, use `cargo add serde_json` to add it to your `Cargo.toml`
[INFO] [stdout] 
[INFO] [stdout] 
[INFO] [stdout] error[E0432]: unresolved import `serde_json`
[INFO] [stdout]  --> tests/davinci_mounted_behavior/artifact.rs:5:5
[INFO] [stdout]   |
[INFO] [stdout] 5 | use serde_json::{Value, json};
[INFO] [stdout]   |     ^^^^^^^^^^ use of unresolved module or unlinked crate `serde_json`
[INFO] [stdout]   |
[INFO] [stdout]   = help: if you wanted to use a crate named `serde_json`, use `cargo add serde_json` to add it to your `Cargo.toml`
[INFO] [stdout] 
[INFO] [stdout] 
[INFO] [stdout] error[E0432]: unresolved import `serde_json`
[INFO] [stdout]  --> tests/davinci_mounted_behavior/events.rs:3:5
[INFO] [stdout]   |
[INFO] [stdout] 3 | use serde_json::json;
[INFO] [stdout]   |     ^^^^^^^^^^ use of unresolved module or unlinked crate `serde_json`
[INFO] [stdout]   |
[INFO] [stdout]   = help: if you wanted to use a crate named `serde_json`, use `cargo add serde_json` to add it to your `Cargo.toml`
[INFO] [stdout] 
[INFO] [stdout] 
[INFO] [stdout] error[E0432]: unresolved import `serde_json`
[INFO] [stdout]  --> tests/davinci_mounted_behavior/loops.rs:2:5
[INFO] [stdout]   |
[INFO] [stdout] 2 | use serde_json::Value;
[INFO] [stdout]   |     ^^^^^^^^^^ use of unresolved module or unlinked crate `serde_json`
[INFO] [stdout]   |
[INFO] [stdout]   = help: if you wanted to use a crate named `serde_json`, use `cargo add serde_json` to add it to your `Cargo.toml`
[INFO] [stdout] 
[INFO] [stdout] 
[INFO] [stdout] error[E0432]: unresolved import `serde_json`
[INFO] [stdout]   --> tests/davinci_mounted_behavior/loops_matrix.rs:18:5
[INFO] [stdout]    |
[INFO] [stdout] 18 | use serde_json::Value;
[INFO] [stdout]    |     ^^^^^^^^^^ use of unresolved module or unlinked crate `serde_json`
[INFO] [stdout]    |
[INFO] [stdout]    = help: if you wanted to use a crate named `serde_json`, use `cargo add serde_json` to add it to your `Cargo.toml`
[INFO] [stdout] 
[INFO] [stdout] 
[INFO] [stdout] error[E0432]: unresolved import `serde_json`
[INFO] [stdout]   --> tests/davinci_mounted_behavior/models.rs:10:5
[INFO] [stdout]    |
[INFO] [stdout] 10 | use serde_json::{Value, json};
[INFO] [stdout]    |     ^^^^^^^^^^ use of unresolved module or unlinked crate `serde_json`
[INFO] [stdout]    |
[INFO] [stdout]    = help: if you wanted to use a crate named `serde_json`, use `cargo add serde_json` to add it to your `Cargo.toml`
[INFO] [stdout] 
[INFO] [stdout] 
[INFO] [stdout] error[E0432]: unresolved import `serde_json`
[INFO] [stdout]  --> tests/davinci_mounted_behavior/native_attributes.rs:6:5
[INFO] [stdout]   |
[INFO] [stdout] 6 | use serde_json::{Value, json};
[INFO] [stdout]   |     ^^^^^^^^^^ use of unresolved module or unlinked crate `serde_json`
[INFO] [stdout]   |
[INFO] [stdout]   = help: if you wanted to use a crate named `serde_json`, use `cargo add serde_json` to add it to your `Cargo.toml`
[INFO] [stdout] 
[INFO] [stdout] 
[INFO] [stdout] error[E0432]: unresolved import `serde_json`
[INFO] [stdout]  --> tests/davinci_mounted_behavior/native_components.rs:7:5
[INFO] [stdout]   |
[INFO] [stdout] 7 | use serde_json::{Value, json};
[INFO] [stdout]   |     ^^^^^^^^^^ use of unresolved module or unlinked crate `serde_json`
[INFO] [stdout]   |
[INFO] [stdout]   = help: if you wanted to use a crate named `serde_json`, use `cargo add serde_json` to add it to your `Cargo.toml`
[INFO] [stdout] 
[INFO] [stdout] 
[INFO] [stdout] error[E0432]: unresolved import `serde_json`
[INFO] [stdout]  --> tests/davinci_mounted_behavior/native_control.rs:6:5
[INFO] [stdout]   |
[INFO] [stdout] 6 | use serde_json::{Value, json};
[INFO] [stdout]   |     ^^^^^^^^^^ use of unresolved module or unlinked crate `serde_json`
[INFO] [stdout]   |
[INFO] [stdout]   = help: if you wanted to use a crate named `serde_json`, use `cargo add serde_json` to add it to your `Cargo.toml`
[INFO] [stdout] 
[INFO] [stdout] 
[INFO] [stdout] error[E0432]: unresolved import `serde_json`
[INFO] [stdout]  --> tests/davinci_mounted_behavior/native_inline.rs:5:5
[INFO] [stdout]   |
[INFO] [stdout] 5 | use serde_json::json;
[INFO] [stdout]   |     ^^^^^^^^^^ use of unresolved module or unlinked crate `serde_json`
[INFO] [stdout]   |
[INFO] [stdout]   = help: if you wanted to use a crate named `serde_json`, use `cargo add serde_json` to add it to your `Cargo.toml`
[INFO] [stdout] 
[INFO] [stdout] 
[INFO] [stdout] error[E0432]: unresolved import `serde_json`
[INFO] [stdout]  --> tests/davinci_mounted_behavior/native_roots.rs:6:5
[INFO] [stdout]   |
[INFO] [stdout] 6 | use serde_json::{Value, json};
[INFO] [stdout]   |     ^^^^^^^^^^ use of unresolved module or unlinked crate `serde_json`
[INFO] [stdout]   |
[INFO] [stdout]   = help: if you wanted to use a crate named `serde_json`, use `cargo add serde_json` to add it to your `Cargo.toml`
[INFO] [stdout] 
[INFO] [stdout] 
[INFO] [stdout] error[E0432]: unresolved import `serde_json`
[INFO] [stdout]  --> tests/davinci_mounted_behavior/native_slots.rs:7:5
[INFO] [stdout]   |
[INFO] [stdout] 7 | use serde_json::{Value, json};
[INFO] [stdout]   |     ^^^^^^^^^^ use of unresolved module or unlinked crate `serde_json`
[INFO] [stdout]   |
[INFO] [stdout]   = help: if you wanted to use a crate named `serde_json`, use `cargo add serde_json` to add it to your `Cargo.toml`
[INFO] [stdout] 
[INFO] [stdout] 
[INFO] [stdout] error[E0432]: unresolved import `serde_json`
[INFO] [stdout]  --> tests/davinci_mounted_behavior/native_spreads.rs:9:5
[INFO] [stdout]   |
[INFO] [stdout] 9 | use serde_json::{Value, json};
[INFO] [stdout]   |     ^^^^^^^^^^ use of unresolved module or unlinked crate `serde_json`
[INFO] [stdout]   |
[INFO] [stdout]   = help: if you wanted to use a crate named `serde_json`, use `cargo add serde_json` to add it to your `Cargo.toml`
[INFO] [stdout] 
[INFO] [stdout] 
[INFO] [stdout] error[E0432]: unresolved import `serde_json`
[INFO] [stdout]  --> tests/davinci_mounted_behavior/native_templates.rs:6:5
[INFO] [stdout]   |
[INFO] [stdout] 6 | use serde_json::{Value, json};
[INFO] [stdout]   |     ^^^^^^^^^^ use of unresolved module or unlinked crate `serde_json`
[INFO] [stdout]   |
[INFO] [stdout]   = help: if you wanted to use a crate named `serde_json`, use `cargo add serde_json` to add it to your `Cargo.toml`
[INFO] [stdout] 
[INFO] [stdout] 
[INFO] [stdout] error[E0432]: unresolved import `serde_json`
[INFO] [stdout]  --> tests/davinci_mounted_behavior/runtime.rs:1:5
[INFO] [stdout]   |
[INFO] [stdout] 1 | use serde_json::{Map, Value, json};
[INFO] [stdout]   |     ^^^^^^^^^^ use of unresolved module or unlinked crate `serde_json`
[INFO] [stdout]   |
[INFO] [stdout]   = help: if you wanted to use a crate named `serde_json`, use `cargo add serde_json` to add it to your `Cargo.toml`
[INFO] [stdout] 
[INFO] [stdout] 
[INFO] [stdout] error[E0432]: unresolved import `vize_atelier_dom`
[INFO] [stdout]  --> tests/davinci_mounted_behavior/runtime.rs:7:5
[INFO] [stdout]   |
[INFO] [stdout] 7 | use vize_atelier_dom::{DomCompilerOptions, compile_template_with_options};
[INFO] [stdout]   |     ^^^^^^^^^^^^^^^^ use of unresolved module or unlinked crate `vize_atelier_dom`
[INFO] [stdout]   |
[INFO] [stdout] help: there is a crate or module with a similar name
[INFO] [stdout]   |
[INFO] [stdout] 7 - use vize_atelier_dom::{DomCompilerOptions, compile_template_with_options};
[INFO] [stdout] 7 + use vize_atelier_core::{DomCompilerOptions, compile_template_with_options};
[INFO] [stdout]   |
[INFO] [stdout] 
[INFO] [stdout] 
[INFO] [stdout] error[E0432]: unresolved import `serde_json`
[INFO] [stdout]  --> tests/davinci_mounted_behavior/slots.rs:9:5
[INFO] [stdout]   |
[INFO] [stdout] 9 | use serde_json::Value;
[INFO] [stdout]   |     ^^^^^^^^^^ use of unresolved module or unlinked crate `serde_json`
[INFO] [stdout]   |
[INFO] [stdout]   = help: if you wanted to use a crate named `serde_json`, use `cargo add serde_json` to add it to your `Cargo.toml`
[INFO] [stdout] 
[INFO] [stdout] 
[INFO] [stdout] error[E0433]: cannot find module or crate `serde_json` in this scope
[INFO] [stdout]    --> tests/davinci_mounted_behavior/loops_matrix.rs:125:29
[INFO] [stdout]     |
[INFO] [stdout] 125 |                 let entry = serde_json::json!({ "name": name, "trace": actual });
[INFO] [stdout]     |                             ^^^^^^^^^^ use of unresolved module or unlinked crate `serde_json`
[INFO] [stdout] 
[INFO] [stdout] 
[INFO] [stdout] error[E0433]: cannot find module or crate `insta` in this scope
[INFO] [stdout]    --> tests/davinci_mounted_behavior.rs:297:9
[INFO] [stdout]     |
[INFO] [stdout] 297 |         insta::assert_snapshot!(
[INFO] [stdout]     |         ^^^^^ use of unresolved module or unlinked crate `insta`
[INFO] [stdout] 
[INFO] [stdout] 
[INFO] [stderr] error: could not compile `vize_atelier_vapor` (test "davinci_expr_reparse_floor") due to 1 previous error
[INFO] [stderr] warning: build failed, waiting for other jobs to finish...
[INFO] [stdout] error[E0433]: cannot find module or crate `davinci_harness` in this scope
[INFO] [stdout]   --> tests/davinci_vapor_native_budget.rs:16:5
[INFO] [stdout]    |
[INFO] [stdout] 16 | use davinci_harness::alloc::{CountingAllocator, mark_installed, measure};
[INFO] [stdout]    |     ^^^^^^^^^^^^^^^ use of unresolved module or unlinked crate `davinci_harness`
[INFO] [stdout]    |
[INFO] [stdout]    = help: if you wanted to use a crate named `davinci_harness`, use `cargo add davinci_harness` to add it to your `Cargo.toml`
[INFO] [stdout] 
[INFO] [stdout] 
[INFO] [stdout] error[E0432]: unresolved import `vize_atelier_dom`
[INFO] [stdout]   --> tests/patterned_template_recovery.rs:11:5
[INFO] [stdout]    |
[INFO] [stdout] 11 | use vize_atelier_dom::{DomCompilerOptions, compile_template_with_options};
[INFO] [stdout]    |     ^^^^^^^^^^^^^^^^ use of unresolved module or unlinked crate `vize_atelier_dom`
[INFO] [stdout]    |
[INFO] [stdout] help: there is a crate or module with a similar name
[INFO] [stdout]    |
[INFO] [stdout] 11 - use vize_atelier_dom::{DomCompilerOptions, compile_template_with_options};
[INFO] [stdout] 11 + use vize_atelier_core::{DomCompilerOptions, compile_template_with_options};
[INFO] [stdout]    |
[INFO] [stdout] 
[INFO] [stdout] 
[INFO] [stdout] error[E0432]: unresolved import `vize_atelier_ssr`
[INFO] [stdout]   --> tests/patterned_template_recovery.rs:12:5
[INFO] [stdout]    |
[INFO] [stdout] 12 | use vize_atelier_ssr::{SsrCompilerOptions, compile_ssr_with_options};
[INFO] [stdout]    |     ^^^^^^^^^^^^^^^^ use of unresolved module or unlinked crate `vize_atelier_ssr`
[INFO] [stdout]    |
[INFO] [stdout] help: there is a crate or module with a similar name
[INFO] [stdout]    |
[INFO] [stdout] 12 - use vize_atelier_ssr::{SsrCompilerOptions, compile_ssr_with_options};
[INFO] [stdout] 12 + use vize_atelier_core::{SsrCompilerOptions, compile_ssr_with_options};
[INFO] [stdout]    |
[INFO] [stdout] 
[INFO] [stdout] 
[INFO] [stdout] Some errors have detailed explanations: E0432, E0433.
[INFO] [stdout] 
[INFO] [stdout] For more information about an error, try `rustc --explain E0432`.
[INFO] [stdout] 
[INFO] [stdout] error[E0432]: unresolved import `serde_json`
[INFO] [stdout]  --> tests/davinci_transition_parity/trace.rs:3:5
[INFO] [stdout]   |
[INFO] [stdout] 3 | use serde_json::Value;
[INFO] [stdout]   |     ^^^^^^^^^^ use of unresolved module or unlinked crate `serde_json`
[INFO] [stdout]   |
[INFO] [stdout]   = help: if you wanted to use a crate named `serde_json`, use `cargo add serde_json` to add it to your `Cargo.toml`
[INFO] [stdout] 
[INFO] [stdout] 
[INFO] [stdout] error[E0432]: unresolved import `serde_json`
[INFO] [stdout]   --> tests/davinci_transition_parity/main.rs:15:5
[INFO] [stdout]    |
[INFO] [stdout] 15 | use serde_json::{Value, json};
[INFO] [stdout]    |     ^^^^^^^^^^ use of unresolved module or unlinked crate `serde_json`
[INFO] [stdout]    |
[INFO] [stdout]    = help: if you wanted to use a crate named `serde_json`, use `cargo add serde_json` to add it to your `Cargo.toml`
[INFO] [stdout] 
[INFO] [stdout] 
[INFO] [stderr] error: could not compile `vize_atelier_vapor` (test "davinci_walk_baseline") due to 2 previous errors
[INFO] [stdout] For more information about this error, try `rustc --explain E0432`.
[INFO] [stdout] 
[INFO] [stderr] error: could not compile `vize_atelier_vapor` (test "patterned_template_recovery") due to 2 previous errors
[INFO] [stdout] error[E0432]: unresolved import `serde_json`
[INFO] [stdout]  --> examples/vapor_fixture_observer/main.rs:3:5
[INFO] [stdout]   |
[INFO] [stdout] 3 | use serde_json::json;
[INFO] [stdout]   |     ^^^^^^^^^^ use of unresolved module or unlinked crate `serde_json`
[INFO] [stdout]   |
[INFO] [stdout]   = help: if you wanted to use a crate named `serde_json`, use `cargo add serde_json` to add it to your `Cargo.toml`
[INFO] [stdout] 
[INFO] [stdout] 
[INFO] [stdout] error[E0432]: unresolved import `serde_json`
[INFO] [stdout]  --> examples/vapor_fixture_observer/fixtures.rs:3:5
[INFO] [stdout]   |
[INFO] [stdout] 3 | use serde_json::{Value, json};
[INFO] [stdout]   |     ^^^^^^^^^^ use of unresolved module or unlinked crate `serde_json`
[INFO] [stdout]   |
[INFO] [stdout]   = help: if you wanted to use a crate named `serde_json`, use `cargo add serde_json` to add it to your `Cargo.toml`
[INFO] [stdout] 
[INFO] [stdout] 
[INFO] [stdout] For more information about this error, try `rustc --explain E0433`.
[INFO] [stdout] 
[INFO] [stderr] error: could not compile `vize_atelier_vapor` (test "davinci_vapor_native_budget") due to 1 previous error
[INFO] [stdout] error[E0433]: cannot find module or crate `serde_json` in this scope
[INFO] [stdout]   --> tests/davinci_suspense_parity/trace.rs:32:5
[INFO] [stdout]    |
[INFO] [stdout] 32 |     serde_json::from_slice(&output.stdout)
[INFO] [stdout]    |     ^^^^^^^^^^ use of unresolved module or unlinked crate `serde_json`
[INFO] [stdout]    |
[INFO] [stdout]    = help: if you wanted to use a crate named `serde_json`, use `cargo add serde_json` to add it to your `Cargo.toml`
[INFO] [stdout] 
[INFO] [stdout] 
[INFO] [stdout] error[E0433]: cannot find module or crate `serde_json` in this scope
[INFO] [stdout]    --> tests/davinci_l3_compiled_trace.rs:193:5
[INFO] [stdout]     |
[INFO] [stdout] 193 |     serde_json::from_slice(&output.stdout).unwrap_or_else(|error| {
[INFO] [stdout]     |     ^^^^^^^^^^ use of unresolved module or unlinked crate `serde_json`
[INFO] [stdout]     |
[INFO] [stdout]     = help: if you wanted to use a crate named `serde_json`, use `cargo add serde_json` to add it to your `Cargo.toml`
[INFO] [stdout] 
[INFO] [stdout] 
[INFO] [stdout] error[E0433]: cannot find module or crate `serde_json` in this scope
[INFO] [stdout]   --> tests/compiler_fix_history.rs:12:20
[INFO] [stdout]    |
[INFO] [stdout] 12 |     let expected = serde_json::from_str::<Value>(EXPECTED).expect("valid immutable capture");
[INFO] [stdout]    |                    ^^^^^^^^^^ use of unresolved module or unlinked crate `serde_json`
[INFO] [stdout]    |
[INFO] [stdout]    = help: if you wanted to use a crate named `serde_json`, use `cargo add serde_json` to add it to your `Cargo.toml`
[INFO] [stdout] 
[INFO] [stdout] 
[INFO] [stdout] Some errors have detailed explanations: E0432, E0433.
[INFO] [stdout] 
[INFO] [stdout] For more information about an error, try `rustc --explain E0432`.
[INFO] [stdout] 
[INFO] [stdout] error[E0433]: cannot find module or crate `serde_json` in this scope
[INFO] [stdout]   --> tests/vapor_custom_directive_parity.rs:43:5
[INFO] [stdout]    |
[INFO] [stdout] 43 |     serde_json::from_slice(&output.stdout).unwrap()
[INFO] [stdout]    |     ^^^^^^^^^^ use of unresolved module or unlinked crate `serde_json`
[INFO] [stdout]    |
[INFO] [stdout]    = help: if you wanted to use a crate named `serde_json`, use `cargo add serde_json` to add it to your `Cargo.toml`
[INFO] [stdout] 
[INFO] [stdout] 
[INFO] [stderr] error: could not compile `vize_atelier_vapor` (test "davinci_l3_compiled_trace") due to 8 previous errors
[INFO] [stdout] error[E0433]: cannot find module or crate `serde_json` in this scope
[INFO] [stdout]   --> tests/vapor_custom_directive_parity.rs:15:31
[INFO] [stdout]    |
[INFO] [stdout] 15 | fn trace(runner: &str, input: serde_json::Value) -> Vec<serde_json::Value> {
[INFO] [stdout]    |                               ^^^^^^^^^^ use of unresolved module or unlinked crate `serde_json`
[INFO] [stdout]    |
[INFO] [stdout]    = help: if you wanted to use a crate named `serde_json`, use `cargo add serde_json` to add it to your `Cargo.toml`
[INFO] [stdout] 
[INFO] [stdout] 
[INFO] [stdout] error[E0433]: cannot find module or crate `serde_json` in this scope
[INFO] [stdout]   --> tests/davinci_structural_slots_parity/cases.rs:15:5
[INFO] [stdout]    |
[INFO] [stdout] 15 |     serde_json::from_str(r#"[
[INFO] [stdout]    |     ^^^^^^^^^^ use of unresolved module or unlinked crate `serde_json`
[INFO] [stdout]    |
[INFO] [stdout]    = help: if you wanted to use a crate named `serde_json`, use `cargo add serde_json` to add it to your `Cargo.toml`
[INFO] [stdout] 
[INFO] [stdout] 
[INFO] [stdout] error[E0432]: unresolved import `oxc_semantic`
[INFO] [stdout]  --> src/tests_generated_identity.rs:9:5
[INFO] [stdout]   |
[INFO] [stdout] 9 | use oxc_semantic::{Scoping, SemanticBuilder};
[INFO] [stdout]   |     ^^^^^^^^^^^^ use of unresolved module or unlinked crate `oxc_semantic`
[INFO] [stdout]   |
[INFO] [stdout]   = help: if you wanted to use a crate named `oxc_semantic`, use `cargo add oxc_semantic` to add it to your `Cargo.toml`
[INFO] [stdout] 
[INFO] [stdout] 
[INFO] [stdout] error[E0433]: cannot find module or crate `serde_json` in this scope
[INFO] [stdout]   --> tests/davinci_structural_slots_parity/trace.rs:31:5
[INFO] [stdout]    |
[INFO] [stdout] 31 |     serde_json::from_slice(&output.stdout)
[INFO] [stdout]    |     ^^^^^^^^^^ use of unresolved module or unlinked crate `serde_json`
[INFO] [stdout]    |
[INFO] [stdout]    = help: if you wanted to use a crate named `serde_json`, use `cargo add serde_json` to add it to your `Cargo.toml`
[INFO] [stdout] 
[INFO] [stdout] 
[INFO] [stdout] error[E0432]: unresolved import `vize_atelier_dom`
[INFO] [stdout]   --> src/tests_template_children.rs:10:5
[INFO] [stdout]    |
[INFO] [stdout] 10 | use vize_atelier_dom::{DomCompilerOptions, compile_template_with_options};
[INFO] [stdout]    |     ^^^^^^^^^^^^^^^^ use of unresolved module or unlinked crate `vize_atelier_dom`
[INFO] [stdout]    |
[INFO] [stdout] help: there is a crate or module with a similar name
[INFO] [stdout]    |
[INFO] [stdout] 10 - use vize_atelier_dom::{DomCompilerOptions, compile_template_with_options};
[INFO] [stdout] 10 + use vize_atelier_core::{DomCompilerOptions, compile_template_with_options};
[INFO] [stdout]    |
[INFO] [stdout] 
[INFO] [stdout] 
[INFO] [stdout] Some errors have detailed explanations: E0432, E0433.
[INFO] [stdout] 
[INFO] [stdout] For more information about an error, try `rustc --explain E0432`.
[INFO] [stdout] 
[INFO] [stdout] error[E0433]: cannot find module or crate `serde_json` in this scope
[INFO] [stdout]   --> tests/vapor_custom_directive_parity.rs:15:57
[INFO] [stdout]    |
[INFO] [stdout] 15 | fn trace(runner: &str, input: serde_json::Value) -> Vec<serde_json::Value> {
[INFO] [stdout]    |                                                         ^^^^^^^^^^ use of unresolved module or unlinked crate `serde_json`
[INFO] [stdout]    |
[INFO] [stdout]    = help: if you wanted to use a crate named `serde_json`, use `cargo add serde_json` to add it to your `Cargo.toml`
[INFO] [stdout] 
[INFO] [stdout] 
[INFO] [stdout] Some errors have detailed explanations: E0432, E0433.
[INFO] [stdout] 
[INFO] [stdout] For more information about an error, try `rustc --explain E0432`.
[INFO] [stdout] 
[INFO] [stdout] error[E0433]: cannot find module or crate `insta` in this scope
[INFO] [stdout]   --> src/generate/tests.rs:25:9
[INFO] [stdout]    |
[INFO] [stdout] 25 |         insta::assert_snapshot!(result.code.as_str());
[INFO] [stdout]    |         ^^^^^ use of unresolved module or unlinked crate `insta`
[INFO] [stdout] 
[INFO] [stdout] 
[INFO] [stdout] error[E0433]: cannot find module or crate `insta` in this scope
[INFO] [stdout]   --> src/generate/tests.rs:36:9
[INFO] [stdout]    |
[INFO] [stdout] 36 |         insta::assert_snapshot!(result.code.as_str());
[INFO] [stdout]    |         ^^^^^ use of unresolved module or unlinked crate `insta`
[INFO] [stdout] 
[INFO] [stdout] 
[INFO] [stdout] error[E0433]: cannot find module or crate `insta` in this scope
[INFO] [stdout]    --> src/generators/block.rs:181:9
[INFO] [stdout]     |
[INFO] [stdout] 181 |         insta::assert_snapshot!(ctx.code.as_str());
[INFO] [stdout]     |         ^^^^^ use of unresolved module or unlinked crate `insta`
[INFO] [stdout] 
[INFO] [stdout] 
[INFO] [stdout] error[E0433]: cannot find module or crate `insta` in this scope
[INFO] [stdout]    --> src/generators/component.rs:162:9
[INFO] [stdout]     |
[INFO] [stdout] 162 |         insta::assert_snapshot!(result.as_str());
[INFO] [stdout]     |         ^^^^^ use of unresolved module or unlinked crate `insta`
[INFO] [stdout] 
[INFO] [stdout] 
[INFO] [stdout] error[E0433]: cannot find module or crate `insta` in this scope
[INFO] [stdout]    --> src/generators/generate_text.rs:137:9
[INFO] [stdout]     |
[INFO] [stdout] 137 |         insta::assert_snapshot!(result.as_str());
[INFO] [stdout]     |         ^^^^^ use of unresolved module or unlinked crate `insta`
[INFO] [stdout] 
[INFO] [stdout] 
[INFO] [stdout] error[E0433]: cannot find module or crate `insta` in this scope
[INFO] [stdout]   --> src/l3/tests/component_names.rs:97:5
[INFO] [stdout]    |
[INFO] [stdout] 97 |     insta::assert_snapshot!("component_name_payload", code);
[INFO] [stdout]    |     ^^^^^ use of unresolved module or unlinked crate `insta`
[INFO] [stdout] 
[INFO] [stdout] 
[INFO] [stdout] error[E0433]: cannot find module or crate `insta` in this scope
[INFO] [stdout]    --> src/l3/tests/computed_dom.rs:136:5
[INFO] [stdout]     |
[INFO] [stdout] 136 |     insta::assert_snapshot!("computed_dom_payload", code);
[INFO] [stdout]     |     ^^^^^ use of unresolved module or unlinked crate `insta`
[INFO] [stdout] 
[INFO] [stdout] 
[INFO] [stdout] error[E0433]: cannot find module or crate `insta` in this scope
[INFO] [stdout]    --> src/l3/tests/keep_alive.rs:101:5
[INFO] [stdout]     |
[INFO] [stdout] 101 |     insta::assert_snapshot!("keep_alive_payload", code);
[INFO] [stdout]     |     ^^^^^ use of unresolved module or unlinked crate `insta`
[INFO] [stdout] 
[INFO] [stdout] 
[INFO] [stdout] error[E0433]: cannot find module or crate `insta` in this scope
[INFO] [stdout]    --> src/l3/tests/slot_props.rs:144:5
[INFO] [stdout]     |
[INFO] [stdout] 144 |     insta::assert_snapshot!("slot_prop_payload", code);
[INFO] [stdout]     |     ^^^^^ use of unresolved module or unlinked crate `insta`
[INFO] [stdout] 
[INFO] [stdout] 
[INFO] [stdout] error[E0433]: cannot find module or crate `insta` in this scope
[INFO] [stdout]   --> src/l3/tests/once_events.rs:48:13
[INFO] [stdout]    |
[INFO] [stdout] 48 |             insta::assert_snapshot!(format!("once_events_{case}_{prefix_identifiers}_code"), native.code);
[INFO] [stdout]    |             ^^^^^ use of unresolved module or unlinked crate `insta`
[INFO] [stdout] 
[INFO] [stdout] 
[INFO] [stdout] error[E0433]: cannot find module or crate `insta` in this scope
[INFO] [stdout]   --> src/l3/tests/once_events.rs:98:5
[INFO] [stdout]    |
[INFO] [stdout] 98 |     insta::assert_snapshot!("once_event_payload", code);
[INFO] [stdout]    |     ^^^^^ use of unresolved module or unlinked crate `insta`
[INFO] [stdout] 
[INFO] [stdout] 
[INFO] [stdout] error[E0433]: cannot find module or crate `insta` in this scope
[INFO] [stdout]   --> src/l3/tests/events.rs:65:5
[INFO] [stdout]    |
[INFO] [stdout] 65 |     insta::assert_snapshot!("computed_event_payload", code);
[INFO] [stdout]    |     ^^^^^ use of unresolved module or unlinked crate `insta`
[INFO] [stdout] 
[INFO] [stdout] 
[INFO] [stdout] error[E0433]: cannot find module or crate `insta` in this scope
[INFO] [stdout]   --> src/l3/tests/model_names.rs:89:5
[INFO] [stdout]    |
[INFO] [stdout] 89 |     insta::assert_snapshot!("computed_model_name_payload", code);
[INFO] [stdout]    |     ^^^^^ use of unresolved module or unlinked crate `insta`
[INFO] [stdout] 
[INFO] [stdout] 
[INFO] [stdout] error[E0433]: cannot find module or crate `insta` in this scope
[INFO] [stdout]    --> src/l3/tests/models.rs:225:5
[INFO] [stdout]     |
[INFO] [stdout] 225 |     insta::assert_snapshot!("dynamic_component_model_payload", code);
[INFO] [stdout]     |     ^^^^^ use of unresolved module or unlinked crate `insta`
[INFO] [stdout] 
[INFO] [stdout] 
[INFO] [stdout] error[E0433]: cannot find module or crate `insta` in this scope
[INFO] [stdout]    --> src/l3/tests/models.rs:246:9
[INFO] [stdout]     |
[INFO] [stdout] 246 |         insta::assert_snapshot!(
[INFO] [stdout]     |         ^^^^^ use of unresolved module or unlinked crate `insta`
[INFO] [stdout] 
[INFO] [stdout] 
[INFO] [stdout] error[E0433]: cannot find module or crate `insta` in this scope
[INFO] [stdout]   --> src/l3/tests/select.rs:50:21
[INFO] [stdout]    |
[INFO] [stdout] 50 |                     insta::assert_snapshot!(std::format!("select_model_{case}"), native.code);
[INFO] [stdout]    |                     ^^^^^ use of unresolved module or unlinked crate `insta`
[INFO] [stdout] 
[INFO] [stdout] 
[INFO] [stdout] error[E0433]: cannot find module or crate `insta` in this scope
[INFO] [stdout]    --> src/l3/tests/select.rs:103:5
[INFO] [stdout]     |
[INFO] [stdout] 103 |     insta::assert_snapshot!("select_model_payload", code);
[INFO] [stdout]     |     ^^^^^ use of unresolved module or unlinked crate `insta`
[INFO] [stdout] 
[INFO] [stdout] 
[INFO] [stdout] error[E0433]: cannot find module or crate `insta` in this scope
[INFO] [stdout]   --> src/l3/tests/slots.rs:71:5
[INFO] [stdout]    |
[INFO] [stdout] 71 |     insta::assert_snapshot!("computed_outlet_payload", code);
[INFO] [stdout]    |     ^^^^^ use of unresolved module or unlinked crate `insta`
[INFO] [stdout] 
[INFO] [stdout] 
[INFO] [stdout] error[E0433]: cannot find module or crate `insta` in this scope
[INFO] [stdout]   --> src/l3/tests/slots.rs:98:5
[INFO] [stdout]    |
[INFO] [stdout] 98 |     insta::assert_snapshot!("computed_content_payload", code);
[INFO] [stdout]    |     ^^^^^ use of unresolved module or unlinked crate `insta`
[INFO] [stdout] 
[INFO] [stdout] 
[INFO] [stdout] error[E0433]: cannot find module or crate `insta` in this scope
[INFO] [stdout]   --> src/l3/tests/teleport.rs:93:5
[INFO] [stdout]    |
[INFO] [stdout] 93 |     insta::assert_snapshot!("teleport_payload", code);
[INFO] [stdout]    |     ^^^^^ use of unresolved module or unlinked crate `insta`
[INFO] [stdout] 
[INFO] [stdout] 
[INFO] [stdout] error[E0433]: cannot find module or crate `insta` in this scope
[INFO] [stdout]    --> src/steps/text.rs:159:9
[INFO] [stdout]     |
[INFO] [stdout] 159 |         insta::assert_snapshot!(result.as_str());
[INFO] [stdout]     |         ^^^^^ use of unresolved module or unlinked crate `insta`
[INFO] [stdout] 
[INFO] [stdout] 
[INFO] [stdout] error[E0433]: cannot find module or crate `insta` in this scope
[INFO] [stdout]    --> src/steps/v_model.rs:126:9
[INFO] [stdout]     |
[INFO] [stdout] 126 |         insta::assert_snapshot!(result.as_str());
[INFO] [stdout]     |         ^^^^^ use of unresolved module or unlinked crate `insta`
[INFO] [stdout] 
[INFO] [stdout] 
[INFO] [stdout] error[E0433]: cannot find module or crate `insta` in this scope
[INFO] [stdout]    --> src/steps/v_model.rs:132:9
[INFO] [stdout]     |
[INFO] [stdout] 132 |         insta::assert_snapshot!(result.as_str());
[INFO] [stdout]     |         ^^^^^ use of unresolved module or unlinked crate `insta`
[INFO] [stdout] 
[INFO] [stdout] 
[INFO] [stdout] error[E0433]: cannot find module or crate `insta` in this scope
[INFO] [stdout]    --> src/steps/v_model.rs:138:9
[INFO] [stdout]     |
[INFO] [stdout] 138 |         insta::assert_snapshot!(result.as_str());
[INFO] [stdout]     |         ^^^^^ use of unresolved module or unlinked crate `insta`
[INFO] [stdout] 
[INFO] [stdout] 
[INFO] [stdout] error[E0433]: cannot find module or crate `insta` in this scope
[INFO] [stdout]    --> src/steps/v_on.rs:183:9
[INFO] [stdout]     |
[INFO] [stdout] 183 |         insta::assert_snapshot!(result.as_str());
[INFO] [stdout]     |         ^^^^^ use of unresolved module or unlinked crate `insta`
[INFO] [stdout] 
[INFO] [stdout] 
[INFO] [stdout] error[E0433]: cannot find module or crate `insta` in this scope
[INFO] [stdout]   --> src/tests.rs:45:5
[INFO] [stdout]    |
[INFO] [stdout] 45 |     insta::assert_snapshot!(code.as_str());
[INFO] [stdout]    |     ^^^^^ use of unresolved module or unlinked crate `insta`
[INFO] [stdout] 
[INFO] [stdout] 
[INFO] [stdout] error[E0433]: cannot find module or crate `insta` in this scope
[INFO] [stdout]   --> src/tests.rs:57:5
[INFO] [stdout]    |
[INFO] [stdout] 57 |     insta::assert_snapshot!(code.as_str());
[INFO] [stdout]    |     ^^^^^ use of unresolved module or unlinked crate `insta`
[INFO] [stdout] 
[INFO] [stdout] 
[INFO] [stdout] error[E0433]: cannot find module or crate `insta` in this scope
[INFO] [stdout]   --> src/tests.rs:73:5
[INFO] [stdout]    |
[INFO] [stdout] 73 |     insta::assert_snapshot!(code.as_str());
[INFO] [stdout]    |     ^^^^^ use of unresolved module or unlinked crate `insta`
[INFO] [stdout] 
[INFO] [stdout] 
[INFO] [stdout] error[E0433]: cannot find module or crate `insta` in this scope
[INFO] [stdout]   --> src/tests.rs:93:5
[INFO] [stdout]    |
[INFO] [stdout] 93 |     insta::assert_snapshot!(code.as_str());
[INFO] [stdout]    |     ^^^^^ use of unresolved module or unlinked crate `insta`
[INFO] [stdout] 
[INFO] [stdout] 
[INFO] [stdout] error[E0433]: cannot find module or crate `insta` in this scope
[INFO] [stdout]    --> src/tests.rs:113:5
[INFO] [stdout]     |
[INFO] [stdout] 113 |     insta::assert_snapshot!(code.as_str());
[INFO] [stdout]     |     ^^^^^ use of unresolved module or unlinked crate `insta`
[INFO] [stdout] 
[INFO] [stdout] 
[INFO] [stdout] error[E0433]: cannot find module or crate `insta` in this scope
[INFO] [stdout]    --> src/tests.rs:132:5
[INFO] [stdout]     |
[INFO] [stdout] 132 |     insta::assert_snapshot!(code.as_str());
[INFO] [stdout]     |     ^^^^^ use of unresolved module or unlinked crate `insta`
[INFO] [stdout] 
[INFO] [stdout] 
[INFO] [stdout] error[E0433]: cannot find module or crate `insta` in this scope
[INFO] [stdout]    --> src/tests.rs:147:5
[INFO] [stdout]     |
[INFO] [stdout] 147 |     insta::assert_snapshot!(code.as_str());
[INFO] [stdout]     |     ^^^^^ use of unresolved module or unlinked crate `insta`
[INFO] [stdout] 
[INFO] [stdout] 
[INFO] [stdout] error[E0433]: cannot find module or crate `insta` in this scope
[INFO] [stdout]    --> src/tests.rs:167:5
[INFO] [stdout]     |
[INFO] [stdout] 167 |     insta::assert_snapshot!(code.as_str());
[INFO] [stdout]     |     ^^^^^ use of unresolved module or unlinked crate `insta`
[INFO] [stdout] 
[INFO] [stdout] 
[INFO] [stdout] error[E0433]: cannot find module or crate `insta` in this scope
[INFO] [stdout]    --> src/tests.rs:186:5
[INFO] [stdout]     |
[INFO] [stdout] 186 |     insta::assert_snapshot!(code.as_str());
[INFO] [stdout]     |     ^^^^^ use of unresolved module or unlinked crate `insta`
[INFO] [stdout] 
[INFO] [stdout] 
[INFO] [stdout] error[E0433]: cannot find module or crate `insta` in this scope
[INFO] [stdout]    --> src/tests.rs:205:5
[INFO] [stdout]     |
[INFO] [stdout] 205 |     insta::assert_snapshot!(code.as_str());
[INFO] [stdout]     |     ^^^^^ use of unresolved module or unlinked crate `insta`
[INFO] [stdout] 
[INFO] [stdout] 
[INFO] [stdout] error[E0433]: cannot find module or crate `insta` in this scope
[INFO] [stdout]    --> src/tests.rs:232:5
[INFO] [stdout]     |
[INFO] [stdout] 232 |     insta::assert_snapshot!(code.as_str());
[INFO] [stdout]     |     ^^^^^ use of unresolved module or unlinked crate `insta`
[INFO] [stdout] 
[INFO] [stdout] 
[INFO] [stdout] error[E0433]: cannot find module or crate `insta` in this scope
[INFO] [stdout]    --> src/tests.rs:251:5
[INFO] [stdout]     |
[INFO] [stdout] 251 |     insta::assert_snapshot!(code.as_str());
[INFO] [stdout]     |     ^^^^^ use of unresolved module or unlinked crate `insta`
[INFO] [stdout] 
[INFO] [stdout] 
[INFO] [stdout] error[E0433]: cannot find module or crate `insta` in this scope
[INFO] [stdout]    --> src/tests.rs:276:5
[INFO] [stdout]     |
[INFO] [stdout] 276 |     insta::assert_snapshot!(code.as_str());
[INFO] [stdout]     |     ^^^^^ use of unresolved module or unlinked crate `insta`
[INFO] [stdout] 
[INFO] [stdout] 
[INFO] [stdout] error[E0433]: cannot find module or crate `insta` in this scope
[INFO] [stdout]    --> src/tests.rs:300:5
[INFO] [stdout]     |
[INFO] [stdout] 300 |     insta::assert_snapshot!(code.as_str());
[INFO] [stdout]     |     ^^^^^ use of unresolved module or unlinked crate `insta`
[INFO] [stdout] 
[INFO] [stdout] 
[INFO] [stdout] error[E0433]: cannot find module or crate `insta` in this scope
[INFO] [stdout]    --> src/tests.rs:319:5
[INFO] [stdout]     |
[INFO] [stdout] 319 |     insta::assert_snapshot!(code.as_str());
[INFO] [stdout]     |     ^^^^^ use of unresolved module or unlinked crate `insta`
[INFO] [stdout] 
[INFO] [stdout] 
[INFO] [stdout] error[E0433]: cannot find module or crate `insta` in this scope
[INFO] [stdout]    --> src/tests.rs:347:5
[INFO] [stdout]     |
[INFO] [stdout] 347 |     insta::assert_snapshot!(code.as_str());
[INFO] [stdout]     |     ^^^^^ use of unresolved module or unlinked crate `insta`
[INFO] [stdout] 
[INFO] [stdout] 
[INFO] [stdout] error[E0433]: cannot find module or crate `insta` in this scope
[INFO] [stdout]    --> src/tests.rs:372:5
[INFO] [stdout]     |
[INFO] [stdout] 372 |     insta::assert_snapshot!(code.as_str());
[INFO] [stdout]     |     ^^^^^ use of unresolved module or unlinked crate `insta`
[INFO] [stdout] 
[INFO] [stdout] 
[INFO] [stdout] error[E0433]: cannot find module or crate `insta` in this scope
[INFO] [stdout]    --> src/tests.rs:400:5
[INFO] [stdout]     |
[INFO] [stdout] 400 |     insta::assert_snapshot!(code.as_str());
[INFO] [stdout]     |     ^^^^^ use of unresolved module or unlinked crate `insta`
[INFO] [stdout] 
[INFO] [stdout] 
[INFO] [stdout] error[E0433]: cannot find module or crate `insta` in this scope
[INFO] [stdout]    --> src/tests.rs:415:5
[INFO] [stdout]     |
[INFO] [stdout] 415 |     insta::assert_snapshot!(code.as_str());
[INFO] [stdout]     |     ^^^^^ use of unresolved module or unlinked crate `insta`
[INFO] [stdout] 
[INFO] [stdout] 
[INFO] [stdout] error[E0433]: cannot find module or crate `insta` in this scope
[INFO] [stdout]    --> src/tests.rs:434:5
[INFO] [stdout]     |
[INFO] [stdout] 434 |     insta::assert_snapshot!(code.as_str());
[INFO] [stdout]     |     ^^^^^ use of unresolved module or unlinked crate `insta`
[INFO] [stdout] 
[INFO] [stdout] 
[INFO] [stdout] error[E0433]: cannot find module or crate `insta` in this scope
[INFO] [stdout]    --> src/tests.rs:453:5
[INFO] [stdout]     |
[INFO] [stdout] 453 |     insta::assert_snapshot!(code.as_str());
[INFO] [stdout]     |     ^^^^^ use of unresolved module or unlinked crate `insta`
[INFO] [stdout] 
[INFO] [stdout] 
[INFO] [stdout] error[E0433]: cannot find module or crate `insta` in this scope
[INFO] [stdout]    --> src/tests.rs:472:5
[INFO] [stdout]     |
[INFO] [stdout] 472 |     insta::assert_snapshot!(code.as_str());
[INFO] [stdout]     |     ^^^^^ use of unresolved module or unlinked crate `insta`
[INFO] [stdout] 
[INFO] [stdout] 
[INFO] [stdout] error[E0433]: cannot find module or crate `insta` in this scope
[INFO] [stdout]    --> src/tests.rs:541:5
[INFO] [stdout]     |
[INFO] [stdout] 541 |     insta::assert_snapshot!(code.as_str());
[INFO] [stdout]     |     ^^^^^ use of unresolved module or unlinked crate `insta`
[INFO] [stdout] 
[INFO] [stdout] 
[INFO] [stdout] error[E0433]: cannot find module or crate `insta` in this scope
[INFO] [stdout]    --> src/tests.rs:560:5
[INFO] [stdout]     |
[INFO] [stdout] 560 |     insta::assert_snapshot!(code.as_str());
[INFO] [stdout]     |     ^^^^^ use of unresolved module or unlinked crate `insta`
[INFO] [stdout] 
[INFO] [stdout] 
[INFO] [stdout] error[E0433]: cannot find module or crate `insta` in this scope
[INFO] [stdout]    --> src/tests.rs:618:5
[INFO] [stdout]     |
[INFO] [stdout] 618 |     insta::assert_snapshot!(code.as_str());
[INFO] [stdout]     |     ^^^^^ use of unresolved module or unlinked crate `insta`
[INFO] [stdout] 
[INFO] [stdout] 
[INFO] [stdout] error[E0433]: cannot find module or crate `insta` in this scope
[INFO] [stdout]    --> src/tests.rs:637:5
[INFO] [stdout]     |
[INFO] [stdout] 637 |     insta::assert_snapshot!(code.as_str());
[INFO] [stdout]     |     ^^^^^ use of unresolved module or unlinked crate `insta`
[INFO] [stdout] 
[INFO] [stdout] 
[INFO] [stdout] error[E0433]: cannot find module or crate `insta` in this scope
[INFO] [stdout]    --> src/tests.rs:656:5
[INFO] [stdout]     |
[INFO] [stdout] 656 |     insta::assert_snapshot!(code.as_str());
[INFO] [stdout]     |     ^^^^^ use of unresolved module or unlinked crate `insta`
[INFO] [stdout] 
[INFO] [stdout] 
[INFO] [stdout] error[E0433]: cannot find module or crate `insta` in this scope
[INFO] [stdout]    --> src/tests.rs:675:5
[INFO] [stdout]     |
[INFO] [stdout] 675 |     insta::assert_snapshot!(code.as_str());
[INFO] [stdout]     |     ^^^^^ use of unresolved module or unlinked crate `insta`
[INFO] [stdout] 
[INFO] [stdout] 
[INFO] [stdout] error[E0433]: cannot find module or crate `insta` in this scope
[INFO] [stdout]    --> src/tests.rs:694:5
[INFO] [stdout]     |
[INFO] [stdout] 694 |     insta::assert_snapshot!(code.as_str());
[INFO] [stdout]     |     ^^^^^ use of unresolved module or unlinked crate `insta`
[INFO] [stdout] 
[INFO] [stdout] 
[INFO] [stdout] error[E0433]: cannot find module or crate `insta` in this scope
[INFO] [stdout]    --> src/tests.rs:734:5
[INFO] [stdout]     |
[INFO] [stdout] 734 |     insta::assert_snapshot!(code.as_str());
[INFO] [stdout]     |     ^^^^^ use of unresolved module or unlinked crate `insta`
[INFO] [stdout] 
[INFO] [stdout] 
[INFO] [stdout] error[E0433]: cannot find module or crate `insta` in this scope
[INFO] [stdout]    --> src/tests.rs:777:5
[INFO] [stdout]     |
[INFO] [stdout] 777 |     insta::assert_snapshot!(code.as_str());
[INFO] [stdout]     |     ^^^^^ use of unresolved module or unlinked crate `insta`
[INFO] [stdout] 
[INFO] [stdout] 
[INFO] [stdout] error[E0433]: cannot find module or crate `insta` in this scope
[INFO] [stdout]    --> src/tests.rs:797:5
[INFO] [stdout]     |
[INFO] [stdout] 797 |     insta::assert_snapshot!(code.as_str());
[INFO] [stdout]     |     ^^^^^ use of unresolved module or unlinked crate `insta`
[INFO] [stdout] 
[INFO] [stdout] 
[INFO] [stdout] error[E0433]: cannot find module or crate `insta` in this scope
[INFO] [stdout]    --> src/tests.rs:817:5
[INFO] [stdout]     |
[INFO] [stdout] 817 |     insta::assert_snapshot!(code.as_str());
[INFO] [stdout]     |     ^^^^^ use of unresolved module or unlinked crate `insta`
[INFO] [stdout] 
[INFO] [stdout] 
[INFO] [stdout] error[E0433]: cannot find module or crate `insta` in this scope
[INFO] [stdout]    --> src/tests.rs:837:5
[INFO] [stdout]     |
[INFO] [stdout] 837 |     insta::assert_snapshot!(code.as_str());
[INFO] [stdout]     |     ^^^^^ use of unresolved module or unlinked crate `insta`
[INFO] [stdout] 
[INFO] [stdout] 
[INFO] [stdout] error[E0433]: cannot find module or crate `insta` in this scope
[INFO] [stdout]    --> src/tests.rs:859:5
[INFO] [stdout]     |
[INFO] [stdout] 859 |     insta::assert_snapshot!(code.as_str());
[INFO] [stdout]     |     ^^^^^ use of unresolved module or unlinked crate `insta`
[INFO] [stdout] 
[INFO] [stdout] 
[INFO] [stderr] error: could not compile `vize_atelier_vapor` (test "compiler_fix_history") due to 3 previous errors
[INFO] [stderr] error: could not compile `vize_atelier_vapor` (test "vapor_custom_directive_parity") due to 6 previous errors
[INFO] [stdout] error[E0433]: cannot find module or crate `insta` in this scope
[INFO] [stdout]    --> src/tests.rs:881:5
[INFO] [stdout]     |
[INFO] [stdout] 881 |     insta::assert_snapshot!(code.as_str());
[INFO] [stdout]     |     ^^^^^ use of unresolved module or unlinked crate `insta`
[INFO] [stdout] 
[INFO] [stdout] 
[INFO] [stdout] error[E0433]: cannot find module or crate `insta` in this scope
[INFO] [stdout]    --> src/tests_setup_components.rs:133:5
[INFO] [stdout]     |
[INFO] [stdout] 133 |     insta::assert_snapshot!(result.code.as_str());
[INFO] [stdout]     |     ^^^^^ use of unresolved module or unlinked crate `insta`
[INFO] [stdout] 
[INFO] [stdout] 
[INFO] [stdout] error[E0433]: cannot find module or crate `insta` in this scope
[INFO] [stdout]    --> src/tests_setup_components.rs:157:5
[INFO] [stdout]     |
[INFO] [stdout] 157 |     insta::assert_snapshot!(result.code.as_str());
[INFO] [stdout]     |     ^^^^^ use of unresolved module or unlinked crate `insta`
[INFO] [stdout] 
[INFO] [stdout] 
[INFO] [stdout] error[E0433]: cannot find module or crate `insta` in this scope
[INFO] [stdout]   --> src/tests_slot_outlets.rs:58:5
[INFO] [stdout]    |
[INFO] [stdout] 58 |     insta::assert_snapshot!(code.as_str());
[INFO] [stdout]    |     ^^^^^ use of unresolved module or unlinked crate `insta`
[INFO] [stdout] 
[INFO] [stdout] 
[INFO] [stdout] error[E0433]: cannot find module or crate `insta` in this scope
[INFO] [stdout]   --> src/tests_slot_outlets.rs:74:5
[INFO] [stdout]    |
[INFO] [stdout] 74 |     insta::assert_snapshot!(code.as_str());
[INFO] [stdout]    |     ^^^^^ use of unresolved module or unlinked crate `insta`
[INFO] [stdout] 
[INFO] [stdout] 
[INFO] [stdout] error[E0433]: cannot find module or crate `insta` in this scope
[INFO] [stdout]   --> src/tests_slot_outlets.rs:94:5
[INFO] [stdout]    |
[INFO] [stdout] 94 |     insta::assert_snapshot!(code.as_str());
[INFO] [stdout]    |     ^^^^^ use of unresolved module or unlinked crate `insta`
[INFO] [stdout] 
[INFO] [stdout] 
[INFO] [stdout] error[E0433]: cannot find module or crate `insta` in this scope
[INFO] [stdout]    --> src/tests_slot_outlets.rs:114:5
[INFO] [stdout]     |
[INFO] [stdout] 114 |     insta::assert_snapshot!(code.as_str());
[INFO] [stdout]     |     ^^^^^ use of unresolved module or unlinked crate `insta`
[INFO] [stdout] 
[INFO] [stdout] 
[INFO] [stdout] error[E0433]: cannot find module or crate `insta` in this scope
[INFO] [stdout]   --> src/tests_source_map/component_names.rs:27:9
[INFO] [stdout]    |
[INFO] [stdout] 27 |         insta::assert_snapshot!(format!("component_names_{case}_code"), code);
[INFO] [stdout]    |         ^^^^^ use of unresolved module or unlinked crate `insta`
[INFO] [stdout] 
[INFO] [stdout] 
[INFO] [stdout] error[E0433]: cannot find module or crate `insta` in this scope
[INFO] [stdout]   --> src/tests_source_map/component_names.rs:28:9
[INFO] [stdout]    |
[INFO] [stdout] 28 |         insta::assert_debug_snapshot!(format!("component_names_{case}_map"), segments);
[INFO] [stdout]    |         ^^^^^ use of unresolved module or unlinked crate `insta`
[INFO] [stdout] 
[INFO] [stdout] 
[INFO] [stdout] error[E0433]: cannot find module or crate `insta` in this scope
[INFO] [stdout]   --> src/tests_source_map/computed_dom.rs:27:9
[INFO] [stdout]    |
[INFO] [stdout] 27 |         insta::assert_snapshot!(format!("computed_dom_{case}_code"), code);
[INFO] [stdout]    |         ^^^^^ use of unresolved module or unlinked crate `insta`
[INFO] [stdout] 
[INFO] [stdout] 
[INFO] [stdout] error[E0433]: cannot find module or crate `insta` in this scope
[INFO] [stdout]   --> src/tests_source_map/computed_dom.rs:28:9
[INFO] [stdout]    |
[INFO] [stdout] 28 |         insta::assert_debug_snapshot!(format!("computed_dom_{case}_map"), segments);
[INFO] [stdout]    |         ^^^^^ use of unresolved module or unlinked crate `insta`
[INFO] [stdout] 
[INFO] [stdout] 
[INFO] [stdout] error[E0433]: cannot find module or crate `insta` in this scope
[INFO] [stdout]   --> src/tests_source_map/model_names.rs:24:9
[INFO] [stdout]    |
[INFO] [stdout] 24 |         insta::assert_snapshot!(format!("model_names_{case}_code"), code);
[INFO] [stdout]    |         ^^^^^ use of unresolved module or unlinked crate `insta`
[INFO] [stdout] 
[INFO] [stdout] 
[INFO] [stdout] error[E0433]: cannot find module or crate `insta` in this scope
[INFO] [stdout]   --> src/tests_source_map/model_names.rs:25:9
[INFO] [stdout]    |
[INFO] [stdout] 25 |         insta::assert_debug_snapshot!(format!("model_names_{case}_map"), segments);
[INFO] [stdout]    |         ^^^^^ use of unresolved module or unlinked crate `insta`
[INFO] [stdout] 
[INFO] [stdout] 
[INFO] [stdout] error[E0433]: cannot find module or crate `insta` in this scope
[INFO] [stdout]   --> src/tests_source_map/slot_props.rs:27:9
[INFO] [stdout]    |
[INFO] [stdout] 27 |         insta::assert_snapshot!(format!("slot_props_{case}_code"), code);
[INFO] [stdout]    |         ^^^^^ use of unresolved module or unlinked crate `insta`
[INFO] [stdout] 
[INFO] [stdout] 
[INFO] [stdout] error[E0433]: cannot find module or crate `insta` in this scope
[INFO] [stdout]   --> src/tests_source_map/slot_props.rs:28:9
[INFO] [stdout]    |
[INFO] [stdout] 28 |         insta::assert_debug_snapshot!(format!("slot_props_{case}_map"), segments);
[INFO] [stdout]    |         ^^^^^ use of unresolved module or unlinked crate `insta`
[INFO] [stdout] 
[INFO] [stdout] 
[INFO] [stdout] error[E0433]: cannot find module or crate `insta` in this scope
[INFO] [stdout]   --> src/tests_source_map/structural_slots.rs:23:9
[INFO] [stdout]    |
[INFO] [stdout] 23 |         insta::assert_snapshot!(format!("structural_slot_{case}_code"), code);
[INFO] [stdout]    |         ^^^^^ use of unresolved module or unlinked crate `insta`
[INFO] [stdout] 
[INFO] [stdout] 
[INFO] [stdout] error[E0433]: cannot find module or crate `insta` in this scope
[INFO] [stdout]   --> src/tests_source_map/structural_slots.rs:24:9
[INFO] [stdout]    |
[INFO] [stdout] 24 |         insta::assert_debug_snapshot!(format!("structural_slot_{case}_map"), segments);
[INFO] [stdout]    |         ^^^^^ use of unresolved module or unlinked crate `insta`
[INFO] [stdout] 
[INFO] [stdout] 
[INFO] [stdout] error[E0433]: cannot find module or crate `insta` in this scope
[INFO] [stdout]   --> src/tests_source_map/suspense.rs:23:9
[INFO] [stdout]    |
[INFO] [stdout] 23 |         insta::assert_snapshot!(format!("suspense_{case}_code"), code);
[INFO] [stdout]    |         ^^^^^ use of unresolved module or unlinked crate `insta`
[INFO] [stdout] 
[INFO] [stdout] 
[INFO] [stdout] error[E0433]: cannot find module or crate `insta` in this scope
[INFO] [stdout]   --> src/tests_source_map/suspense.rs:24:9
[INFO] [stdout]    |
[INFO] [stdout] 24 |         insta::assert_debug_snapshot!(format!("suspense_{case}_map"), segments);
[INFO] [stdout]    |         ^^^^^ use of unresolved module or unlinked crate `insta`
[INFO] [stdout] 
[INFO] [stdout] 
[INFO] [stdout] error[E0433]: cannot find module or crate `insta` in this scope
[INFO] [stdout]   --> src/tests_source_map/transition.rs:23:9
[INFO] [stdout]    |
[INFO] [stdout] 23 |         insta::assert_snapshot!(format!("transition_{case}_code"), code);
[INFO] [stdout]    |         ^^^^^ use of unresolved module or unlinked crate `insta`
[INFO] [stdout] 
[INFO] [stdout] 
[INFO] [stdout] error[E0433]: cannot find module or crate `insta` in this scope
[INFO] [stdout]   --> src/tests_source_map/transition.rs:24:9
[INFO] [stdout]    |
[INFO] [stdout] 24 |         insta::assert_debug_snapshot!(format!("transition_{case}_map"), segments);
[INFO] [stdout]    |         ^^^^^ use of unresolved module or unlinked crate `insta`
[INFO] [stdout] 
[INFO] [stdout] 
[INFO] [stdout] error[E0433]: cannot find module or crate `insta` in this scope
[INFO] [stdout]   --> src/tests_source_map/transition.rs:51:9
[INFO] [stdout]    |
[INFO] [stdout] 51 |         insta::assert_snapshot!(format!("transition_{case}_native_code"), native);
[INFO] [stdout]    |         ^^^^^ use of unresolved module or unlinked crate `insta`
[INFO] [stdout] 
[INFO] [stdout] 
[INFO] [stdout] error[E0433]: cannot find module or crate `insta` in this scope
[INFO] [stdout]   --> src/tests_source_map/transition.rs:52:9
[INFO] [stdout]    |
[INFO] [stdout] 52 |         insta::assert_debug_snapshot!(format!("transition_{case}_native_map"), native_segments);
[INFO] [stdout]    |         ^^^^^ use of unresolved module or unlinked crate `insta`
[INFO] [stdout] 
[INFO] [stdout] 
[INFO] [stdout] error[E0433]: cannot find module or crate `insta` in this scope
[INFO] [stdout]   --> src/tests_source_map/transition.rs:53:9
[INFO] [stdout]    |
[INFO] [stdout] 53 |         insta::assert_snapshot!(format!("transition_{case}_retained_code"), retained);
[INFO] [stdout]    |         ^^^^^ use of unresolved module or unlinked crate `insta`
[INFO] [stdout] 
[INFO] [stdout] 
[INFO] [stdout] error[E0433]: cannot find module or crate `insta` in this scope
[INFO] [stdout]   --> src/tests_source_map/transition.rs:54:9
[INFO] [stdout]    |
[INFO] [stdout] 54 |         insta::assert_debug_snapshot!(format!("transition_{case}_retained_map"), retained_segments);
[INFO] [stdout]    |         ^^^^^ use of unresolved module or unlinked crate `insta`
[INFO] [stdout] 
[INFO] [stdout] 
[INFO] [stdout] error[E0433]: cannot find module or crate `insta` in this scope
[INFO] [stdout]    --> src/tests_source_map.rs:135:9
[INFO] [stdout]     |
[INFO] [stdout] 135 |         insta::assert_snapshot!(format!("computed_slot_{case}_code"), code);
[INFO] [stdout]     |         ^^^^^ use of unresolved module or unlinked crate `insta`
[INFO] [stdout] 
[INFO] [stdout] 
[INFO] [stdout] error[E0433]: cannot find module or crate `insta` in this scope
[INFO] [stdout]    --> src/tests_source_map.rs:136:9
[INFO] [stdout]     |
[INFO] [stdout] 136 |         insta::assert_debug_snapshot!(format!("computed_slot_{case}_map"), segments);
[INFO] [stdout]     |         ^^^^^ use of unresolved module or unlinked crate `insta`
[INFO] [stdout] 
[INFO] [stdout] 
[INFO] [stdout] error[E0433]: cannot find module or crate `insta` in this scope
[INFO] [stdout]    --> src/tests_source_map.rs:163:9
[INFO] [stdout]     |
[INFO] [stdout] 163 |         insta::assert_snapshot!(format!("computed_event_{case}_code"), code);
[INFO] [stdout]     |         ^^^^^ use of unresolved module or unlinked crate `insta`
[INFO] [stdout] 
[INFO] [stdout] 
[INFO] [stdout] error[E0433]: cannot find module or crate `insta` in this scope
[INFO] [stdout]    --> src/tests_source_map.rs:164:9
[INFO] [stdout]     |
[INFO] [stdout] 164 |         insta::assert_debug_snapshot!(format!("computed_event_{case}_map"), segments);
[INFO] [stdout]     |         ^^^^^ use of unresolved module or unlinked crate `insta`
[INFO] [stdout] 
[INFO] [stdout] 
[INFO] [stdout] error[E0433]: cannot find module or crate `insta` in this scope
[INFO] [stdout]    --> src/tests_source_map.rs:188:9
[INFO] [stdout]     |
[INFO] [stdout] 188 |         insta::assert_snapshot!(format!("teleport_{case}_code"), code);
[INFO] [stdout]     |         ^^^^^ use of unresolved module or unlinked crate `insta`
[INFO] [stdout] 
[INFO] [stdout] 
[INFO] [stdout] error[E0433]: cannot find module or crate `insta` in this scope
[INFO] [stdout]    --> src/tests_source_map.rs:189:9
[INFO] [stdout]     |
[INFO] [stdout] 189 |         insta::assert_debug_snapshot!(format!("teleport_{case}_map"), segments);
[INFO] [stdout]     |         ^^^^^ use of unresolved module or unlinked crate `insta`
[INFO] [stdout] 
[INFO] [stdout] 
[INFO] [stdout] error[E0433]: cannot find module or crate `insta` in this scope
[INFO] [stdout]    --> src/tests_source_map.rs:211:9
[INFO] [stdout]     |
[INFO] [stdout] 211 |         insta::assert_snapshot!(format!("keep_alive_{case}_code"), code);
[INFO] [stdout]     |         ^^^^^ use of unresolved module or unlinked crate `insta`
[INFO] [stdout] 
[INFO] [stdout] 
[INFO] [stdout] error[E0433]: cannot find module or crate `insta` in this scope
[INFO] [stdout]    --> src/tests_source_map.rs:212:9
[INFO] [stdout]     |
[INFO] [stdout] 212 |         insta::assert_debug_snapshot!(format!("keep_alive_{case}_map"), segments);
[INFO] [stdout]     |         ^^^^^ use of unresolved module or unlinked crate `insta`
[INFO] [stdout] 
[INFO] [stdout] 
[INFO] [stdout] error[E0433]: cannot find module or crate `insta` in this scope
[INFO] [stdout]    --> src/tests_source_map.rs:233:9
[INFO] [stdout]     |
[INFO] [stdout] 233 |         insta::assert_snapshot!(format!("select_model_{case}_code"), code);
[INFO] [stdout]     |         ^^^^^ use of unresolved module or unlinked crate `insta`
[INFO] [stdout] 
[INFO] [stdout] 
[INFO] [stdout] error[E0433]: cannot find module or crate `insta` in this scope
[INFO] [stdout]    --> src/tests_source_map.rs:234:9
[INFO] [stdout]     |
[INFO] [stdout] 234 |         insta::assert_debug_snapshot!(format!("select_model_{case}_map"), segments);
[INFO] [stdout]     |         ^^^^^ use of unresolved module or unlinked crate `insta`
[INFO] [stdout] 
[INFO] [stdout] 
[INFO] [stdout] error[E0433]: cannot find module or crate `insta` in this scope
[INFO] [stdout]    --> src/tests_source_map.rs:256:9
[INFO] [stdout]     |
[INFO] [stdout] 256 |         insta::assert_snapshot!(format!("once_event_{case}_code"), code);
[INFO] [stdout]     |         ^^^^^ use of unresolved module or unlinked crate `insta`
[INFO] [stdout] 
[INFO] [stdout] 
[INFO] [stdout] error[E0433]: cannot find module or crate `insta` in this scope
[INFO] [stdout]    --> src/tests_source_map.rs:257:9
[INFO] [stdout]     |
[INFO] [stdout] 257 |         insta::assert_debug_snapshot!(format!("once_event_{case}_map"), segments);
[INFO] [stdout]     |         ^^^^^ use of unresolved module or unlinked crate `insta`
[INFO] [stdout] 
[INFO] [stdout] 
[INFO] [stdout] error[E0433]: cannot find module or crate `insta` in this scope
[INFO] [stdout]   --> src/tests_template_children.rs:57:5
[INFO] [stdout]    |
[INFO] [stdout] 57 |     insta::assert_snapshot!(vapor_output(V_MATCH));
[INFO] [stdout]    |     ^^^^^ use of unresolved module or unlinked crate `insta`
[INFO] [stdout] 
[INFO] [stdout] 
[INFO] [stdout] error[E0433]: cannot find module or crate `insta` in this scope
[INFO] [stdout]   --> src/tests_template_children.rs:62:5
[INFO] [stdout]    |
[INFO] [stdout] 62 |     insta::assert_snapshot!(dom_output(V_MATCH));
[INFO] [stdout]    |     ^^^^^ use of unresolved module or unlinked crate `insta`
[INFO] [stdout] 
[INFO] [stdout] 
[INFO] [stdout] error[E0433]: cannot find module or crate `insta` in this scope
[INFO] [stdout]   --> src/tests_template_children.rs:67:5
[INFO] [stdout]    |
[INFO] [stdout] 67 |     insta::assert_snapshot!(vapor_output(DYNAMIC_SIBLING));
[INFO] [stdout]    |     ^^^^^ use of unresolved module or unlinked crate `insta`
[INFO] [stdout] 
[INFO] [stdout] 
[INFO] [stdout] error[E0433]: cannot find module or crate `insta` in this scope
[INFO] [stdout]   --> src/tests_template_children.rs:72:5
[INFO] [stdout]    |
[INFO] [stdout] 72 |     insta::assert_snapshot!(dom_output(DYNAMIC_SIBLING));
[INFO] [stdout]    |     ^^^^^ use of unresolved module or unlinked crate `insta`
[INFO] [stdout] 
[INFO] [stdout] 
[INFO] [stdout] error[E0433]: cannot find module or crate `insta` in this scope
[INFO] [stdout]   --> src/tests_template_children.rs:77:5
[INFO] [stdout]    |
[INFO] [stdout] 77 |     insta::assert_snapshot!(vapor_output(NESTED));
[INFO] [stdout]    |     ^^^^^ use of unresolved module or unlinked crate `insta`
[INFO] [stdout] 
[INFO] [stdout] 
[INFO] [stdout] error[E0433]: cannot find module or crate `insta` in this scope
[INFO] [stdout]   --> src/tests_template_children.rs:82:5
[INFO] [stdout]    |
[INFO] [stdout] 82 |     insta::assert_snapshot!(dom_output(NESTED));
[INFO] [stdout]    |     ^^^^^ use of unresolved module or unlinked crate `insta`
[INFO] [stdout] 
[INFO] [stdout] 
[INFO] [stdout] error[E0433]: cannot find module or crate `insta` in this scope
[INFO] [stdout]   --> src/tests_template_children.rs:87:5
[INFO] [stdout]    |
[INFO] [stdout] 87 |     insta::assert_snapshot!(vapor_output(CONTROL_FLOW));
[INFO] [stdout]    |     ^^^^^ use of unresolved module or unlinked crate `insta`
[INFO] [stdout] 
[INFO] [stdout] 
[INFO] [stdout] error[E0433]: cannot find module or crate `insta` in this scope
[INFO] [stdout]   --> src/tests_template_children.rs:92:5
[INFO] [stdout]    |
[INFO] [stdout] 92 |     insta::assert_snapshot!(dom_output(CONTROL_FLOW));
[INFO] [stdout]    |     ^^^^^ use of unresolved module or unlinked crate `insta`
[INFO] [stdout] 
[INFO] [stdout] 
[INFO] [stdout] error[E0433]: cannot find module or crate `insta` in this scope
[INFO] [stdout]   --> src/tests_template_children.rs:97:5
[INFO] [stdout]    |
[INFO] [stdout] 97 |     insta::assert_snapshot!(vapor_output(TEXT_RUN));
[INFO] [stdout]    |     ^^^^^ use of unresolved module or unlinked crate `insta`
[INFO] [stdout] 
[INFO] [stdout] 
[INFO] [stdout] error[E0433]: cannot find module or crate `insta` in this scope
[INFO] [stdout]    --> src/tests_template_children.rs:102:5
[INFO] [stdout]     |
[INFO] [stdout] 102 |     insta::assert_snapshot!(dom_output(TEXT_RUN));
[INFO] [stdout]     |     ^^^^^ use of unresolved module or unlinked crate `insta`
[INFO] [stdout] 
[INFO] [stdout] 
[INFO] [stdout] error[E0433]: cannot find module or crate `insta` in this scope
[INFO] [stdout]    --> src/tests_template_children.rs:107:5
[INFO] [stdout]     |
[INFO] [stdout] 107 |     insta::assert_snapshot!(vapor_output(SEPARATED_TEXT_RUNS));
[INFO] [stdout]     |     ^^^^^ use of unresolved module or unlinked crate `insta`
[INFO] [stdout] 
[INFO] [stdout] 
[INFO] [stdout] error[E0433]: cannot find module or crate `insta` in this scope
[INFO] [stdout]    --> src/tests_template_children.rs:112:5
[INFO] [stdout]     |
[INFO] [stdout] 112 |     insta::assert_snapshot!(dom_output(SEPARATED_TEXT_RUNS));
[INFO] [stdout]     |     ^^^^^ use of unresolved module or unlinked crate `insta`
[INFO] [stdout] 
[INFO] [stdout] 
[INFO] [stdout] error[E0433]: cannot find module or crate `insta` in this scope
[INFO] [stdout]   --> src/tests_valueless_attr.rs:57:5
[INFO] [stdout]    |
[INFO] [stdout] 57 |     insta::assert_snapshot!(code.as_str());
[INFO] [stdout]    |     ^^^^^ use of unresolved module or unlinked crate `insta`
[INFO] [stdout] 
[INFO] [stdout] 
[INFO] [stdout] error[E0433]: cannot find module or crate `insta` in this scope
[INFO] [stdout]   --> src/tests_valueless_attr.rs:77:5
[INFO] [stdout]    |
[INFO] [stdout] 77 |     insta::assert_snapshot!(code.as_str());
[INFO] [stdout]    |     ^^^^^ use of unresolved module or unlinked crate `insta`
[INFO] [stdout] 
[INFO] [stdout] 
[INFO] [stdout] error[E0433]: cannot find module or crate `serde_json` in this scope
[INFO] [stdout]   --> examples/vapor_fixture_observer/main.rs:19:9
[INFO] [stdout]    |
[INFO] [stdout] 19 |         serde_json::to_string(&json!({
[INFO] [stdout]    |         ^^^^^^^^^^ use of unresolved module or unlinked crate `serde_json`
[INFO] [stdout]    |
[INFO] [stdout]    = help: if you wanted to use a crate named `serde_json`, use `cargo add serde_json` to add it to your `Cargo.toml`
[INFO] [stdout] 
[INFO] [stdout] 
[INFO] [stdout] Some errors have detailed explanations: E0432, E0433.
[INFO] [stdout] 
[INFO] [stderr] error: could not compile `vize_atelier_vapor` (example "vapor_fixture_observer") due to 3 previous errors
[INFO] [stdout] For more information about an error, try `rustc --explain E0432`.
[INFO] [stdout] 
[INFO] [stdout] error[E0599]: no associated function or constant named `parse` found for struct `vize_l2::dump::Page` in the current scope
[INFO] [stdout]    --> tests/native_stage_capture.rs:92:35
[INFO] [stdout]     |
[INFO] [stdout]  92 |     let l2 = vize_l2::dump::Page::parse(&capture.pages[1].text).expect("L2 page parses");
[INFO] [stdout]     |                                   ^^^^^ associated function or constant not found in `vize_l2::dump::Page`
[INFO] [stdout]     |
[INFO] [stdout] note: if you're trying to build a new `vize_l2::dump::Page`, consider using `vize_l2::dump::owned::<impl vize_l2::dump::Page>::of` which returns `vize_l2::dump::Page`
[INFO] [stdout]    --> /opt/rustwide/cargo-home/registry/src/index.crates.io-1949cf8c6b5b557f/vize_l2-0.429.2/src/dump/owned.rs:179:5
[INFO] [stdout]     |
[INFO] [stdout] 179 |     pub fn of(ops: &[IrOp<'_>]) -> Self {
[INFO] [stdout]     |     ^^^^^^^^^^^^^^^^^^^^^^^^^^^^^^^^^^^
[INFO] [stdout]     = help: items from traits can only be used if the trait is in scope
[INFO] [stdout] help: trait `Dump` which provides `parse` is implemented but not in scope; perhaps you want to import it
[INFO] [stdout]     |
[INFO] [stdout]   1 + use vize_davinci::dump::Dump;
[INFO] [stdout]     |
[INFO] [stdout] 
[INFO] [stdout] 
[INFO] [stdout] error[E0599]: no associated function or constant named `parse` found for struct `vize_l3::dump::Page` in the current scope
[INFO] [stdout]   --> tests/native_stage_capture.rs:94:35
[INFO] [stdout]    |
[INFO] [stdout] 94 |     let l3 = vize_l3::dump::Page::parse(&capture.pages[3].text).expect("L3 page parses");
[INFO] [stdout]    |                                   ^^^^^ associated function or constant not found in `vize_l3::dump::Page`
[INFO] [stdout]    |
[INFO] [stdout] note: if you're trying to build a new `vize_l3::dump::Page`, consider using `vize_l3::dump::Page::of` which returns `vize_l3::dump::Page`
[INFO] [stdout]   --> /opt/rustwide/cargo-home/registry/src/index.crates.io-1949cf8c6b5b557f/vize_l3-0.429.2/src/dump.rs:37:5
[INFO] [stdout]    |
[INFO] [stdout] 37 |     pub fn of(program: &Program<'_>) -> Self {
[INFO] [stdout]    |     ^^^^^^^^^^^^^^^^^^^^^^^^^^^^^^^^^^^^^^^^
[INFO] [stdout]    = help: items from traits can only be used if the trait is in scope
[INFO] [stdout] help: trait `Dump` which provides `parse` is implemented but not in scope; perhaps you want to import it
[INFO] [stdout]    |
[INFO] [stdout]  1 + use vize_davinci::dump::Dump;
[INFO] [stdout]    |
[INFO] [stdout] 
[INFO] [stdout] 
[INFO] [stdout] Some errors have detailed explanations: E0432, E0433.
[INFO] [stdout] 
[INFO] [stdout] For more information about an error, try `rustc --explain E0432`.
[INFO] [stdout] 
[INFO] [stderr] error: could not compile `vize_atelier_vapor` (test "davinci_structural_slots_parity") due to 5 previous errors
[INFO] [stdout] Some errors have detailed explanations: E0432, E0433.
[INFO] [stdout] 
[INFO] [stdout] For more information about an error, try `rustc --explain E0432`.
[INFO] [stdout] 
[INFO] [stdout] Some errors have detailed explanations: E0433, E0599.
[INFO] [stdout] 
[INFO] [stdout] For more information about an error, try `rustc --explain E0433`.
[INFO] [stdout] 
[INFO] [stderr] error: could not compile `vize_atelier_vapor` (test "native_stage_capture") due to 3 previous errors
[INFO] [stderr] error: could not compile `vize_atelier_vapor` (test "davinci_suspense_parity") due to 3 previous errors
[INFO] [stdout] error[E0433]: cannot find module or crate `serde_json` in this scope
[INFO] [stdout]   --> tests/davinci_transition_parity/trace.rs:32:5
[INFO] [stdout]    |
[INFO] [stdout] 32 |     serde_json::from_slice(&output.stdout)
[INFO] [stdout]    |     ^^^^^^^^^^ use of unresolved module or unlinked crate `serde_json`
[INFO] [stdout]    |
[INFO] [stdout]    = help: if you wanted to use a crate named `serde_json`, use `cargo add serde_json` to add it to your `Cargo.toml`
[INFO] [stdout] 
[INFO] [stdout] 
[INFO] [stdout] error[E0433]: cannot find module or crate `serde_json` in this scope
[INFO] [stdout]   --> tests/davinci_transition_parity/main.rs:90:36
[INFO] [stdout]    |
[INFO] [stdout] 90 |         let expected: Vec<Value> = serde_json::from_str(golden).unwrap();
[INFO] [stdout]    |                                    ^^^^^^^^^^ use of unresolved module or unlinked crate `serde_json`
[INFO] [stdout]    |
[INFO] [stdout]    = help: if you wanted to use a crate named `serde_json`, use `cargo add serde_json` to add it to your `Cargo.toml`
[INFO] [stdout] 
[INFO] [stdout] 
[INFO] [stdout] Some errors have detailed explanations: E0432, E0433.
[INFO] [stdout] 
[INFO] [stdout] For more information about an error, try `rustc --explain E0432`.
[INFO] [stdout] 
[INFO] [stderr] error: could not compile `vize_atelier_vapor` (test "davinci_transition_parity") due to 4 previous errors
[INFO] [stdout] warning: unused import: `super::native_control::element`
[INFO] [stdout]  --> tests/davinci_mounted_behavior/models.rs:8:5
[INFO] [stdout]   |
[INFO] [stdout] 8 | use super::native_control::element;
[INFO] [stdout]   |     ^^^^^^^^^^^^^^^^^^^^^^^^^^^^^^
[INFO] [stdout]   |
[INFO] [stdout]   = note: `#[warn(unused_imports)]` (part of `#[warn(unused)]`) on by default
[INFO] [stdout] 
[INFO] [stdout] 
[INFO] [stdout] warning: unused import: `super::native_control::element`
[INFO] [stdout]  --> tests/davinci_mounted_behavior/native_inline.rs:3:5
[INFO] [stdout]   |
[INFO] [stdout] 3 | use super::native_control::element;
[INFO] [stdout]   |     ^^^^^^^^^^^^^^^^^^^^^^^^^^^^^^
[INFO] [stdout] 
[INFO] [stdout] 
[INFO] [stdout] warning: unused import: `super::native_control::element`
[INFO] [stdout]  --> tests/davinci_mounted_behavior/native_spreads.rs:6:5
[INFO] [stdout]   |
[INFO] [stdout] 6 | use super::native_control::element;
[INFO] [stdout]   |     ^^^^^^^^^^^^^^^^^^^^^^^^^^^^^^
[INFO] [stdout] 
[INFO] [stdout] 
[INFO] [stdout] error[E0433]: cannot find module or crate `serde_json` in this scope
[INFO] [stdout]   --> tests/davinci_mounted_behavior/loops.rs:11:34
[INFO] [stdout]    |
[INFO] [stdout] 11 |         let scenario: Scenario = serde_json::from_str(
[INFO] [stdout]    |                                  ^^^^^^^^^^ use of unresolved module or unlinked crate `serde_json`
[INFO] [stdout]    |
[INFO] [stdout]    = help: if you wanted to use a crate named `serde_json`, use `cargo add serde_json` to add it to your `Cargo.toml`
[INFO] [stdout] 
[INFO] [stdout] 
[INFO] [stdout] error[E0433]: cannot find module or crate `serde_json` in this scope
[INFO] [stdout]   --> tests/davinci_mounted_behavior/loops.rs:15:31
[INFO] [stdout]    |
[INFO] [stdout] 15 |         let expected: Value = serde_json::from_str(
[INFO] [stdout]    |                               ^^^^^^^^^^ use of unresolved module or unlinked crate `serde_json`
[INFO] [stdout]    |
[INFO] [stdout]    = help: if you wanted to use a crate named `serde_json`, use `cargo add serde_json` to add it to your `Cargo.toml`
[INFO] [stdout] 
[INFO] [stdout] 
[INFO] [stdout] error[E0433]: cannot find module or crate `serde_json` in this scope
[INFO] [stdout]   --> tests/davinci_mounted_behavior/loops.rs:50:30
[INFO] [stdout]    |
[INFO] [stdout] 50 |     let scenario: Scenario = serde_json::from_str(
[INFO] [stdout]    |                              ^^^^^^^^^^ use of unresolved module or unlinked crate `serde_json`
[INFO] [stdout]    |
[INFO] [stdout]    = help: if you wanted to use a crate named `serde_json`, use `cargo add serde_json` to add it to your `Cargo.toml`
[INFO] [stdout] 
[INFO] [stdout] 
[INFO] [stdout] error[E0433]: cannot find module or crate `serde_json` in this scope
[INFO] [stdout]   --> tests/davinci_mounted_behavior/loops.rs:54:27
[INFO] [stdout]    |
[INFO] [stdout] 54 |     let expected: Value = serde_json::from_str(
[INFO] [stdout]    |                           ^^^^^^^^^^ use of unresolved module or unlinked crate `serde_json`
[INFO] [stdout]    |
[INFO] [stdout]    = help: if you wanted to use a crate named `serde_json`, use `cargo add serde_json` to add it to your `Cargo.toml`
[INFO] [stdout] 
[INFO] [stdout] 
[INFO] [stdout] error[E0433]: cannot find module or crate `serde_json` in this scope
[INFO] [stdout]   --> tests/davinci_mounted_behavior/loops_matrix.rs:33:21
[INFO] [stdout]    |
[INFO] [stdout] 33 |         .map(|line| serde_json::from_str(line).unwrap())
[INFO] [stdout]    |                     ^^^^^^^^^^ use of unresolved module or unlinked crate `serde_json`
[INFO] [stdout]    |
[INFO] [stdout]    = help: if you wanted to use a crate named `serde_json`, use `cargo add serde_json` to add it to your `Cargo.toml`
[INFO] [stdout] 
[INFO] [stdout] 
[INFO] [stdout] error[E0433]: cannot find module or crate `serde_json` in this scope
[INFO] [stdout]    --> tests/davinci_mounted_behavior/loops_matrix.rs:103:34
[INFO] [stdout]     |
[INFO] [stdout] 103 |         let scenario: Scenario = serde_json::from_value(case["scenario"].clone()).unwrap();
[INFO] [stdout]     |                                  ^^^^^^^^^^ use of unresolved module or unlinked crate `serde_json`
[INFO] [stdout]     |
[INFO] [stdout]     = help: if you wanted to use a crate named `serde_json`, use `cargo add serde_json` to add it to your `Cargo.toml`
[INFO] [stdout] 
[INFO] [stdout] 
[INFO] [stdout] error[E0433]: cannot find module or crate `serde_json` in this scope
[INFO] [stdout]   --> tests/davinci_mounted_behavior/models.rs:20:21
[INFO] [stdout]    |
[INFO] [stdout] 20 |         .map(|line| serde_json::from_str(line).unwrap())
[INFO] [stdout]    |                     ^^^^^^^^^^ use of unresolved module or unlinked crate `serde_json`
[INFO] [stdout]    |
[INFO] [stdout]    = help: if you wanted to use a crate named `serde_json`, use `cargo add serde_json` to add it to your `Cargo.toml`
[INFO] [stdout] 
[INFO] [stdout] 
[INFO] [stdout] error[E0433]: cannot find module or crate `serde_json` in this scope
[INFO] [stdout]   --> tests/davinci_mounted_behavior/models.rs:44:34
[INFO] [stdout]    |
[INFO] [stdout] 44 |         let scenario: Scenario = serde_json::from_value(case["scenario"].clone()).unwrap();
[INFO] [stdout]    |                                  ^^^^^^^^^^ use of unresolved module or unlinked crate `serde_json`
[INFO] [stdout]    |
[INFO] [stdout]    = help: if you wanted to use a crate named `serde_json`, use `cargo add serde_json` to add it to your `Cargo.toml`
[INFO] [stdout] 
[INFO] [stdout] 
[INFO] [stdout] error[E0433]: cannot find module or crate `serde_json` in this scope
[INFO] [stdout]    --> tests/davinci_mounted_behavior/native_control.rs:149:24
[INFO] [stdout]     |
[INFO] [stdout] 149 |     let steps: Value = serde_json::from_str(LOOP_STEPS).unwrap();
[INFO] [stdout]     |                        ^^^^^^^^^^ use of unresolved module or unlinked crate `serde_json`
[INFO] [stdout]     |
[INFO] [stdout]     = help: if you wanted to use a crate named `serde_json`, use `cargo add serde_json` to add it to your `Cargo.toml`
[INFO] [stdout] 
[INFO] [stdout] 
[INFO] [stdout] error[E0433]: cannot find module or crate `serde_json` in this scope
[INFO] [stdout]    --> tests/davinci_mounted_behavior/native_control.rs:173:24
[INFO] [stdout]     |
[INFO] [stdout] 173 |     let steps: Value = serde_json::from_str(LOOP_STEPS).unwrap();
[INFO] [stdout]     |                        ^^^^^^^^^^ use of unresolved module or unlinked crate `serde_json`
[INFO] [stdout]     |
[INFO] [stdout]     = help: if you wanted to use a crate named `serde_json`, use `cargo add serde_json` to add it to your `Cargo.toml`
[INFO] [stdout] 
[INFO] [stdout] 
[INFO] [stdout] error[E0433]: cannot find module or crate `serde_json` in this scope
[INFO] [stdout]    --> tests/davinci_mounted_behavior/runtime.rs:159:5
[INFO] [stdout]     |
[INFO] [stdout] 159 |     serde_json::from_slice(&output.stdout)
[INFO] [stdout]     |     ^^^^^^^^^^ use of unresolved module or unlinked crate `serde_json`
[INFO] [stdout]     |
[INFO] [stdout]     = help: if you wanted to use a crate named `serde_json`, use `cargo add serde_json` to add it to your `Cargo.toml`
[INFO] [stdout] 
[INFO] [stdout] 
[INFO] [stdout] error[E0433]: cannot find module or crate `serde_json` in this scope
[INFO] [stdout]   --> tests/davinci_mounted_behavior/slots.rs:19:21
[INFO] [stdout]    |
[INFO] [stdout] 19 |         .map(|line| serde_json::from_str(line).unwrap())
[INFO] [stdout]    |                     ^^^^^^^^^^ use of unresolved module or unlinked crate `serde_json`
[INFO] [stdout]    |
[INFO] [stdout]    = help: if you wanted to use a crate named `serde_json`, use `cargo add serde_json` to add it to your `Cargo.toml`
[INFO] [stdout] 
[INFO] [stdout] 
[INFO] [stdout] error[E0433]: cannot find module or crate `serde_json` in this scope
[INFO] [stdout]   --> tests/davinci_mounted_behavior.rs:71:17
[INFO] [stdout]    |
[INFO] [stdout] 71 |         assert!(serde_json::from_value::<Scenario>(value).is_err());
[INFO] [stdout]    |                 ^^^^^^^^^^ use of unresolved module or unlinked crate `serde_json`
[INFO] [stdout]    |
[INFO] [stdout]    = help: if you wanted to use a crate named `serde_json`, use `cargo add serde_json` to add it to your `Cargo.toml`
[INFO] [stdout] 
[INFO] [stdout] 
[INFO] [stdout] error[E0433]: cannot find module or crate `serde_json` in this scope
[INFO] [stdout]   --> tests/davinci_mounted_behavior.rs:73:17
[INFO] [stdout]    |
[INFO] [stdout] 73 |     let valid = serde_json::from_value::<Scenario>(json!({"context": {}, "steps": []})).unwrap();
[INFO] [stdout]    |                 ^^^^^^^^^^ use of unresolved module or unlinked crate `serde_json`
[INFO] [stdout]    |
[INFO] [stdout]    = help: if you wanted to use a crate named `serde_json`, use `cargo add serde_json` to add it to your `Cargo.toml`
[INFO] [stdout] 
[INFO] [stdout] 
[INFO] [stdout] error[E0433]: cannot find module or crate `serde_json` in this scope
[INFO] [stdout]   --> tests/davinci_mounted_behavior.rs:80:30
[INFO] [stdout]    |
[INFO] [stdout] 80 |     let scenario: Scenario = serde_json::from_str(include_str!(
[INFO] [stdout]    |                              ^^^^^^^^^^ use of unresolved module or unlinked crate `serde_json`
[INFO] [stdout]    |
[INFO] [stdout]    = help: if you wanted to use a crate named `serde_json`, use `cargo add serde_json` to add it to your `Cargo.toml`
[INFO] [stdout] 
[INFO] [stdout] 
[INFO] [stdout] error[E0433]: cannot find module or crate `serde_json` in this scope
[INFO] [stdout]   --> tests/davinci_mounted_behavior.rs:84:31
[INFO] [stdout]    |
[INFO] [stdout] 84 |     let mut expected: Value = serde_json::from_str(include_str!(
[INFO] [stdout]    |                               ^^^^^^^^^^ use of unresolved module or unlinked crate `serde_json`
[INFO] [stdout]    |
[INFO] [stdout]    = help: if you wanted to use a crate named `serde_json`, use `cargo add serde_json` to add it to your `Cargo.toml`
[INFO] [stdout] 
[INFO] [stdout] 
[INFO] [stdout] error[E0433]: cannot find module or crate `serde_json` in this scope
[INFO] [stdout]    --> tests/davinci_mounted_behavior.rs:109:30
[INFO] [stdout]     |
[INFO] [stdout] 109 |     let scenario: Scenario = serde_json::from_str(include_str!(
[INFO] [stdout]     |                              ^^^^^^^^^^ use of unresolved module or unlinked crate `serde_json`
[INFO] [stdout]     |
[INFO] [stdout]     = help: if you wanted to use a crate named `serde_json`, use `cargo add serde_json` to add it to your `Cargo.toml`
[INFO] [stdout] 
[INFO] [stdout] 
[INFO] [stdout] error[E0433]: cannot find module or crate `serde_json` in this scope
[INFO] [stdout]    --> tests/davinci_mounted_behavior.rs:113:27
[INFO] [stdout]     |
[INFO] [stdout] 113 |     let expected: Value = serde_json::from_str(include_str!(
[INFO] [stdout]     |                           ^^^^^^^^^^ use of unresolved module or unlinked crate `serde_json`
[INFO] [stdout]     |
[INFO] [stdout]     = help: if you wanted to use a crate named `serde_json`, use `cargo add serde_json` to add it to your `Cargo.toml`
[INFO] [stdout] 
[INFO] [stdout] 
[INFO] [stdout] Some errors have detailed explanations: E0432, E0433.
[INFO] [stdout] 
[INFO] [stdout] For more information about an error, try `rustc --explain E0432`.
[INFO] [stdout] 
[INFO] [stderr] error: could not compile `vize_atelier_vapor` (test "davinci_mounted_behavior") due to 42 previous errors; 3 warnings emitted
[INFO] [stdout] error[E0433]: cannot find module or crate `serde_json` in this scope
[INFO] [stdout]   --> src/tests_source_map/support.rs:88:34
[INFO] [stdout]    |
[INFO] [stdout] 88 |     let map: serde_json::Value = serde_json::from_str(map).unwrap();
[INFO] [stdout]    |                                  ^^^^^^^^^^ use of unresolved module or unlinked crate `serde_json`
[INFO] [stdout]    |
[INFO] [stdout]    = help: if you wanted to use a crate named `serde_json`, use `cargo add serde_json` to add it to your `Cargo.toml`
[INFO] [stdout] 
[INFO] [stdout] 
[INFO] [stdout] error[E0433]: cannot find module or crate `serde_json` in this scope
[INFO] [stdout]   --> src/tests_source_map/support.rs:88:14
[INFO] [stdout]    |
[INFO] [stdout] 88 |     let map: serde_json::Value = serde_json::from_str(map).unwrap();
[INFO] [stdout]    |              ^^^^^^^^^^ use of unresolved module or unlinked crate `serde_json`
[INFO] [stdout]    |
[INFO] [stdout]    = help: if you wanted to use a crate named `serde_json`, use `cargo add serde_json` to add it to your `Cargo.toml`
[INFO] [stdout] 
[INFO] [stdout] 
[INFO] [stdout] Some errors have detailed explanations: E0432, E0433.
[INFO] [stdout] 
[INFO] [stdout] For more information about an error, try `rustc --explain E0432`.
[INFO] [stdout] 
[INFO] [stderr] error: could not compile `vize_atelier_vapor` (lib test) due to 115 previous errors
[INFO] running `Command { std: "docker" "inspect" "374efccbb3b0b9160a2b8f66a5b7d57e251c10404599bdec4d2d2ae613fa69bd", kill_on_drop: false }`
[INFO] running `Command { std: "docker" "rm" "-f" "374efccbb3b0b9160a2b8f66a5b7d57e251c10404599bdec4d2d2ae613fa69bd", kill_on_drop: false }`
[INFO] [stdout] 374efccbb3b0b9160a2b8f66a5b7d57e251c10404599bdec4d2d2ae613fa69bd
